180.89.27.197 - - [10/Jan/2023:10:52:19 +0800] "GET /v2/gallery/images/ab4beaf9-7cdc-4b4a-a38c-affbf00eea13?width=1080 HTTP/2.0" 200 454 "-" "Mozilla/5.0 (Android 10; HUAWEI; HUAWEI; ALP-AL00) feiyu/5.2.14"
220.205.252.206 - - [10/Jan/2023:10:52:20 +0800] "GET /v2/messages/unreadCount?timestamp=1970-01-01%2000%3A00%3A00 HTTP/2.0" 200 26 "-" "Mozilla/5.0 (Android 12; vivo; vivo; V2171A) feiyu/5.2.14"
220.205.252.206 - - [10/Jan/2023:10:52:20 +0800] "GET /v2/campaigns/newest HTTP/2.0" 200 443 "-" "Mozilla/5.0 (Android 12; vivo; vivo; V2171A) feiyu/5.2.14"
220.205.252.206 - - [10/Jan/2023:10:52:20 +0800] "GET /v2/users/eb8923df-ebc7-4cc3-b4f3-d6499fb59cc0/settings HTTP/2.0" 200 313 "-" "Mozilla/5.0 (Android 12; vivo; vivo; V2171A) feiyu/5.2.14"
116.237.130.18 - - [10/Jan/2023:10:52:21 +0800] "POST /v2/app/upload HTTP/2.0" 200 351 "-" "Mozilla/5.0 (Android 12; Xiaomi; Redmi; 22081212C) feiyu/5.2.14"
116.237.130.18 - - [10/Jan/2023:10:52:22 +0800] "POST /v2/posts/uploadCompleteV2 HTTP/2.0" 200 1135 "-" "Mozilla/5.0 (Android 12; Xiaomi; Redmi; 22081212C) feiyu/5.2.14"
220.205.252.206 - - [10/Jan/2023:10:52:22 +0800] "GET /v2/gallery/categoriesV4 HTTP/2.0" 200 13178 "-" "Mozilla/5.0 (Android 12; vivo; vivo; V2171A) feiyu/5.2.14"
220.205.252.206 - - [10/Jan/2023:10:52:22 +0800] "GET /v2/gallery/categories/1e3bd6cc-e816-4cec-a975-7d2c39b1a292/imagesV3?page=1&size=20&width=360 HTTP/2.0" 200 2 "-" "Mozilla/5.0 (Android 12; vivo; vivo; V2171A) feiyu/5.2.14"
221.206.141.116 - - [10/Jan/2023:10:52:23 +0800] "GET /v2/app/upgrade?version_code=65&platform=Android HTTP/2.0" 200 4 "-" "Mozilla/5.0 (Android 10; HUAWEI; HUAWEI; ART-AL00x) feiyu/5.2.14"
221.206.141.116 - - [10/Jan/2023:10:52:23 +0800] "GET /v2/lab-projects HTTP/2.0" 200 24925 "-" "Mozilla/5.0 (Android 10; HUAWEI; HUAWEI; ART-AL00x) feiyu/5.2.14"
221.206.141.116 - - [10/Jan/2023:10:52:24 +0800] "GET /v2/campaigns/newest HTTP/2.0" 200 445 "-" "Mozilla/5.0 (Android 10; HUAWEI; HUAWEI; ART-AL00x) feiyu/5.2.14"
221.206.141.116 - - [10/Jan/2023:10:52:24 +0800] "GET /v2/posts/followees-v5?type=0&size=20&image_width=720&background_width=239 HTTP/2.0" 200 2 "-" "Mozilla/5.0 (Android 10; HUAWEI; HUAWEI; ART-AL00x) feiyu/5.2.14"
221.206.141.116 - - [10/Jan/2023:10:52:24 +0800] "GET /v2/explore/banner?scene=2 HTTP/2.0" 200 443 "-" "Mozilla/5.0 (Android 10; HUAWEI; HUAWEI; ART-AL00x) feiyu/5.2.14"
221.206.141.116 - - [10/Jan/2023:10:52:24 +0800] "GET /v2/posts/followees-v5?type=0&size=20&image_width=720&background_width=239 HTTP/2.0" 200 2 "-" "Mozilla/5.0 (Android 10; HUAWEI; HUAWEI; ART-AL00x) feiyu/5.2.14"
221.206.141.116 - - [10/Jan/2023:10:52:24 +0800] "GET /v2/content-series/explore HTTP/2.0" 200 68552 "-" "Mozilla/5.0 (Android 10; HUAWEI; HUAWEI; ART-AL00x) feiyu/5.2.14"
221.206.141.116 - - [10/Jan/2023:10:52:24 +0800] "GET /v2/explore/searchHint HTTP/2.0" 200 23 "-" "Mozilla/5.0 (Android 10; HUAWEI; HUAWEI; ART-AL00x) feiyu/5.2.14"
180.89.27.197 - - [10/Jan/2023:10:52:24 +0800] "GET /v2/messages/unreadCount?timestamp=1970-01-01%2000%3A00%3A00 HTTP/2.0" 200 26 "-" "Mozilla/5.0 (Android 10; HUAWEI; HUAWEI; ALP-AL00) feiyu/5.2.14"
180.89.27.197 - - [10/Jan/2023:10:52:24 +0800] "GET /v2/users/8ccf8d86-fec1-4770-b211-24ad9fe5c0eb/settings HTTP/2.0" 200 313 "-" "Mozilla/5.0 (Android 10; HUAWEI; HUAWEI; ALP-AL00) feiyu/5.2.14"
180.89.27.197 - - [10/Jan/2023:10:52:24 +0800] "GET /v2/campaigns/newest HTTP/2.0" 200 445 "-" "Mozilla/5.0 (Android 10; HUAWEI; HUAWEI; ALP-AL00) feiyu/5.2.14"
220.205.252.206 - - [10/Jan/2023:10:52:25 +0800] "GET /v2/gallery/categories/d2a3f358-1dea-43f3-a62e-27c832e8f188/imagesV3?page=1&size=20&width=360 HTTP/2.0" 200 9481 "-" "Mozilla/5.0 (Android 12; vivo; vivo; V2171A) feiyu/5.2.14"
221.206.141.116 - - [10/Jan/2023:10:52:25 +0800] "GET /v2/posts/followees-v5?type=0&size=20&image_width=720&background_width=239 HTTP/2.0" 200 2 "-" "Mozilla/5.0 (Android 10; HUAWEI; HUAWEI; ART-AL00x) feiyu/5.2.14"
220.205.252.206 - - [10/Jan/2023:10:52:25 +0800] "GET /v2/gallery/categories/d2a3f358-1dea-43f3-a62e-27c832e8f188/imagesV3?page=2&size=20&width=360 HTTP/2.0" 200 9465 "-" "Mozilla/5.0 (Android 12; vivo; vivo; V2171A) feiyu/5.2.14"
221.206.141.116 - - [10/Jan/2023:10:52:25 +0800] "GET /v2/explore/banner?scene=1 HTTP/2.0" 200 2316 "-" "Mozilla/5.0 (Android 10; HUAWEI; HUAWEI; ART-AL00x) feiyu/5.2.14"
180.89.27.197 - - [10/Jan/2023:10:52:25 +0800] "GET /v2/gallery/categories/d2a3f358-1dea-43f3-a62e-27c832e8f188/imagesV3?page=5&size=20&width=360 HTTP/2.0" 200 9515 "-" "Mozilla/5.0 (Android 10; HUAWEI; HUAWEI; ALP-AL00) feiyu/5.2.14"
182.118.238.75 - - [10/Jan/2023:10:52:26 +0800] "GET /v2/messages/unreadCount?timestamp=2022-11-13%2008%3A30%3A49 HTTP/2.0" 200 26 "-" "Mozilla/5.0 (Android 8.1.0; vivo; vivo; vivo X9s) feiyu/5.2.14"
182.118.238.75 - - [10/Jan/2023:10:52:26 +0800] "GET /v2/explore/searchHint HTTP/2.0" 200 23 "-" "Mozilla/5.0 (Android 8.1.0; vivo; vivo; vivo X9s) feiyu/5.2.14"
182.118.238.75 - - [10/Jan/2023:10:52:26 +0800] "GET /v2/campaigns/newest HTTP/2.0" 200 443 "-" "Mozilla/5.0 (Android 8.1.0; vivo; vivo; vivo X9s) feiyu/5.2.14"
182.118.238.75 - - [10/Jan/2023:10:52:26 +0800] "GET /v2/users/43b64f97-2b69-4a63-bfc1-a22562d7240a/settings HTTP/2.0" 200 313 "-" "Mozilla/5.0 (Android 8.1.0; vivo; vivo; vivo X9s) feiyu/5.2.14"
221.206.141.116 - - [10/Jan/2023:10:52:25 +0800] "GET /v2/posts/trending-v2?page=1&size=20&image_width=720&background_width=239 HTTP/2.0" 200 85392 "-" "Mozilla/5.0 (Android 10; HUAWEI; HUAWEI; ART-AL00x) feiyu/5.2.14"
180.89.27.197 - - [10/Jan/2023:10:52:33 +0800] "GET /v2/gallery/images/9005f7fb-bf61-4bd9-995c-bcb3db2d59fc?width=1080 HTTP/2.0" 200 454 "-" "Mozilla/5.0 (Android 10; HUAWEI; HUAWEI; ALP-AL00) feiyu/5.2.14"
180.89.27.197 - - [10/Jan/2023:10:52:36 +0800] "GET /v2/messages/unreadCount?timestamp=1970-01-01%2000%3A00%3A00 HTTP/2.0" 200 26 "-" "Mozilla/5.0 (Android 10; HUAWEI; HUAWEI; ALP-AL00) feiyu/5.2.14"
180.89.27.197 - - [10/Jan/2023:10:52:36 +0800] "GET /v2/campaigns/newest HTTP/2.0" 200 445 "-" "Mozilla/5.0 (Android 10; HUAWEI; HUAWEI; ALP-AL00) feiyu/5.2.14"
180.89.27.197 - - [10/Jan/2023:10:52:36 +0800] "GET /v2/users/8ccf8d86-fec1-4770-b211-24ad9fe5c0eb/settings HTTP/2.0" 200 313 "-" "Mozilla/5.0 (Android 10; HUAWEI; HUAWEI; ALP-AL00) feiyu/5.2.14"
180.89.27.197 - - [10/Jan/2023:10:52:36 +0800] "GET /v2/gallery/categories/d2a3f358-1dea-43f3-a62e-27c832e8f188/imagesV3?page=6&size=20&width=360 HTTP/2.0" 200 9495 "-" "Mozilla/5.0 (Android 10; HUAWEI; HUAWEI; ALP-AL00) feiyu/5.2.14"
180.89.27.197 - - [10/Jan/2023:10:52:40 +0800] "GET /v2/gallery/categories/d2a3f358-1dea-43f3-a62e-27c832e8f188/imagesV3?page=7&size=20&width=360 HTTP/2.0" 200 9499 "-" "Mozilla/5.0 (Android 10; HUAWEI; HUAWEI; ALP-AL00) feiyu/5.2.14"
180.89.27.197 - - [10/Jan/2023:10:52:44 +0800] "GET /v2/gallery/images/fde970f2-359a-4a56-9535-21e6fbc1ac07?width=1080 HTTP/2.0" 200 456 "-" "Mozilla/5.0 (Android 10; HUAWEI; HUAWEI; ALP-AL00) feiyu/5.2.14"
180.89.27.197 - - [10/Jan/2023:10:52:46 +0800] "GET /v2/messages/unreadCount?timestamp=1970-01-01%2000%3A00%3A00 HTTP/2.0" 200 26 "-" "Mozilla/5.0 (Android 10; HUAWEI; HUAWEI; ALP-AL00) feiyu/5.2.14"
180.89.27.197 - - [10/Jan/2023:10:52:46 +0800] "GET /v2/users/8ccf8d86-fec1-4770-b211-24ad9fe5c0eb/settings HTTP/2.0" 200 313 "-" "Mozilla/5.0 (Android 10; HUAWEI; HUAWEI; ALP-AL00) feiyu/5.2.14"
180.89.27.197 - - [10/Jan/2023:10:52:46 +0800] "GET /v2/campaigns/newest HTTP/2.0" 200 445 "-" "Mozilla/5.0 (Android 10; HUAWEI; HUAWEI; ALP-AL00) feiyu/5.2.14"
122.192.15.222 - - [10/Jan/2023:10:52:46 +0800] "GET /v2/campaigns/newest HTTP/2.0" 200 445 "-" "Mozilla/5.0 (Android 11; Xiaomi; Xiaomi; 2112123AC) feiyu/5.2.14"
122.192.15.222 - - [10/Jan/2023:10:52:46 +0800] "GET /v2/explore/searchHint HTTP/2.0" 200 23 "-" "Mozilla/5.0 (Android 11; Xiaomi; Xiaomi; 2112123AC) feiyu/5.2.14"
122.192.15.222 - - [10/Jan/2023:10:52:46 +0800] "GET /v2/clock-ins/stats HTTP/2.0" 200 383 "-" "Mozilla/5.0 (Android 11; Xiaomi; Xiaomi; 2112123AC) feiyu/5.2.14"
122.192.15.222 - - [10/Jan/2023:10:52:46 +0800] "GET /v2/messages/unreadCount?timestamp=2023-01-08%2012%3A25%3A34 HTTP/2.0" 200 26 "-" "Mozilla/5.0 (Android 11; Xiaomi; Xiaomi; 2112123AC) feiyu/5.2.14"
122.192.15.222 - - [10/Jan/2023:10:52:46 +0800] "GET /v2/users/f609d57d-1717-469e-9044-4a5c6b8f1317 HTTP/2.0" 200 414 "-" "Mozilla/5.0 (Android 11; Xiaomi; Xiaomi; 2112123AC) feiyu/5.2.14"
122.192.15.222 - - [10/Jan/2023:10:52:46 +0800] "GET /v2/users/f609d57d-1717-469e-9044-4a5c6b8f1317/settings HTTP/2.0" 200 312 "-" "Mozilla/5.0 (Android 11; Xiaomi; Xiaomi; 2112123AC) feiyu/5.2.14"
180.89.27.197 - - [10/Jan/2023:10:52:46 +0800] "GET /v2/gallery/categories/d2a3f358-1dea-43f3-a62e-27c832e8f188/imagesV3?page=8&size=20&width=360 HTTP/2.0" 200 9496 "-" "Mozilla/5.0 (Android 10; HUAWEI; HUAWEI; ALP-AL00) feiyu/5.2.14"
122.192.15.222 - - [10/Jan/2023:10:52:46 +0800] "GET /v2/near/canvas-war/accounts/f609d57d-1717-469e-9044-4a5c6b8f1317 HTTP/2.0" 200 478 "-" "Mozilla/5.0 (Android 11; Xiaomi; Xiaomi; 2112123AC) feiyu/5.2.14"
122.192.15.222 - - [10/Jan/2023:10:52:47 +0800] "GET /v2/users/f609d57d-1717-469e-9044-4a5c6b8f1317 HTTP/2.0" 200 414 "-" "Mozilla/5.0 (Android 11; Xiaomi; Xiaomi; 2112123AC) feiyu/5.2.14"
122.192.15.222 - - [10/Jan/2023:10:52:47 +0800] "GET /v2/messages/unreadCount?timestamp=2023-01-08%2012%3A25%3A34 HTTP/2.0" 200 26 "-" "Mozilla/5.0 (Android 11; Xiaomi; Xiaomi; 2112123AC) feiyu/5.2.14"
122.192.15.222 - - [10/Jan/2023:10:52:48 +0800] "GET /v2/messages/list-v2?size=20 HTTP/2.0" 200 20949 "-" "Mozilla/5.0 (Android 11; Xiaomi; Xiaomi; 2112123AC) feiyu/5.2.14"
180.89.27.197 - - [10/Jan/2023:10:52:50 +0800] "GET /v2/gallery/categories/d2a3f358-1dea-43f3-a62e-27c832e8f188/imagesV3?page=9&size=20&width=360 HTTP/2.0" 200 9501 "-" "Mozilla/5.0 (Android 10; HUAWEI; HUAWEI; ALP-AL00) feiyu/5.2.14"
39.171.223.16 - - [10/Jan/2023:10:52:52 +0800] "GET /v2/messages/unreadCount?timestamp=1970-01-01%2000%3A00%3A00 HTTP/2.0" 200 26 "-" "Mozilla/5.0 (Android 11; PTAC; Hinova; Hera-BD00) feiyu/5.2.14"
39.171.223.16 - - [10/Jan/2023:10:52:52 +0800] "GET /v2/campaigns/newest HTTP/2.0" 200 447 "-" "Mozilla/5.0 (Android 11; PTAC; Hinova; Hera-BD00) feiyu/5.2.14"
39.171.223.16 - - [10/Jan/2023:10:52:52 +0800] "GET /v2/users/1719b33f-4627-4e1e-8e7e-6da45efef366/settings HTTP/2.0" 200 313 "-" "Mozilla/5.0 (Android 11; PTAC; Hinova; Hera-BD00) feiyu/5.2.14"
221.206.141.116 - - [10/Jan/2023:10:52:57 +0800] "GET /v2/posts/followees-v5?type=0&size=20&image_width=720&background_width=239 HTTP/2.0" 200 2 "-" "Mozilla/5.0 (Android 10; HUAWEI; HUAWEI; ART-AL00x) feiyu/5.2.14"
221.206.141.116 - - [10/Jan/2023:10:52:57 +0800] "GET /v2/posts/followees-v5?type=0&size=20&image_width=720&background_width=239 HTTP/2.0" 200 2 "-" "Mozilla/5.0 (Android 10; HUAWEI; HUAWEI; ART-AL00x) feiyu/5.2.14"
221.206.141.116 - - [10/Jan/2023:10:53:01 +0800] "GET /v2/posts/followees-v5?type=1&size=20&image_width=720&background_width=239 HTTP/2.0" 200 2 "-" "Mozilla/5.0 (Android 10; HUAWEI; HUAWEI; ART-AL00x) feiyu/5.2.14"
180.89.27.197 - - [10/Jan/2023:10:53:01 +0800] "GET /v2/gallery/categories/d2a3f358-1dea-43f3-a62e-27c832e8f188/imagesV3?page=10&size=20&width=360 HTTP/2.0" 200 9521 "-" "Mozilla/5.0 (Android 10; HUAWEI; HUAWEI; ALP-AL00) feiyu/5.2.14"
140.240.66.65 - - [10/Jan/2023:10:53:01 +0800] "GET /v2/app/ab-test-status HTTP/2.0" 200 16 "-" "Mozilla/5.0 (Android 10; HUAWEI; HONOR; YAL-AL50) feiyu/5.2.14"
140.240.66.65 - - [10/Jan/2023:10:53:01 +0800] "GET /v2/app/tiamat-info HTTP/2.0" 200 16 "-" "Mozilla/5.0 (Android 10; HUAWEI; HONOR; YAL-AL50) feiyu/5.2.14"
140.240.66.65 - - [10/Jan/2023:10:53:01 +0800] "GET /v2/app/upgrade?version_code=65&platform=Android HTTP/2.0" 200 4 "-" "Mozilla/5.0 (Android 10; HUAWEI; HONOR; YAL-AL50) feiyu/5.2.14"
122.192.15.222 - - [10/Jan/2023:10:53:02 +0800] "GET /v2/messages/unreadCount?timestamp=2023-01-10%2002%3A52%3A47 HTTP/2.0" 200 26 "-" "Mozilla/5.0 (Android 11; Xiaomi; Xiaomi; 2112123AC) feiyu/5.2.14"
122.192.15.222 - - [10/Jan/2023:10:53:02 +0800] "GET /v2/users/f609d57d-1717-469e-9044-4a5c6b8f1317/settings HTTP/2.0" 200 312 "-" "Mozilla/5.0 (Android 11; Xiaomi; Xiaomi; 2112123AC) feiyu/5.2.14"
122.192.15.222 - - [10/Jan/2023:10:53:02 +0800] "GET /v2/campaigns/newest HTTP/2.0" 200 443 "-" "Mozilla/5.0 (Android 11; Xiaomi; Xiaomi; 2112123AC) feiyu/5.2.14"
122.192.15.222 - - [10/Jan/2023:10:53:02 +0800] "GET /v2/users/f609d57d-1717-469e-9044-4a5c6b8f1317 HTTP/2.0" 200 414 "-" "Mozilla/5.0 (Android 11; Xiaomi; Xiaomi; 2112123AC) feiyu/5.2.14"
122.192.15.222 - - [10/Jan/2023:10:53:02 +0800] "GET /v2/clock-ins/stats HTTP/2.0" 200 383 "-" "Mozilla/5.0 (Android 11; Xiaomi; Xiaomi; 2112123AC) feiyu/5.2.14"
122.192.15.222 - - [10/Jan/2023:10:53:02 +0800] "GET /v2/explore/searchHint HTTP/2.0" 200 23 "-" "Mozilla/5.0 (Android 11; Xiaomi; Xiaomi; 2112123AC) feiyu/5.2.14"
221.206.141.116 - - [10/Jan/2023:10:53:02 +0800] "GET /v2/posts/followees-v5?type=0&size=20&image_width=720&background_width=239 HTTP/2.0" 200 2 "-" "Mozilla/5.0 (Android 10; HUAWEI; HUAWEI; ART-AL00x) feiyu/5.2.14"
122.192.15.222 - - [10/Jan/2023:10:53:02 +0800] "GET /v2/near/canvas-war/accounts/f609d57d-1717-469e-9044-4a5c6b8f1317 HTTP/2.0" 200 478 "-" "Mozilla/5.0 (Android 11; Xiaomi; Xiaomi; 2112123AC) feiyu/5.2.14"
180.89.27.197 - - [10/Jan/2023:10:53:14 +0800] "GET /v2/gallery/categories/d2a3f358-1dea-43f3-a62e-27c832e8f188/imagesV3?page=11&size=20&width=360 HTTP/2.0" 200 9494 "-" "Mozilla/5.0 (Android 10; HUAWEI; HUAWEI; ALP-AL00) feiyu/5.2.14"
180.89.27.197 - - [10/Jan/2023:10:53:15 +0800] "GET /v2/gallery/images/12d7fd60-a6db-4518-87f5-ae36d74294c3?width=1080 HTTP/2.0" 200 457 "-" "Mozilla/5.0 (Android 10; HUAWEI; HUAWEI; ALP-AL00) feiyu/5.2.14"
221.206.141.116 - - [10/Jan/2023:10:53:14 +0800] "POST /v2/users/oauth HTTP/2.0" 200 937 "-" "Mozilla/5.0 (Android 10; HUAWEI; HUAWEI; ART-AL00x) feiyu/5.2.14"
221.206.141.116 - - [10/Jan/2023:10:53:16 +0800] "GET /v2/campaigns/newest HTTP/2.0" 200 449 "-" "Mozilla/5.0 (Android 10; HUAWEI; HUAWEI; ART-AL00x) feiyu/5.2.14"
221.206.141.116 - - [10/Jan/2023:10:53:16 +0800] "GET /v2/posts/followees-v5?type=0&size=20&image_width=720&background_width=239 HTTP/2.0" 200 2 "-" "Mozilla/5.0 (Android 10; HUAWEI; HUAWEI; ART-AL00x) feiyu/5.2.14"
221.206.141.116 - - [10/Jan/2023:10:53:16 +0800] "GET /v2/users/0be030f2-1e5c-42e9-8d1c-ab06ecab875b/settings HTTP/2.0" 200 313 "-" "Mozilla/5.0 (Android 10; HUAWEI; HUAWEI; ART-AL00x) feiyu/5.2.14"
221.206.141.116 - - [10/Jan/2023:10:53:16 +0800] "GET /v2/users/0be030f2-1e5c-42e9-8d1c-ab06ecab875b HTTP/2.0" 200 420 "-" "Mozilla/5.0 (Android 10; HUAWEI; HUAWEI; ART-AL00x) feiyu/5.2.14"
221.206.141.116 - - [10/Jan/2023:10:53:16 +0800] "GET /v2/users/0be030f2-1e5c-42e9-8d1c-ab06ecab875b HTTP/2.0" 200 420 "-" "Mozilla/5.0 (Android 10; HUAWEI; HUAWEI; ART-AL00x) feiyu/5.2.14"
221.206.141.116 - - [10/Jan/2023:10:53:16 +0800] "GET /v2/users/0be030f2-1e5c-42e9-8d1c-ab06ecab875b HTTP/2.0" 200 420 "-" "Mozilla/5.0 (Android 10; HUAWEI; HUAWEI; ART-AL00x) feiyu/5.2.14"
221.206.141.116 - - [10/Jan/2023:10:53:16 +0800] "GET /v2/clock-ins/stats HTTP/2.0" 200 385 "-" "Mozilla/5.0 (Android 10; HUAWEI; HUAWEI; ART-AL00x) feiyu/5.2.14"
221.206.141.116 - - [10/Jan/2023:10:53:16 +0800] "GET /v2/messages/unreadCount?timestamp=1970-01-01%2000%3A00%3A00 HTTP/2.0" 200 26 "-" "Mozilla/5.0 (Android 10; HUAWEI; HUAWEI; ART-AL00x) feiyu/5.2.14"
221.206.141.116 - - [10/Jan/2023:10:53:16 +0800] "GET /v2/users/0be030f2-1e5c-42e9-8d1c-ab06ecab875b/createdPostsV2?guest=false&size=20&image_width=720&background_width=239 HTTP/2.0" 200 2 "-" "Mozilla/5.0 (Android 10; HUAWEI; HUAWEI; ART-AL00x) feiyu/5.2.14"
221.206.141.116 - - [10/Jan/2023:10:53:16 +0800] "GET /v2/users/0be030f2-1e5c-42e9-8d1c-ab06ecab875b/likedPostsV2?guest=false&size=20&image_width=720&background_width=239 HTTP/2.0" 200 2 "-" "Mozilla/5.0 (Android 10; HUAWEI; HUAWEI; ART-AL00x) feiyu/5.2.14"
221.206.141.116 - - [10/Jan/2023:10:53:16 +0800] "GET /v2/users/0be030f2-1e5c-42e9-8d1c-ab06ecab875b/favoritedPosts?size=20&image_width=720&background_width=239 HTTP/2.0" 200 2 "-" "Mozilla/5.0 (Android 10; HUAWEI; HUAWEI; ART-AL00x) feiyu/5.2.14"
180.89.27.197 - - [10/Jan/2023:10:53:17 +0800] "GET /v2/messages/unreadCount?timestamp=1970-01-01%2000%3A00%3A00 HTTP/2.0" 200 26 "-" "Mozilla/5.0 (Android 10; HUAWEI; HUAWEI; ALP-AL00) feiyu/5.2.14"
180.89.27.197 - - [10/Jan/2023:10:53:17 +0800] "GET /v2/users/8ccf8d86-fec1-4770-b211-24ad9fe5c0eb/settings HTTP/2.0" 200 313 "-" "Mozilla/5.0 (Android 10; HUAWEI; HUAWEI; ALP-AL00) feiyu/5.2.14"
180.89.27.197 - - [10/Jan/2023:10:53:17 +0800] "GET /v2/campaigns/newest HTTP/2.0" 200 443 "-" "Mozilla/5.0 (Android 10; HUAWEI; HUAWEI; ALP-AL00) feiyu/5.2.14"
221.206.141.116 - - [10/Jan/2023:10:53:18 +0800] "GET /v2/campaigns/newest HTTP/2.0" 200 443 "-" "Mozilla/5.0 (Android 10; HUAWEI; HUAWEI; ART-AL00x) feiyu/5.2.14"
221.206.141.116 - - [10/Jan/2023:10:53:18 +0800] "GET /v2/messages/unreadCount?timestamp=1970-01-01%2000%3A00%3A00 HTTP/2.0" 200 26 "-" "Mozilla/5.0 (Android 10; HUAWEI; HUAWEI; ART-AL00x) feiyu/5.2.14"
221.206.141.116 - - [10/Jan/2023:10:53:18 +0800] "GET /v2/users/0be030f2-1e5c-42e9-8d1c-ab06ecab875b/settings HTTP/2.0" 200 313 "-" "Mozilla/5.0 (Android 10; HUAWEI; HUAWEI; ART-AL00x) feiyu/5.2.14"
221.206.141.116 - - [10/Jan/2023:10:53:18 +0800] "GET /v2/app/randomHomeBackgroundImageV2 HTTP/2.0" 200 287 "-" "Mozilla/5.0 (Android 10; HUAWEI; HUAWEI; ART-AL00x) feiyu/5.2.14"
221.206.141.116 - - [10/Jan/2023:10:53:18 +0800] "GET /v2/campaigns/newest HTTP/2.0" 200 443 "-" "Mozilla/5.0 (Android 10; HUAWEI; HUAWEI; ART-AL00x) feiyu/5.2.14"
221.206.141.116 - - [10/Jan/2023:10:53:18 +0800] "GET /v2/clock-ins/stats HTTP/2.0" 200 385 "-" "Mozilla/5.0 (Android 10; HUAWEI; HUAWEI; ART-AL00x) feiyu/5.2.14"
221.206.141.116 - - [10/Jan/2023:10:53:18 +0800] "GET /v2/users/0be030f2-1e5c-42e9-8d1c-ab06ecab875b HTTP/2.0" 200 420 "-" "Mozilla/5.0 (Android 10; HUAWEI; HUAWEI; ART-AL00x) feiyu/5.2.14"
180.89.27.197 - - [10/Jan/2023:10:53:20 +0800] "GET /v2/gallery/categories/d2a3f358-1dea-43f3-a62e-27c832e8f188/imagesV3?page=12&size=20&width=360 HTTP/2.0" 200 9521 "-" "Mozilla/5.0 (Android 10; HUAWEI; HUAWEI; ALP-AL00) feiyu/5.2.14"
221.206.141.116 - - [10/Jan/2023:10:53:18 +0800] "GET /v2/near/canvas-war/accounts/0be030f2-1e5c-42e9-8d1c-ab06ecab875b HTTP/2.0" 500 53 "-" "Mozilla/5.0 (Android 10; HUAWEI; HUAWEI; ART-AL00x) feiyu/5.2.14"
180.89.27.197 - - [10/Jan/2023:10:53:25 +0800] "GET /v2/gallery/categories/d2a3f358-1dea-43f3-a62e-27c832e8f188/imagesV3?page=13&size=20&width=360 HTTP/2.0" 200 9537 "-" "Mozilla/5.0 (Android 10; HUAWEI; HUAWEI; ALP-AL00) feiyu/5.2.14"
221.206.141.116 - - [10/Jan/2023:10:53:16 +0800] "GET /v2/near/canvas-war/accounts/0be030f2-1e5c-42e9-8d1c-ab06ecab875b HTTP/2.0" 200 523 "-" "Mozilla/5.0 (Android 10; HUAWEI; HUAWEI; ART-AL00x) feiyu/5.2.14"
180.89.27.197 - - [10/Jan/2023:10:53:30 +0800] "GET /v2/gallery/categories/d2a3f358-1dea-43f3-a62e-27c832e8f188/imagesV3?page=14&size=20&width=360 HTTP/2.0" 200 9500 "-" "Mozilla/5.0 (Android 10; HUAWEI; HUAWEI; ALP-AL00) feiyu/5.2.14"
58.216.164.70 - - [10/Jan/2023:10:53:31 +0800] "GET /v2/app/ab-test-status HTTP/2.0" 200 16 "-" "Mozilla/5.0 (Android 13; OnePlus; OnePlus; LE2120) feiyu/5.2.14"
58.216.164.70 - - [10/Jan/2023:10:53:31 +0800] "GET /v2/app/tiamat-info HTTP/2.0" 200 16 "-" "Mozilla/5.0 (Android 13; OnePlus; OnePlus; LE2120) feiyu/5.2.14"
58.216.164.70 - - [10/Jan/2023:10:53:31 +0800] "GET /v2/app/upgrade?version_code=65&platform=Android HTTP/2.0" 200 4 "-" "Mozilla/5.0 (Android 13; OnePlus; OnePlus; LE2120) feiyu/5.2.14"
58.216.164.70 - - [10/Jan/2023:10:53:39 +0800] "POST /v2/users/oauth HTTP/2.0" 200 939 "-" "Mozilla/5.0 (Android 13; OnePlus; OnePlus; LE2120) feiyu/5.2.14"
58.216.164.70 - - [10/Jan/2023:10:53:40 +0800] "GET /v2/users/d2a813f2-1934-4a14-93c5-a92380b5719b/settings HTTP/2.0" 200 313 "-" "Mozilla/5.0 (Android 13; OnePlus; OnePlus; LE2120) feiyu/5.2.14"
58.216.164.70 - - [10/Jan/2023:10:53:40 +0800] "GET /v2/lab-projects HTTP/2.0" 200 24923 "-" "Mozilla/5.0 (Android 13; OnePlus; OnePlus; LE2120) feiyu/5.2.14"
58.216.164.70 - - [10/Jan/2023:10:53:40 +0800] "GET /v2/app/upgrade?version_code=65&platform=Android HTTP/2.0" 200 4 "-" "Mozilla/5.0 (Android 13; OnePlus; OnePlus; LE2120) feiyu/5.2.14"
58.216.164.70 - - [10/Jan/2023:10:53:40 +0800] "GET /v2/messages/unreadCount?timestamp=1970-01-01%2000%3A00%3A00 HTTP/2.0" 200 26 "-" "Mozilla/5.0 (Android 13; OnePlus; OnePlus; LE2120) feiyu/5.2.14"
58.216.164.70 - - [10/Jan/2023:10:53:40 +0800] "GET /v2/campaigns/newest HTTP/2.0" 200 445 "-" "Mozilla/5.0 (Android 13; OnePlus; OnePlus; LE2120) feiyu/5.2.14"
58.216.164.70 - - [10/Jan/2023:10:53:40 +0800] "GET /v2/explore/searchHint HTTP/2.0" 200 23 "-" "Mozilla/5.0 (Android 13; OnePlus; OnePlus; LE2120) feiyu/5.2.14"
58.216.164.70 - - [10/Jan/2023:10:53:40 +0800] "GET /v2/explore/banner?scene=2 HTTP/2.0" 200 439 "-" "Mozilla/5.0 (Android 13; OnePlus; OnePlus; LE2120) feiyu/5.2.14"
58.216.164.70 - - [10/Jan/2023:10:53:40 +0800] "GET /v2/users/d2a813f2-1934-4a14-93c5-a92380b5719b/settings HTTP/2.0" 200 313 "-" "Mozilla/5.0 (Android 13; OnePlus; OnePlus; LE2120) feiyu/5.2.14"
58.216.164.70 - - [10/Jan/2023:10:53:40 +0800] "GET /v2/content-series/explore HTTP/2.0" 200 68482 "-" "Mozilla/5.0 (Android 13; OnePlus; OnePlus; LE2120) feiyu/5.2.14"
58.216.164.70 - - [10/Jan/2023:10:53:40 +0800] "GET /v2/posts/followees-v5?type=0&size=20&image_width=1080&background_width=359 HTTP/2.0" 200 88309 "-" "Mozilla/5.0 (Android 13; OnePlus; OnePlus; LE2120) feiyu/5.2.14"
58.216.164.70 - - [10/Jan/2023:10:53:40 +0800] "GET /v2/posts/followees-v5?type=0&size=20&image_width=1080&background_width=359 HTTP/2.0" 200 88309 "-" "Mozilla/5.0 (Android 13; OnePlus; OnePlus; LE2120) feiyu/5.2.14"
58.216.164.70 - - [10/Jan/2023:10:53:41 +0800] "GET /v2/posts/recommended/sticky?image_width=1080&background_width=359 HTTP/2.0" 200 3850 "-" "Mozilla/5.0 (Android 13; OnePlus; OnePlus; LE2120) feiyu/5.2.14"
58.216.164.70 - - [10/Jan/2023:10:53:41 +0800] "GET /v2/explore/banner?scene=1 HTTP/2.0" 200 2312 "-" "Mozilla/5.0 (Android 13; OnePlus; OnePlus; LE2120) feiyu/5.2.14"
58.216.164.70 - - [10/Jan/2023:10:53:41 +0800] "GET /v2/posts/recommended?size=20&image_width=1080&background_width=359 HTTP/2.0" 200 96145 "-" "Mozilla/5.0 (Android 13; OnePlus; OnePlus; LE2120) feiyu/5.2.14"
58.216.164.70 - - [10/Jan/2023:10:53:42 +0800] "GET /v2/ads?scene=0 HTTP/2.0" 200 2 "-" "Mozilla/5.0 (Android 13; OnePlus; OnePlus; LE2120) feiyu/5.2.14"
221.206.141.116 - - [10/Jan/2023:10:53:45 +0800] "GET /v2/gallery/randomImagesV2?size=50&width=360&category_safe_id=d1569b14-497d-474c-8c41-732c10584cb4&content=%E9%B8%A1%E9%B8%A1%E7%88%86%E4%BA%86 HTTP/2.0" 200 23219 "-" "Mozilla/5.0 (Android 10; HUAWEI; HUAWEI; ART-AL00x) feiyu/5.2.14"
58.216.164.70 - - [10/Jan/2023:10:53:48 +0800] "GET /v2/messages/unreadCount?timestamp=1970-01-01%2000%3A00%3A00 HTTP/2.0" 200 26 "-" "Mozilla/5.0 (Android 13; OnePlus; OnePlus; LE2120) feiyu/5.2.14"
58.216.164.70 - - [10/Jan/2023:10:53:48 +0800] "GET /v2/users/d2a813f2-1934-4a14-93c5-a92380b5719b HTTP/2.0" 200 422 "-" "Mozilla/5.0 (Android 13; OnePlus; OnePlus; LE2120) feiyu/5.2.14"
58.216.164.70 - - [10/Jan/2023:10:53:48 +0800] "GET /v2/clock-ins/stats HTTP/2.0" 200 385 "-" "Mozilla/5.0 (Android 13; OnePlus; OnePlus; LE2120) feiyu/5.2.14"
58.216.164.70 - - [10/Jan/2023:10:53:48 +0800] "GET /v2/users/d2a813f2-1934-4a14-93c5-a92380b5719b HTTP/2.0" 200 422 "-" "Mozilla/5.0 (Android 13; OnePlus; OnePlus; LE2120) feiyu/5.2.14"
58.216.164.70 - - [10/Jan/2023:10:53:48 +0800] "GET /v2/users/d2a813f2-1934-4a14-93c5-a92380b5719b HTTP/2.0" 200 422 "-" "Mozilla/5.0 (Android 13; OnePlus; OnePlus; LE2120) feiyu/5.2.14"
58.216.164.70 - - [10/Jan/2023:10:53:48 +0800] "GET /v2/users/d2a813f2-1934-4a14-93c5-a92380b5719b/createdPostsV2?guest=false&size=20&image_width=1080&background_width=359 HTTP/2.0" 200 2 "-" "Mozilla/5.0 (Android 13; OnePlus; OnePlus; LE2120) feiyu/5.2.14"
58.216.164.70 - - [10/Jan/2023:10:53:48 +0800] "GET /v2/users/d2a813f2-1934-4a14-93c5-a92380b5719b/favoritedPosts?size=20&image_width=1080&background_width=359 HTTP/2.0" 200 2 "-" "Mozilla/5.0 (Android 13; OnePlus; OnePlus; LE2120) feiyu/5.2.14"
58.216.164.70 - - [10/Jan/2023:10:53:48 +0800] "GET /v2/users/d2a813f2-1934-4a14-93c5-a92380b5719b/likedPostsV2?guest=false&size=20&image_width=1080&background_width=359 HTTP/2.0" 200 2 "-" "Mozilla/5.0 (Android 13; OnePlus; OnePlus; LE2120) feiyu/5.2.14"
58.216.164.70 - - [10/Jan/2023:10:53:55 +0800] "GET /v2/explore/searchHint HTTP/2.0" 200 23 "-" "Mozilla/5.0 (Android 13; OnePlus; OnePlus; LE2120) feiyu/5.2.14"
58.216.164.70 - - [10/Jan/2023:10:53:55 +0800] "GET /v2/campaigns/newest HTTP/2.0" 200 443 "-" "Mozilla/5.0 (Android 13; OnePlus; OnePlus; LE2120) feiyu/5.2.14"
58.216.164.70 - - [10/Jan/2023:10:53:55 +0800] "GET /v2/campaigns/newest HTTP/2.0" 200 443 "-" "Mozilla/5.0 (Android 13; OnePlus; OnePlus; LE2120) feiyu/5.2.14"
58.216.164.70 - - [10/Jan/2023:10:53:55 +0800] "GET /v2/users/d2a813f2-1934-4a14-93c5-a92380b5719b/settings HTTP/2.0" 200 313 "-" "Mozilla/5.0 (Android 13; OnePlus; OnePlus; LE2120) feiyu/5.2.14"
58.216.164.70 - - [10/Jan/2023:10:53:55 +0800] "GET /v2/clock-ins/stats HTTP/2.0" 200 385 "-" "Mozilla/5.0 (Android 13; OnePlus; OnePlus; LE2120) feiyu/5.2.14"
58.216.164.70 - - [10/Jan/2023:10:53:55 +0800] "GET /v2/users/d2a813f2-1934-4a14-93c5-a92380b5719b HTTP/2.0" 200 422 "-" "Mozilla/5.0 (Android 13; OnePlus; OnePlus; LE2120) feiyu/5.2.14"
58.216.164.70 - - [10/Jan/2023:10:53:55 +0800] "GET /v2/messages/unreadCount?timestamp=1970-01-01%2000%3A00%3A00 HTTP/2.0" 200 26 "-" "Mozilla/5.0 (Android 13; OnePlus; OnePlus; LE2120) feiyu/5.2.14"
58.216.164.70 - - [10/Jan/2023:10:53:55 +0800] "GET /v2/app/randomHomeBackgroundImageV2 HTTP/2.0" 200 291 "-" "Mozilla/5.0 (Android 13; OnePlus; OnePlus; LE2120) feiyu/5.2.14"
58.216.164.70 - - [10/Jan/2023:10:53:55 +0800] "GET /v2/near/canvas-war/accounts/d2a813f2-1934-4a14-93c5-a92380b5719b HTTP/2.0" 404 51 "-" "Mozilla/5.0 (Android 13; OnePlus; OnePlus; LE2120) feiyu/5.2.14"
221.206.141.116 - - [10/Jan/2023:10:54:00 +0800] "GET /v2/gallery/images/0157e35a-335b-4c71-9da6-d4f41a358a52?width=720 HTTP/2.0" 200 466 "-" "Mozilla/5.0 (Android 10; HUAWEI; HUAWEI; ART-AL00x) feiyu/5.2.14"
58.216.164.70 - - [10/Jan/2023:10:53:48 +0800] "GET /v2/near/canvas-war/accounts/d2a813f2-1934-4a14-93c5-a92380b5719b HTTP/2.0" 200 525 "-" "Mozilla/5.0 (Android 13; OnePlus; OnePlus; LE2120) feiyu/5.2.14"
223.104.178.89 - - [10/Jan/2023:10:54:04 +0800] "GET /v2/explore/searchHint HTTP/2.0" 200 23 "-" "Mozilla/5.0 (Android 10; Xiaomi; Redmi; M2007J17C) feiyu/5.2.14"
223.104.178.89 - - [10/Jan/2023:10:54:04 +0800] "GET /v2/messages/unreadCount?timestamp=1970-01-01%2000%3A00%3A00 HTTP/2.0" 200 26 "-" "Mozilla/5.0 (Android 10; Xiaomi; Redmi; M2007J17C) feiyu/5.2.14"
223.104.178.89 - - [10/Jan/2023:10:54:04 +0800] "GET /v2/users/a6f89a6a-e2da-4640-a316-8f96a5ddd88a/settings HTTP/2.0" 200 313 "-" "Mozilla/5.0 (Android 10; Xiaomi; Redmi; M2007J17C) feiyu/5.2.14"
223.104.178.89 - - [10/Jan/2023:10:54:04 +0800] "GET /v2/campaigns/newest HTTP/2.0" 200 443 "-" "Mozilla/5.0 (Android 10; Xiaomi; Redmi; M2007J17C) feiyu/5.2.14"
223.104.178.89 - - [10/Jan/2023:10:54:06 +0800] "GET /v2/gallery/categories/1e3bd6cc-e816-4cec-a975-7d2c39b1a292/imagesV3?page=1&size=20&width=360 HTTP/2.0" 200 951 "-" "Mozilla/5.0 (Android 10; Xiaomi; Redmi; M2007J17C) feiyu/5.2.14"
59.34.84.239 - - [10/Jan/2023:10:54:09 +0800] "GET /v2/messages/unreadCount?timestamp=1970-01-01%2000%3A00%3A01 HTTP/2.0" 200 26 "-" "Mozilla/5.0 (iOS 15.6.1; Apple; Apple; iPhone14,5) feiyu/5.2.14"
58.216.164.70 - - [10/Jan/2023:10:54:10 +0800] "GET /v2/gallery/randomImagesV2?size=50&width=540&category_safe_id=d1569b14-497d-474c-8c41-732c10584cb4&content=%E5%A5%B3%E4%BA%BA%E7%8E%B0%E5%AE%9E HTTP/2.0" 200 23120 "-" "Mozilla/5.0 (Android 13; OnePlus; OnePlus; LE2120) feiyu/5.2.14"
223.104.39.128 - - [10/Jan/2023:10:54:15 +0800] "GET /v2/app/ab-test-status HTTP/2.0" 200 16 "-" "Mozilla/5.0 (Android 10; HUAWEI; HUAWEI; NOH-AN01) feiyu/5.2.14"
223.104.39.128 - - [10/Jan/2023:10:54:15 +0800] "GET /v2/app/tiamat-info HTTP/2.0" 200 16 "-" "Mozilla/5.0 (Android 10; HUAWEI; HUAWEI; NOH-AN01) feiyu/5.2.14"
223.104.39.128 - - [10/Jan/2023:10:54:15 +0800] "GET /v2/app/upgrade?version_code=65&platform=Android HTTP/2.0" 200 4 "-" "Mozilla/5.0 (Android 10; HUAWEI; HUAWEI; NOH-AN01) feiyu/5.2.14"
223.104.39.128 - - [10/Jan/2023:10:54:17 +0800] "GET /v2/lab-projects HTTP/2.0" 200 24899 "-" "Mozilla/5.0 (Android 10; HUAWEI; HUAWEI; NOH-AN01) feiyu/5.2.14"
223.104.39.128 - - [10/Jan/2023:10:54:17 +0800] "GET /v2/app/upgrade?version_code=65&platform=Android HTTP/2.0" 200 4 "-" "Mozilla/5.0 (Android 10; HUAWEI; HUAWEI; NOH-AN01) feiyu/5.2.14"
223.104.39.128 - - [10/Jan/2023:10:54:17 +0800] "GET /v2/campaigns/newest HTTP/2.0" 200 443 "-" "Mozilla/5.0 (Android 10; HUAWEI; HUAWEI; NOH-AN01) feiyu/5.2.14"
223.104.39.128 - - [10/Jan/2023:10:54:17 +0800] "GET /v2/messages/unreadCount?timestamp=2023-01-09%2007%3A18%3A59 HTTP/2.0" 200 26 "-" "Mozilla/5.0 (Android 10; HUAWEI; HUAWEI; NOH-AN01) feiyu/5.2.14"
223.104.39.128 - - [10/Jan/2023:10:54:17 +0800] "GET /v2/app/randomHomeBackgroundImageV2 HTTP/2.0" 200 289 "-" "Mozilla/5.0 (Android 10; HUAWEI; HUAWEI; NOH-AN01) feiyu/5.2.14"
223.104.39.128 - - [10/Jan/2023:10:54:17 +0800] "GET /v2/campaigns/newest HTTP/2.0" 200 443 "-" "Mozilla/5.0 (Android 10; HUAWEI; HUAWEI; NOH-AN01) feiyu/5.2.14"
223.104.39.128 - - [10/Jan/2023:10:54:17 +0800] "GET /v2/users/a6ad3dc5-67de-4143-94c6-e6a31c2ee14d/settings HTTP/2.0" 200 308 "-" "Mozilla/5.0 (Android 10; HUAWEI; HUAWEI; NOH-AN01) feiyu/5.2.14"
223.104.39.128 - - [10/Jan/2023:10:54:19 +0800] "GET /v2/users/a6ad3dc5-67de-4143-94c6-e6a31c2ee14d HTTP/2.0" 200 419 "-" "Mozilla/5.0 (Android 10; HUAWEI; HUAWEI; NOH-AN01) feiyu/5.2.14"
223.104.39.128 - - [10/Jan/2023:10:54:19 +0800] "GET /v2/messages/unreadCount?timestamp=2023-01-09%2007%3A18%3A59 HTTP/2.0" 200 26 "-" "Mozilla/5.0 (Android 10; HUAWEI; HUAWEI; NOH-AN01) feiyu/5.2.14"
223.104.39.128 - - [10/Jan/2023:10:54:19 +0800] "GET /v2/clock-ins/stats HTTP/2.0" 200 385 "-" "Mozilla/5.0 (Android 10; HUAWEI; HUAWEI; NOH-AN01) feiyu/5.2.14"
223.104.39.128 - - [10/Jan/2023:10:54:19 +0800] "GET /v2/users/a6ad3dc5-67de-4143-94c6-e6a31c2ee14d HTTP/2.0" 200 419 "-" "Mozilla/5.0 (Android 10; HUAWEI; HUAWEI; NOH-AN01) feiyu/5.2.14"
223.104.39.128 - - [10/Jan/2023:10:54:19 +0800] "GET /v2/users/a6ad3dc5-67de-4143-94c6-e6a31c2ee14d HTTP/2.0" 200 419 "-" "Mozilla/5.0 (Android 10; HUAWEI; HUAWEI; NOH-AN01) feiyu/5.2.14"
223.104.39.128 - - [10/Jan/2023:10:54:19 +0800] "GET /v2/users/a6ad3dc5-67de-4143-94c6-e6a31c2ee14d/likedPostsV2?guest=false&size=20&image_width=1152&background_width=383 HTTP/2.0" 200 2 "-" "Mozilla/5.0 (Android 10; HUAWEI; HUAWEI; NOH-AN01) feiyu/5.2.14"
223.104.39.128 - - [10/Jan/2023:10:54:19 +0800] "GET /v2/users/a6ad3dc5-67de-4143-94c6-e6a31c2ee14d/favoritedPosts?size=20&image_width=1152&background_width=383 HTTP/2.0" 200 2 "-" "Mozilla/5.0 (Android 10; HUAWEI; HUAWEI; NOH-AN01) feiyu/5.2.14"
223.104.39.128 - - [10/Jan/2023:10:54:19 +0800] "GET /v2/users/a6ad3dc5-67de-4143-94c6-e6a31c2ee14d/createdPostsV2?guest=false&size=20&image_width=1152&background_width=383 HTTP/2.0" 200 29047 "-" "Mozilla/5.0 (Android 10; HUAWEI; HUAWEI; NOH-AN01) feiyu/5.2.14"
223.104.39.128 - - [10/Jan/2023:10:54:19 +0800] "GET /v2/near/canvas-war/accounts/a6ad3dc5-67de-4143-94c6-e6a31c2ee14d HTTP/2.0" 200 513 "-" "Mozilla/5.0 (Android 10; HUAWEI; HUAWEI; NOH-AN01) feiyu/5.2.14"
223.104.39.128 - - [10/Jan/2023:10:54:20 +0800] "GET /v2/messages/list-v2?size=20 HTTP/2.0" 200 18841 "-" "Mozilla/5.0 (Android 10; HUAWEI; HUAWEI; NOH-AN01) feiyu/5.2.14"
58.216.164.70 - - [10/Jan/2023:10:54:25 +0800] "GET /v2/gallery/images/12fba299-96eb-4f56-b438-d7a5aa4f24c5?width=1080 HTTP/2.0" 200 501 "-" "Mozilla/5.0 (Android 13; OnePlus; OnePlus; LE2120) feiyu/5.2.14"
221.206.141.116 - - [10/Jan/2023:10:54:30 +0800] "POST /v2/app/upload HTTP/2.0" 200 351 "-" "Mozilla/5.0 (Android 10; HUAWEI; HUAWEI; ART-AL00x) feiyu/5.2.14"
221.206.141.116 - - [10/Jan/2023:10:54:30 +0800] "POST /v2/posts/uploadCompleteV2 HTTP/2.0" 200 1131 "-" "Mozilla/5.0 (Android 10; HUAWEI; HUAWEI; ART-AL00x) feiyu/5.2.14"
58.216.164.70 - - [10/Jan/2023:10:54:34 +0800] "GET /v2/messages/unreadCount?timestamp=1970-01-01%2000%3A00%3A00 HTTP/2.0" 200 26 "-" "Mozilla/5.0 (Android 13; OnePlus; OnePlus; LE2120) feiyu/5.2.14"
58.216.164.70 - - [10/Jan/2023:10:54:34 +0800] "GET /v2/explore/searchHint HTTP/2.0" 200 23 "-" "Mozilla/5.0 (Android 13; OnePlus; OnePlus; LE2120) feiyu/5.2.14"
58.216.164.70 - - [10/Jan/2023:10:54:34 +0800] "GET /v2/users/d2a813f2-1934-4a14-93c5-a92380b5719b/settings HTTP/2.0" 200 313 "-" "Mozilla/5.0 (Android 13; OnePlus; OnePlus; LE2120) feiyu/5.2.14"
58.216.164.70 - - [10/Jan/2023:10:54:34 +0800] "GET /v2/users/d2a813f2-1934-4a14-93c5-a92380b5719b HTTP/2.0" 200 422 "-" "Mozilla/5.0 (Android 13; OnePlus; OnePlus; LE2120) feiyu/5.2.14"
58.216.164.70 - - [10/Jan/2023:10:54:34 +0800] "GET /v2/campaigns/newest HTTP/2.0" 200 443 "-" "Mozilla/5.0 (Android 13; OnePlus; OnePlus; LE2120) feiyu/5.2.14"
58.216.164.70 - - [10/Jan/2023:10:54:34 +0800] "GET /v2/clock-ins/stats HTTP/2.0" 200 385 "-" "Mozilla/5.0 (Android 13; OnePlus; OnePlus; LE2120) feiyu/5.2.14"
221.206.141.116 - - [10/Jan/2023:10:54:34 +0800] "GET /v2/messages/unreadCount?timestamp=1970-01-01%2000%3A00%3A00 HTTP/2.0" 200 26 "-" "Mozilla/5.0 (Android 10; HUAWEI; HUAWEI; ART-AL00x) feiyu/5.2.14"
221.206.141.116 - - [10/Jan/2023:10:54:34 +0800] "GET /v2/users/0be030f2-1e5c-42e9-8d1c-ab06ecab875b/settings HTTP/2.0" 200 313 "-" "Mozilla/5.0 (Android 10; HUAWEI; HUAWEI; ART-AL00x) feiyu/5.2.14"
221.206.141.116 - - [10/Jan/2023:10:54:34 +0800] "GET /v2/campaigns/newest HTTP/2.0" 200 443 "-" "Mozilla/5.0 (Android 10; HUAWEI; HUAWEI; ART-AL00x) feiyu/5.2.14"
221.206.141.116 - - [10/Jan/2023:10:54:34 +0800] "GET /v2/users/0be030f2-1e5c-42e9-8d1c-ab06ecab875b HTTP/2.0" 200 420 "-" "Mozilla/5.0 (Android 10; HUAWEI; HUAWEI; ART-AL00x) feiyu/5.2.14"
221.206.141.116 - - [10/Jan/2023:10:54:34 +0800] "GET /v2/clock-ins/stats HTTP/2.0" 200 385 "-" "Mozilla/5.0 (Android 10; HUAWEI; HUAWEI; ART-AL00x) feiyu/5.2.14"
221.206.141.116 - - [10/Jan/2023:10:54:34 +0800] "GET /v2/explore/banner?scene=1 HTTP/2.0" 200 2308 "-" "Mozilla/5.0 (Android 10; HUAWEI; HUAWEI; ART-AL00x) feiyu/5.2.14"
58.216.164.70 - - [10/Jan/2023:10:54:34 +0800] "GET /v2/near/canvas-war/accounts/d2a813f2-1934-4a14-93c5-a92380b5719b HTTP/2.0" 200 526 "-" "Mozilla/5.0 (Android 13; OnePlus; OnePlus; LE2120) feiyu/5.2.14"
221.206.141.116 - - [10/Jan/2023:10:54:34 +0800] "GET /v2/near/canvas-war/accounts/0be030f2-1e5c-42e9-8d1c-ab06ecab875b HTTP/2.0" 200 524 "-" "Mozilla/5.0 (Android 10; HUAWEI; HUAWEI; ART-AL00x) feiyu/5.2.14"
221.206.141.116 - - [10/Jan/2023:10:54:37 +0800] "GET /v2/explore/searchHint HTTP/2.0" 200 23 "-" "Mozilla/5.0 (Android 10; HUAWEI; HUAWEI; ART-AL00x) feiyu/5.2.14"
221.206.141.116 - - [10/Jan/2023:10:54:37 +0800] "GET /v2/explore/banner?scene=2 HTTP/2.0" 200 439 "-" "Mozilla/5.0 (Android 10; HUAWEI; HUAWEI; ART-AL00x) feiyu/5.2.14"
221.206.141.116 - - [10/Jan/2023:10:54:37 +0800] "GET /v2/content-series/explore HTTP/2.0" 200 68482 "-" "Mozilla/5.0 (Android 10; HUAWEI; HUAWEI; ART-AL00x) feiyu/5.2.14"
221.206.141.116 - - [10/Jan/2023:10:54:34 +0800] "GET /v2/posts/trending-v2?page=1&size=20&image_width=720&background_width=239 HTTP/2.0" 200 85428 "-" "Mozilla/5.0 (Android 10; HUAWEI; HUAWEI; ART-AL00x) feiyu/5.2.14"
221.206.141.116 - - [10/Jan/2023:10:54:38 +0800] "GET /v2/explore/banner?scene=1 HTTP/2.0" 200 2308 "-" "Mozilla/5.0 (Android 10; HUAWEI; HUAWEI; ART-AL00x) feiyu/5.2.14"
39.144.151.162 - - [10/Jan/2023:10:54:39 +0800] "GET /v2/messages/unreadCount?timestamp=1970-01-01%2000%3A00%3A01 HTTP/2.0" 200 26 "-" "Mozilla/5.0 (iOS 16.1.1; Apple; Apple; iPhone13,2) feiyu/5.2.14"
39.144.151.162 - - [10/Jan/2023:10:54:39 +0800] "GET /v2/lab-projects HTTP/2.0" 200 24915 "-" "Mozilla/5.0 (iOS 16.1.1; Apple; Apple; iPhone13,2) feiyu/5.2.14"
221.206.141.116 - - [10/Jan/2023:10:54:38 +0800] "GET /v2/posts/trending-v2?page=1&size=20&image_width=720&background_width=239 HTTP/2.0" 200 85394 "-" "Mozilla/5.0 (Android 10; HUAWEI; HUAWEI; ART-AL00x) feiyu/5.2.14"
116.237.130.18 - - [10/Jan/2023:10:54:42 +0800] "GET /v2/app/randomHomeBackgroundImageV2 HTTP/2.0" 200 289 "-" "Mozilla/5.0 (Android 12; Xiaomi; Redmi; 22081212C) feiyu/5.2.14"
116.237.130.18 - - [10/Jan/2023:10:54:42 +0800] "GET /v2/messages/unreadCount?timestamp=1970-01-01%2000%3A00%3A00 HTTP/2.0" 200 26 "-" "Mozilla/5.0 (Android 12; Xiaomi; Redmi; 22081212C) feiyu/5.2.14"
116.237.130.18 - - [10/Jan/2023:10:54:42 +0800] "GET /v2/campaigns/newest HTTP/2.0" 200 449 "-" "Mozilla/5.0 (Android 12; Xiaomi; Redmi; 22081212C) feiyu/5.2.14"
39.144.151.162 - - [10/Jan/2023:10:54:41 +0800] "GET /v2/posts/followeesV4?background_width=1170&image_width=1170&type=0 HTTP/2.0" 200 87331 "-" "Mozilla/5.0 (iOS 16.1.1; Apple; Apple; iPhone13,2) feiyu/5.2.14"
116.237.130.18 - - [10/Jan/2023:10:54:42 +0800] "GET /v2/users/a88d12a3-c0a0-4ddb-8db4-88fc1a91ba47/settings HTTP/2.0" 200 313 "-" "Mozilla/5.0 (Android 12; Xiaomi; Redmi; 22081212C) feiyu/5.2.14"
116.237.130.18 - - [10/Jan/2023:10:54:42 +0800] "GET /v2/campaigns/newest HTTP/2.0" 200 449 "-" "Mozilla/5.0 (Android 12; Xiaomi; Redmi; 22081212C) feiyu/5.2.14"
39.144.151.162 - - [10/Jan/2023:10:54:42 +0800] "GET /v2/explore/searchHint HTTP/2.0" 200 23 "-" "Mozilla/5.0 (iOS 16.1.1; Apple; Apple; iPhone13,2) feiyu/5.2.14"
39.144.151.162 - - [10/Jan/2023:10:54:42 +0800] "GET /v2/ads?scene=0 HTTP/2.0" 200 2 "-" "Mozilla/5.0 (iOS 16.1.1; Apple; Apple; iPhone13,2) feiyu/5.2.14"
39.144.151.162 - - [10/Jan/2023:10:54:42 +0800] "GET /v2/explore/banner?scene=1 HTTP/2.0" 200 2306 "-" "Mozilla/5.0 (iOS 16.1.1; Apple; Apple; iPhone13,2) feiyu/5.2.14"
39.144.151.162 - - [10/Jan/2023:10:54:42 +0800] "GET /v2/explore/banner?scene=2 HTTP/2.0" 200 441 "-" "Mozilla/5.0 (iOS 16.1.1; Apple; Apple; iPhone13,2) feiyu/5.2.14"
39.144.151.162 - - [10/Jan/2023:10:54:42 +0800] "GET /v2/posts/recommended/sticky?background_width=1170&image_width=1170 HTTP/2.0" 200 3848 "-" "Mozilla/5.0 (iOS 16.1.1; Apple; Apple; iPhone13,2) feiyu/5.2.14"
39.144.151.162 - - [10/Jan/2023:10:54:42 +0800] "GET /v2/content-series/explore HTTP/2.0" 200 68522 "-" "Mozilla/5.0 (iOS 16.1.1; Apple; Apple; iPhone13,2) feiyu/5.2.14"
39.144.151.162 - - [10/Jan/2023:10:54:42 +0800] "GET /v2/posts/recommended?background_width=1170&image_width=1170&size=20 HTTP/2.0" 200 96251 "-" "Mozilla/5.0 (iOS 16.1.1; Apple; Apple; iPhone13,2) feiyu/5.2.14"
58.216.164.70 - - [10/Jan/2023:10:54:42 +0800] "GET /v2/gallery/categoriesV4 HTTP/2.0" 200 13170 "-" "Mozilla/5.0 (Android 13; OnePlus; OnePlus; LE2120) feiyu/5.2.14"
58.216.164.70 - - [10/Jan/2023:10:54:43 +0800] "GET /v2/gallery/categories/1e3bd6cc-e816-4cec-a975-7d2c39b1a292/imagesV3?page=1&size=20&width=360 HTTP/2.0" 200 2 "-" "Mozilla/5.0 (Android 13; OnePlus; OnePlus; LE2120) feiyu/5.2.14"
171.43.160.6 - - [10/Jan/2023:10:54:45 +0800] "GET /v2/messages/unreadCount?timestamp=1970-01-01%2000%3A00%3A01 HTTP/2.0" 200 26 "-" "Mozilla/5.0 (iOS 16.1.1; Apple; Apple; iPhone11,2) feiyu/5.2.14"
116.237.130.18 - - [10/Jan/2023:10:54:45 +0800] "GET /v2/gallery/categories/1e3bd6cc-e816-4cec-a975-7d2c39b1a292/imagesV3?page=1&size=20&width=406 HTTP/2.0" 200 473 "-" "Mozilla/5.0 (Android 12; Xiaomi; Redmi; 22081212C) feiyu/5.2.14"
116.237.130.18 - - [10/Jan/2023:10:54:45 +0800] "GET /v2/gallery/categories/1e3bd6cc-e816-4cec-a975-7d2c39b1a292/imagesV3?page=2&size=20&width=406 HTTP/2.0" 200 2 "-" "Mozilla/5.0 (Android 12; Xiaomi; Redmi; 22081212C) feiyu/5.2.14"
116.237.130.18 - - [10/Jan/2023:10:54:46 +0800] "GET /v2/gallery/categories/1ab7a131-0b87-4435-a849-7b1aeaee0167/imagesV3?page=1&size=20&width=406 HTTP/2.0" 200 9478 "-" "Mozilla/5.0 (Android 12; Xiaomi; Redmi; 22081212C) feiyu/5.2.14"
116.237.130.18 - - [10/Jan/2023:10:54:46 +0800] "GET /v2/gallery/categories/1ab7a131-0b87-4435-a849-7b1aeaee0167/imagesV3?page=2&size=20&width=406 HTTP/2.0" 200 9476 "-" "Mozilla/5.0 (Android 12; Xiaomi; Redmi; 22081212C) feiyu/5.2.14"
171.43.160.6 - - [10/Jan/2023:10:54:47 +0800] "GET /v2/messages/unreadCount?timestamp=1970-01-01%2000%3A00%3A01 HTTP/2.0" 200 26 "-" "Mozilla/5.0 (iOS 16.1.1; Apple; Apple; iPhone11,2) feiyu/5.2.14"
58.216.164.70 - - [10/Jan/2023:10:54:47 +0800] "GET /v2/gallery/categories/1ab7a131-0b87-4435-a849-7b1aeaee0167/imagesV3?page=1&size=20&width=360 HTTP/2.0" 200 9483 "-" "Mozilla/5.0 (Android 13; OnePlus; OnePlus; LE2120) feiyu/5.2.14"
39.144.151.162 - - [10/Jan/2023:10:54:47 +0800] "GET /v2/gallery/categoriesV4 HTTP/2.0" 200 13178 "-" "Mozilla/5.0 (iOS 16.1.1; Apple; Apple; iPhone13,2) feiyu/5.2.14"
39.144.151.162 - - [10/Jan/2023:10:54:47 +0800] "GET /v2/gallery/categories/1e3bd6cc-e816-4cec-a975-7d2c39b1a292/imagesV3?page=1&size=30&width=260 HTTP/2.0" 200 12485 "-" "Mozilla/5.0 (iOS 16.1.1; Apple; Apple; iPhone13,2) feiyu/5.2.14"
58.216.164.70 - - [10/Jan/2023:10:54:47 +0800] "GET /v2/gallery/categories/1ab7a131-0b87-4435-a849-7b1aeaee0167/imagesV3?page=2&size=20&width=360 HTTP/2.0" 200 9472 "-" "Mozilla/5.0 (Android 13; OnePlus; OnePlus; LE2120) feiyu/5.2.14"
120.239.201.131 - - [10/Jan/2023:10:54:47 +0800] "GET /v2/app/upgrade?version_code=63&platform=Android HTTP/2.0" 200 4 "-" "Mozilla/5.0 (Android 10; Xiaomi; Xiaomi; M2002J9E) feiyu/5.2.12"
120.239.201.131 - - [10/Jan/2023:10:54:47 +0800] "GET /v2/app/ab-test-status HTTP/2.0" 200 16 "-" "Mozilla/5.0 (Android 10; Xiaomi; Xiaomi; M2002J9E) feiyu/5.2.12"
120.239.201.131 - - [10/Jan/2023:10:54:49 +0800] "GET /v2/lab-projects HTTP/2.0" 200 24899 "-" "Mozilla/5.0 (Android 10; Xiaomi; Xiaomi; M2002J9E) feiyu/5.2.12"
120.239.201.131 - - [10/Jan/2023:10:54:49 +0800] "GET /v2/app/upgrade?version_code=63&platform=Android HTTP/2.0" 200 4 "-" "Mozilla/5.0 (Android 10; Xiaomi; Xiaomi; M2002J9E) feiyu/5.2.12"
120.239.201.131 - - [10/Jan/2023:10:54:49 +0800] "GET /v2/app/randomHomeBackgroundImageV2 HTTP/2.0" 200 291 "-" "Mozilla/5.0 (Android 10; Xiaomi; Xiaomi; M2002J9E) feiyu/5.2.12"
120.239.201.131 - - [10/Jan/2023:10:54:50 +0800] "GET /v2/campaigns/newest HTTP/2.0" 200 443 "-" "Mozilla/5.0 (Android 10; Xiaomi; Xiaomi; M2002J9E) feiyu/5.2.12"
120.239.201.131 - - [10/Jan/2023:10:54:50 +0800] "GET /v2/messages/unreadCount?timestamp=2022-11-14%2012%3A04%3A21 HTTP/2.0" 200 26 "-" "Mozilla/5.0 (Android 10; Xiaomi; Xiaomi; M2002J9E) feiyu/5.2.12"
120.239.201.131 - - [10/Jan/2023:10:54:50 +0800] "GET /v2/campaigns/newest HTTP/2.0" 200 443 "-" "Mozilla/5.0 (Android 10; Xiaomi; Xiaomi; M2002J9E) feiyu/5.2.12"
120.239.201.131 - - [10/Jan/2023:10:54:50 +0800] "GET /v2/users/ed4da897-168b-4e86-aba1-a2c6fc62736a/settings HTTP/2.0" 200 314 "-" "Mozilla/5.0 (Android 10; Xiaomi; Xiaomi; M2002J9E) feiyu/5.2.12"
116.237.130.18 - - [10/Jan/2023:10:54:50 +0800] "GET /v2/gallery/images/6f39fda0-119a-434c-ac03-a15a4b08ca52?width=1220 HTTP/2.0" 200 452 "-" "Mozilla/5.0 (Android 12; Xiaomi; Redmi; 22081212C) feiyu/5.2.14"
223.95.51.140 - - [10/Jan/2023:10:54:52 +0800] "GET /v2/messages/unreadCount?timestamp=1970-01-01%2000%3A00%3A00 HTTP/2.0" 200 26 "-" "Mozilla/5.0 (Android 10; HUAWEI; HUAWEI; HMA-AL00) feiyu/5.2.9"
171.43.160.6 - - [10/Jan/2023:10:54:52 +0800] "GET /v2/gallery/categories/d1569b14-497d-474c-8c41-732c10584cb4/imagesV3?page=1&size=30&width=250 HTTP/2.0" 200 14216 "-" "Mozilla/5.0 (iOS 16.1.1; Apple; Apple; iPhone11,2) feiyu/5.2.14"
223.95.51.140 - - [10/Jan/2023:10:54:53 +0800] "GET /v2/users/8e44d1dd-2b97-4584-8caa-945bef044fc6/settings HTTP/2.0" 200 313 "-" "Mozilla/5.0 (Android 10; HUAWEI; HUAWEI; HMA-AL00) feiyu/5.2.9"
223.95.51.140 - - [10/Jan/2023:10:54:53 +0800] "GET /v2/explore/searchHint HTTP/2.0" 200 23 "-" "Mozilla/5.0 (Android 10; HUAWEI; HUAWEI; HMA-AL00) feiyu/5.2.9"
223.95.51.140 - - [10/Jan/2023:10:54:53 +0800] "GET /v2/campaigns/newest HTTP/2.0" 200 445 "-" "Mozilla/5.0 (Android 10; HUAWEI; HUAWEI; HMA-AL00) feiyu/5.2.9"
223.102.97.202 - - [10/Jan/2023:10:54:54 +0800] "GET /v2/campaigns/newest HTTP/2.0" 200 443 "-" "Mozilla/5.0 (Android 10; HUAWEI; HONOR; CDY-AN95) feiyu/5.2.14"
223.102.97.202 - - [10/Jan/2023:10:54:54 +0800] "GET /v2/messages/unreadCount?timestamp=2023-01-10%2001%3A45%3A34 HTTP/2.0" 200 26 "-" "Mozilla/5.0 (Android 10; HUAWEI; HONOR; CDY-AN95) feiyu/5.2.14"
223.102.97.202 - - [10/Jan/2023:10:54:54 +0800] "GET /v2/clock-ins/stats HTTP/2.0" 500 175 "-" "Mozilla/5.0 (Android 10; HUAWEI; HONOR; CDY-AN95) feiyu/5.2.14"
223.102.97.202 - - [10/Jan/2023:10:54:54 +0800] "GET /v2/users/dd05a14d-451b-4494-8f6c-68d26a5af10c HTTP/2.0" 200 539 "-" "Mozilla/5.0 (Android 10; HUAWEI; HONOR; CDY-AN95) feiyu/5.2.14"
223.102.97.202 - - [10/Jan/2023:10:54:54 +0800] "GET /v2/explore/searchHint HTTP/2.0" 200 23 "-" "Mozilla/5.0 (Android 10; HUAWEI; HONOR; CDY-AN95) feiyu/5.2.14"
223.102.97.202 - - [10/Jan/2023:10:54:54 +0800] "GET /v2/users/dd05a14d-451b-4494-8f6c-68d26a5af10c/settings HTTP/2.0" 200 313 "-" "Mozilla/5.0 (Android 10; HUAWEI; HONOR; CDY-AN95) feiyu/5.2.14"
223.102.97.202 - - [10/Jan/2023:10:54:54 +0800] "GET /v2/near/canvas-war/accounts/dd05a14d-451b-4494-8f6c-68d26a5af10c HTTP/2.0" 200 620 "-" "Mozilla/5.0 (Android 10; HUAWEI; HONOR; CDY-AN95) feiyu/5.2.14"
39.144.151.162 - - [10/Jan/2023:10:54:55 +0800] "GET /v2/gallery/images/query?key=%E6%97%A9%E7%9D%A1%E6%97%A9%E8%B5%B7&page=1&show_favorite_status=1&size=30&width=390 HTTP/2.0" 200 14436 "-" "Mozilla/5.0 (iOS 16.1.1; Apple; Apple; iPhone13,2) feiyu/5.2.14"
39.144.151.162 - - [10/Jan/2023:10:54:55 +0800] "GET /v2/gallery/images/query?key=%E6%97%A9%E7%9D%A1%E6%97%A9%E8%B5%B7&page=1&show_favorite_status=1&size=30&width=390 HTTP/2.0" 200 14436 "-" "Mozilla/5.0 (iOS 16.1.1; Apple; Apple; iPhone13,2) feiyu/5.2.14"
171.43.160.6 - - [10/Jan/2023:10:54:56 +0800] "GET /v2/gallery/categories/1ab7a131-0b87-4435-a849-7b1aeaee0167/imagesV3?page=1&size=30&width=250 HTTP/2.0" 200 14208 "-" "Mozilla/5.0 (iOS 16.1.1; Apple; Apple; iPhone11,2) feiyu/5.2.14"
58.216.164.70 - - [10/Jan/2023:10:54:56 +0800] "GET /v2/lab-projects HTTP/2.0" 200 24937 "-" "Mozilla/5.0 (Android 13; OnePlus; OnePlus; LE2120) feiyu/5.2.14"
58.216.164.70 - - [10/Jan/2023:10:54:56 +0800] "GET /v2/lab-projects/active-users-count HTTP/2.0" 200 14 "-" "Mozilla/5.0 (Android 13; OnePlus; OnePlus; LE2120) feiyu/5.2.14"
39.144.151.162 - - [10/Jan/2023:10:54:58 +0800] "GET /v2/gallery/images/6f35e7e4-fdd8-484c-a975-e40b383b984c?width=1170 HTTP/2.0" 200 458 "-" "Mozilla/5.0 (iOS 16.1.1; Apple; Apple; iPhone13,2) feiyu/5.2.14"
120.239.201.131 - - [10/Jan/2023:10:54:58 +0800] "GET /v2/gallery/randomImagesV2?size=50&width=540&content=%E5%B9%B4%E5%BA%95%E8%B4%9F%E8%96%AA%E6%B1%89%0Ani%C3%A1n%20d%C7%90%20f%C3%B9%20x%C4%ABn%20h%C3%A0n%0A%0A%E6%8C%87%E8%BE%9B%E8%BE%9B%E8%8B%A6%E8%8B%A6%E5%BF%99%E6%B4%BB%E4%B8%80%E5%B9%B4%EF%BC%8C%E5%88%B0%0A%E5%A4%B4%E6%9D%A5%E6%89%8B%E4%B8%8A%E6%B2%A1%E6%94%92%E4%B8%8B%E4%BB%80%E4%B9%88%E7%94%9A%E8%87%B3%E8%BF%98%0A%E6%AC%A0%E7%9D%80%E9%92%B1%E7%9A%84%E4%BA%BA%E3%80%82 HTTP/2.0" 200 23477 "-" "Mozilla/5.0 (Android 10; Xiaomi; Xiaomi; M2002J9E) feiyu/5.2.12"
223.102.97.202 - - [10/Jan/2023:10:54:59 +0800] "GET /v2/posts/b8fd88d9-d3ab-43d9-ab99-476ff7045e90/commentsV4?size=20 HTTP/2.0" 200 2 "-" "Mozilla/5.0 (Android 10; HUAWEI; HONOR; CDY-AN95) feiyu/5.2.14"
223.102.97.202 - - [10/Jan/2023:10:54:59 +0800] "GET /v2/posts/b8fd88d9-d3ab-43d9-ab99-476ff7045e90/likes HTTP/2.0" 200 891 "-" "Mozilla/5.0 (Android 10; HUAWEI; HONOR; CDY-AN95) feiyu/5.2.14"
223.102.97.202 - - [10/Jan/2023:10:54:59 +0800] "GET /v2/posts/b8fd88d9-d3ab-43d9-ab99-476ff7045e90/detail?image_width=1080&background_width=1080 HTTP/2.0" 200 3757 "-" "Mozilla/5.0 (Android 10; HUAWEI; HONOR; CDY-AN95) feiyu/5.2.14"
39.144.151.162 - - [10/Jan/2023:10:55:00 +0800] "POST /v2/app/upload HTTP/2.0" 200 351 "-" "Mozilla/5.0 (iOS 16.1.1; Apple; Apple; iPhone13,2) feiyu/5.2.14"
223.102.97.202 - - [10/Jan/2023:10:55:00 +0800] "GET /v2/messages/unreadCount?timestamp=2023-01-10%2001%3A45%3A34 HTTP/2.0" 200 26 "-" "Mozilla/5.0 (Android 10; HUAWEI; HONOR; CDY-AN95) feiyu/5.2.14"
223.102.97.202 - - [10/Jan/2023:10:55:00 +0800] "GET /v2/users/dd05a14d-451b-4494-8f6c-68d26a5af10c/settings HTTP/2.0" 200 313 "-" "Mozilla/5.0 (Android 10; HUAWEI; HONOR; CDY-AN95) feiyu/5.2.14"
223.102.97.202 - - [10/Jan/2023:10:55:00 +0800] "GET /v2/explore/searchHint HTTP/2.0" 200 23 "-" "Mozilla/5.0 (Android 10; HUAWEI; HONOR; CDY-AN95) feiyu/5.2.14"
223.102.97.202 - - [10/Jan/2023:10:55:00 +0800] "GET /v2/campaigns/newest HTTP/2.0" 200 443 "-" "Mozilla/5.0 (Android 10; HUAWEI; HONOR; CDY-AN95) feiyu/5.2.14"
223.102.97.202 - - [10/Jan/2023:10:55:00 +0800] "GET /v2/clock-ins/stats HTTP/2.0" 500 175 "-" "Mozilla/5.0 (Android 10; HUAWEI; HONOR; CDY-AN95) feiyu/5.2.14"
223.102.97.202 - - [10/Jan/2023:10:55:00 +0800] "GET /v2/users/dd05a14d-451b-4494-8f6c-68d26a5af10c HTTP/2.0" 200 541 "-" "Mozilla/5.0 (Android 10; HUAWEI; HONOR; CDY-AN95) feiyu/5.2.14"
39.144.151.162 - - [10/Jan/2023:10:55:00 +0800] "POST /v2/posts/uploadCompleteV2 HTTP/2.0" 200 1113 "-" "Mozilla/5.0 (iOS 16.1.1; Apple; Apple; iPhone13,2) feiyu/5.2.14"
223.102.97.202 - - [10/Jan/2023:10:55:00 +0800] "GET /v2/near/canvas-war/accounts/dd05a14d-451b-4494-8f6c-68d26a5af10c HTTP/2.0" 200 622 "-" "Mozilla/5.0 (Android 10; HUAWEI; HONOR; CDY-AN95) feiyu/5.2.14"
221.206.141.116 - - [10/Jan/2023:10:55:01 +0800] "GET /v2/explore/searchHint HTTP/2.0" 200 23 "-" "Mozilla/5.0 (Android 10; HUAWEI; HUAWEI; ART-AL00x) feiyu/5.2.14"
221.206.141.116 - - [10/Jan/2023:10:55:01 +0800] "GET /v2/explore/banner?scene=2 HTTP/2.0" 200 439 "-" "Mozilla/5.0 (Android 10; HUAWEI; HUAWEI; ART-AL00x) feiyu/5.2.14"
221.206.141.116 - - [10/Jan/2023:10:55:01 +0800] "GET /v2/content-series/explore HTTP/2.0" 200 68492 "-" "Mozilla/5.0 (Android 10; HUAWEI; HUAWEI; ART-AL00x) feiyu/5.2.14"
