223.104.194.156 - - [10/Jan/2023:11:44:36 +0800] "GET /v2/users/a07e1077-e8c9-45b6-aecc-e2a291b6301b HTTP/2.0" 200 429 "-" "Mozilla/5.0 (Android 12; HONOR; HONOR; ANY-AN00) feiyu/5.2.14"
223.104.194.156 - - [10/Jan/2023:11:44:36 +0800] "GET /v2/clock-ins/stats HTTP/2.0" 200 385 "-" "Mozilla/5.0 (Android 12; HONOR; HONOR; ANY-AN00) feiyu/5.2.14"
223.104.194.156 - - [10/Jan/2023:11:44:36 +0800] "GET /v2/near/canvas-war/accounts/a07e1077-e8c9-45b6-aecc-e2a291b6301b HTTP/2.0" 200 546 "-" "Mozilla/5.0 (Android 12; HONOR; HONOR; ANY-AN00) feiyu/5.2.14"
223.104.194.156 - - [10/Jan/2023:11:44:36 +0800] "GET /v2/messages/unreadCount?timestamp=2022-09-27%2016%3A27%3A43 HTTP/2.0" 200 26 "-" "Mozilla/5.0 (Android 12; HONOR; HONOR; ANY-AN00) feiyu/5.2.14"
223.104.194.156 - - [10/Jan/2023:11:44:37 +0800] "GET /v2/users/a07e1077-e8c9-45b6-aecc-e2a291b6301b HTTP/2.0" 200 429 "-" "Mozilla/5.0 (Android 12; HONOR; HONOR; ANY-AN00) feiyu/5.2.14"
183.95.67.13 - - [10/Jan/2023:11:44:38 +0800] "GET /v2/app/tiamat-info HTTP/2.0" 200 16 "-" "Mozilla/5.0 (Android 12; realme; realme; RMX2117) feiyu/5.2.14"
183.95.67.13 - - [10/Jan/2023:11:44:38 +0800] "GET /v2/app/ab-test-status HTTP/2.0" 200 16 "-" "Mozilla/5.0 (Android 12; realme; realme; RMX2117) feiyu/5.2.14"
183.95.67.13 - - [10/Jan/2023:11:44:38 +0800] "GET /v2/app/upgrade?version_code=65&platform=Android HTTP/2.0" 200 4 "-" "Mozilla/5.0 (Android 12; realme; realme; RMX2117) feiyu/5.2.14"
218.94.141.186 - - [10/Jan/2023:11:44:39 +0800] "GET /v2/messages/unreadCount?timestamp=2023-01-09%2012%3A46%3A42 HTTP/2.0" 200 26 "-" "Mozilla/5.0 (iOS 16.2; Apple; Apple; iPhone14,2) feiyu/5.2.14"
183.95.67.13 - - [10/Jan/2023:11:44:39 +0800] "GET /v2/lab-projects HTTP/2.0" 200 24865 "-" "Mozilla/5.0 (Android 12; realme; realme; RMX2117) feiyu/5.2.14"
183.95.67.13 - - [10/Jan/2023:11:44:39 +0800] "GET /v2/app/upgrade?version_code=65&platform=Android HTTP/2.0" 200 4 "-" "Mozilla/5.0 (Android 12; realme; realme; RMX2117) feiyu/5.2.14"
218.94.141.186 - - [10/Jan/2023:11:44:39 +0800] "GET /v2/messages/unreadCount?timestamp=2023-01-10%2003%3A44%3A39 HTTP/2.0" 200 26 "-" "Mozilla/5.0 (iOS 16.2; Apple; Apple; iPhone14,2) feiyu/5.2.14"
183.95.67.13 - - [10/Jan/2023:11:44:40 +0800] "GET /v2/messages/unreadCount?timestamp=1970-01-01%2000%3A00%3A00 HTTP/2.0" 200 26 "-" "Mozilla/5.0 (Android 12; realme; realme; RMX2117) feiyu/5.2.14"
183.95.67.13 - - [10/Jan/2023:11:44:40 +0800] "GET /v2/users/8201d61a-7e67-40a6-af5b-1eed2de60d3e/settings HTTP/2.0" 200 313 "-" "Mozilla/5.0 (Android 12; realme; realme; RMX2117) feiyu/5.2.14"
183.95.67.13 - - [10/Jan/2023:11:44:40 +0800] "GET /v2/campaigns/newest HTTP/2.0" 200 445 "-" "Mozilla/5.0 (Android 12; realme; realme; RMX2117) feiyu/5.2.14"
183.95.67.13 - - [10/Jan/2023:11:44:40 +0800] "GET /v2/explore/searchHint HTTP/2.0" 200 23 "-" "Mozilla/5.0 (Android 12; realme; realme; RMX2117) feiyu/5.2.14"
183.95.67.13 - - [10/Jan/2023:11:44:40 +0800] "GET /v2/explore/banner?scene=2 HTTP/2.0" 200 439 "-" "Mozilla/5.0 (Android 12; realme; realme; RMX2117) feiyu/5.2.14"
183.95.67.13 - - [10/Jan/2023:11:44:40 +0800] "GET /v2/posts/followees-v5?type=0&size=20&image_width=1080&background_width=359 HTTP/2.0" 200 88225 "-" "Mozilla/5.0 (Android 12; realme; realme; RMX2117) feiyu/5.2.14"
183.95.67.13 - - [10/Jan/2023:11:44:40 +0800] "GET /v2/content-series/explore HTTP/2.0" 200 68502 "-" "Mozilla/5.0 (Android 12; realme; realme; RMX2117) feiyu/5.2.14"
183.95.67.13 - - [10/Jan/2023:11:44:40 +0800] "GET /v2/posts/followees-v5?type=0&size=20&image_width=1080&background_width=359 HTTP/2.0" 200 88225 "-" "Mozilla/5.0 (Android 12; realme; realme; RMX2117) feiyu/5.2.14"
117.44.106.28 - - [10/Jan/2023:11:44:40 +0800] "GET /v2/gallery/randomImagesV2?size=50&width=540&category_safe_id=d1569b14-497d-474c-8c41-732c10584cb4&content= HTTP/2.0" 200 23448 "-" "Mozilla/5.0 (Android 11; Xiaomi; Redmi; Redmi Note 8 Pro) feiyu/5.2.14"
218.94.141.186 - - [10/Jan/2023:11:44:40 +0800] "GET /v2/messages/list-v2 HTTP/2.0" 200 19097 "-" "Mozilla/5.0 (iOS 16.2; Apple; Apple; iPhone14,2) feiyu/5.2.14"
183.95.67.13 - - [10/Jan/2023:11:44:41 +0800] "GET /v2/explore/banner?scene=1 HTTP/2.0" 200 2312 "-" "Mozilla/5.0 (Android 12; realme; realme; RMX2117) feiyu/5.2.14"
183.95.67.13 - - [10/Jan/2023:11:44:41 +0800] "GET /v2/posts/featured/sticky-v2?image_width=1080&background_width=359 HTTP/2.0" 200 4259 "-" "Mozilla/5.0 (Android 12; realme; realme; RMX2117) feiyu/5.2.14"
183.95.67.13 - - [10/Jan/2023:11:44:41 +0800] "GET /v2/posts/featured-v4?size=20&image_width=1080&background_width=359 HTTP/2.0" 200 71861 "-" "Mozilla/5.0 (Android 12; realme; realme; RMX2117) feiyu/5.2.14"
183.95.67.13 - - [10/Jan/2023:11:44:44 +0800] "GET /v2/ads?scene=1 HTTP/2.0" 200 2 "-" "Mozilla/5.0 (Android 12; realme; realme; RMX2117) feiyu/5.2.14"
117.44.106.28 - - [10/Jan/2023:11:44:45 +0800] "GET /v2/campaigns/newest HTTP/2.0" 200 443 "-" "Mozilla/5.0 (Android 11; Xiaomi; Redmi; Redmi Note 8 Pro) feiyu/5.2.14"
183.95.67.13 - - [10/Jan/2023:11:44:45 +0800] "GET /v2/lab-projects HTTP/2.0" 200 24889 "-" "Mozilla/5.0 (Android 12; realme; realme; RMX2117) feiyu/5.2.14"
183.95.67.13 - - [10/Jan/2023:11:44:45 +0800] "GET /v2/lab-projects/active-users-count HTTP/2.0" 200 14 "-" "Mozilla/5.0 (Android 12; realme; realme; RMX2117) feiyu/5.2.14"
223.104.194.156 - - [10/Jan/2023:11:44:42 +0800] "POST /v2/clock-ins/clock-in HTTP/2.0" 200 - "-" "Mozilla/5.0 (Android 12; HONOR; HONOR; ANY-AN00) feiyu/5.2.14"
223.104.194.156 - - [10/Jan/2023:11:44:48 +0800] "GET /v2/clock-ins/stats HTTP/2.0" 200 383 "-" "Mozilla/5.0 (Android 12; HONOR; HONOR; ANY-AN00) feiyu/5.2.14"
117.44.106.28 - - [10/Jan/2023:11:44:48 +0800] "GET /v2/lab-projects HTTP/2.0" 200 24921 "-" "Mozilla/5.0 (Android 11; Xiaomi; Redmi; Redmi Note 8 Pro) feiyu/5.2.14"
117.44.106.28 - - [10/Jan/2023:11:44:48 +0800] "GET /v2/lab-projects/active-users-count HTTP/2.0" 200 14 "-" "Mozilla/5.0 (Android 11; Xiaomi; Redmi; Redmi Note 8 Pro) feiyu/5.2.14"
120.242.55.211 - - [10/Jan/2023:11:44:52 +0800] "GET /v2/app/ab-test-status HTTP/2.0" 200 16 "-" "Mozilla/5.0 (Android 12; vivo; vivo; V2172A) feiyu/5.2.14"
120.242.55.211 - - [10/Jan/2023:11:44:52 +0800] "GET /v2/app/tiamat-info HTTP/2.0" 200 16 "-" "Mozilla/5.0 (Android 12; vivo; vivo; V2172A) feiyu/5.2.14"
120.242.55.211 - - [10/Jan/2023:11:44:52 +0800] "GET /v2/app/upgrade?version_code=65&platform=Android HTTP/2.0" 200 4 "-" "Mozilla/5.0 (Android 12; vivo; vivo; V2172A) feiyu/5.2.14"
120.242.55.211 - - [10/Jan/2023:11:44:53 +0800] "GET /v2/lab-projects HTTP/2.0" 200 24913 "-" "Mozilla/5.0 (Android 12; vivo; vivo; V2172A) feiyu/5.2.14"
120.242.55.211 - - [10/Jan/2023:11:44:53 +0800] "GET /v2/app/upgrade?version_code=65&platform=Android HTTP/2.0" 200 4 "-" "Mozilla/5.0 (Android 12; vivo; vivo; V2172A) feiyu/5.2.14"
120.242.55.211 - - [10/Jan/2023:11:44:53 +0800] "GET /v2/app/randomHomeBackgroundImageV2 HTTP/2.0" 200 287 "-" "Mozilla/5.0 (Android 12; vivo; vivo; V2172A) feiyu/5.2.14"
120.242.55.211 - - [10/Jan/2023:11:44:53 +0800] "GET /v2/campaigns/newest HTTP/2.0" 200 445 "-" "Mozilla/5.0 (Android 12; vivo; vivo; V2172A) feiyu/5.2.14"
120.242.55.211 - - [10/Jan/2023:11:44:53 +0800] "GET /v2/messages/unreadCount?timestamp=1970-01-01%2000%3A00%3A00 HTTP/2.0" 200 26 "-" "Mozilla/5.0 (Android 12; vivo; vivo; V2172A) feiyu/5.2.14"
120.242.55.211 - - [10/Jan/2023:11:44:53 +0800] "GET /v2/campaigns/newest HTTP/2.0" 200 445 "-" "Mozilla/5.0 (Android 12; vivo; vivo; V2172A) feiyu/5.2.14"
120.242.55.211 - - [10/Jan/2023:11:44:53 +0800] "GET /v2/users/df4a1d34-fe11-4685-bcb9-23bafbe17404/settings HTTP/2.0" 200 313 "-" "Mozilla/5.0 (Android 12; vivo; vivo; V2172A) feiyu/5.2.14"
223.104.194.156 - - [10/Jan/2023:11:45:04 +0800] "GET /v2/messages/list-v2?size=20 HTTP/2.0" 200 2 "-" "Mozilla/5.0 (Android 12; HONOR; HONOR; ANY-AN00) feiyu/5.2.14"
120.242.55.211 - - [10/Jan/2023:11:45:06 +0800] "GET /v2/gallery/randomImagesV2?size=50&width=540&content=%E6%95%91%E6%95%91%E6%88%91 HTTP/2.0" 200 23677 "-" "Mozilla/5.0 (Android 12; vivo; vivo; V2172A) feiyu/5.2.14"
223.104.194.156 - - [10/Jan/2023:11:45:06 +0800] "GET /v2/users/a07e1077-e8c9-45b6-aecc-e2a291b6301b/followeesV2?size=20 HTTP/2.0" 200 1454 "-" "Mozilla/5.0 (Android 12; HONOR; HONOR; ANY-AN00) feiyu/5.2.14"
223.104.194.156 - - [10/Jan/2023:11:45:06 +0800] "GET /v2/users/a07e1077-e8c9-45b6-aecc-e2a291b6301b/subscribed-tags?size=20 HTTP/2.0" 200 2 "-" "Mozilla/5.0 (Android 12; HONOR; HONOR; ANY-AN00) feiyu/5.2.14"
223.104.194.156 - - [10/Jan/2023:11:45:07 +0800] "GET /v2/users/a07e1077-e8c9-45b6-aecc-e2a291b6301b/followeesV2?timestamp=2022-03-22%2015%3A19%3A47&size=20 HTTP/2.0" 200 2 "-" "Mozilla/5.0 (Android 12; HONOR; HONOR; ANY-AN00) feiyu/5.2.14"
223.104.194.156 - - [10/Jan/2023:11:45:06 +0800] "GET /v2/users/a07e1077-e8c9-45b6-aecc-e2a291b6301b/followersV2?size=20 HTTP/2.0" 200 2 "-" "Mozilla/5.0 (Android 12; HONOR; HONOR; ANY-AN00) feiyu/5.2.14"
120.242.55.211 - - [10/Jan/2023:11:45:07 +0800] "GET /v2/messages/unreadCount?timestamp=1970-01-01%2000%3A00%3A00 HTTP/2.0" 200 26 "-" "Mozilla/5.0 (Android 12; vivo; vivo; V2172A) feiyu/5.2.14"
120.242.55.211 - - [10/Jan/2023:11:45:07 +0800] "GET /v2/users/df4a1d34-fe11-4685-bcb9-23bafbe17404/settings HTTP/2.0" 200 313 "-" "Mozilla/5.0 (Android 12; vivo; vivo; V2172A) feiyu/5.2.14"
120.242.55.211 - - [10/Jan/2023:11:45:07 +0800] "GET /v2/campaigns/newest HTTP/2.0" 200 445 "-" "Mozilla/5.0 (Android 12; vivo; vivo; V2172A) feiyu/5.2.14"
120.242.55.211 - - [10/Jan/2023:11:45:08 +0800] "GET /v2/gallery/randomImagesV2?size=50&width=540&content=%E6%95%91%E6%95%91%E6%88%91 HTTP/2.0" 200 23479 "-" "Mozilla/5.0 (Android 12; vivo; vivo; V2172A) feiyu/5.2.14"
223.104.194.156 - - [10/Jan/2023:11:45:09 +0800] "GET /v2/users/c68c4a51-b441-4c83-959e-5dfb0b58cecf/createdPostsV2?guest=true&size=20&image_width=1080&background_width=359 HTTP/2.0" 200 2 "-" "Mozilla/5.0 (Android 12; HONOR; HONOR; ANY-AN00) feiyu/5.2.14"
223.104.194.156 - - [10/Jan/2023:11:45:09 +0800] "GET /v2/users/c68c4a51-b441-4c83-959e-5dfb0b58cecf HTTP/2.0" 200 412 "-" "Mozilla/5.0 (Android 12; HONOR; HONOR; ANY-AN00) feiyu/5.2.14"
223.104.194.156 - - [10/Jan/2023:11:45:09 +0800] "GET /v2/users/c68c4a51-b441-4c83-959e-5dfb0b58cecf/likedPostsV2?guest=true&size=20&image_width=1080&background_width=359 HTTP/2.0" 200 64735 "-" "Mozilla/5.0 (Android 12; HONOR; HONOR; ANY-AN00) feiyu/5.2.14"
223.147.15.182 - - [10/Jan/2023:11:45:10 +0800] "GET /v2/campaigns/newest HTTP/2.0" 200 445 "-" "Mozilla/5.0 (Android 13; realme; realme; RMX3562) feiyu/5.2.14"
223.147.15.182 - - [10/Jan/2023:11:45:10 +0800] "GET /v2/messages/unreadCount?timestamp=1970-01-01%2000%3A00%3A00 HTTP/2.0" 200 26 "-" "Mozilla/5.0 (Android 13; realme; realme; RMX3562) feiyu/5.2.14"
223.147.15.182 - - [10/Jan/2023:11:45:10 +0800] "GET /v2/users/82875f1f-e0a7-4dd1-a8af-4b600b0aa39a/settings HTTP/2.0" 200 313 "-" "Mozilla/5.0 (Android 13; realme; realme; RMX3562) feiyu/5.2.14"
223.104.194.156 - - [10/Jan/2023:11:45:12 +0800] "GET /v2/users/1ba377a7-b980-4359-97b3-5872f880d1c0/createdPostsV2?guest=true&size=20&image_width=1080&background_width=359 HTTP/2.0" 200 28866 "-" "Mozilla/5.0 (Android 12; HONOR; HONOR; ANY-AN00) feiyu/5.2.14"
223.147.15.182 - - [10/Jan/2023:11:45:12 +0800] "GET /v2/explore/searchHint HTTP/2.0" 200 23 "-" "Mozilla/5.0 (Android 13; realme; realme; RMX3562) feiyu/5.2.14"
223.104.194.156 - - [10/Jan/2023:11:45:12 +0800] "GET /v2/users/1ba377a7-b980-4359-97b3-5872f880d1c0 HTTP/2.0" 200 596 "-" "Mozilla/5.0 (Android 12; HONOR; HONOR; ANY-AN00) feiyu/5.2.14"
223.104.194.156 - - [10/Jan/2023:11:45:12 +0800] "GET /v2/users/1ba377a7-b980-4359-97b3-5872f880d1c0/likedPostsV2?guest=true&size=20&image_width=1080&background_width=359 HTTP/2.0" 200 64998 "-" "Mozilla/5.0 (Android 12; HONOR; HONOR; ANY-AN00) feiyu/5.2.14"
223.147.15.182 - - [10/Jan/2023:11:45:12 +0800] "GET /v2/posts/followees-v5?type=0&size=20&image_width=1080&background_width=359 HTTP/2.0" 200 88171 "-" "Mozilla/5.0 (Android 13; realme; realme; RMX3562) feiyu/5.2.14"
223.147.15.182 - - [10/Jan/2023:11:45:12 +0800] "GET /v2/explore/banner?scene=2 HTTP/2.0" 200 441 "-" "Mozilla/5.0 (Android 13; realme; realme; RMX3562) feiyu/5.2.14"
223.147.15.182 - - [10/Jan/2023:11:45:12 +0800] "GET /v2/content-series/explore HTTP/2.0" 200 68490 "-" "Mozilla/5.0 (Android 13; realme; realme; RMX3562) feiyu/5.2.14"
223.147.15.182 - - [10/Jan/2023:11:45:12 +0800] "GET /v2/posts/followees-v5?type=0&size=20&image_width=1080&background_width=359 HTTP/2.0" 200 88171 "-" "Mozilla/5.0 (Android 13; realme; realme; RMX3562) feiyu/5.2.14"
223.147.15.182 - - [10/Jan/2023:11:45:13 +0800] "GET /v2/posts/recommended/sticky?image_width=1080&background_width=359 HTTP/2.0" 200 3852 "-" "Mozilla/5.0 (Android 13; realme; realme; RMX3562) feiyu/5.2.14"
223.147.15.182 - - [10/Jan/2023:11:45:13 +0800] "GET /v2/explore/banner?scene=1 HTTP/2.0" 200 2304 "-" "Mozilla/5.0 (Android 13; realme; realme; RMX3562) feiyu/5.2.14"
223.147.15.182 - - [10/Jan/2023:11:45:13 +0800] "GET /v2/posts/recommended?size=20&image_width=1080&background_width=359 HTTP/2.0" 200 68269 "-" "Mozilla/5.0 (Android 13; realme; realme; RMX3562) feiyu/5.2.14"
223.147.15.182 - - [10/Jan/2023:11:45:13 +0800] "GET /v2/ads?scene=0 HTTP/2.0" 200 2 "-" "Mozilla/5.0 (Android 13; realme; realme; RMX3562) feiyu/5.2.14"
223.104.194.156 - - [10/Jan/2023:11:45:14 +0800] "GET /v2/users/c68c4a51-b441-4c83-959e-5dfb0b58cecf/createdPostsV2?guest=true&size=20&image_width=1080&background_width=359 HTTP/2.0" 200 2 "-" "Mozilla/5.0 (Android 12; HONOR; HONOR; ANY-AN00) feiyu/5.2.14"
223.104.194.156 - - [10/Jan/2023:11:45:14 +0800] "GET /v2/users/c68c4a51-b441-4c83-959e-5dfb0b58cecf HTTP/2.0" 200 412 "-" "Mozilla/5.0 (Android 12; HONOR; HONOR; ANY-AN00) feiyu/5.2.14"
223.104.194.156 - - [10/Jan/2023:11:45:14 +0800] "GET /v2/users/c68c4a51-b441-4c83-959e-5dfb0b58cecf/likedPostsV2?guest=true&size=20&image_width=1080&background_width=359 HTTP/2.0" 200 64759 "-" "Mozilla/5.0 (Android 12; HONOR; HONOR; ANY-AN00) feiyu/5.2.14"
223.104.194.156 - - [10/Jan/2023:11:45:16 +0800] "GET /v2/users/c68c4a51-b441-4c83-959e-5dfb0b58cecf/subscribed-tags?size=20 HTTP/2.0" 200 2 "-" "Mozilla/5.0 (Android 12; HONOR; HONOR; ANY-AN00) feiyu/5.2.14"
223.104.194.156 - - [10/Jan/2023:11:45:16 +0800] "GET /v2/users/c68c4a51-b441-4c83-959e-5dfb0b58cecf/followeesV2?size=20 HTTP/2.0" 200 897 "-" "Mozilla/5.0 (Android 12; HONOR; HONOR; ANY-AN00) feiyu/5.2.14"
223.104.194.156 - - [10/Jan/2023:11:45:15 +0800] "GET /v2/users/c68c4a51-b441-4c83-959e-5dfb0b58cecf/followersV2?size=20 HTTP/2.0" 200 790 "-" "Mozilla/5.0 (Android 12; HONOR; HONOR; ANY-AN00) feiyu/5.2.14"
223.104.194.156 - - [10/Jan/2023:11:45:16 +0800] "GET /v2/users/c68c4a51-b441-4c83-959e-5dfb0b58cecf/followeesV2?timestamp=2020-11-13%2017%3A26%3A12&size=20 HTTP/2.0" 200 2 "-" "Mozilla/5.0 (Android 12; HONOR; HONOR; ANY-AN00) feiyu/5.2.14"
223.104.194.156 - - [10/Jan/2023:11:45:16 +0800] "GET /v2/users/c68c4a51-b441-4c83-959e-5dfb0b58cecf/followersV2?timestamp=2020-11-23%2010%3A37%3A28&size=20 HTTP/2.0" 200 2 "-" "Mozilla/5.0 (Android 12; HONOR; HONOR; ANY-AN00) feiyu/5.2.14"
223.104.194.156 - - [10/Jan/2023:11:45:18 +0800] "GET /v2/users/1ba377a7-b980-4359-97b3-5872f880d1c0/createdPostsV2?guest=true&size=20&image_width=1080&background_width=359 HTTP/2.0" 200 28826 "-" "Mozilla/5.0 (Android 12; HONOR; HONOR; ANY-AN00) feiyu/5.2.14"
223.104.194.156 - - [10/Jan/2023:11:45:18 +0800] "GET /v2/users/1ba377a7-b980-4359-97b3-5872f880d1c0 HTTP/2.0" 200 590 "-" "Mozilla/5.0 (Android 12; HONOR; HONOR; ANY-AN00) feiyu/5.2.14"
223.104.194.156 - - [10/Jan/2023:11:45:18 +0800] "GET /v2/users/1ba377a7-b980-4359-97b3-5872f880d1c0/likedPostsV2?guest=true&size=20&image_width=1080&background_width=359 HTTP/2.0" 200 64968 "-" "Mozilla/5.0 (Android 12; HONOR; HONOR; ANY-AN00) feiyu/5.2.14"
117.44.106.28 - - [10/Jan/2023:11:45:20 +0800] "GET /v2/campaigns/newest HTTP/2.0" 200 447 "-" "Mozilla/5.0 (Android 11; Xiaomi; Redmi; Redmi Note 8 Pro) feiyu/5.2.14"
114.104.69.122 - - [10/Jan/2023:11:45:22 +0800] "GET /v2/app/ab-test-status HTTP/2.0" 200 16 "-" "Mozilla/5.0 (Android 10; HUAWEI; HUAWEI; SEA-AL10) feiyu/5.2.14"
114.104.69.122 - - [10/Jan/2023:11:45:22 +0800] "GET /v2/app/tiamat-info HTTP/2.0" 200 16 "-" "Mozilla/5.0 (Android 10; HUAWEI; HUAWEI; SEA-AL10) feiyu/5.2.14"
114.104.69.122 - - [10/Jan/2023:11:45:22 +0800] "GET /v2/app/upgrade?version_code=65&platform=Android HTTP/2.0" 200 4 "-" "Mozilla/5.0 (Android 10; HUAWEI; HUAWEI; SEA-AL10) feiyu/5.2.14"
120.242.55.211 - - [10/Jan/2023:11:45:22 +0800] "POST /v2/app/upload HTTP/2.0" 200 350 "-" "Mozilla/5.0 (Android 12; vivo; vivo; V2172A) feiyu/5.2.14"
114.104.69.122 - - [10/Jan/2023:11:45:23 +0800] "GET /v2/lab-projects HTTP/2.0" 200 24897 "-" "Mozilla/5.0 (Android 10; HUAWEI; HUAWEI; SEA-AL10) feiyu/5.2.14"
114.104.69.122 - - [10/Jan/2023:11:45:23 +0800] "GET /v2/app/upgrade?version_code=65&platform=Android HTTP/2.0" 200 4 "-" "Mozilla/5.0 (Android 10; HUAWEI; HUAWEI; SEA-AL10) feiyu/5.2.14"
120.242.55.211 - - [10/Jan/2023:11:45:23 +0800] "POST /v2/posts/uploadCompleteV2 HTTP/2.0" 200 847 "-" "Mozilla/5.0 (Android 12; vivo; vivo; V2172A) feiyu/5.2.14"
114.104.69.122 - - [10/Jan/2023:11:45:23 +0800] "GET /v2/app/randomHomeBackgroundImageV2 HTTP/2.0" 200 289 "-" "Mozilla/5.0 (Android 10; HUAWEI; HUAWEI; SEA-AL10) feiyu/5.2.14"
114.104.69.122 - - [10/Jan/2023:11:45:24 +0800] "GET /v2/campaigns/newest HTTP/2.0" 200 443 "-" "Mozilla/5.0 (Android 10; HUAWEI; HUAWEI; SEA-AL10) feiyu/5.2.14"
114.104.69.122 - - [10/Jan/2023:11:45:24 +0800] "GET /v2/messages/unreadCount?timestamp=1970-01-01%2000%3A00%3A00 HTTP/2.0" 401 54 "-" "Mozilla/5.0 (Android 10; HUAWEI; HUAWEI; SEA-AL10) feiyu/5.2.14"
114.104.69.122 - - [10/Jan/2023:11:45:24 +0800] "GET /v2/campaigns/newest HTTP/2.0" 200 443 "-" "Mozilla/5.0 (Android 10; HUAWEI; HUAWEI; SEA-AL10) feiyu/5.2.14"
114.104.69.122 - - [10/Jan/2023:11:45:24 +0800] "GET /v2/users/ae0ad9a1-e9d8-440e-920e-38845f4f7356/settings HTTP/2.0" 401 54 "-" "Mozilla/5.0 (Android 10; HUAWEI; HUAWEI; SEA-AL10) feiyu/5.2.14"
114.104.69.122 - - [10/Jan/2023:11:45:24 +0800] "POST /v2/users/ae0ad9a1-e9d8-440e-920e-38845f4f7356/token HTTP/2.0" 200 642 "-" "Mozilla/5.0 (Android 10; HUAWEI; HUAWEI; SEA-AL10) feiyu/5.2.14"
114.104.69.122 - - [10/Jan/2023:11:45:24 +0800] "POST /v2/users/ae0ad9a1-e9d8-440e-920e-38845f4f7356/token HTTP/2.0" 200 642 "-" "Mozilla/5.0 (Android 10; HUAWEI; HUAWEI; SEA-AL10) feiyu/5.2.14"
114.104.69.122 - - [10/Jan/2023:11:45:24 +0800] "GET /v2/messages/unreadCount?timestamp=1970-01-01%2000%3A00%3A00 HTTP/2.0" 200 26 "-" "Mozilla/5.0 (Android 10; HUAWEI; HUAWEI; SEA-AL10) feiyu/5.2.14"
114.104.69.122 - - [10/Jan/2023:11:45:24 +0800] "GET /v2/users/ae0ad9a1-e9d8-440e-920e-38845f4f7356/settings HTTP/2.0" 200 313 "-" "Mozilla/5.0 (Android 10; HUAWEI; HUAWEI; SEA-AL10) feiyu/5.2.14"
223.104.194.156 - - [10/Jan/2023:11:45:25 +0800] "GET /v2/users/9e2c090a-e58f-4060-a170-2b0f141cd2b5 HTTP/2.0" 200 376 "-" "Mozilla/5.0 (Android 12; HONOR; HONOR; ANY-AN00) feiyu/5.2.14"
223.104.194.156 - - [10/Jan/2023:11:45:25 +0800] "GET /v2/users/9e2c090a-e58f-4060-a170-2b0f141cd2b5/createdPostsV2?guest=true&size=20&image_width=1080&background_width=359 HTTP/2.0" 200 68675 "-" "Mozilla/5.0 (Android 12; HONOR; HONOR; ANY-AN00) feiyu/5.2.14"
223.104.194.156 - - [10/Jan/2023:11:45:25 +0800] "GET /v2/users/9e2c090a-e58f-4060-a170-2b0f141cd2b5/likedPostsV2?guest=true&size=20&image_width=1080&background_width=359 HTTP/2.0" 200 58233 "-" "Mozilla/5.0 (Android 12; HONOR; HONOR; ANY-AN00) feiyu/5.2.14"
110.182.206.24 - - [10/Jan/2023:11:45:25 +0800] "GET /v2/app/ab-test-status HTTP/2.0" 200 16 "-" "Mozilla/5.0 (Android 12; Xiaomi; Redmi; M2104K10AC) feiyu/5.2.14"
110.182.206.24 - - [10/Jan/2023:11:45:25 +0800] "GET /v2/app/tiamat-info HTTP/2.0" 200 16 "-" "Mozilla/5.0 (Android 12; Xiaomi; Redmi; M2104K10AC) feiyu/5.2.14"
110.182.206.24 - - [10/Jan/2023:11:45:25 +0800] "GET /v2/app/upgrade?version_code=65&platform=Android HTTP/2.0" 200 4 "-" "Mozilla/5.0 (Android 12; Xiaomi; Redmi; M2104K10AC) feiyu/5.2.14"
223.104.194.156 - - [10/Jan/2023:11:45:26 +0800] "GET /v2/users/9e2c090a-e58f-4060-a170-2b0f141cd2b5/subscribed-tags?size=20 HTTP/2.0" 200 2 "-" "Mozilla/5.0 (Android 12; HONOR; HONOR; ANY-AN00) feiyu/5.2.14"
223.104.194.156 - - [10/Jan/2023:11:45:26 +0800] "GET /v2/users/9e2c090a-e58f-4060-a170-2b0f141cd2b5/followeesV2?size=20 HTTP/2.0" 200 422 "-" "Mozilla/5.0 (Android 12; HONOR; HONOR; ANY-AN00) feiyu/5.2.14"
223.104.194.156 - - [10/Jan/2023:11:45:26 +0800] "GET /v2/users/9e2c090a-e58f-4060-a170-2b0f141cd2b5/followeesV2?timestamp=2020-11-08%2004%3A52%3A52&size=20 HTTP/2.0" 200 2 "-" "Mozilla/5.0 (Android 12; HONOR; HONOR; ANY-AN00) feiyu/5.2.14"
223.104.194.156 - - [10/Jan/2023:11:45:26 +0800] "GET /v2/users/9e2c090a-e58f-4060-a170-2b0f141cd2b5/followersV2?size=20 HTTP/2.0" 200 2178 "-" "Mozilla/5.0 (Android 12; HONOR; HONOR; ANY-AN00) feiyu/5.2.14"
223.147.15.182 - - [10/Jan/2023:11:45:26 +0800] "GET /v2/posts/followees-v5?type=0&size=20&image_width=1080&background_width=359 HTTP/2.0" 200 88267 "-" "Mozilla/5.0 (Android 13; realme; realme; RMX3562) feiyu/5.2.14"
110.182.206.24 - - [10/Jan/2023:11:45:26 +0800] "GET /v2/lab-projects HTTP/2.0" 200 24895 "-" "Mozilla/5.0 (Android 12; Xiaomi; Redmi; M2104K10AC) feiyu/5.2.14"
110.182.206.24 - - [10/Jan/2023:11:45:26 +0800] "GET /v2/app/upgrade?version_code=65&platform=Android HTTP/2.0" 200 4 "-" "Mozilla/5.0 (Android 12; Xiaomi; Redmi; M2104K10AC) feiyu/5.2.14"
223.104.194.156 - - [10/Jan/2023:11:45:26 +0800] "GET /v2/users/9e2c090a-e58f-4060-a170-2b0f141cd2b5/followersV2?timestamp=2021-03-26%2015%3A04%3A34&size=20 HTTP/2.0" 200 2 "-" "Mozilla/5.0 (Android 12; HONOR; HONOR; ANY-AN00) feiyu/5.2.14"
110.182.206.24 - - [10/Jan/2023:11:45:26 +0800] "GET /v2/app/randomHomeBackgroundImageV2 HTTP/2.0" 200 287 "-" "Mozilla/5.0 (Android 12; Xiaomi; Redmi; M2104K10AC) feiyu/5.2.14"
110.182.206.24 - - [10/Jan/2023:11:45:26 +0800] "GET /v2/campaigns/newest HTTP/2.0" 200 445 "-" "Mozilla/5.0 (Android 12; Xiaomi; Redmi; M2104K10AC) feiyu/5.2.14"
110.182.206.24 - - [10/Jan/2023:11:45:26 +0800] "GET /v2/messages/unreadCount?timestamp=2022-12-28%2008%3A18%3A47 HTTP/2.0" 200 26 "-" "Mozilla/5.0 (Android 12; Xiaomi; Redmi; M2104K10AC) feiyu/5.2.14"
110.182.206.24 - - [10/Jan/2023:11:45:26 +0800] "GET /v2/users/fb847394-89ec-4f91-b4b6-b84d182956ae/settings HTTP/2.0" 200 310 "-" "Mozilla/5.0 (Android 12; Xiaomi; Redmi; M2104K10AC) feiyu/5.2.14"
110.182.206.24 - - [10/Jan/2023:11:45:27 +0800] "GET /v2/campaigns/newest HTTP/2.0" 200 443 "-" "Mozilla/5.0 (Android 12; Xiaomi; Redmi; M2104K10AC) feiyu/5.2.14"
117.151.110.124 - - [10/Jan/2023:11:45:32 +0800] "GET /v2/messages/unreadCount?timestamp=2023-01-10%2003%3A43%3A32 HTTP/2.0" 200 26 "-" "Mozilla/5.0 (Android 12; Xiaomi; Redmi; M2012K11C) feiyu/5.2.14"
117.151.110.124 - - [10/Jan/2023:11:45:32 +0800] "GET /v2/campaigns/newest HTTP/2.0" 200 443 "-" "Mozilla/5.0 (Android 12; Xiaomi; Redmi; M2012K11C) feiyu/5.2.14"
117.151.110.124 - - [10/Jan/2023:11:45:32 +0800] "GET /v2/users/bef61853-e05a-4258-aafc-e0003491374c HTTP/2.0" 200 527 "-" "Mozilla/5.0 (Android 12; Xiaomi; Redmi; M2012K11C) feiyu/5.2.14"
117.151.110.124 - - [10/Jan/2023:11:45:32 +0800] "GET /v2/users/bef61853-e05a-4258-aafc-e0003491374c/settings HTTP/2.0" 200 312 "-" "Mozilla/5.0 (Android 12; Xiaomi; Redmi; M2012K11C) feiyu/5.2.14"
117.151.110.124 - - [10/Jan/2023:11:45:32 +0800] "GET /v2/clock-ins/stats HTTP/2.0" 200 385 "-" "Mozilla/5.0 (Android 12; Xiaomi; Redmi; M2012K11C) feiyu/5.2.14"
117.151.110.124 - - [10/Jan/2023:11:45:32 +0800] "GET /v2/near/canvas-war/accounts/bef61853-e05a-4258-aafc-e0003491374c HTTP/2.0" 200 624 "-" "Mozilla/5.0 (Android 12; Xiaomi; Redmi; M2012K11C) feiyu/5.2.14"
117.151.110.124 - - [10/Jan/2023:11:45:33 +0800] "GET /v2/messages/list-v2?size=20 HTTP/2.0" 200 23391 "-" "Mozilla/5.0 (Android 12; Xiaomi; Redmi; M2012K11C) feiyu/5.2.14"
117.151.110.124 - - [10/Jan/2023:11:45:34 +0800] "GET /v2/explore/searchHint HTTP/2.0" 200 23 "-" "Mozilla/5.0 (Android 12; Xiaomi; Redmi; M2012K11C) feiyu/5.2.14"
117.151.110.124 - - [10/Jan/2023:11:45:34 +0800] "GET /v2/explore/banner?scene=2 HTTP/2.0" 200 439 "-" "Mozilla/5.0 (Android 12; Xiaomi; Redmi; M2012K11C) feiyu/5.2.14"
117.151.110.124 - - [10/Jan/2023:11:45:34 +0800] "GET /v2/content-series/explore HTTP/2.0" 200 68462 "-" "Mozilla/5.0 (Android 12; Xiaomi; Redmi; M2012K11C) feiyu/5.2.14"
117.151.110.124 - - [10/Jan/2023:11:45:34 +0800] "GET /v2/posts/followees-v5?type=0&size=20&image_width=1080&background_width=359 HTTP/2.0" 200 68987 "-" "Mozilla/5.0 (Android 12; Xiaomi; Redmi; M2012K11C) feiyu/5.2.14"
117.151.110.124 - - [10/Jan/2023:11:45:34 +0800] "GET /v2/posts/followees-v5?type=0&size=20&image_width=1080&background_width=359 HTTP/2.0" 200 68957 "-" "Mozilla/5.0 (Android 12; Xiaomi; Redmi; M2012K11C) feiyu/5.2.14"
117.151.110.124 - - [10/Jan/2023:11:45:35 +0800] "GET /v2/posts/featured/sticky-v2?image_width=1080&background_width=359 HTTP/2.0" 200 4261 "-" "Mozilla/5.0 (Android 12; Xiaomi; Redmi; M2012K11C) feiyu/5.2.14"
117.151.110.124 - - [10/Jan/2023:11:45:35 +0800] "GET /v2/explore/banner?scene=1 HTTP/2.0" 200 2316 "-" "Mozilla/5.0 (Android 12; Xiaomi; Redmi; M2012K11C) feiyu/5.2.14"
110.182.206.24 - - [10/Jan/2023:11:45:38 +0800] "GET /v2/gallery/randomImagesV2?size=50&width=540&content=%E6%89%A7%E5%AD%90%E4%B9%8B%E6%89%8B%EF%BC%8C%E4%B8%8E%E5%AD%90%E5%81%95%E8%80%81 HTTP/2.0" 200 24152 "-" "Mozilla/5.0 (Android 12; Xiaomi; Redmi; M2104K10AC) feiyu/5.2.14"
117.151.110.124 - - [10/Jan/2023:11:45:35 +0800] "GET /v2/posts/featured-v4?size=20&image_width=1080&background_width=359 HTTP/2.0" 200 71851 "-" "Mozilla/5.0 (Android 12; Xiaomi; Redmi; M2012K11C) feiyu/5.2.14"
117.151.110.124 - - [10/Jan/2023:11:45:39 +0800] "GET /v2/ads?scene=1 HTTP/2.0" 200 2 "-" "Mozilla/5.0 (Android 12; Xiaomi; Redmi; M2012K11C) feiyu/5.2.14"
223.104.23.221 - - [10/Jan/2023:11:45:39 +0800] "GET /v2/messages/unreadCount?timestamp=2022-10-08%2006%3A10%3A11 HTTP/2.0" 401 54 "-" "Mozilla/5.0 (iOS 16.2; Apple; Apple; iPhone14,2) feiyu/5.2.14"
223.104.23.221 - - [10/Jan/2023:11:45:39 +0800] "GET /v2/lab-projects HTTP/2.0" 200 24901 "-" "Mozilla/5.0 (iOS 16.2; Apple; Apple; iPhone14,2) feiyu/5.2.14"
223.104.23.221 - - [10/Jan/2023:11:45:47 +0800] "POST /v2/users/2d39400a-6129-4cff-aaa0-40801059fdeb/token HTTP/2.0" 200 642 "-" "surstromming/5.2.14 (cn.logicdesign.quotepic; build:98; iOS 16.2.0) Alamofire/5.4.4"
223.104.23.221 - - [10/Jan/2023:11:45:53 +0800] "GET /v2/messages/unreadCount?timestamp=2022-10-08%2006%3A10%3A11 HTTP/2.0" 200 26 "-" "Mozilla/5.0 (iOS 16.2; Apple; Apple; iPhone14,2) feiyu/5.2.14"
110.182.206.24 - - [10/Jan/2023:11:45:55 +0800] "GET /v2/gallery/images/01b32e3a-860a-44d7-b6f9-cabdf038e715?width=1080 HTTP/2.0" 200 458 "-" "Mozilla/5.0 (Android 12; Xiaomi; Redmi; M2104K10AC) feiyu/5.2.14"
110.182.206.24 - - [10/Jan/2023:11:46:03 +0800] "GET /v2/gallery/images/5a438bb4-3b33-4baa-a161-0ac682d2eb21?width=1080 HTTP/2.0" 200 457 "-" "Mozilla/5.0 (Android 12; Xiaomi; Redmi; M2104K10AC) feiyu/5.2.14"
117.151.110.124 - - [10/Jan/2023:11:46:14 +0800] "GET /v2/posts/97fa64e8-dc5f-4500-ab7a-7d7b6cc00dc1/likes HTTP/2.0" 200 2594 "-" "Mozilla/5.0 (Android 12; Xiaomi; Redmi; M2012K11C) feiyu/5.2.14"
117.151.110.124 - - [10/Jan/2023:11:46:14 +0800] "GET /v2/posts/97fa64e8-dc5f-4500-ab7a-7d7b6cc00dc1/commentsV4?size=20 HTTP/2.0" 200 1496 "-" "Mozilla/5.0 (Android 12; Xiaomi; Redmi; M2012K11C) feiyu/5.2.14"
117.151.110.124 - - [10/Jan/2023:11:46:14 +0800] "GET /v2/posts/97fa64e8-dc5f-4500-ab7a-7d7b6cc00dc1/detail?image_width=1080&background_width=1080 HTTP/2.0" 200 4406 "-" "Mozilla/5.0 (Android 12; Xiaomi; Redmi; M2012K11C) feiyu/5.2.14"
117.151.110.124 - - [10/Jan/2023:11:46:14 +0800] "GET /v2/posts/97fa64e8-dc5f-4500-ab7a-7d7b6cc00dc1/commentsV4?timestamp=2023-01-09%2016%3A23%3A42&size=20 HTTP/2.0" 200 2 "-" "Mozilla/5.0 (Android 12; Xiaomi; Redmi; M2012K11C) feiyu/5.2.14"
110.182.206.24 - - [10/Jan/2023:11:46:15 +0800] "GET /v2/messages/unreadCount?timestamp=2022-12-28%2008%3A18%3A47 HTTP/2.0" 200 26 "-" "Mozilla/5.0 (Android 12; Xiaomi; Redmi; M2104K10AC) feiyu/5.2.14"
110.182.206.24 - - [10/Jan/2023:11:46:15 +0800] "GET /v2/users/fb847394-89ec-4f91-b4b6-b84d182956ae/settings HTTP/2.0" 200 310 "-" "Mozilla/5.0 (Android 12; Xiaomi; Redmi; M2104K10AC) feiyu/5.2.14"
110.182.206.24 - - [10/Jan/2023:11:46:15 +0800] "GET /v2/campaigns/newest HTTP/2.0" 200 443 "-" "Mozilla/5.0 (Android 12; Xiaomi; Redmi; M2104K10AC) feiyu/5.2.14"
117.151.110.124 - - [10/Jan/2023:11:46:17 +0800] "GET /v2/messages/unreadCount?timestamp=2023-01-10%2003%3A45%3A33 HTTP/2.0" 200 26 "-" "Mozilla/5.0 (Android 12; Xiaomi; Redmi; M2012K11C) feiyu/5.2.14"
117.151.110.124 - - [10/Jan/2023:11:46:17 +0800] "GET /v2/users/bef61853-e05a-4258-aafc-e0003491374c/settings HTTP/2.0" 200 312 "-" "Mozilla/5.0 (Android 12; Xiaomi; Redmi; M2012K11C) feiyu/5.2.14"
117.151.110.124 - - [10/Jan/2023:11:46:17 +0800] "GET /v2/campaigns/newest HTTP/2.0" 200 443 "-" "Mozilla/5.0 (Android 12; Xiaomi; Redmi; M2012K11C) feiyu/5.2.14"
117.151.110.124 - - [10/Jan/2023:11:46:17 +0800] "GET /v2/clock-ins/stats HTTP/2.0" 200 385 "-" "Mozilla/5.0 (Android 12; Xiaomi; Redmi; M2012K11C) feiyu/5.2.14"
117.151.110.124 - - [10/Jan/2023:11:46:17 +0800] "GET /v2/explore/searchHint HTTP/2.0" 200 23 "-" "Mozilla/5.0 (Android 12; Xiaomi; Redmi; M2012K11C) feiyu/5.2.14"
117.151.110.124 - - [10/Jan/2023:11:46:17 +0800] "GET /v2/users/bef61853-e05a-4258-aafc-e0003491374c HTTP/2.0" 200 525 "-" "Mozilla/5.0 (Android 12; Xiaomi; Redmi; M2012K11C) feiyu/5.2.14"
117.151.110.124 - - [10/Jan/2023:11:46:17 +0800] "GET /v2/near/canvas-war/accounts/bef61853-e05a-4258-aafc-e0003491374c HTTP/2.0" 200 622 "-" "Mozilla/5.0 (Android 12; Xiaomi; Redmi; M2012K11C) feiyu/5.2.14"
110.182.206.24 - - [10/Jan/2023:11:46:17 +0800] "GET /v2/gallery/randomImagesV2?size=50&width=540&content=%E6%89%A7%E5%AD%90%E4%B9%8B%E6%89%8B%EF%BC%8C%E4%B8%8E%E5%AD%90%E5%81%95%E8%80%81 HTTP/2.0" 200 24116 "-" "Mozilla/5.0 (Android 12; Xiaomi; Redmi; M2104K10AC) feiyu/5.2.14"
110.182.206.24 - - [10/Jan/2023:11:46:20 +0800] "POST /v2/gallery/split-content HTTP/2.0" 200 55 "-" "Mozilla/5.0 (Android 12; Xiaomi; Redmi; M2104K10AC) feiyu/5.2.14"
110.182.206.24 - - [10/Jan/2023:11:46:35 +0800] "GET /v2/campaigns/newest HTTP/2.0" 200 447 "-" "Mozilla/5.0 (Android 12; Xiaomi; Redmi; M2104K10AC) feiyu/5.2.14"
110.182.206.24 - - [10/Jan/2023:11:46:35 +0800] "GET /v2/messages/unreadCount?timestamp=2022-12-28%2008%3A18%3A47 HTTP/2.0" 200 26 "-" "Mozilla/5.0 (Android 12; Xiaomi; Redmi; M2104K10AC) feiyu/5.2.14"
110.182.206.24 - - [10/Jan/2023:11:46:35 +0800] "GET /v2/users/fb847394-89ec-4f91-b4b6-b84d182956ae/settings HTTP/2.0" 200 310 "-" "Mozilla/5.0 (Android 12; Xiaomi; Redmi; M2104K10AC) feiyu/5.2.14"
110.182.206.24 - - [10/Jan/2023:11:46:38 +0800] "GET /v2/gallery/randomImagesV2?size=50&width=540&content=%E6%89%A7%E5%AD%90%E4%B9%8B%E6%89%8B%EF%BC%8C%E4%B8%8E%E5%AD%90%E5%81%95 HTTP/2.0" 200 23960 "-" "Mozilla/5.0 (Android 12; Xiaomi; Redmi; M2104K10AC) feiyu/5.2.14"
110.182.206.24 - - [10/Jan/2023:11:46:40 +0800] "GET /v2/messages/unreadCount?timestamp=2022-12-28%2008%3A18%3A47 HTTP/2.0" 200 26 "-" "Mozilla/5.0 (Android 12; Xiaomi; Redmi; M2104K10AC) feiyu/5.2.14"
110.182.206.24 - - [10/Jan/2023:11:46:40 +0800] "GET /v2/users/fb847394-89ec-4f91-b4b6-b84d182956ae/settings HTTP/2.0" 200 310 "-" "Mozilla/5.0 (Android 12; Xiaomi; Redmi; M2104K10AC) feiyu/5.2.14"
110.182.206.24 - - [10/Jan/2023:11:46:40 +0800] "GET /v2/campaigns/newest HTTP/2.0" 200 443 "-" "Mozilla/5.0 (Android 12; Xiaomi; Redmi; M2104K10AC) feiyu/5.2.14"
122.193.66.35 - - [10/Jan/2023:11:46:54 +0800] "GET /v2/app/tiamat-info HTTP/2.0" 200 16 "-" "Mozilla/5.0 (Android 11; Xiaomi; Redmi; M2004J19C) feiyu/5.2.14"
122.193.66.35 - - [10/Jan/2023:11:46:54 +0800] "GET /v2/app/ab-test-status HTTP/2.0" 200 16 "-" "Mozilla/5.0 (Android 11; Xiaomi; Redmi; M2004J19C) feiyu/5.2.14"
122.193.66.35 - - [10/Jan/2023:11:46:54 +0800] "GET /v2/app/upgrade?version_code=65&platform=Android HTTP/2.0" 200 4 "-" "Mozilla/5.0 (Android 11; Xiaomi; Redmi; M2004J19C) feiyu/5.2.14"
110.182.206.24 - - [10/Jan/2023:11:46:54 +0800] "GET /v2/lab-projects HTTP/2.0" 200 24903 "-" "Mozilla/5.0 (Android 12; Xiaomi; Redmi; M2104K10AC) feiyu/5.2.14"
110.182.206.24 - - [10/Jan/2023:11:46:54 +0800] "GET /v2/lab-projects/active-users-count HTTP/2.0" 200 14 "-" "Mozilla/5.0 (Android 12; Xiaomi; Redmi; M2104K10AC) feiyu/5.2.14"
110.182.206.24 - - [10/Jan/2023:11:46:54 +0800] "GET /v2/gallery/categoriesV4 HTTP/2.0" 200 13178 "-" "Mozilla/5.0 (Android 12; Xiaomi; Redmi; M2104K10AC) feiyu/5.2.14"
110.182.206.24 - - [10/Jan/2023:11:46:54 +0800] "GET /v2/gallery/categories/1e3bd6cc-e816-4cec-a975-7d2c39b1a292/imagesV3?page=1&size=20&width=360 HTTP/2.0" 200 2913 "-" "Mozilla/5.0 (Android 12; Xiaomi; Redmi; M2104K10AC) feiyu/5.2.14"
110.182.206.24 - - [10/Jan/2023:11:46:55 +0800] "GET /v2/gallery/categories/1e3bd6cc-e816-4cec-a975-7d2c39b1a292/imagesV3?page=2&size=20&width=360 HTTP/2.0" 200 2 "-" "Mozilla/5.0 (Android 12; Xiaomi; Redmi; M2104K10AC) feiyu/5.2.14"
101.206.170.1 - - [10/Jan/2023:11:47:02 +0800] "GET /v2/app/tiamat-info HTTP/2.0" 200 16 "-" "Mozilla/5.0 (Android 9; vivo; vivo; V1934A) feiyu/5.2.14"
101.206.170.1 - - [10/Jan/2023:11:47:02 +0800] "GET /v2/app/ab-test-status HTTP/2.0" 200 16 "-" "Mozilla/5.0 (Android 9; vivo; vivo; V1934A) feiyu/5.2.14"
101.206.170.1 - - [10/Jan/2023:11:47:02 +0800] "GET /v2/app/upgrade?version_code=65&platform=Android HTTP/2.0" 200 4 "-" "Mozilla/5.0 (Android 9; vivo; vivo; V1934A) feiyu/5.2.14"
101.206.170.1 - - [10/Jan/2023:11:47:03 +0800] "GET /v2/lab-projects HTTP/2.0" 200 24887 "-" "Mozilla/5.0 (Android 9; vivo; vivo; V1934A) feiyu/5.2.14"
101.206.170.1 - - [10/Jan/2023:11:47:03 +0800] "GET /v2/app/upgrade?version_code=65&platform=Android HTTP/2.0" 200 4 "-" "Mozilla/5.0 (Android 9; vivo; vivo; V1934A) feiyu/5.2.14"
122.193.66.35 - - [10/Jan/2023:11:47:02 +0800] "POST /v2/users/oauth HTTP/2.0" 200 934 "-" "Mozilla/5.0 (Android 11; Xiaomi; Redmi; M2004J19C) feiyu/5.2.14"
122.193.66.35 - - [10/Jan/2023:11:47:04 +0800] "GET /v2/users/bd10b245-7108-4064-a23f-bd7bdecb29e2/settings HTTP/2.0" 200 313 "-" "Mozilla/5.0 (Android 11; Xiaomi; Redmi; M2004J19C) feiyu/5.2.14"
101.206.170.1 - - [10/Jan/2023:11:47:04 +0800] "GET /v2/messages/unreadCount?timestamp=2023-01-09%2012%3A44%3A48 HTTP/2.0" 200 26 "-" "Mozilla/5.0 (Android 9; vivo; vivo; V1934A) feiyu/5.2.14"
101.206.170.1 - - [10/Jan/2023:11:47:04 +0800] "GET /v2/users/87150e14-2792-41f7-bc91-6100fc3be2fb/settings HTTP/2.0" 200 313 "-" "Mozilla/5.0 (Android 9; vivo; vivo; V1934A) feiyu/5.2.14"
122.193.66.35 - - [10/Jan/2023:11:47:04 +0800] "GET /v2/lab-projects HTTP/2.0" 200 24903 "-" "Mozilla/5.0 (Android 11; Xiaomi; Redmi; M2004J19C) feiyu/5.2.14"
101.206.170.1 - - [10/Jan/2023:11:47:04 +0800] "GET /v2/campaigns/newest HTTP/2.0" 200 443 "-" "Mozilla/5.0 (Android 9; vivo; vivo; V1934A) feiyu/5.2.14"
122.193.66.35 - - [10/Jan/2023:11:47:04 +0800] "GET /v2/app/upgrade?version_code=65&platform=Android HTTP/2.0" 200 4 "-" "Mozilla/5.0 (Android 11; Xiaomi; Redmi; M2004J19C) feiyu/5.2.14"
101.206.170.1 - - [10/Jan/2023:11:47:04 +0800] "GET /v2/posts/followees-v5?type=0&size=20&image_width=1080&background_width=359 HTTP/2.0" 200 88253 "-" "Mozilla/5.0 (Android 9; vivo; vivo; V1934A) feiyu/5.2.14"
101.206.170.1 - - [10/Jan/2023:11:47:05 +0800] "GET /v2/explore/searchHint HTTP/2.0" 200 23 "-" "Mozilla/5.0 (Android 9; vivo; vivo; V1934A) feiyu/5.2.14"
101.206.170.1 - - [10/Jan/2023:11:47:05 +0800] "GET /v2/explore/banner?scene=2 HTTP/2.0" 200 439 "-" "Mozilla/5.0 (Android 9; vivo; vivo; V1934A) feiyu/5.2.14"
101.206.170.1 - - [10/Jan/2023:11:47:05 +0800] "GET /v2/content-series/explore HTTP/2.0" 200 68524 "-" "Mozilla/5.0 (Android 9; vivo; vivo; V1934A) feiyu/5.2.14"
122.193.66.35 - - [10/Jan/2023:11:47:05 +0800] "GET /v2/messages/unreadCount?timestamp=1970-01-01%2000%3A00%3A00 HTTP/2.0" 200 26 "-" "Mozilla/5.0 (Android 11; Xiaomi; Redmi; M2004J19C) feiyu/5.2.14"
101.206.170.1 - - [10/Jan/2023:11:47:05 +0800] "GET /v2/posts/followees-v5?type=0&size=20&image_width=1080&background_width=359 HTTP/2.0" 200 88291 "-" "Mozilla/5.0 (Android 9; vivo; vivo; V1934A) feiyu/5.2.14"
122.193.66.35 - - [10/Jan/2023:11:47:05 +0800] "GET /v2/users/bd10b245-7108-4064-a23f-bd7bdecb29e2/settings HTTP/2.0" 200 313 "-" "Mozilla/5.0 (Android 11; Xiaomi; Redmi; M2004J19C) feiyu/5.2.14"
122.193.66.35 - - [10/Jan/2023:11:47:05 +0800] "GET /v2/campaigns/newest HTTP/2.0" 200 447 "-" "Mozilla/5.0 (Android 11; Xiaomi; Redmi; M2004J19C) feiyu/5.2.14"
122.193.66.35 - - [10/Jan/2023:11:47:05 +0800] "GET /v2/explore/banner?scene=2 HTTP/2.0" 200 439 "-" "Mozilla/5.0 (Android 11; Xiaomi; Redmi; M2004J19C) feiyu/5.2.14"
122.193.66.35 - - [10/Jan/2023:11:47:05 +0800] "GET /v2/posts/followees-v5?type=0&size=20&image_width=1080&background_width=359 HTTP/2.0" 200 88291 "-" "Mozilla/5.0 (Android 11; Xiaomi; Redmi; M2004J19C) feiyu/5.2.14"
122.193.66.35 - - [10/Jan/2023:11:47:05 +0800] "GET /v2/content-series/explore HTTP/2.0" 200 68524 "-" "Mozilla/5.0 (Android 11; Xiaomi; Redmi; M2004J19C) feiyu/5.2.14"
122.193.66.35 - - [10/Jan/2023:11:47:05 +0800] "GET /v2/explore/searchHint HTTP/2.0" 200 23 "-" "Mozilla/5.0 (Android 11; Xiaomi; Redmi; M2004J19C) feiyu/5.2.14"
122.193.66.35 - - [10/Jan/2023:11:47:05 +0800] "GET /v2/posts/followees-v5?type=0&size=20&image_width=1080&background_width=359 HTTP/2.0" 200 88231 "-" "Mozilla/5.0 (Android 11; Xiaomi; Redmi; M2004J19C) feiyu/5.2.14"
101.206.170.1 - - [10/Jan/2023:11:47:06 +0800] "GET /v2/explore/banner?scene=1 HTTP/2.0" 200 2308 "-" "Mozilla/5.0 (Android 9; vivo; vivo; V1934A) feiyu/5.2.14"
101.206.170.1 - - [10/Jan/2023:11:47:06 +0800] "GET /v2/posts/recommended/sticky?image_width=1080&background_width=359 HTTP/2.0" 200 3844 "-" "Mozilla/5.0 (Android 9; vivo; vivo; V1934A) feiyu/5.2.14"
101.206.170.1 - - [10/Jan/2023:11:47:06 +0800] "GET /v2/posts/recommended?size=20&image_width=1080&background_width=359 HTTP/2.0" 200 68886 "-" "Mozilla/5.0 (Android 9; vivo; vivo; V1934A) feiyu/5.2.14"
101.206.170.1 - - [10/Jan/2023:11:47:07 +0800] "GET /v2/ads?scene=0 HTTP/2.0" 200 2 "-" "Mozilla/5.0 (Android 9; vivo; vivo; V1934A) feiyu/5.2.14"
122.193.66.35 - - [10/Jan/2023:11:47:07 +0800] "GET /v2/explore/banner?scene=1 HTTP/2.0" 200 2306 "-" "Mozilla/5.0 (Android 11; Xiaomi; Redmi; M2004J19C) feiyu/5.2.14"
122.193.66.35 - - [10/Jan/2023:11:47:07 +0800] "GET /v2/posts/recommended/sticky?image_width=1080&background_width=359 HTTP/2.0" 200 3846 "-" "Mozilla/5.0 (Android 11; Xiaomi; Redmi; M2004J19C) feiyu/5.2.14"
122.193.66.35 - - [10/Jan/2023:11:47:07 +0800] "GET /v2/posts/recommended?size=20&image_width=1080&background_width=359 HTTP/2.0" 200 68864 "-" "Mozilla/5.0 (Android 11; Xiaomi; Redmi; M2004J19C) feiyu/5.2.14"
122.193.66.35 - - [10/Jan/2023:11:47:08 +0800] "GET /v2/ads?scene=0 HTTP/2.0" 200 2 "-" "Mozilla/5.0 (Android 11; Xiaomi; Redmi; M2004J19C) feiyu/5.2.14"
183.95.67.13 - - [10/Jan/2023:11:47:14 +0800] "GET /v2/explore/searchHint HTTP/2.0" 200 23 "-" "Mozilla/5.0 (Android 12; realme; realme; RMX2117) feiyu/5.2.14"
183.95.67.13 - - [10/Jan/2023:11:47:14 +0800] "GET /v2/campaigns/newest HTTP/2.0" 200 447 "-" "Mozilla/5.0 (Android 12; realme; realme; RMX2117) feiyu/5.2.14"
183.95.67.13 - - [10/Jan/2023:11:47:14 +0800] "GET /v2/messages/unreadCount?timestamp=1970-01-01%2000%3A00%3A00 HTTP/2.0" 200 26 "-" "Mozilla/5.0 (Android 12; realme; realme; RMX2117) feiyu/5.2.14"
183.95.67.13 - - [10/Jan/2023:11:47:14 +0800] "GET /v2/users/8201d61a-7e67-40a6-af5b-1eed2de60d3e/settings HTTP/2.0" 200 313 "-" "Mozilla/5.0 (Android 12; realme; realme; RMX2117) feiyu/5.2.14"
122.193.66.35 - - [10/Jan/2023:11:47:16 +0800] "GET /v2/gallery/categoriesV4 HTTP/2.0" 200 13182 "-" "Mozilla/5.0 (Android 11; Xiaomi; Redmi; M2004J19C) feiyu/5.2.14"
122.193.66.35 - - [10/Jan/2023:11:47:16 +0800] "GET /v2/gallery/categories/1e3bd6cc-e816-4cec-a975-7d2c39b1a292/imagesV3?page=1&size=20&width=360 HTTP/2.0" 200 2 "-" "Mozilla/5.0 (Android 11; Xiaomi; Redmi; M2004J19C) feiyu/5.2.14"
122.193.66.35 - - [10/Jan/2023:11:47:20 +0800] "GET /v2/lab-projects HTTP/2.0" 200 24905 "-" "Mozilla/5.0 (Android 11; Xiaomi; Redmi; M2004J19C) feiyu/5.2.14"
122.193.66.35 - - [10/Jan/2023:11:47:20 +0800] "GET /v2/lab-projects/active-users-count HTTP/2.0" 200 14 "-" "Mozilla/5.0 (Android 11; Xiaomi; Redmi; M2004J19C) feiyu/5.2.14"
122.193.66.35 - - [10/Jan/2023:11:47:27 +0800] "GET /v2/messages/unreadCount?timestamp=1970-01-01%2000%3A00%3A00 HTTP/2.0" 200 26 "-" "Mozilla/5.0 (Android 11; Xiaomi; Redmi; M2004J19C) feiyu/5.2.14"
122.193.66.35 - - [10/Jan/2023:11:47:27 +0800] "GET /v2/clock-ins/stats HTTP/2.0" 200 385 "-" "Mozilla/5.0 (Android 11; Xiaomi; Redmi; M2004J19C) feiyu/5.2.14"
122.193.66.35 - - [10/Jan/2023:11:47:27 +0800] "GET /v2/users/bd10b245-7108-4064-a23f-bd7bdecb29e2 HTTP/2.0" 200 417 "-" "Mozilla/5.0 (Android 11; Xiaomi; Redmi; M2004J19C) feiyu/5.2.14"
122.193.66.35 - - [10/Jan/2023:11:47:27 +0800] "GET /v2/users/bd10b245-7108-4064-a23f-bd7bdecb29e2 HTTP/2.0" 200 417 "-" "Mozilla/5.0 (Android 11; Xiaomi; Redmi; M2004J19C) feiyu/5.2.14"
122.193.66.35 - - [10/Jan/2023:11:47:27 +0800] "GET /v2/users/bd10b245-7108-4064-a23f-bd7bdecb29e2 HTTP/2.0" 200 417 "-" "Mozilla/5.0 (Android 11; Xiaomi; Redmi; M2004J19C) feiyu/5.2.14"
122.193.66.35 - - [10/Jan/2023:11:47:27 +0800] "GET /v2/users/bd10b245-7108-4064-a23f-bd7bdecb29e2/favoritedPosts?size=20&image_width=1080&background_width=359 HTTP/2.0" 200 2 "-" "Mozilla/5.0 (Android 11; Xiaomi; Redmi; M2004J19C) feiyu/5.2.14"
122.193.66.35 - - [10/Jan/2023:11:47:27 +0800] "GET /v2/users/bd10b245-7108-4064-a23f-bd7bdecb29e2/likedPostsV2?guest=false&size=20&image_width=1080&background_width=359 HTTP/2.0" 200 2 "-" "Mozilla/5.0 (Android 11; Xiaomi; Redmi; M2004J19C) feiyu/5.2.14"
122.193.66.35 - - [10/Jan/2023:11:47:27 +0800] "GET /v2/users/bd10b245-7108-4064-a23f-bd7bdecb29e2/createdPostsV2?guest=false&size=20&image_width=1080&background_width=359 HTTP/2.0" 200 2 "-" "Mozilla/5.0 (Android 11; Xiaomi; Redmi; M2004J19C) feiyu/5.2.14"
221.201.213.62 - - [10/Jan/2023:11:47:29 +0800] "GET /v2/app/upgrade?version_code=65&platform=Android HTTP/2.0" 200 4 "-" "Mozilla/5.0 (Android 10; HUAWEI; HONOR; PCT-AL10) feiyu/5.2.14"
221.201.213.62 - - [10/Jan/2023:11:47:29 +0800] "GET /v2/app/tiamat-info HTTP/2.0" 200 16 "-" "Mozilla/5.0 (Android 10; HUAWEI; HONOR; PCT-AL10) feiyu/5.2.14"
221.201.213.62 - - [10/Jan/2023:11:47:29 +0800] "GET /v2/app/ab-test-status HTTP/2.0" 200 16 "-" "Mozilla/5.0 (Android 10; HUAWEI; HONOR; PCT-AL10) feiyu/5.2.14"
117.44.106.28 - - [10/Jan/2023:11:47:30 +0800] "GET /v2/campaigns/newest HTTP/2.0" 200 447 "-" "Mozilla/5.0 (Android 11; Xiaomi; Redmi; Redmi Note 8 Pro) feiyu/5.2.14"
122.193.66.35 - - [10/Jan/2023:11:47:31 +0800] "GET /v2/users/bd10b245-7108-4064-a23f-bd7bdecb29e2/followeesV2?size=20 HTTP/2.0" 200 424 "-" "Mozilla/5.0 (Android 11; Xiaomi; Redmi; M2004J19C) feiyu/5.2.14"
122.193.66.35 - - [10/Jan/2023:11:47:31 +0800] "GET /v2/users/bd10b245-7108-4064-a23f-bd7bdecb29e2/subscribed-tags?size=20 HTTP/2.0" 200 2 "-" "Mozilla/5.0 (Android 11; Xiaomi; Redmi; M2004J19C) feiyu/5.2.14"
122.193.66.35 - - [10/Jan/2023:11:47:31 +0800] "GET /v2/users/bd10b245-7108-4064-a23f-bd7bdecb29e2/followeesV2?timestamp=2023-01-10%2003%3A47%3A03&size=20 HTTP/2.0" 200 2 "-" "Mozilla/5.0 (Android 11; Xiaomi; Redmi; M2004J19C) feiyu/5.2.14"
221.201.213.62 - - [10/Jan/2023:11:47:31 +0800] "GET /v2/lab-projects HTTP/2.0" 200 24905 "-" "Mozilla/5.0 (Android 10; HUAWEI; HONOR; PCT-AL10) feiyu/5.2.14"
122.193.66.35 - - [10/Jan/2023:11:47:31 +0800] "GET /v2/users/bd10b245-7108-4064-a23f-bd7bdecb29e2/followersV2?size=20 HTTP/2.0" 200 2 "-" "Mozilla/5.0 (Android 11; Xiaomi; Redmi; M2004J19C) feiyu/5.2.14"
221.201.213.62 - - [10/Jan/2023:11:47:31 +0800] "GET /v2/app/upgrade?version_code=65&platform=Android HTTP/2.0" 200 4 "-" "Mozilla/5.0 (Android 10; HUAWEI; HONOR; PCT-AL10) feiyu/5.2.14"
221.201.213.62 - - [10/Jan/2023:11:47:32 +0800] "GET /v2/messages/unreadCount?timestamp=1970-01-01%2000%3A00%3A00 HTTP/2.0" 401 54 "-" "Mozilla/5.0 (Android 10; HUAWEI; HONOR; PCT-AL10) feiyu/5.2.14"
221.201.213.62 - - [10/Jan/2023:11:47:32 +0800] "GET /v2/users/f41d1f8f-f478-4616-a2b6-06feee148c46/settings HTTP/2.0" 401 54 "-" "Mozilla/5.0 (Android 10; HUAWEI; HONOR; PCT-AL10) feiyu/5.2.14"
221.201.213.62 - - [10/Jan/2023:11:47:32 +0800] "GET /v2/campaigns/newest HTTP/2.0" 200 445 "-" "Mozilla/5.0 (Android 10; HUAWEI; HONOR; PCT-AL10) feiyu/5.2.14"
221.201.213.62 - - [10/Jan/2023:11:47:32 +0800] "GET /v2/posts/followees-v5?type=0&size=20&image_width=1080&background_width=359 HTTP/2.0" 401 54 "-" "Mozilla/5.0 (Android 10; HUAWEI; HONOR; PCT-AL10) feiyu/5.2.14"
221.201.213.62 - - [10/Jan/2023:11:47:32 +0800] "GET /v2/content-series/explore HTTP/2.0" 401 54 "-" "Mozilla/5.0 (Android 10; HUAWEI; HONOR; PCT-AL10) feiyu/5.2.14"
221.201.213.62 - - [10/Jan/2023:11:47:32 +0800] "GET /v2/posts/followees-v5?type=0&size=20&image_width=1080&background_width=359 HTTP/2.0" 401 54 "-" "Mozilla/5.0 (Android 10; HUAWEI; HONOR; PCT-AL10) feiyu/5.2.14"
120.243.211.163 - - [10/Jan/2023:11:47:32 +0800] "GET /v2/app/ab-test-status HTTP/2.0" 200 16 "-" "Mozilla/5.0 (Android 12; Xiaomi; Redmi; Redmi K30 Pro Zoom Edition) feiyu/5.2.12"
221.201.213.62 - - [10/Jan/2023:11:47:32 +0800] "GET /v2/explore/banner?scene=2 HTTP/2.0" 401 54 "-" "Mozilla/5.0 (Android 10; HUAWEI; HONOR; PCT-AL10) feiyu/5.2.14"
120.243.211.163 - - [10/Jan/2023:11:47:32 +0800] "GET /v2/app/upgrade?version_code=63&platform=Android HTTP/2.0" 200 4 "-" "Mozilla/5.0 (Android 12; Xiaomi; Redmi; Redmi K30 Pro Zoom Edition) feiyu/5.2.12"
221.201.213.62 - - [10/Jan/2023:11:47:32 +0800] "GET /v2/explore/searchHint HTTP/2.0" 200 23 "-" "Mozilla/5.0 (Android 10; HUAWEI; HONOR; PCT-AL10) feiyu/5.2.14"
221.201.213.62 - - [10/Jan/2023:11:47:32 +0800] "POST /v2/users/f41d1f8f-f478-4616-a2b6-06feee148c46/token HTTP/2.0" 200 642 "-" "Mozilla/5.0 (Android 10; HUAWEI; HONOR; PCT-AL10) feiyu/5.2.14"
221.201.213.62 - - [10/Jan/2023:11:47:32 +0800] "POST /v2/users/f41d1f8f-f478-4616-a2b6-06feee148c46/token HTTP/2.0" 200 642 "-" "Mozilla/5.0 (Android 10; HUAWEI; HONOR; PCT-AL10) feiyu/5.2.14"
221.201.213.62 - - [10/Jan/2023:11:47:32 +0800] "POST /v2/users/f41d1f8f-f478-4616-a2b6-06feee148c46/token HTTP/2.0" 200 642 "-" "Mozilla/5.0 (Android 10; HUAWEI; HONOR; PCT-AL10) feiyu/5.2.14"
221.201.213.62 - - [10/Jan/2023:11:47:32 +0800] "POST /v2/users/f41d1f8f-f478-4616-a2b6-06feee148c46/token HTTP/2.0" 200 642 "-" "Mozilla/5.0 (Android 10; HUAWEI; HONOR; PCT-AL10) feiyu/5.2.14"
221.201.213.62 - - [10/Jan/2023:11:47:32 +0800] "POST /v2/users/f41d1f8f-f478-4616-a2b6-06feee148c46/token HTTP/2.0" 200 642 "-" "Mozilla/5.0 (Android 10; HUAWEI; HONOR; PCT-AL10) feiyu/5.2.14"
221.201.213.62 - - [10/Jan/2023:11:47:32 +0800] "POST /v2/users/f41d1f8f-f478-4616-a2b6-06feee148c46/token HTTP/2.0" 200 642 "-" "Mozilla/5.0 (Android 10; HUAWEI; HONOR; PCT-AL10) feiyu/5.2.14"
221.201.213.62 - - [10/Jan/2023:11:47:32 +0800] "GET /v2/messages/unreadCount?timestamp=1970-01-01%2000%3A00%3A00 HTTP/2.0" 200 26 "-" "Mozilla/5.0 (Android 10; HUAWEI; HONOR; PCT-AL10) feiyu/5.2.14"
221.201.213.62 - - [10/Jan/2023:11:47:32 +0800] "GET /v2/users/f41d1f8f-f478-4616-a2b6-06feee148c46/settings HTTP/2.0" 200 310 "-" "Mozilla/5.0 (Android 10; HUAWEI; HONOR; PCT-AL10) feiyu/5.2.14"
221.201.213.62 - - [10/Jan/2023:11:47:32 +0800] "GET /v2/explore/banner?scene=2 HTTP/2.0" 200 443 "-" "Mozilla/5.0 (Android 10; HUAWEI; HONOR; PCT-AL10) feiyu/5.2.14"
221.201.213.62 - - [10/Jan/2023:11:47:32 +0800] "GET /v2/posts/followees-v5?type=0&size=20&image_width=1080&background_width=359 HTTP/2.0" 200 88225 "-" "Mozilla/5.0 (Android 10; HUAWEI; HONOR; PCT-AL10) feiyu/5.2.14"
221.201.213.62 - - [10/Jan/2023:11:47:32 +0800] "GET /v2/posts/followees-v5?type=0&size=20&image_width=1080&background_width=359 HTTP/2.0" 200 88233 "-" "Mozilla/5.0 (Android 10; HUAWEI; HONOR; PCT-AL10) feiyu/5.2.14"
221.201.213.62 - - [10/Jan/2023:11:47:32 +0800] "GET /v2/content-series/explore HTTP/2.0" 200 68482 "-" "Mozilla/5.0 (Android 10; HUAWEI; HONOR; PCT-AL10) feiyu/5.2.14"
183.95.67.13 - - [10/Jan/2023:11:47:33 +0800] "GET /v2/messages/unreadCount?timestamp=1970-01-01%2000%3A00%3A00 HTTP/2.0" 200 26 "-" "Mozilla/5.0 (Android 12; realme; realme; RMX2117) feiyu/5.2.14"
183.95.67.13 - - [10/Jan/2023:11:47:33 +0800] "GET /v2/explore/searchHint HTTP/2.0" 200 23 "-" "Mozilla/5.0 (Android 12; realme; realme; RMX2117) feiyu/5.2.14"
183.95.67.13 - - [10/Jan/2023:11:47:33 +0800] "GET /v2/campaigns/newest HTTP/2.0" 200 445 "-" "Mozilla/5.0 (Android 12; realme; realme; RMX2117) feiyu/5.2.14"
183.95.67.13 - - [10/Jan/2023:11:47:33 +0800] "GET /v2/users/8201d61a-7e67-40a6-af5b-1eed2de60d3e/settings HTTP/2.0" 200 313 "-" "Mozilla/5.0 (Android 12; realme; realme; RMX2117) feiyu/5.2.14"
221.201.213.62 - - [10/Jan/2023:11:47:33 +0800] "GET /v2/explore/banner?scene=1 HTTP/2.0" 200 2306 "-" "Mozilla/5.0 (Android 10; HUAWEI; HONOR; PCT-AL10) feiyu/5.2.14"
221.201.213.62 - - [10/Jan/2023:11:47:33 +0800] "GET /v2/posts/recommended/sticky?image_width=1080&background_width=359 HTTP/2.0" 200 3846 "-" "Mozilla/5.0 (Android 10; HUAWEI; HONOR; PCT-AL10) feiyu/5.2.14"
221.201.213.62 - - [10/Jan/2023:11:47:33 +0800] "GET /v2/posts/recommended?size=20&image_width=1080&background_width=359 HTTP/2.0" 200 68870 "-" "Mozilla/5.0 (Android 10; HUAWEI; HONOR; PCT-AL10) feiyu/5.2.14"
120.243.211.163 - - [10/Jan/2023:11:47:34 +0800] "GET /v2/lab-projects HTTP/2.0" 200 24885 "-" "Mozilla/5.0 (Android 12; Xiaomi; Redmi; Redmi K30 Pro Zoom Edition) feiyu/5.2.12"
120.243.211.163 - - [10/Jan/2023:11:47:34 +0800] "GET /v2/app/upgrade?version_code=63&platform=Android HTTP/2.0" 200 4 "-" "Mozilla/5.0 (Android 12; Xiaomi; Redmi; Redmi K30 Pro Zoom Edition) feiyu/5.2.12"
