124.64.122.191 - - [10/Jan/2023:12:02:14 +0800] "PUT /v2/crm/posts/253e5a02-0990-4c6e-a3ed-96354fd817d3/edit HTTP/2.0" 200 1528 "https://crm.fygtapp.com/" "Mozilla/5.0 (Macintosh; Intel Mac OS X 10_15_7) AppleWebKit/537.36 (KHTML, like Gecko) Chrome/108.0.0.0 Safari/537.36"
124.64.122.191 - - [10/Jan/2023:12:02:15 +0800] "OPTIONS /v2/crm/posts/75a9de72-b8ba-42c2-a9e0-330f1efb0937/edit HTTP/2.0" 200 - "https://crm.fygtapp.com/" "Mozilla/5.0 (Macintosh; Intel Mac OS X 10_15_7) AppleWebKit/537.36 (KHTML, like Gecko) Chrome/108.0.0.0 Safari/537.36"
124.64.122.191 - - [10/Jan/2023:12:02:15 +0800] "PUT /v2/crm/posts/75a9de72-b8ba-42c2-a9e0-330f1efb0937/edit HTTP/2.0" 200 1733 "https://crm.fygtapp.com/" "Mozilla/5.0 (Macintosh; Intel Mac OS X 10_15_7) AppleWebKit/537.36 (KHTML, like Gecko) Chrome/108.0.0.0 Safari/537.36"
124.64.122.191 - - [10/Jan/2023:12:02:16 +0800] "OPTIONS /v2/crm/posts/5334fa17-f75a-4a43-b6ca-66e73361aa1c/edit HTTP/2.0" 200 - "https://crm.fygtapp.com/" "Mozilla/5.0 (Macintosh; Intel Mac OS X 10_15_7) AppleWebKit/537.36 (KHTML, like Gecko) Chrome/108.0.0.0 Safari/537.36"
124.64.122.191 - - [10/Jan/2023:12:02:16 +0800] "PUT /v2/crm/posts/5334fa17-f75a-4a43-b6ca-66e73361aa1c/edit HTTP/2.0" 200 1585 "https://crm.fygtapp.com/" "Mozilla/5.0 (Macintosh; Intel Mac OS X 10_15_7) AppleWebKit/537.36 (KHTML, like Gecko) Chrome/108.0.0.0 Safari/537.36"
112.51.61.174 - - [10/Jan/2023:12:02:17 +0800] "GET /v2/app/ab-test-status HTTP/2.0" 200 16 "-" "Mozilla/5.0 (Android 10; HUAWEI; HONOR; HLK-AL00) feiyu/5.2.14"
112.51.61.174 - - [10/Jan/2023:12:02:17 +0800] "GET /v2/app/upgrade?version_code=65&platform=Android HTTP/2.0" 200 4 "-" "Mozilla/5.0 (Android 10; HUAWEI; HONOR; HLK-AL00) feiyu/5.2.14"
112.51.61.174 - - [10/Jan/2023:12:02:17 +0800] "GET /v2/app/tiamat-info HTTP/2.0" 200 16 "-" "Mozilla/5.0 (Android 10; HUAWEI; HONOR; HLK-AL00) feiyu/5.2.14"
124.64.122.191 - - [10/Jan/2023:12:02:18 +0800] "OPTIONS /v2/crm/posts/4fb71bee-bf5b-424e-a820-5d8b923234b3/edit HTTP/2.0" 200 - "https://crm.fygtapp.com/" "Mozilla/5.0 (Macintosh; Intel Mac OS X 10_15_7) AppleWebKit/537.36 (KHTML, like Gecko) Chrome/108.0.0.0 Safari/537.36"
124.64.122.191 - - [10/Jan/2023:12:02:18 +0800] "PUT /v2/crm/posts/4fb71bee-bf5b-424e-a820-5d8b923234b3/edit HTTP/2.0" 200 1785 "https://crm.fygtapp.com/" "Mozilla/5.0 (Macintosh; Intel Mac OS X 10_15_7) AppleWebKit/537.36 (KHTML, like Gecko) Chrome/108.0.0.0 Safari/537.36"
112.51.61.174 - - [10/Jan/2023:12:02:19 +0800] "GET /v2/app/upgrade?version_code=65&platform=Android HTTP/2.0" 200 4 "-" "Mozilla/5.0 (Android 10; HUAWEI; HONOR; HLK-AL00) feiyu/5.2.14"
112.51.61.174 - - [10/Jan/2023:12:02:19 +0800] "GET /v2/lab-projects HTTP/2.0" 200 24905 "-" "Mozilla/5.0 (Android 10; HUAWEI; HONOR; HLK-AL00) feiyu/5.2.14"
124.64.122.191 - - [10/Jan/2023:12:02:19 +0800] "OPTIONS /v2/crm/posts/10180aef-99b2-4cad-8239-7428e08ae541/edit HTTP/2.0" 200 - "https://crm.fygtapp.com/" "Mozilla/5.0 (Macintosh; Intel Mac OS X 10_15_7) AppleWebKit/537.36 (KHTML, like Gecko) Chrome/108.0.0.0 Safari/537.36"
124.64.122.191 - - [10/Jan/2023:12:02:19 +0800] "PUT /v2/crm/posts/10180aef-99b2-4cad-8239-7428e08ae541/edit HTTP/2.0" 200 1581 "https://crm.fygtapp.com/" "Mozilla/5.0 (Macintosh; Intel Mac OS X 10_15_7) AppleWebKit/537.36 (KHTML, like Gecko) Chrome/108.0.0.0 Safari/537.36"
112.51.61.174 - - [10/Jan/2023:12:02:19 +0800] "GET /v2/app/randomHomeBackgroundImageV2 HTTP/2.0" 200 289 "-" "Mozilla/5.0 (Android 10; HUAWEI; HONOR; HLK-AL00) feiyu/5.2.14"
112.51.61.174 - - [10/Jan/2023:12:02:19 +0800] "GET /v2/campaigns/newest HTTP/2.0" 200 443 "-" "Mozilla/5.0 (Android 10; HUAWEI; HONOR; HLK-AL00) feiyu/5.2.14"
112.51.61.174 - - [10/Jan/2023:12:02:19 +0800] "GET /v2/messages/unreadCount?timestamp=1970-01-01%2000%3A00%3A00 HTTP/2.0" 200 26 "-" "Mozilla/5.0 (Android 10; HUAWEI; HONOR; HLK-AL00) feiyu/5.2.14"
112.51.61.174 - - [10/Jan/2023:12:02:19 +0800] "GET /v2/campaigns/newest HTTP/2.0" 200 443 "-" "Mozilla/5.0 (Android 10; HUAWEI; HONOR; HLK-AL00) feiyu/5.2.14"
112.51.61.174 - - [10/Jan/2023:12:02:19 +0800] "GET /v2/users/07ecad61-b49e-486d-ac13-baa901b527ac/settings HTTP/2.0" 200 313 "-" "Mozilla/5.0 (Android 10; HUAWEI; HONOR; HLK-AL00) feiyu/5.2.14"
124.64.122.191 - - [10/Jan/2023:12:02:20 +0800] "OPTIONS /v2/crm/posts/b5fe81bd-9977-4452-909a-0654ca126b67/edit HTTP/2.0" 200 - "https://crm.fygtapp.com/" "Mozilla/5.0 (Macintosh; Intel Mac OS X 10_15_7) AppleWebKit/537.36 (KHTML, like Gecko) Chrome/108.0.0.0 Safari/537.36"
124.64.122.191 - - [10/Jan/2023:12:02:20 +0800] "PUT /v2/crm/posts/b5fe81bd-9977-4452-909a-0654ca126b67/edit HTTP/2.0" 200 1640 "https://crm.fygtapp.com/" "Mozilla/5.0 (Macintosh; Intel Mac OS X 10_15_7) AppleWebKit/537.36 (KHTML, like Gecko) Chrome/108.0.0.0 Safari/537.36"
101.67.107.194 - - [10/Jan/2023:12:02:04 +0800] "POST /v2/near/canvas-war/canvas/draw HTTP/2.0" 200 - "-" "Mozilla/5.0 (Android 11; vivo; vivo; V2054A) feiyu/5.2.14"
124.64.122.191 - - [10/Jan/2023:12:02:21 +0800] "OPTIONS /v2/crm/posts/0fa1fcbc-bf88-4fb7-aec2-4b6edd643f8a/edit HTTP/2.0" 200 - "https://crm.fygtapp.com/" "Mozilla/5.0 (Macintosh; Intel Mac OS X 10_15_7) AppleWebKit/537.36 (KHTML, like Gecko) Chrome/108.0.0.0 Safari/537.36"
124.64.122.191 - - [10/Jan/2023:12:02:21 +0800] "PUT /v2/crm/posts/0fa1fcbc-bf88-4fb7-aec2-4b6edd643f8a/edit HTTP/2.0" 200 1552 "https://crm.fygtapp.com/" "Mozilla/5.0 (Macintosh; Intel Mac OS X 10_15_7) AppleWebKit/537.36 (KHTML, like Gecko) Chrome/108.0.0.0 Safari/537.36"
124.64.122.191 - - [10/Jan/2023:12:02:21 +0800] "OPTIONS /v2/crm/posts/c02a3c1c-82b9-4c2b-be85-81873222d3e9/edit HTTP/2.0" 200 - "https://crm.fygtapp.com/" "Mozilla/5.0 (Macintosh; Intel Mac OS X 10_15_7) AppleWebKit/537.36 (KHTML, like Gecko) Chrome/108.0.0.0 Safari/537.36"
124.64.122.191 - - [10/Jan/2023:12:02:21 +0800] "PUT /v2/crm/posts/c02a3c1c-82b9-4c2b-be85-81873222d3e9/edit HTTP/2.0" 200 1690 "https://crm.fygtapp.com/" "Mozilla/5.0 (Macintosh; Intel Mac OS X 10_15_7) AppleWebKit/537.36 (KHTML, like Gecko) Chrome/108.0.0.0 Safari/537.36"
124.64.122.191 - - [10/Jan/2023:12:02:22 +0800] "OPTIONS /v2/crm/posts/361129bf-6c75-4a02-805f-dba3e5533c43/edit HTTP/2.0" 200 - "https://crm.fygtapp.com/" "Mozilla/5.0 (Macintosh; Intel Mac OS X 10_15_7) AppleWebKit/537.36 (KHTML, like Gecko) Chrome/108.0.0.0 Safari/537.36"
124.64.122.191 - - [10/Jan/2023:12:02:23 +0800] "PUT /v2/crm/posts/361129bf-6c75-4a02-805f-dba3e5533c43/edit HTTP/2.0" 200 1580 "https://crm.fygtapp.com/" "Mozilla/5.0 (Macintosh; Intel Mac OS X 10_15_7) AppleWebKit/537.36 (KHTML, like Gecko) Chrome/108.0.0.0 Safari/537.36"
112.32.59.9 - - [10/Jan/2023:12:02:23 +0800] "GET /v2/gallery/randomImagesV2?size=50&width=540&category_safe_id=d1569b14-497d-474c-8c41-732c10584cb4&content=%E4%B8%96%E7%95%8C%E6%80%8E%E4%B9%88%E8%BF%98%E4%B8%8D%E6%AF%81%E7%81%AD HTTP/2.0" 200 23110 "-" "Mozilla/5.0 (Android 10; HUAWEI; HUAWEI; LYA-AL00) feiyu/5.2.14"
112.51.61.174 - - [10/Jan/2023:12:02:23 +0800] "GET /v2/lab-projects HTTP/2.0" 200 24909 "-" "Mozilla/5.0 (Android 10; HUAWEI; HONOR; HLK-AL00) feiyu/5.2.14"
112.51.61.174 - - [10/Jan/2023:12:02:23 +0800] "GET /v2/lab-projects/active-users-count HTTP/2.0" 200 14 "-" "Mozilla/5.0 (Android 10; HUAWEI; HONOR; HLK-AL00) feiyu/5.2.14"
171.10.64.165 - - [10/Jan/2023:12:02:23 +0800] "POST /v2/posts/2911f840-4ce6-433c-9cc4-9fb5552583b1/comments-v2 HTTP/2.0" 200 647 "-" "Mozilla/5.0 (Android 12; Xiaomi; Xiaomi; Mi 10 Pro) feiyu/5.2.12"
124.64.122.191 - - [10/Jan/2023:12:02:23 +0800] "OPTIONS /v2/crm/posts/query?sorting=createdAt&desc=true×tamp=2023-01-10+01%3A50%3A26.000&size=20&show_deleted=false&show_private=false HTTP/2.0" 200 - "https://crm.fygtapp.com/" "Mozilla/5.0 (Macintosh; Intel Mac OS X 10_15_7) AppleWebKit/537.36 (KHTML, like Gecko) Chrome/108.0.0.0 Safari/537.36"
171.10.64.165 - - [10/Jan/2023:12:02:24 +0800] "GET /v2/messages/unreadCount?timestamp=2023-01-05%2017%3A02%3A13 HTTP/2.0" 200 26 "-" "Mozilla/5.0 (Android 12; Xiaomi; Xiaomi; Mi 10 Pro) feiyu/5.2.12"
171.10.64.165 - - [10/Jan/2023:12:02:24 +0800] "GET /v2/campaigns/newest HTTP/2.0" 200 443 "-" "Mozilla/5.0 (Android 12; Xiaomi; Xiaomi; Mi 10 Pro) feiyu/5.2.12"
171.10.64.165 - - [10/Jan/2023:12:02:24 +0800] "GET /v2/explore/searchHint HTTP/2.0" 200 23 "-" "Mozilla/5.0 (Android 12; Xiaomi; Xiaomi; Mi 10 Pro) feiyu/5.2.12"
171.10.64.165 - - [10/Jan/2023:12:02:24 +0800] "GET /v2/clock-ins/stats HTTP/2.0" 200 385 "-" "Mozilla/5.0 (Android 12; Xiaomi; Xiaomi; Mi 10 Pro) feiyu/5.2.12"
171.10.64.165 - - [10/Jan/2023:12:02:24 +0800] "GET /v2/users/43bb2776-a82f-497f-b2d5-e6c14b211aeb/settings HTTP/2.0" 200 317 "-" "Mozilla/5.0 (Android 12; Xiaomi; Xiaomi; Mi 10 Pro) feiyu/5.2.12"
171.10.64.165 - - [10/Jan/2023:12:02:24 +0800] "GET /v2/users/43bb2776-a82f-497f-b2d5-e6c14b211aeb HTTP/2.0" 200 554 "-" "Mozilla/5.0 (Android 12; Xiaomi; Xiaomi; Mi 10 Pro) feiyu/5.2.12"
124.64.122.191 - - [10/Jan/2023:12:02:24 +0800] "OPTIONS /v2/crm/posts/9f3d7370-e799-4560-8ca6-e1dde26d1f74/edit HTTP/2.0" 200 - "https://crm.fygtapp.com/" "Mozilla/5.0 (Macintosh; Intel Mac OS X 10_15_7) AppleWebKit/537.36 (KHTML, like Gecko) Chrome/108.0.0.0 Safari/537.36"
171.10.64.165 - - [10/Jan/2023:12:02:24 +0800] "GET /v2/near/canvas-war/accounts/43bb2776-a82f-497f-b2d5-e6c14b211aeb HTTP/2.0" 200 630 "-" "Mozilla/5.0 (Android 12; Xiaomi; Xiaomi; Mi 10 Pro) feiyu/5.2.12"
182.117.56.68 - - [10/Jan/2023:12:02:25 +0800] "GET /v2/messages/unreadCount?timestamp=1970-01-01%2000%3A00%3A00 HTTP/2.0" 200 26 "-" "Mozilla/5.0 (Android 11; OPPO; OPPO; PCGM00) feiyu/5.2.13"
112.51.61.174 - - [10/Jan/2023:12:02:25 +0800] "GET /v2/gallery/categoriesV4 HTTP/2.0" 200 13174 "-" "Mozilla/5.0 (Android 10; HUAWEI; HONOR; HLK-AL00) feiyu/5.2.14"
182.117.56.68 - - [10/Jan/2023:12:02:25 +0800] "GET /v2/campaigns/newest HTTP/2.0" 200 443 "-" "Mozilla/5.0 (Android 11; OPPO; OPPO; PCGM00) feiyu/5.2.13"
182.117.56.68 - - [10/Jan/2023:12:02:25 +0800] "GET /v2/users/0d469cfb-6344-4e42-8fcc-b5712beade24/settings HTTP/2.0" 200 313 "-" "Mozilla/5.0 (Android 11; OPPO; OPPO; PCGM00) feiyu/5.2.13"
124.64.122.191 - - [10/Jan/2023:12:02:25 +0800] "PUT /v2/crm/posts/9f3d7370-e799-4560-8ca6-e1dde26d1f74/edit HTTP/2.0" 200 1550 "https://crm.fygtapp.com/" "Mozilla/5.0 (Macintosh; Intel Mac OS X 10_15_7) AppleWebKit/537.36 (KHTML, like Gecko) Chrome/108.0.0.0 Safari/537.36"
112.51.61.174 - - [10/Jan/2023:12:02:25 +0800] "GET /v2/gallery/categories/1e3bd6cc-e816-4cec-a975-7d2c39b1a292/imagesV3?page=1&size=20&width=360 HTTP/2.0" 200 2 "-" "Mozilla/5.0 (Android 10; HUAWEI; HONOR; HLK-AL00) feiyu/5.2.14"
124.64.122.191 - - [10/Jan/2023:12:02:25 +0800] "OPTIONS /v2/crm/posts/71ef0326-c1a0-423f-988e-5c2cacfe7c43/edit HTTP/2.0" 200 - "https://crm.fygtapp.com/" "Mozilla/5.0 (Macintosh; Intel Mac OS X 10_15_7) AppleWebKit/537.36 (KHTML, like Gecko) Chrome/108.0.0.0 Safari/537.36"
124.64.122.191 - - [10/Jan/2023:12:02:25 +0800] "PUT /v2/crm/posts/71ef0326-c1a0-423f-988e-5c2cacfe7c43/edit HTTP/2.0" 200 1550 "https://crm.fygtapp.com/" "Mozilla/5.0 (Macintosh; Intel Mac OS X 10_15_7) AppleWebKit/537.36 (KHTML, like Gecko) Chrome/108.0.0.0 Safari/537.36"
101.67.107.194 - - [10/Jan/2023:12:02:13 +0800] "POST /v2/near/canvas-war/canvas/draw HTTP/2.0" 200 - "-" "Mozilla/5.0 (Android 11; vivo; vivo; V2054A) feiyu/5.2.14"
124.64.122.191 - - [10/Jan/2023:12:02:23 +0800] "GET /v2/crm/posts/query?sorting=createdAt&desc=true×tamp=2023-01-10+01%3A50%3A26.000&size=20&show_deleted=false&show_private=false HTTP/2.0" 200 30321 "https://crm.fygtapp.com/" "Mozilla/5.0 (Macintosh; Intel Mac OS X 10_15_7) AppleWebKit/537.36 (KHTML, like Gecko) Chrome/108.0.0.0 Safari/537.36"
124.64.122.191 - - [10/Jan/2023:12:02:30 +0800] "OPTIONS /v2/crm/posts/61efbc15-a7a4-44d5-a9e5-240cdfad4828/edit HTTP/2.0" 200 - "https://crm.fygtapp.com/" "Mozilla/5.0 (Macintosh; Intel Mac OS X 10_15_7) AppleWebKit/537.36 (KHTML, like Gecko) Chrome/108.0.0.0 Safari/537.36"
124.64.122.191 - - [10/Jan/2023:12:02:30 +0800] "PUT /v2/crm/posts/61efbc15-a7a4-44d5-a9e5-240cdfad4828/edit HTTP/2.0" 200 1608 "https://crm.fygtapp.com/" "Mozilla/5.0 (Macintosh; Intel Mac OS X 10_15_7) AppleWebKit/537.36 (KHTML, like Gecko) Chrome/108.0.0.0 Safari/537.36"
124.64.122.191 - - [10/Jan/2023:12:02:31 +0800] "OPTIONS /v2/crm/posts/b6acfdeb-819d-4533-a144-f1c3b6e690f1/edit HTTP/2.0" 200 - "https://crm.fygtapp.com/" "Mozilla/5.0 (Macintosh; Intel Mac OS X 10_15_7) AppleWebKit/537.36 (KHTML, like Gecko) Chrome/108.0.0.0 Safari/537.36"
124.64.122.191 - - [10/Jan/2023:12:02:31 +0800] "PUT /v2/crm/posts/b6acfdeb-819d-4533-a144-f1c3b6e690f1/edit HTTP/2.0" 200 1484 "https://crm.fygtapp.com/" "Mozilla/5.0 (Macintosh; Intel Mac OS X 10_15_7) AppleWebKit/537.36 (KHTML, like Gecko) Chrome/108.0.0.0 Safari/537.36"
124.64.122.191 - - [10/Jan/2023:12:02:31 +0800] "OPTIONS /v2/crm/posts/40dc68b5-3af5-47d9-b7be-8826a726ceb1/edit HTTP/2.0" 200 - "https://crm.fygtapp.com/" "Mozilla/5.0 (Macintosh; Intel Mac OS X 10_15_7) AppleWebKit/537.36 (KHTML, like Gecko) Chrome/108.0.0.0 Safari/537.36"
124.64.122.191 - - [10/Jan/2023:12:02:31 +0800] "PUT /v2/crm/posts/40dc68b5-3af5-47d9-b7be-8826a726ceb1/edit HTTP/2.0" 200 1538 "https://crm.fygtapp.com/" "Mozilla/5.0 (Macintosh; Intel Mac OS X 10_15_7) AppleWebKit/537.36 (KHTML, like Gecko) Chrome/108.0.0.0 Safari/537.36"
220.207.92.2 - - [10/Jan/2023:12:02:34 +0800] "GET /v2/messages/unreadCount?timestamp=2023-01-01%2014%3A10%3A15 HTTP/2.0" 200 26 "-" "Mozilla/5.0 (iOS 16.1.1; Apple; Apple; iPhone14,3) feiyu/5.2.14"
220.207.92.2 - - [10/Jan/2023:12:02:34 +0800] "GET /v2/messages/unreadCount?timestamp=2023-01-01%2014%3A10%3A15 HTTP/2.0" 200 26 "-" "Mozilla/5.0 (iOS 16.1.1; Apple; Apple; iPhone14,3) feiyu/5.2.14"
220.207.92.2 - - [10/Jan/2023:12:02:34 +0800] "GET /v2/lab-projects HTTP/2.0" 200 24913 "-" "Mozilla/5.0 (iOS 16.1.1; Apple; Apple; iPhone14,3) feiyu/5.2.14"
101.67.107.194 - - [10/Jan/2023:12:02:24 +0800] "POST /v2/near/canvas-war/canvas/draw HTTP/2.0" 200 - "-" "Mozilla/5.0 (Android 11; vivo; vivo; V2054A) feiyu/5.2.14"
220.207.92.2 - - [10/Jan/2023:12:02:37 +0800] "GET /v2/posts/followeesV4?background_width=1284&image_width=1284&type=0 HTTP/2.0" 200 87265 "-" "Mozilla/5.0 (iOS 16.1.1; Apple; Apple; iPhone14,3) feiyu/5.2.14"
220.207.92.2 - - [10/Jan/2023:12:02:37 +0800] "GET /v2/explore/searchHint HTTP/2.0" 200 23 "-" "Mozilla/5.0 (iOS 16.1.1; Apple; Apple; iPhone14,3) feiyu/5.2.14"
220.207.92.2 - - [10/Jan/2023:12:02:37 +0800] "GET /v2/ads?scene=0 HTTP/2.0" 200 2 "-" "Mozilla/5.0 (iOS 16.1.1; Apple; Apple; iPhone14,3) feiyu/5.2.14"
220.207.92.2 - - [10/Jan/2023:12:02:37 +0800] "GET /v2/explore/banner?scene=2 HTTP/2.0" 200 441 "-" "Mozilla/5.0 (iOS 16.1.1; Apple; Apple; iPhone14,3) feiyu/5.2.14"
220.207.92.2 - - [10/Jan/2023:12:02:37 +0800] "GET /v2/explore/banner?scene=1 HTTP/2.0" 200 2312 "-" "Mozilla/5.0 (iOS 16.1.1; Apple; Apple; iPhone14,3) feiyu/5.2.14"
220.207.92.2 - - [10/Jan/2023:12:02:37 +0800] "GET /v2/posts/recommended/sticky?background_width=1284&image_width=1284 HTTP/2.0" 200 3844 "-" "Mozilla/5.0 (iOS 16.1.1; Apple; Apple; iPhone14,3) feiyu/5.2.14"
220.207.92.2 - - [10/Jan/2023:12:02:37 +0800] "GET /v2/content-series/explore HTTP/2.0" 200 68540 "-" "Mozilla/5.0 (iOS 16.1.1; Apple; Apple; iPhone14,3) feiyu/5.2.14"
220.207.92.2 - - [10/Jan/2023:12:02:37 +0800] "GET /v2/posts/recommended?background_width=1284&image_width=1284&size=20 HTTP/2.0" 200 60383 "-" "Mozilla/5.0 (iOS 16.1.1; Apple; Apple; iPhone14,3) feiyu/5.2.14"
124.64.122.191 - - [10/Jan/2023:12:02:38 +0800] "OPTIONS /v2/crm/posts/89460716-4ef6-4e22-b5f7-77481ccaed2e/edit HTTP/2.0" 200 - "https://crm.fygtapp.com/" "Mozilla/5.0 (Macintosh; Intel Mac OS X 10_15_7) AppleWebKit/537.36 (KHTML, like Gecko) Chrome/108.0.0.0 Safari/537.36"
124.64.122.191 - - [10/Jan/2023:12:02:38 +0800] "PUT /v2/crm/posts/89460716-4ef6-4e22-b5f7-77481ccaed2e/edit HTTP/2.0" 200 1683 "https://crm.fygtapp.com/" "Mozilla/5.0 (Macintosh; Intel Mac OS X 10_15_7) AppleWebKit/537.36 (KHTML, like Gecko) Chrome/108.0.0.0 Safari/537.36"
220.207.92.2 - - [10/Jan/2023:12:02:39 +0800] "GET /v2/messages/unreadCount?timestamp=2023-01-01%2014%3A10%3A15 HTTP/2.0" 200 26 "-" "Mozilla/5.0 (iOS 16.1.1; Apple; Apple; iPhone14,3) feiyu/5.2.14"
220.207.92.2 - - [10/Jan/2023:12:02:39 +0800] "GET /v2/gallery/categoriesV4 HTTP/2.0" 200 13204 "-" "Mozilla/5.0 (iOS 16.1.1; Apple; Apple; iPhone14,3) feiyu/5.2.14"
220.207.92.2 - - [10/Jan/2023:12:02:39 +0800] "GET /v2/gallery/categories/1e3bd6cc-e816-4cec-a975-7d2c39b1a292/imagesV3?page=1&size=30&width=285 HTTP/2.0" 200 14367 "-" "Mozilla/5.0 (iOS 16.1.1; Apple; Apple; iPhone14,3) feiyu/5.2.14"
124.64.122.191 - - [10/Jan/2023:12:02:39 +0800] "OPTIONS /v2/crm/posts/19bb0a97-505c-4a24-a85d-72680ea17add/edit HTTP/2.0" 200 - "https://crm.fygtapp.com/" "Mozilla/5.0 (Macintosh; Intel Mac OS X 10_15_7) AppleWebKit/537.36 (KHTML, like Gecko) Chrome/108.0.0.0 Safari/537.36"
124.64.122.191 - - [10/Jan/2023:12:02:39 +0800] "PUT /v2/crm/posts/19bb0a97-505c-4a24-a85d-72680ea17add/edit HTTP/2.0" 200 1636 "https://crm.fygtapp.com/" "Mozilla/5.0 (Macintosh; Intel Mac OS X 10_15_7) AppleWebKit/537.36 (KHTML, like Gecko) Chrome/108.0.0.0 Safari/537.36"
112.51.61.174 - - [10/Jan/2023:12:02:41 +0800] "GET /v2/explore/banner?scene=2 HTTP/2.0" 200 439 "-" "Mozilla/5.0 (Android 10; HUAWEI; HONOR; HLK-AL00) feiyu/5.2.14"
112.51.61.174 - - [10/Jan/2023:12:02:41 +0800] "GET /v2/posts/followees-v5?type=0&size=20&image_width=1080&background_width=359 HTTP/2.0" 200 88283 "-" "Mozilla/5.0 (Android 10; HUAWEI; HONOR; HLK-AL00) feiyu/5.2.14"
112.51.61.174 - - [10/Jan/2023:12:02:41 +0800] "GET /v2/explore/searchHint HTTP/2.0" 200 23 "-" "Mozilla/5.0 (Android 10; HUAWEI; HONOR; HLK-AL00) feiyu/5.2.14"
112.51.61.174 - - [10/Jan/2023:12:02:41 +0800] "GET /v2/posts/recommended/sticky?image_width=1080&background_width=359 HTTP/2.0" 200 3850 "-" "Mozilla/5.0 (Android 10; HUAWEI; HONOR; HLK-AL00) feiyu/5.2.14"
112.51.61.174 - - [10/Jan/2023:12:02:41 +0800] "GET /v2/posts/followees-v5?type=0&size=20&image_width=1080&background_width=359 HTTP/2.0" 200 88283 "-" "Mozilla/5.0 (Android 10; HUAWEI; HONOR; HLK-AL00) feiyu/5.2.14"
112.51.61.174 - - [10/Jan/2023:12:02:41 +0800] "GET /v2/explore/banner?scene=1 HTTP/2.0" 200 2312 "-" "Mozilla/5.0 (Android 10; HUAWEI; HONOR; HLK-AL00) feiyu/5.2.14"
112.51.61.174 - - [10/Jan/2023:12:02:41 +0800] "GET /v2/posts/recommended?size=20&image_width=1080&background_width=359 HTTP/2.0" 200 60383 "-" "Mozilla/5.0 (Android 10; HUAWEI; HONOR; HLK-AL00) feiyu/5.2.14"
60.255.166.62 - - [10/Jan/2023:12:02:41 +0800] "GET /v2/messages/unreadCount?timestamp=1970-01-01%2000%3A00%3A01 HTTP/2.0" 401 54 "-" "Mozilla/5.0 (iOS 16.2; Apple; Apple; iPhone14,5) feiyu/5.2.14"
112.51.61.174 - - [10/Jan/2023:12:02:41 +0800] "GET /v2/content-series/explore HTTP/2.0" 200 68478 "-" "Mozilla/5.0 (Android 10; HUAWEI; HONOR; HLK-AL00) feiyu/5.2.14"
60.255.166.62 - - [10/Jan/2023:12:02:42 +0800] "POST /v2/users/9b83e468-6dcb-4626-a7bd-fbdee5cf9901/token HTTP/2.0" 200 642 "-" "surstromming/5.2.14 (cn.logicdesign.quotepic; build:98; iOS 16.2.0) Alamofire/5.4.4"
60.255.166.62 - - [10/Jan/2023:12:02:42 +0800] "POST /v2/users/9b83e468-6dcb-4626-a7bd-fbdee5cf9901/token HTTP/2.0" 200 642 "-" "surstromming/5.2.14 (cn.logicdesign.quotepic; build:98; iOS 16.2.0) Alamofire/5.4.4"
60.255.166.62 - - [10/Jan/2023:12:02:42 +0800] "GET /v2/messages/unreadCount?timestamp=1970-01-01%2000%3A00%3A01 HTTP/2.0" 401 54 "-" "Mozilla/5.0 (iOS 16.2; Apple; Apple; iPhone14,5) feiyu/5.2.14"
60.255.166.62 - - [10/Jan/2023:12:02:42 +0800] "GET /v2/lab-projects HTTP/2.0" 200 24921 "-" "Mozilla/5.0 (iOS 16.2; Apple; Apple; iPhone14,5) feiyu/5.2.14"
112.51.61.174 - - [10/Jan/2023:12:02:42 +0800] "GET /v2/ads?scene=0 HTTP/2.0" 200 2 "-" "Mozilla/5.0 (Android 10; HUAWEI; HONOR; HLK-AL00) feiyu/5.2.14"
60.255.166.62 - - [10/Jan/2023:12:02:42 +0800] "POST /v2/users/9b83e468-6dcb-4626-a7bd-fbdee5cf9901/token HTTP/2.0" 200 642 "-" "surstromming/5.2.14 (cn.logicdesign.quotepic; build:98; iOS 16.2.0) Alamofire/5.4.4"
220.207.92.2 - - [10/Jan/2023:12:02:42 +0800] "GET /v2/gallery/categories/1e3bd6cc-e816-4cec-a975-7d2c39b1a292/imagesV3?page=2&size=30&width=285 HTTP/2.0" 200 14571 "-" "Mozilla/5.0 (iOS 16.1.1; Apple; Apple; iPhone14,3) feiyu/5.2.14"
220.207.92.2 - - [10/Jan/2023:12:02:43 +0800] "GET /v2/gallery/images/af29140c-32c8-4762-bb59-e16945a422e3?width=1284 HTTP/2.0" 200 457 "-" "Mozilla/5.0 (iOS 16.1.1; Apple; Apple; iPhone14,3) feiyu/5.2.14"
60.255.166.62 - - [10/Jan/2023:12:02:43 +0800] "GET /v2/messages/unreadCount?timestamp=1970-01-01%2000%3A00%3A01 HTTP/2.0" 200 26 "-" "Mozilla/5.0 (iOS 16.2; Apple; Apple; iPhone14,5) feiyu/5.2.14"
223.104.175.1 - - [10/Jan/2023:12:02:44 +0800] "GET /v2/campaigns/newest HTTP/2.0" 200 445 "-" "Mozilla/5.0 (Android 10; OPPO; OPPO; PCAM10) feiyu/5.1.6"
223.104.175.1 - - [10/Jan/2023:12:02:44 +0800] "GET /v2/users/82553533-7bf6-40e5-af3f-c4d3dd27db03/settings HTTP/2.0" 200 313 "-" "Mozilla/5.0 (Android 10; OPPO; OPPO; PCAM10) feiyu/5.1.6"
60.255.166.62 - - [10/Jan/2023:12:02:45 +0800] "GET /v2/posts/followeesV4?background_width=1170&image_width=1170&type=0 HTTP/2.0" 200 87253 "-" "Mozilla/5.0 (iOS 16.2; Apple; Apple; iPhone14,5) feiyu/5.2.14"
60.255.166.62 - - [10/Jan/2023:12:02:45 +0800] "GET /v2/explore/searchHint HTTP/2.0" 200 23 "-" "Mozilla/5.0 (iOS 16.2; Apple; Apple; iPhone14,5) feiyu/5.2.14"
60.255.166.62 - - [10/Jan/2023:12:02:45 +0800] "GET /v2/explore/banner?scene=2 HTTP/2.0" 200 441 "-" "Mozilla/5.0 (iOS 16.2; Apple; Apple; iPhone14,5) feiyu/5.2.14"
60.255.166.62 - - [10/Jan/2023:12:02:45 +0800] "GET /v2/explore/banner?scene=1 HTTP/2.0" 200 2308 "-" "Mozilla/5.0 (iOS 16.2; Apple; Apple; iPhone14,5) feiyu/5.2.14"
60.255.166.62 - - [10/Jan/2023:12:02:45 +0800] "GET /v2/ads?scene=0 HTTP/2.0" 200 2 "-" "Mozilla/5.0 (iOS 16.2; Apple; Apple; iPhone14,5) feiyu/5.2.14"
60.255.166.62 - - [10/Jan/2023:12:02:45 +0800] "GET /v2/posts/recommended/sticky?background_width=1170&image_width=1170 HTTP/2.0" 200 3848 "-" "Mozilla/5.0 (iOS 16.2; Apple; Apple; iPhone14,5) feiyu/5.2.14"
60.255.166.62 - - [10/Jan/2023:12:02:45 +0800] "GET /v2/content-series/explore HTTP/2.0" 200 68492 "-" "Mozilla/5.0 (iOS 16.2; Apple; Apple; iPhone14,5) feiyu/5.2.14"
60.255.166.62 - - [10/Jan/2023:12:02:45 +0800] "GET /v2/posts/recommended?background_width=1170&image_width=1170&size=20 HTTP/2.0" 200 60423 "-" "Mozilla/5.0 (iOS 16.2; Apple; Apple; iPhone14,5) feiyu/5.2.14"
60.255.166.62 - - [10/Jan/2023:12:02:47 +0800] "GET /v2/campaigns/newest HTTP/2.0" 200 443 "-" "Mozilla/5.0 (iOS 16.2; Apple; Apple; iPhone14,5) feiyu/5.2.14"
60.255.166.62 - - [10/Jan/2023:12:02:47 +0800] "GET /v2/messages/unreadCount?timestamp=1970-01-01%2000%3A00%3A01 HTTP/2.0" 200 26 "-" "Mozilla/5.0 (iOS 16.2; Apple; Apple; iPhone14,5) feiyu/5.2.14"
60.255.166.62 - - [10/Jan/2023:12:02:47 +0800] "GET /v2/app/upgrade?platform=iOS&version_code=98 HTTP/2.0" 200 4 "-" "Mozilla/5.0 (iOS 16.2; Apple; Apple; iPhone14,5) feiyu/5.2.14"
60.255.166.62 - - [10/Jan/2023:12:02:47 +0800] "GET /v2/app/randomHomeBackgroundImageV2 HTTP/2.0" 200 291 "-" "Mozilla/5.0 (iOS 16.2; Apple; Apple; iPhone14,5) feiyu/5.2.14"
60.255.166.62 - - [10/Jan/2023:12:02:51 +0800] "GET /v2/gallery/randomImagesV2?content=%E7%B3%BB%E9%9E%8B%E5%B8%A6&size=50&width=390 HTTP/2.0" 200 23894 "-" "Mozilla/5.0 (iOS 16.2; Apple; Apple; iPhone14,5) feiyu/5.2.14"
112.32.59.9 - - [10/Jan/2023:12:02:51 +0800] "GET /v2/gallery/images/eccc1ad8-2242-406f-a527-eb634dbefb87?width=1080 HTTP/2.0" 200 456 "-" "Mozilla/5.0 (Android 10; HUAWEI; HUAWEI; LYA-AL00) feiyu/5.2.14"
120.235.47.58 - - [10/Jan/2023:12:02:52 +0800] "GET /v2/app/upgrade?platform=iOS&version_code=98 HTTP/2.0" 200 4 "-" "Mozilla/5.0 (iOS 15.6; Apple; Apple; iPhone10,2) feiyu/5.2.14"
120.235.47.58 - - [10/Jan/2023:12:02:52 +0800] "GET /v2/lab-projects HTTP/2.0" 200 24919 "-" "Mozilla/5.0 (iOS 15.6; Apple; Apple; iPhone10,2) feiyu/5.2.14"
112.32.59.9 - - [10/Jan/2023:12:02:53 +0800] "POST /v2/app/upload HTTP/2.0" 200 349 "-" "Mozilla/5.0 (Android 10; HUAWEI; HUAWEI; LYA-AL00) feiyu/5.2.14"
182.117.56.68 - - [10/Jan/2023:12:02:54 +0800] "GET /v2/messages/unreadCount?timestamp=1970-01-01%2000%3A00%3A00 HTTP/2.0" 200 26 "-" "Mozilla/5.0 (Android 11; OPPO; OPPO; PCGM00) feiyu/5.2.13"
182.117.56.68 - - [10/Jan/2023:12:02:54 +0800] "GET /v2/campaigns/newest HTTP/2.0" 200 445 "-" "Mozilla/5.0 (Android 11; OPPO; OPPO; PCGM00) feiyu/5.2.13"
182.117.56.68 - - [10/Jan/2023:12:02:54 +0800] "GET /v2/users/0d469cfb-6344-4e42-8fcc-b5712beade24/settings HTTP/2.0" 200 313 "-" "Mozilla/5.0 (Android 11; OPPO; OPPO; PCGM00) feiyu/5.2.13"
112.32.59.9 - - [10/Jan/2023:12:02:54 +0800] "POST /v2/posts/uploadCompleteV2 HTTP/2.0" 200 1142 "-" "Mozilla/5.0 (Android 10; HUAWEI; HUAWEI; LYA-AL00) feiyu/5.2.14"
112.32.59.9 - - [10/Jan/2023:12:02:56 +0800] "GET /v2/messages/unreadCount?timestamp=1970-01-01%2000%3A00%3A00 HTTP/2.0" 200 26 "-" "Mozilla/5.0 (Android 10; HUAWEI; HUAWEI; LYA-AL00) feiyu/5.2.14"
112.32.59.9 - - [10/Jan/2023:12:02:56 +0800] "GET /v2/users/196f353e-94bd-46be-a1e1-6b3b90100540/settings HTTP/2.0" 200 313 "-" "Mozilla/5.0 (Android 10; HUAWEI; HUAWEI; LYA-AL00) feiyu/5.2.14"
112.32.59.9 - - [10/Jan/2023:12:02:56 +0800] "GET /v2/explore/searchHint HTTP/2.0" 200 23 "-" "Mozilla/5.0 (Android 10; HUAWEI; HUAWEI; LYA-AL00) feiyu/5.2.14"
112.32.59.9 - - [10/Jan/2023:12:02:56 +0800] "GET /v2/campaigns/newest HTTP/2.0" 200 443 "-" "Mozilla/5.0 (Android 10; HUAWEI; HUAWEI; LYA-AL00) feiyu/5.2.14"
223.104.175.1 - - [10/Jan/2023:12:02:56 +0800] "GET /v2/campaigns/newest HTTP/2.0" 200 443 "-" "Mozilla/5.0 (Android 10; OPPO; OPPO; PCAM10) feiyu/5.1.6"
223.104.175.1 - - [10/Jan/2023:12:02:56 +0800] "GET /v2/users/82553533-7bf6-40e5-af3f-c4d3dd27db03/settings HTTP/2.0" 200 313 "-" "Mozilla/5.0 (Android 10; OPPO; OPPO; PCAM10) feiyu/5.1.6"
112.32.59.9 - - [10/Jan/2023:12:03:01 +0800] "GET /v2/app/tiamat-info HTTP/2.0" 200 16 "-" "Mozilla/5.0 (Android 10; HUAWEI; HUAWEI; LYA-AL00) feiyu/5.2.14"
112.32.59.9 - - [10/Jan/2023:12:03:01 +0800] "GET /v2/app/ab-test-status HTTP/2.0" 200 16 "-" "Mozilla/5.0 (Android 10; HUAWEI; HUAWEI; LYA-AL00) feiyu/5.2.14"
112.32.59.9 - - [10/Jan/2023:12:03:01 +0800] "GET /v2/app/upgrade?version_code=65&platform=Android HTTP/2.0" 200 4 "-" "Mozilla/5.0 (Android 10; HUAWEI; HUAWEI; LYA-AL00) feiyu/5.2.14"
112.32.59.9 - - [10/Jan/2023:12:03:02 +0800] "GET /v2/messages/unreadCount?timestamp=1970-01-01%2000%3A00%3A00 HTTP/2.0" 200 26 "-" "Mozilla/5.0 (Android 10; HUAWEI; HUAWEI; LYA-AL00) feiyu/5.2.14"
112.32.59.9 - - [10/Jan/2023:12:03:02 +0800] "GET /v2/users/196f353e-94bd-46be-a1e1-6b3b90100540/settings HTTP/2.0" 200 313 "-" "Mozilla/5.0 (Android 10; HUAWEI; HUAWEI; LYA-AL00) feiyu/5.2.14"
112.32.59.9 - - [10/Jan/2023:12:03:02 +0800] "GET /v2/explore/searchHint HTTP/2.0" 200 23 "-" "Mozilla/5.0 (Android 10; HUAWEI; HUAWEI; LYA-AL00) feiyu/5.2.14"
112.32.59.9 - - [10/Jan/2023:12:03:02 +0800] "GET /v2/campaigns/newest HTTP/2.0" 200 447 "-" "Mozilla/5.0 (Android 10; HUAWEI; HUAWEI; LYA-AL00) feiyu/5.2.14"
223.104.175.1 - - [10/Jan/2023:12:03:19 +0800] "GET /v2/campaigns/newest HTTP/2.0" 200 447 "-" "Mozilla/5.0 (Android 10; OPPO; OPPO; PCAM10) feiyu/5.1.6"
223.104.175.1 - - [10/Jan/2023:12:03:19 +0800] "GET /v2/users/82553533-7bf6-40e5-af3f-c4d3dd27db03/settings HTTP/2.0" 200 313 "-" "Mozilla/5.0 (Android 10; OPPO; OPPO; PCAM10) feiyu/5.1.6"
112.32.59.9 - - [10/Jan/2023:12:03:22 +0800] "GET /v2/gallery/randomImagesV2?size=50&width=540&category_safe_id=d1569b14-497d-474c-8c41-732c10584cb4&content=%E6%AF%8F%E5%A4%A9%E9%83%BD%E6%83%B3%E6%8A%8A%E4%BA%8B%E6%83%85%E7%95%99%E5%88%B0%E7%AC%AC%E4%BA%8C%E5%A4%A9%E5%86%8D%E5%81%9A HTTP/2.0" 200 23341 "-" "Mozilla/5.0 (Android 10; HUAWEI; HUAWEI; LYA-AL00) feiyu/5.2.14"
171.10.64.165 - - [10/Jan/2023:12:03:23 +0800] "GET /v2/explore/searchHint HTTP/2.0" 200 23 "-" "Mozilla/5.0 (Android 12; Xiaomi; Xiaomi; Mi 10 Pro) feiyu/5.2.12"
171.10.64.165 - - [10/Jan/2023:12:03:23 +0800] "GET /v2/messages/unreadCount?timestamp=2023-01-05%2017%3A02%3A13 HTTP/2.0" 200 26 "-" "Mozilla/5.0 (Android 12; Xiaomi; Xiaomi; Mi 10 Pro) feiyu/5.2.12"
171.10.64.165 - - [10/Jan/2023:12:03:23 +0800] "GET /v2/clock-ins/stats HTTP/2.0" 200 385 "-" "Mozilla/5.0 (Android 12; Xiaomi; Xiaomi; Mi 10 Pro) feiyu/5.2.12"
171.10.64.165 - - [10/Jan/2023:12:03:23 +0800] "GET /v2/users/43bb2776-a82f-497f-b2d5-e6c14b211aeb/settings HTTP/2.0" 200 317 "-" "Mozilla/5.0 (Android 12; Xiaomi; Xiaomi; Mi 10 Pro) feiyu/5.2.12"
171.10.64.165 - - [10/Jan/2023:12:03:23 +0800] "GET /v2/campaigns/newest HTTP/2.0" 200 443 "-" "Mozilla/5.0 (Android 12; Xiaomi; Xiaomi; Mi 10 Pro) feiyu/5.2.12"
171.10.64.165 - - [10/Jan/2023:12:03:23 +0800] "GET /v2/users/43bb2776-a82f-497f-b2d5-e6c14b211aeb HTTP/2.0" 200 552 "-" "Mozilla/5.0 (Android 12; Xiaomi; Xiaomi; Mi 10 Pro) feiyu/5.2.12"
171.10.64.165 - - [10/Jan/2023:12:03:23 +0800] "GET /v2/near/canvas-war/accounts/43bb2776-a82f-497f-b2d5-e6c14b211aeb HTTP/2.0" 200 626 "-" "Mozilla/5.0 (Android 12; Xiaomi; Xiaomi; Mi 10 Pro) feiyu/5.2.12"
223.104.175.1 - - [10/Jan/2023:12:03:27 +0800] "GET /v2/campaigns/newest HTTP/2.0" 200 447 "-" "Mozilla/5.0 (Android 10; OPPO; OPPO; PCAM10) feiyu/5.1.6"
223.104.175.1 - - [10/Jan/2023:12:03:27 +0800] "GET /v2/users/82553533-7bf6-40e5-af3f-c4d3dd27db03/settings HTTP/2.0" 200 313 "-" "Mozilla/5.0 (Android 10; OPPO; OPPO; PCAM10) feiyu/5.1.6"
101.67.107.194 - - [10/Jan/2023:12:03:22 +0800] "POST /v2/near/canvas-war/canvas/draw HTTP/2.0" 200 - "-" "Mozilla/5.0 (Android 11; vivo; vivo; V2054A) feiyu/5.2.14"
124.237.184.248 - - [10/Jan/2023:12:03:35 +0800] "GET /v2/lab-projects HTTP/2.0" 200 24919 "-" "Mozilla/5.0 (iOS 15.7.1; Apple; Apple; iPhone9,2) feiyu/5.2.14"
124.237.184.248 - - [10/Jan/2023:12:03:35 +0800] "GET /v2/messages/unreadCount?timestamp=1970-01-01%2000%3A00%3A01 HTTP/2.0" 200 26 "-" "Mozilla/5.0 (iOS 15.7.1; Apple; Apple; iPhone9,2) feiyu/5.2.14"
124.237.184.248 - - [10/Jan/2023:12:03:37 +0800] "GET /v2/posts/followeesV4?background_width=1242&image_width=1242&type=0 HTTP/2.0" 200 87335 "-" "Mozilla/5.0 (iOS 15.7.1; Apple; Apple; iPhone9,2) feiyu/5.2.14"
124.237.184.248 - - [10/Jan/2023:12:03:37 +0800] "GET /v2/explore/searchHint HTTP/2.0" 200 23 "-" "Mozilla/5.0 (iOS 15.7.1; Apple; Apple; iPhone9,2) feiyu/5.2.14"
124.237.184.248 - - [10/Jan/2023:12:03:37 +0800] "GET /v2/explore/banner?scene=2 HTTP/2.0" 200 443 "-" "Mozilla/5.0 (iOS 15.7.1; Apple; Apple; iPhone9,2) feiyu/5.2.14"
124.237.184.248 - - [10/Jan/2023:12:03:37 +0800] "GET /v2/ads?scene=0 HTTP/2.0" 200 2 "-" "Mozilla/5.0 (iOS 15.7.1; Apple; Apple; iPhone9,2) feiyu/5.2.14"
124.237.184.248 - - [10/Jan/2023:12:03:37 +0800] "GET /v2/explore/banner?scene=1 HTTP/2.0" 200 2308 "-" "Mozilla/5.0 (iOS 15.7.1; Apple; Apple; iPhone9,2) feiyu/5.2.14"
124.237.184.248 - - [10/Jan/2023:12:03:37 +0800] "GET /v2/posts/recommended/sticky?background_width=1242&image_width=1242 HTTP/2.0" 200 3854 "-" "Mozilla/5.0 (iOS 15.7.1; Apple; Apple; iPhone9,2) feiyu/5.2.14"
124.237.184.248 - - [10/Jan/2023:12:03:37 +0800] "GET /v2/content-series/explore HTTP/2.0" 200 68438 "-" "Mozilla/5.0 (iOS 15.7.1; Apple; Apple; iPhone9,2) feiyu/5.2.14"
124.237.184.248 - - [10/Jan/2023:12:03:37 +0800] "GET /v2/posts/recommended?background_width=1242&image_width=1242&size=20 HTTP/2.0" 200 60401 "-" "Mozilla/5.0 (iOS 15.7.1; Apple; Apple; iPhone9,2) feiyu/5.2.14"
124.237.184.248 - - [10/Jan/2023:12:03:39 +0800] "GET /v2/gallery/categoriesV4 HTTP/2.0" 200 13186 "-" "Mozilla/5.0 (iOS 15.7.1; Apple; Apple; iPhone9,2) feiyu/5.2.14"
124.237.184.248 - - [10/Jan/2023:12:03:39 +0800] "GET /v2/messages/unreadCount?timestamp=1970-01-01%2000%3A00%3A01 HTTP/2.0" 200 26 "-" "Mozilla/5.0 (iOS 15.7.1; Apple; Apple; iPhone9,2) feiyu/5.2.14"
124.237.184.248 - - [10/Jan/2023:12:03:39 +0800] "GET /v2/gallery/categories/1e3bd6cc-e816-4cec-a975-7d2c39b1a292/imagesV3?page=1&size=30&width=276 HTTP/2.0" 200 2 "-" "Mozilla/5.0 (iOS 15.7.1; Apple; Apple; iPhone9,2) feiyu/5.2.14"
124.237.184.248 - - [10/Jan/2023:12:03:42 +0800] "GET /v2/app/upgrade?platform=iOS&version_code=98 HTTP/2.0" 200 4 "-" "Mozilla/5.0 (iOS 15.7.1; Apple; Apple; iPhone9,2) feiyu/5.2.14"
124.237.184.248 - - [10/Jan/2023:12:03:42 +0800] "GET /v2/campaigns/newest HTTP/2.0" 200 443 "-" "Mozilla/5.0 (iOS 15.7.1; Apple; Apple; iPhone9,2) feiyu/5.2.14"
124.237.184.248 - - [10/Jan/2023:12:03:42 +0800] "GET /v2/messages/unreadCount?timestamp=1970-01-01%2000%3A00%3A01 HTTP/2.0" 200 26 "-" "Mozilla/5.0 (iOS 15.7.1; Apple; Apple; iPhone9,2) feiyu/5.2.14"
124.237.184.248 - - [10/Jan/2023:12:03:42 +0800] "GET /v2/app/randomHomeBackgroundImageV2 HTTP/2.0" 200 287 "-" "Mozilla/5.0 (iOS 15.7.1; Apple; Apple; iPhone9,2) feiyu/5.2.14"
112.32.59.9 - - [10/Jan/2023:12:03:43 +0800] "GET /v2/messages/unreadCount?timestamp=1970-01-01%2000%3A00%3A00 HTTP/2.0" 200 26 "-" "Mozilla/5.0 (Android 10; HUAWEI; HUAWEI; LYA-AL00) feiyu/5.2.14"
112.32.59.9 - - [10/Jan/2023:12:03:43 +0800] "GET /v2/explore/searchHint HTTP/2.0" 200 23 "-" "Mozilla/5.0 (Android 10; HUAWEI; HUAWEI; LYA-AL00) feiyu/5.2.14"
112.32.59.9 - - [10/Jan/2023:12:03:43 +0800] "GET /v2/campaigns/newest HTTP/2.0" 200 443 "-" "Mozilla/5.0 (Android 10; HUAWEI; HUAWEI; LYA-AL00) feiyu/5.2.14"
112.32.59.9 - - [10/Jan/2023:12:03:43 +0800] "GET /v2/users/196f353e-94bd-46be-a1e1-6b3b90100540/settings HTTP/2.0" 200 313 "-" "Mozilla/5.0 (Android 10; HUAWEI; HUAWEI; LYA-AL00) feiyu/5.2.14"
182.117.56.68 - - [10/Jan/2023:12:03:44 +0800] "GET /v2/campaigns/newest HTTP/2.0" 200 443 "-" "Mozilla/5.0 (Android 11; OPPO; OPPO; PCGM00) feiyu/5.2.13"
182.117.56.68 - - [10/Jan/2023:12:03:44 +0800] "GET /v2/messages/unreadCount?timestamp=1970-01-01%2000%3A00%3A00 HTTP/2.0" 200 26 "-" "Mozilla/5.0 (Android 11; OPPO; OPPO; PCGM00) feiyu/5.2.13"
182.117.56.68 - - [10/Jan/2023:12:03:44 +0800] "GET /v2/users/0d469cfb-6344-4e42-8fcc-b5712beade24/settings HTTP/2.0" 200 313 "-" "Mozilla/5.0 (Android 11; OPPO; OPPO; PCGM00) feiyu/5.2.13"
117.36.147.102 - - [10/Jan/2023:12:03:47 +0800] "GET /v2/messages/unreadCount?timestamp=1970-01-01%2000%3A00%3A00 HTTP/2.0" 200 26 "-" "Mozilla/5.0 (Android 8.1.0; HUAWEI; HUAWEI; DUB-AL00) feiyu/5.2.14"
117.36.147.102 - - [10/Jan/2023:12:03:47 +0800] "GET /v2/campaigns/newest HTTP/2.0" 200 443 "-" "Mozilla/5.0 (Android 8.1.0; HUAWEI; HUAWEI; DUB-AL00) feiyu/5.2.14"
117.36.147.102 - - [10/Jan/2023:12:03:47 +0800] "GET /v2/users/ac0146be-fca3-48da-a0ba-1f64402df119/settings HTTP/2.0" 200 310 "-" "Mozilla/5.0 (Android 8.1.0; HUAWEI; HUAWEI; DUB-AL00) feiyu/5.2.14"
117.36.147.102 - - [10/Jan/2023:12:03:47 +0800] "GET /v2/explore/searchHint HTTP/2.0" 200 23 "-" "Mozilla/5.0 (Android 8.1.0; HUAWEI; HUAWEI; DUB-AL00) feiyu/5.2.14"
117.36.147.102 - - [10/Jan/2023:12:03:47 +0800] "GET /v2/users/ac0146be-fca3-48da-a0ba-1f64402df119 HTTP/2.0" 200 425 "-" "Mozilla/5.0 (Android 8.1.0; HUAWEI; HUAWEI; DUB-AL00) feiyu/5.2.14"
117.36.147.102 - - [10/Jan/2023:12:03:47 +0800] "GET /v2/clock-ins/stats HTTP/2.0" 200 385 "-" "Mozilla/5.0 (Android 8.1.0; HUAWEI; HUAWEI; DUB-AL00) feiyu/5.2.14"
117.36.147.102 - - [10/Jan/2023:12:03:47 +0800] "GET /v2/near/canvas-war/accounts/ac0146be-fca3-48da-a0ba-1f64402df119 HTTP/2.0" 200 546 "-" "Mozilla/5.0 (Android 8.1.0; HUAWEI; HUAWEI; DUB-AL00) feiyu/5.2.14"
124.237.184.248 - - [10/Jan/2023:12:03:47 +0800] "GET /v2/gallery/randomImagesV2?category_safe_id=d1569b14-497d-474c-8c41-732c10584cb4&content=&size=50&width=414 HTTP/2.0" 200 23598 "-" "Mozilla/5.0 (iOS 15.7.1; Apple; Apple; iPhone9,2) feiyu/5.2.14"
124.237.184.248 - - [10/Jan/2023:12:03:50 +0800] "GET /v2/app/randomHomeBackgroundImageV2 HTTP/2.0" 200 292 "-" "Mozilla/5.0 (iOS 15.7.1; Apple; Apple; iPhone9,2) feiyu/5.2.14"
124.237.184.248 - - [10/Jan/2023:12:03:50 +0800] "GET /v2/messages/unreadCount?timestamp=1970-01-01%2000%3A00%3A01 HTTP/2.0" 200 26 "-" "Mozilla/5.0 (iOS 15.7.1; Apple; Apple; iPhone9,2) feiyu/5.2.14"
182.117.56.68 - - [10/Jan/2023:12:03:51 +0800] "GET /v2/near/canvas-war/comments HTTP/2.0" 200 591 "-" "Mozilla/5.0 (Android 11; OPPO; OPPO; PCGM00) feiyu/5.2.13"
182.117.56.68 - - [10/Jan/2023:12:03:51 +0800] "GET /v2/near/canvas-war/comments HTTP/2.0" 200 591 "-" "Mozilla/5.0 (Android 11; OPPO; OPPO; PCGM00) feiyu/5.2.13"
182.117.56.68 - - [10/Jan/2023:12:03:51 +0800] "GET /v2/near/canvas-war/accounts/0d469cfb-6344-4e42-8fcc-b5712beade24 HTTP/2.0" 200 533 "-" "Mozilla/5.0 (Android 11; OPPO; OPPO; PCGM00) feiyu/5.2.13"
182.117.56.68 - - [10/Jan/2023:12:03:51 +0800] "GET /v2/near/canvas-war/canvas HTTP/2.0" 200 18045 "-" "Mozilla/5.0 (Android 11; OPPO; OPPO; PCGM00) feiyu/5.2.13"
182.117.56.68 - - [10/Jan/2023:12:03:51 +0800] "GET /v2/near/canvas-war/canvas/leaderboard HTTP/2.0" 200 10525 "-" "Mozilla/5.0 (Android 11; OPPO; OPPO; PCGM00) feiyu/5.2.13"
124.64.122.191 - - [10/Jan/2023:12:03:53 +0800] "OPTIONS /v2/crm/posts/4bde16d6-e9ef-469e-80b2-d609ed1b0dfa/edit HTTP/2.0" 200 - "https://crm.fygtapp.com/" "Mozilla/5.0 (Macintosh; Intel Mac OS X 10_15_7) AppleWebKit/537.36 (KHTML, like Gecko) Chrome/108.0.0.0 Safari/537.36"
124.64.122.191 - - [10/Jan/2023:12:03:53 +0800] "PUT /v2/crm/posts/4bde16d6-e9ef-469e-80b2-d609ed1b0dfa/edit HTTP/2.0" 200 1596 "https://crm.fygtapp.com/" "Mozilla/5.0 (Macintosh; Intel Mac OS X 10_15_7) AppleWebKit/537.36 (KHTML, like Gecko) Chrome/108.0.0.0 Safari/537.36"
124.64.122.191 - - [10/Jan/2023:12:03:54 +0800] "OPTIONS /v2/crm/posts/bf5aeba8-788c-4d00-8219-9f2541148bb0/edit HTTP/2.0" 200 - "https://crm.fygtapp.com/" "Mozilla/5.0 (Macintosh; Intel Mac OS X 10_15_7) AppleWebKit/537.36 (KHTML, like Gecko) Chrome/108.0.0.0 Safari/537.36"
124.64.122.191 - - [10/Jan/2023:12:03:54 +0800] "PUT /v2/crm/posts/bf5aeba8-788c-4d00-8219-9f2541148bb0/edit HTTP/2.0" 200 1631 "https://crm.fygtapp.com/" "Mozilla/5.0 (Macintosh; Intel Mac OS X 10_15_7) AppleWebKit/537.36 (KHTML, like Gecko) Chrome/108.0.0.0 Safari/537.36"
124.237.184.248 - - [10/Jan/2023:12:03:54 +0800] "GET /v2/gallery/randomImagesV2?content=%F0%9F%A4%94&size=50&width=414 HTTP/2.0" 200 23629 "-" "Mozilla/5.0 (iOS 15.7.1; Apple; Apple; iPhone9,2) feiyu/5.2.14"
182.117.56.68 - - [10/Jan/2023:12:03:52 +0800] "POST /v2/near/canvas-war/accounts/0d469cfb-6344-4e42-8fcc-b5712beade24/clock-in HTTP/2.0" 200 166 "-" "Mozilla/5.0 (Android 11; OPPO; OPPO; PCGM00) feiyu/5.2.13"
220.172.67.1 - - [10/Jan/2023:12:04:00 +0800] "GET /v2/explore/searchHint HTTP/2.0" 200 23 "-" "Mozilla/5.0 (iOS 16.1.2; Apple; Apple; iPhone13,2) feiyu/5.2.14"
220.172.67.1 - - [10/Jan/2023:12:04:00 +0800] "GET /v2/explore/banner?scene=2 HTTP/2.0" 200 439 "-" "Mozilla/5.0 (iOS 16.1.2; Apple; Apple; iPhone13,2) feiyu/5.2.14"
220.172.67.1 - - [10/Jan/2023:12:04:00 +0800] "GET /v2/lab-projects HTTP/2.0" 200 24913 "-" "Mozilla/5.0 (iOS 16.1.2; Apple; Apple; iPhone13,2) feiyu/5.2.14"
220.172.67.1 - - [10/Jan/2023:12:04:00 +0800] "GET /v2/explore/banner?scene=1 HTTP/2.0" 200 2308 "-" "Mozilla/5.0 (iOS 16.1.2; Apple; Apple; iPhone13,2) feiyu/5.2.14"
220.172.67.1 - - [10/Jan/2023:12:04:00 +0800] "GET /v2/users/61d2cf68-2ba4-4b6d-b050-127ab3b74ff4/likedPostsV2?background_width=1170&image_width=1170&size=20 HTTP/2.0" 200 2 "-" "Mozilla/5.0 (iOS 16.1.2; Apple; Apple; iPhone13,2) feiyu/5.2.14"
220.172.67.1 - - [10/Jan/2023:12:04:00 +0800] "GET /v2/near/canvas-war/page-settings HTTP/2.0" 200 416 "-" "Mozilla/5.0 (iOS 16.1.2; Apple; Apple; iPhone13,2) feiyu/5.2.14"
220.172.67.1 - - [10/Jan/2023:12:04:00 +0800] "GET /v2/users/61d2cf68-2ba4-4b6d-b050-127ab3b74ff4/favoritedPosts?background_width=1170&image_width=1170&size=20 HTTP/2.0" 200 2 "-" "Mozilla/5.0 (iOS 16.1.2; Apple; Apple; iPhone13,2) feiyu/5.2.14"
220.172.67.1 - - [10/Jan/2023:12:04:00 +0800] "GET /v2/near/canvas-war/page-settings HTTP/2.0" 200 416 "-" "Mozilla/5.0 (iOS 16.1.2; Apple; Apple; iPhone13,2) feiyu/5.2.14"
220.172.67.1 - - [10/Jan/2023:12:04:00 +0800] "GET /v2/messages/list-v2 HTTP/2.0" 200 2 "-" "Mozilla/5.0 (iOS 16.1.2; Apple; Apple; iPhone13,2) feiyu/5.2.14"
220.172.67.1 - - [10/Jan/2023:12:04:00 +0800] "GET /v2/lab-projects HTTP/2.0" 200 24913 "-" "Mozilla/5.0 (iOS 16.1.2; Apple; Apple; iPhone13,2) feiyu/5.2.14"
220.172.67.1 - - [10/Jan/2023:12:04:00 +0800] "GET /v2/near/canvas-war/page-settings HTTP/2.0" 200 416 "-" "Mozilla/5.0 (iOS 16.1.2; Apple; Apple; iPhone13,2) feiyu/5.2.14"
220.172.67.1 - - [10/Jan/2023:12:04:00 +0800] "GET /v2/messages/unreadCount?timestamp=2023-01-03%2012%3A25%3A13 HTTP/2.0" 200 26 "-" "Mozilla/5.0 (iOS 16.1.2; Apple; Apple; iPhone13,2) feiyu/5.2.14"
220.172.67.1 - - [10/Jan/2023:12:04:00 +0800] "GET /v2/users/61d2cf68-2ba4-4b6d-b050-127ab3b74ff4/createdPostsV2?background_width=1170&image_width=1170&size=20 HTTP/2.0" 200 13576 "-" "Mozilla/5.0 (iOS 16.1.2; Apple; Apple; iPhone13,2) feiyu/5.2.14"
220.172.67.1 - - [10/Jan/2023:12:04:00 +0800] "GET /v2/users/61d2cf68-2ba4-4b6d-b050-127ab3b74ff4 HTTP/2.0" 200 356 "-" "Mozilla/5.0 (iOS 16.1.2; Apple; Apple; iPhone13,2) feiyu/5.2.14"
220.172.67.1 - - [10/Jan/2023:12:04:00 +0800] "GET /v2/gallery/categoriesV4 HTTP/2.0" 200 13178 "-" "Mozilla/5.0 (iOS 16.1.2; Apple; Apple; iPhone13,2) feiyu/5.2.14"
220.172.67.1 - - [10/Jan/2023:12:04:00 +0800] "GET /v2/messages/unreadCount?timestamp=2023-01-03%2012%3A25%3A13 HTTP/2.0" 200 26 "-" "Mozilla/5.0 (iOS 16.1.2; Apple; Apple; iPhone13,2) feiyu/5.2.14"
220.172.67.1 - - [10/Jan/2023:12:04:00 +0800] "GET /v2/lab-projects/active-users-count HTTP/2.0" 200 14 "-" "Mozilla/5.0 (iOS 16.1.2; Apple; Apple; iPhone13,2) feiyu/5.2.14"
220.172.67.1 - - [10/Jan/2023:12:04:00 +0800] "GET /v2/clock-ins/stats HTTP/2.0" 200 385 "-" "Mozilla/5.0 (iOS 16.1.2; Apple; Apple; iPhone13,2) feiyu/5.2.14"
220.172.67.1 - - [10/Jan/2023:12:04:00 +0800] "GET /v2/ads?scene=1 HTTP/2.0" 200 2 "-" "Mozilla/5.0 (iOS 16.1.2; Apple; Apple; iPhone13,2) feiyu/5.2.14"
220.172.67.1 - - [10/Jan/2023:12:04:00 +0800] "GET /v2/explore/banner?scene=1 HTTP/2.0" 200 2308 "-" "Mozilla/5.0 (iOS 16.1.2; Apple; Apple; iPhone13,2) feiyu/5.2.14"
220.172.67.1 - - [10/Jan/2023:12:04:00 +0800] "GET /v2/content-series/explore HTTP/2.0" 200 68474 "-" "Mozilla/5.0 (iOS 16.1.2; Apple; Apple; iPhone13,2) feiyu/5.2.14"
220.172.67.1 - - [10/Jan/2023:12:04:00 +0800] "GET /v2/ads?scene=1 HTTP/2.0" 200 2 "-" "Mozilla/5.0 (iOS 16.1.2; Apple; Apple; iPhone13,2) feiyu/5.2.14"
220.172.67.1 - - [10/Jan/2023:12:04:00 +0800] "GET /v2/posts/followeesV4?background_width=1170&image_width=1170&type=0 HTTP/2.0" 200 87319 "-" "Mozilla/5.0 (iOS 16.1.2; Apple; Apple; iPhone13,2) feiyu/5.2.14"
220.172.67.1 - - [10/Jan/2023:12:04:00 +0800] "GET /v2/posts/featured/sticky-v2?background_width=1170&image_width=1170 HTTP/2.0" 200 4262 "-" "Mozilla/5.0 (iOS 16.1.2; Apple; Apple; iPhone13,2) feiyu/5.2.14"
220.172.67.1 - - [10/Jan/2023:12:04:00 +0800] "GET /v2/posts/featured/sticky-v2?background_width=1170&image_width=1170 HTTP/2.0" 200 4262 "-" "Mozilla/5.0 (iOS 16.1.2; Apple; Apple; iPhone13,2) feiyu/5.2.14"
220.172.67.1 - - [10/Jan/2023:12:04:00 +0800] "GET /v2/lab-projects/active-users-count HTTP/2.0" 200 14 "-" "Mozilla/5.0 (iOS 16.1.2; Apple; Apple; iPhone13,2) feiyu/5.2.14"
220.172.67.1 - - [10/Jan/2023:12:04:00 +0800] "GET /v2/gallery/categories/1e3bd6cc-e816-4cec-a975-7d2c39b1a292/imagesV3?page=1&size=30&width=260 HTTP/2.0" 200 4743 "-" "Mozilla/5.0 (iOS 16.1.2; Apple; Apple; iPhone13,2) feiyu/5.2.14"
220.172.67.1 - - [10/Jan/2023:12:04:00 +0800] "GET /v2/near/canvas-war/accounts/61d2cf68-2ba4-4b6d-b050-127ab3b74ff4 HTTP/2.0" 404 51 "-" "Mozilla/5.0 (iOS 16.1.2; Apple; Apple; iPhone13,2) feiyu/5.2.14"
182.117.56.68 - - [10/Jan/2023:12:04:00 +0800] "GET /v2/near/canvas-war/accounts/0d469cfb-6344-4e42-8fcc-b5712beade24 HTTP/2.0" 200 534 "-" "Mozilla/5.0 (Android 11; OPPO; OPPO; PCGM00) feiyu/5.2.13"
220.172.67.1 - - [10/Jan/2023:12:04:01 +0800] "GET /v2/explore/banner?scene=1 HTTP/2.0" 200 2310 "-" "Mozilla/5.0 (iOS 16.1.2; Apple; Apple; iPhone13,2) feiyu/5.2.14"
112.32.59.9 - - [10/Jan/2023:12:04:00 +0800] "GET /v2/gallery/randomImagesV2?size=50&width=540&category_safe_id=d1569b14-497d-474c-8c41-732c10584cb4&content=%E6%AF%8F%E5%A4%A9%E6%99%9A%E4%B8%8A%EF%BC%9A%E7%AC%AC%E4%BA%8C%E5%A4%A9%E5%86%8D%E5%81%9A%E5%90%A7 HTTP/2.0" 200 23362 "-" "Mozilla/5.0 (Android 10; HUAWEI; HUAWEI; LYA-AL00) feiyu/5.2.14"
220.172.67.1 - - [10/Jan/2023:12:04:01 +0800] "GET /v2/posts/featured-v4?background_width=1170&image_width=1170 HTTP/2.0" 200 64343 "-" "Mozilla/5.0 (iOS 16.1.2; Apple; Apple; iPhone13,2) feiyu/5.2.14"
220.207.92.2 - - [10/Jan/2023:12:04:05 +0800] "POST /v2/app/upload HTTP/2.0" 200 349 "-" "Mozilla/5.0 (iOS 16.1.1; Apple; Apple; iPhone14,3) feiyu/5.2.14"
220.207.92.2 - - [10/Jan/2023:12:04:05 +0800] "POST /v2/posts/uploadCompleteV2 HTTP/2.0" 200 1195 "-" "Mozilla/5.0 (iOS 16.1.1; Apple; Apple; iPhone14,3) feiyu/5.2.14"
101.67.107.194 - - [10/Jan/2023:12:03:54 +0800] "POST /v2/near/canvas-war/canvas/draw HTTP/2.0" 200 - "-" "Mozilla/5.0 (Android 11; vivo; vivo; V2054A) feiyu/5.2.14"
112.32.59.9 - - [10/Jan/2023:12:04:13 +0800] "GET /v2/gallery/images/40e78cd9-e653-4e97-84cf-134a0fd38556?width=1080 HTTP/2.0" 200 459 "-" "Mozilla/5.0 (Android 10; HUAWEI; HUAWEI; LYA-AL00) feiyu/5.2.14"
101.67.107.194 - - [10/Jan/2023:12:04:04 +0800] "POST /v2/near/canvas-war/canvas/draw HTTP/2.0" 200 - "-" "Mozilla/5.0 (Android 11; vivo; vivo; V2054A) feiyu/5.2.14"
223.104.175.1 - - [10/Jan/2023:12:04:15 +0800] "GET /v2/campaigns/newest HTTP/2.0" 200 445 "-" "Mozilla/5.0 (Android 10; OPPO; OPPO; PCAM10) feiyu/5.1.6"
223.104.175.1 - - [10/Jan/2023:12:04:15 +0800] "GET /v2/users/82553533-7bf6-40e5-af3f-c4d3dd27db03/settings HTTP/2.0" 200 313 "-" "Mozilla/5.0 (Android 10; OPPO; OPPO; PCAM10) feiyu/5.1.6"
112.32.59.9 - - [10/Jan/2023:12:04:15 +0800] "POST /v2/app/upload HTTP/2.0" 200 349 "-" "Mozilla/5.0 (Android 10; HUAWEI; HUAWEI; LYA-AL00) feiyu/5.2.14"
112.32.59.9 - - [10/Jan/2023:12:04:15 +0800] "POST /v2/posts/uploadCompleteV2 HTTP/2.0" 200 1148 "-" "Mozilla/5.0 (Android 10; HUAWEI; HUAWEI; LYA-AL00) feiyu/5.2.14"
112.32.59.9 - - [10/Jan/2023:12:04:18 +0800] "GET /v2/messages/unreadCount?timestamp=1970-01-01%2000%3A00%3A00 HTTP/2.0" 200 26 "-" "Mozilla/5.0 (Android 10; HUAWEI; HUAWEI; LYA-AL00) feiyu/5.2.14"
112.32.59.9 - - [10/Jan/2023:12:04:18 +0800] "GET /v2/campaigns/newest HTTP/2.0" 200 449 "-" "Mozilla/5.0 (Android 10; HUAWEI; HUAWEI; LYA-AL00) feiyu/5.2.14"
112.32.59.9 - - [10/Jan/2023:12:04:18 +0800] "GET /v2/explore/searchHint HTTP/2.0" 200 23 "-" "Mozilla/5.0 (Android 10; HUAWEI; HUAWEI; LYA-AL00) feiyu/5.2.14"
112.32.59.9 - - [10/Jan/2023:12:04:18 +0800] "GET /v2/users/196f353e-94bd-46be-a1e1-6b3b90100540/settings HTTP/2.0" 200 313 "-" "Mozilla/5.0 (Android 10; HUAWEI; HUAWEI; LYA-AL00) feiyu/5.2.14"
124.133.136.201 - - [10/Jan/2023:12:04:18 +0800] "GET /v2/app/ab-test-status HTTP/2.0" 200 16 "-" "Mozilla/5.0 (Android 9; samsung; samsung; SM-G9550) feiyu/5.2.14"
124.133.136.201 - - [10/Jan/2023:12:04:18 +0800] "GET /v2/campaigns/newest HTTP/2.0" 200 449 "-" "Mozilla/5.0 (Android 9; samsung; samsung; SM-G9550) feiyu/5.2.14"
124.133.136.201 - - [10/Jan/2023:12:04:18 +0800] "GET /v2/app/tiamat-info HTTP/2.0" 200 16 "-" "Mozilla/5.0 (Android 9; samsung; samsung; SM-G9550) feiyu/5.2.14"
124.133.136.201 - - [10/Jan/2023:12:04:18 +0800] "GET /v2/app/upgrade?version_code=65&platform=Android HTTP/2.0" 200 4 "-" "Mozilla/5.0 (Android 9; samsung; samsung; SM-G9550) feiyu/5.2.14"
124.133.136.201 - - [10/Jan/2023:12:04:18 +0800] "GET /v2/app/upgrade?version_code=65&platform=Android HTTP/2.0" 200 4 "-" "Mozilla/5.0 (Android 9; samsung; samsung; SM-G9550) feiyu/5.2.14"
124.133.136.201 - - [10/Jan/2023:12:04:18 +0800] "GET /v2/lab-projects HTTP/2.0" 200 24923 "-" "Mozilla/5.0 (Android 9; samsung; samsung; SM-G9550) feiyu/5.2.14"
124.133.136.201 - - [10/Jan/2023:12:04:18 +0800] "GET /v2/messages/unreadCount?timestamp=1970-01-01%2000%3A00%3A00 HTTP/2.0" 200 26 "-" "Mozilla/5.0 (Android 9; samsung; samsung; SM-G9550) feiyu/5.2.14"
124.133.136.201 - - [10/Jan/2023:12:04:18 +0800] "GET /v2/users/d7d88fd1-5340-49d3-83e1-85a8752ff7ec/settings HTTP/2.0" 200 313 "-" "Mozilla/5.0 (Android 9; samsung; samsung; SM-G9550) feiyu/5.2.14"
124.133.136.201 - - [10/Jan/2023:12:04:18 +0800] "GET /v2/content-series/explore HTTP/2.0" 200 68530 "-" "Mozilla/5.0 (Android 9; samsung; samsung; SM-G9550) feiyu/5.2.14"
124.133.136.201 - - [10/Jan/2023:12:04:18 +0800] "GET /v2/posts/followees-v5?type=0&size=20&image_width=1080&background_width=359 HTTP/2.0" 200 88235 "-" "Mozilla/5.0 (Android 9; samsung; samsung; SM-G9550) feiyu/5.2.14"
124.133.136.201 - - [10/Jan/2023:12:04:22 +0800] "GET /v2/explore/searchHint HTTP/2.0" 200 23 "-" "Mozilla/5.0 (Android 9; samsung; samsung; SM-G9550) feiyu/5.2.14"
124.133.136.201 - - [10/Jan/2023:12:04:22 +0800] "GET /v2/explore/banner?scene=2 HTTP/2.0" 200 441 "-" "Mozilla/5.0 (Android 9; samsung; samsung; SM-G9550) feiyu/5.2.14"
124.133.136.201 - - [10/Jan/2023:12:04:22 +0800] "GET /v2/posts/followees-v5?type=0&size=20&image_width=1080&background_width=359 HTTP/2.0" 200 88299 "-" "Mozilla/5.0 (Android 9; samsung; samsung; SM-G9550) feiyu/5.2.14"
39.144.98.4 - - [10/Jan/2023:12:04:22 +0800] "GET /v2/app/ab-test-status HTTP/2.0" 200 16 "-" "Mozilla/5.0 (Android 12; OPPO; OPPO; PERM00) feiyu/5.2.12"
39.144.98.4 - - [10/Jan/2023:12:04:22 +0800] "GET /v2/app/upgrade?version_code=63&platform=Android HTTP/2.0" 200 4 "-" "Mozilla/5.0 (Android 12; OPPO; OPPO; PERM00) feiyu/5.2.12"
39.144.98.4 - - [10/Jan/2023:12:04:24 +0800] "GET /v2/lab-projects HTTP/2.0" 200 24901 "-" "Mozilla/5.0 (Android 12; OPPO; OPPO; PERM00) feiyu/5.2.12"
39.144.98.4 - - [10/Jan/2023:12:04:24 +0800] "GET /v2/app/upgrade?version_code=63&platform=Android HTTP/2.0" 200 4 "-" "Mozilla/5.0 (Android 12; OPPO; OPPO; PERM00) feiyu/5.2.12"
39.144.98.4 - - [10/Jan/2023:12:04:24 +0800] "GET /v2/app/randomHomeBackgroundImageV2 HTTP/2.0" 200 293 "-" "Mozilla/5.0 (Android 12; OPPO; OPPO; PERM00) feiyu/5.2.12"
124.133.136.201 - - [10/Jan/2023:12:04:24 +0800] "GET /v2/explore/banner?scene=1 HTTP/2.0" 200 2320 "-" "Mozilla/5.0 (Android 9; samsung; samsung; SM-G9550) feiyu/5.2.14"
