113.248.164.118 - - [10/Jan/2023:11:50:23 +0800] "GET /v2/users/bdb1d210-3f5f-4472-9c4f-b0d69010e4b0/createdPostsV2?guest=false&size=20&image_width=1080&background_width=359 HTTP/2.0" 200 16252 "-" "Mozilla/5.0 (Android 12; Xiaomi; Redmi; M2012K11AC) feiyu/5.2.14"
113.248.164.118 - - [10/Jan/2023:11:50:23 +0800] "GET /v2/users/bdb1d210-3f5f-4472-9c4f-b0d69010e4b0/likedPostsV2?guest=false&size=20&image_width=1080&background_width=359 HTTP/2.0" 200 2 "-" "Mozilla/5.0 (Android 12; Xiaomi; Redmi; M2012K11AC) feiyu/5.2.14"
113.248.164.118 - - [10/Jan/2023:11:50:23 +0800] "GET /v2/users/bdb1d210-3f5f-4472-9c4f-b0d69010e4b0/favoritedPosts?size=20&image_width=1080&background_width=359 HTTP/2.0" 200 2 "-" "Mozilla/5.0 (Android 12; Xiaomi; Redmi; M2012K11AC) feiyu/5.2.14"
113.248.164.118 - - [10/Jan/2023:11:50:23 +0800] "GET /v2/near/canvas-war/accounts/bdb1d210-3f5f-4472-9c4f-b0d69010e4b0 HTTP/2.0" 200 526 "-" "Mozilla/5.0 (Android 12; Xiaomi; Redmi; M2012K11AC) feiyu/5.2.14"
125.73.84.230 - - [10/Jan/2023:11:50:26 +0800] "GET /v2/gallery/images/b32eff9f-5878-4a73-998e-be62b16ac6bb?width=1170 HTTP/2.0" 200 457 "-" "Mozilla/5.0 (iOS 16.1.2; Apple; Apple; iPhone14,2) feiyu/5.2.14"
122.96.32.45 - - [10/Jan/2023:11:50:30 +0800] "GET /v2/messages/unreadCount?timestamp=1970-01-01%2000%3A00%3A01 HTTP/2.0" 200 26 "-" "Mozilla/5.0 (iOS 16.1; Apple; Apple; iPhone13,2) feiyu/5.2.14"
113.248.164.118 - - [10/Jan/2023:11:50:32 +0800] "GET /v2/campaigns/newest HTTP/2.0" 200 443 "-" "Mozilla/5.0 (Android 12; Xiaomi; Redmi; M2012K11AC) feiyu/5.2.14"
113.248.164.118 - - [10/Jan/2023:11:50:32 +0800] "GET /v2/messages/unreadCount?timestamp=1970-01-01%2000%3A00%3A00 HTTP/2.0" 200 26 "-" "Mozilla/5.0 (Android 12; Xiaomi; Redmi; M2012K11AC) feiyu/5.2.14"
113.248.164.118 - - [10/Jan/2023:11:50:32 +0800] "GET /v2/users/bdb1d210-3f5f-4472-9c4f-b0d69010e4b0 HTTP/2.0" 200 423 "-" "Mozilla/5.0 (Android 12; Xiaomi; Redmi; M2012K11AC) feiyu/5.2.14"
113.248.164.118 - - [10/Jan/2023:11:50:32 +0800] "GET /v2/clock-ins/stats HTTP/2.0" 200 385 "-" "Mozilla/5.0 (Android 12; Xiaomi; Redmi; M2012K11AC) feiyu/5.2.14"
113.248.164.118 - - [10/Jan/2023:11:50:32 +0800] "GET /v2/users/bdb1d210-3f5f-4472-9c4f-b0d69010e4b0/settings HTTP/2.0" 200 313 "-" "Mozilla/5.0 (Android 12; Xiaomi; Redmi; M2012K11AC) feiyu/5.2.14"
113.248.164.118 - - [10/Jan/2023:11:50:32 +0800] "GET /v2/near/canvas-war/accounts/bdb1d210-3f5f-4472-9c4f-b0d69010e4b0 HTTP/2.0" 200 526 "-" "Mozilla/5.0 (Android 12; Xiaomi; Redmi; M2012K11AC) feiyu/5.2.14"
39.149.81.126 - - [10/Jan/2023:11:50:32 +0800] "GET /v2/app/tiamat-info HTTP/2.0" 200 16 "-" "Mozilla/5.0 (Android 10; HUAWEI; HONOR; CDY-AN90) feiyu/5.2.14"
39.149.81.126 - - [10/Jan/2023:11:50:32 +0800] "GET /v2/app/ab-test-status HTTP/2.0" 200 16 "-" "Mozilla/5.0 (Android 10; HUAWEI; HONOR; CDY-AN90) feiyu/5.2.14"
39.149.81.126 - - [10/Jan/2023:11:50:32 +0800] "GET /v2/app/upgrade?version_code=65&platform=Android HTTP/2.0" 200 4 "-" "Mozilla/5.0 (Android 10; HUAWEI; HONOR; CDY-AN90) feiyu/5.2.14"
111.25.209.227 - - [10/Jan/2023:11:50:32 +0800] "GET /v2/campaigns/newest HTTP/2.0" 200 443 "-" "Mozilla/5.0 (Android 12; HUAWEI; HUAWEI; ELS-AN00) feiyu/5.2.14"
111.25.209.227 - - [10/Jan/2023:11:50:32 +0800] "GET /v2/clock-ins/stats HTTP/2.0" 200 385 "-" "Mozilla/5.0 (Android 12; HUAWEI; HUAWEI; ELS-AN00) feiyu/5.2.14"
111.25.209.227 - - [10/Jan/2023:11:50:32 +0800] "GET /v2/explore/searchHint HTTP/2.0" 200 23 "-" "Mozilla/5.0 (Android 12; HUAWEI; HUAWEI; ELS-AN00) feiyu/5.2.14"
111.25.209.227 - - [10/Jan/2023:11:50:32 +0800] "GET /v2/users/6f8ad601-69df-45e0-8905-d181e1cc97e1 HTTP/2.0" 200 421 "-" "Mozilla/5.0 (Android 12; HUAWEI; HUAWEI; ELS-AN00) feiyu/5.2.14"
111.25.209.227 - - [10/Jan/2023:11:50:32 +0800] "GET /v2/messages/unreadCount?timestamp=1970-01-01%2000%3A00%3A00 HTTP/2.0" 200 26 "-" "Mozilla/5.0 (Android 12; HUAWEI; HUAWEI; ELS-AN00) feiyu/5.2.14"
111.25.209.227 - - [10/Jan/2023:11:50:32 +0800] "GET /v2/users/6f8ad601-69df-45e0-8905-d181e1cc97e1/settings HTTP/2.0" 200 310 "-" "Mozilla/5.0 (Android 12; HUAWEI; HUAWEI; ELS-AN00) feiyu/5.2.14"
111.25.209.227 - - [10/Jan/2023:11:50:32 +0800] "GET /v2/near/canvas-war/accounts/6f8ad601-69df-45e0-8905-d181e1cc97e1 HTTP/2.0" 200 541 "-" "Mozilla/5.0 (Android 12; HUAWEI; HUAWEI; ELS-AN00) feiyu/5.2.14"
120.243.211.163 - - [10/Jan/2023:11:50:34 +0800] "GET /v2/messages/unreadCount?timestamp=2023-01-10%2003%3A47%3A53 HTTP/2.0" 200 26 "-" "Mozilla/5.0 (Android 12; Xiaomi; Redmi; Redmi K30 Pro Zoom Edition) feiyu/5.2.12"
39.149.81.126 - - [10/Jan/2023:11:50:34 +0800] "GET /v2/lab-projects HTTP/2.0" 200 24903 "-" "Mozilla/5.0 (Android 10; HUAWEI; HONOR; CDY-AN90) feiyu/5.2.14"
39.149.81.126 - - [10/Jan/2023:11:50:34 +0800] "GET /v2/app/upgrade?version_code=65&platform=Android HTTP/2.0" 200 4 "-" "Mozilla/5.0 (Android 10; HUAWEI; HONOR; CDY-AN90) feiyu/5.2.14"
120.243.211.163 - - [10/Jan/2023:11:50:34 +0800] "GET /v2/campaigns/newest HTTP/2.0" 200 443 "-" "Mozilla/5.0 (Android 12; Xiaomi; Redmi; Redmi K30 Pro Zoom Edition) feiyu/5.2.12"
120.243.211.163 - - [10/Jan/2023:11:50:34 +0800] "GET /v2/users/cf52aae3-fcfa-4303-a682-bd52acd26f8b HTTP/2.0" 200 412 "-" "Mozilla/5.0 (Android 12; Xiaomi; Redmi; Redmi K30 Pro Zoom Edition) feiyu/5.2.12"
120.243.211.163 - - [10/Jan/2023:11:50:34 +0800] "GET /v2/clock-ins/stats HTTP/2.0" 200 385 "-" "Mozilla/5.0 (Android 12; Xiaomi; Redmi; Redmi K30 Pro Zoom Edition) feiyu/5.2.12"
120.243.211.163 - - [10/Jan/2023:11:50:34 +0800] "GET /v2/users/cf52aae3-fcfa-4303-a682-bd52acd26f8b/settings HTTP/2.0" 200 310 "-" "Mozilla/5.0 (Android 12; Xiaomi; Redmi; Redmi K30 Pro Zoom Edition) feiyu/5.2.12"
120.243.211.163 - - [10/Jan/2023:11:50:34 +0800] "GET /v2/near/canvas-war/accounts/cf52aae3-fcfa-4303-a682-bd52acd26f8b HTTP/2.0" 200 516 "-" "Mozilla/5.0 (Android 12; Xiaomi; Redmi; Redmi K30 Pro Zoom Edition) feiyu/5.2.12"
112.32.59.9 - - [10/Jan/2023:11:50:34 +0800] "GET /v2/app/ab-test-status HTTP/2.0" 200 16 "-" "Mozilla/5.0 (Android 10; HUAWEI; HUAWEI; LYA-AL00) feiyu/5.2.14"
112.32.59.9 - - [10/Jan/2023:11:50:34 +0800] "GET /v2/app/upgrade?version_code=65&platform=Android HTTP/2.0" 200 4 "-" "Mozilla/5.0 (Android 10; HUAWEI; HUAWEI; LYA-AL00) feiyu/5.2.14"
112.32.59.9 - - [10/Jan/2023:11:50:34 +0800] "GET /v2/app/tiamat-info HTTP/2.0" 200 16 "-" "Mozilla/5.0 (Android 10; HUAWEI; HUAWEI; LYA-AL00) feiyu/5.2.14"
39.149.81.126 - - [10/Jan/2023:11:50:34 +0800] "GET /v2/app/randomHomeBackgroundImageV2 HTTP/2.0" 200 289 "-" "Mozilla/5.0 (Android 10; HUAWEI; HONOR; CDY-AN90) feiyu/5.2.14"
39.149.81.126 - - [10/Jan/2023:11:50:34 +0800] "GET /v2/campaigns/newest HTTP/2.0" 200 443 "-" "Mozilla/5.0 (Android 10; HUAWEI; HONOR; CDY-AN90) feiyu/5.2.14"
39.149.81.126 - - [10/Jan/2023:11:50:34 +0800] "GET /v2/messages/unreadCount?timestamp=1970-01-01%2000%3A00%3A00 HTTP/2.0" 200 26 "-" "Mozilla/5.0 (Android 10; HUAWEI; HONOR; CDY-AN90) feiyu/5.2.14"
39.149.81.126 - - [10/Jan/2023:11:50:34 +0800] "GET /v2/campaigns/newest HTTP/2.0" 200 443 "-" "Mozilla/5.0 (Android 10; HUAWEI; HONOR; CDY-AN90) feiyu/5.2.14"
39.149.81.126 - - [10/Jan/2023:11:50:34 +0800] "GET /v2/users/1008bbb4-f9a1-4628-be9d-f5976dbad715/settings HTTP/2.0" 200 313 "-" "Mozilla/5.0 (Android 10; HUAWEI; HONOR; CDY-AN90) feiyu/5.2.14"
124.160.218.207 - - [10/Jan/2023:11:50:41 +0800] "GET /v2/lab-projects/active-users-count HTTP/2.0" 200 14 "-" "Mozilla/5.0 (iOS 16.1.1; Apple; Apple; iPhone10,3) feiyu/5.2.14"
124.160.218.207 - - [10/Jan/2023:11:50:41 +0800] "GET /v2/messages/unreadCount?timestamp=1970-01-01%2000%3A00%3A01 HTTP/2.0" 200 26 "-" "Mozilla/5.0 (iOS 16.1.1; Apple; Apple; iPhone10,3) feiyu/5.2.14"
113.126.66.76 - - [10/Jan/2023:11:50:47 +0800] "GET /v2/app/upgrade?version_code=65&platform=Android HTTP/2.0" 200 4 "-" "Mozilla/5.0 (Android 13; Xiaomi; Redmi; 22081212C) feiyu/5.2.14"
113.126.66.76 - - [10/Jan/2023:11:50:47 +0800] "GET /v2/app/tiamat-info HTTP/2.0" 200 16 "-" "Mozilla/5.0 (Android 13; Xiaomi; Redmi; 22081212C) feiyu/5.2.14"
113.126.66.76 - - [10/Jan/2023:11:50:47 +0800] "GET /v2/app/ab-test-status HTTP/2.0" 200 16 "-" "Mozilla/5.0 (Android 13; Xiaomi; Redmi; 22081212C) feiyu/5.2.14"
120.235.166.238 - - [10/Jan/2023:11:50:47 +0800] "GET /v2/gallery/images/3fcecb6e-c4d7-4202-ae15-02e06eee13d8?width=1242 HTTP/2.0" 200 457 "-" "Mozilla/5.0 (iOS 16.1.1; Apple; Apple; iPhone11,6) feiyu/5.2.14"
120.243.211.163 - - [10/Jan/2023:11:50:56 +0800] "GET /v2/messages/unreadCount?timestamp=2023-01-10%2003%3A47%3A53 HTTP/2.0" 200 26 "-" "Mozilla/5.0 (Android 12; Xiaomi; Redmi; Redmi K30 Pro Zoom Edition) feiyu/5.2.12"
120.243.211.163 - - [10/Jan/2023:11:50:56 +0800] "GET /v2/clock-ins/stats HTTP/2.0" 200 385 "-" "Mozilla/5.0 (Android 12; Xiaomi; Redmi; Redmi K30 Pro Zoom Edition) feiyu/5.2.12"
120.243.211.163 - - [10/Jan/2023:11:50:56 +0800] "GET /v2/campaigns/newest HTTP/2.0" 200 445 "-" "Mozilla/5.0 (Android 12; Xiaomi; Redmi; Redmi K30 Pro Zoom Edition) feiyu/5.2.12"
120.243.211.163 - - [10/Jan/2023:11:50:56 +0800] "GET /v2/users/cf52aae3-fcfa-4303-a682-bd52acd26f8b/settings HTTP/2.0" 200 310 "-" "Mozilla/5.0 (Android 12; Xiaomi; Redmi; Redmi K30 Pro Zoom Edition) feiyu/5.2.12"
120.243.211.163 - - [10/Jan/2023:11:50:56 +0800] "GET /v2/users/cf52aae3-fcfa-4303-a682-bd52acd26f8b HTTP/2.0" 200 412 "-" "Mozilla/5.0 (Android 12; Xiaomi; Redmi; Redmi K30 Pro Zoom Edition) feiyu/5.2.12"
120.243.211.163 - - [10/Jan/2023:11:50:56 +0800] "GET /v2/near/canvas-war/accounts/cf52aae3-fcfa-4303-a682-bd52acd26f8b HTTP/2.0" 200 516 "-" "Mozilla/5.0 (Android 12; Xiaomi; Redmi; Redmi K30 Pro Zoom Edition) feiyu/5.2.12"
183.95.67.13 - - [10/Jan/2023:11:50:58 +0800] "GET /v2/explore/searchHint HTTP/2.0" 200 23 "-" "Mozilla/5.0 (Android 12; realme; realme; RMX2117) feiyu/5.2.14"
183.95.67.13 - - [10/Jan/2023:11:50:58 +0800] "GET /v2/campaigns/newest HTTP/2.0" 200 443 "-" "Mozilla/5.0 (Android 12; realme; realme; RMX2117) feiyu/5.2.14"
183.95.67.13 - - [10/Jan/2023:11:50:58 +0800] "GET /v2/messages/unreadCount?timestamp=1970-01-01%2000%3A00%3A00 HTTP/2.0" 200 26 "-" "Mozilla/5.0 (Android 12; realme; realme; RMX2117) feiyu/5.2.14"
183.95.67.13 - - [10/Jan/2023:11:50:58 +0800] "GET /v2/users/8201d61a-7e67-40a6-af5b-1eed2de60d3e/settings HTTP/2.0" 200 313 "-" "Mozilla/5.0 (Android 12; realme; realme; RMX2117) feiyu/5.2.14"
223.104.194.156 - - [10/Jan/2023:11:50:58 +0800] "GET /v2/app/tiamat-info HTTP/2.0" 200 16 "-" "Mozilla/5.0 (Android 12; HONOR; HONOR; ANY-AN00) feiyu/5.2.14"
223.104.194.156 - - [10/Jan/2023:11:50:58 +0800] "GET /v2/app/upgrade?version_code=65&platform=Android HTTP/2.0" 200 4 "-" "Mozilla/5.0 (Android 12; HONOR; HONOR; ANY-AN00) feiyu/5.2.14"
113.126.66.76 - - [10/Jan/2023:11:50:58 +0800] "POST /v2/users/oauth HTTP/2.0" 200 933 "-" "Mozilla/5.0 (Android 13; Xiaomi; Redmi; 22081212C) feiyu/5.2.14"
113.126.66.76 - - [10/Jan/2023:11:50:59 +0800] "GET /v2/users/c297bd43-f576-4934-872b-dae3c2c81ca4/settings HTTP/2.0" 200 313 "-" "Mozilla/5.0 (Android 13; Xiaomi; Redmi; 22081212C) feiyu/5.2.14"
113.126.66.76 - - [10/Jan/2023:11:50:59 +0800] "GET /v2/lab-projects HTTP/2.0" 200 24895 "-" "Mozilla/5.0 (Android 13; Xiaomi; Redmi; 22081212C) feiyu/5.2.14"
113.126.66.76 - - [10/Jan/2023:11:50:59 +0800] "GET /v2/app/upgrade?version_code=65&platform=Android HTTP/2.0" 200 4 "-" "Mozilla/5.0 (Android 13; Xiaomi; Redmi; 22081212C) feiyu/5.2.14"
113.126.66.76 - - [10/Jan/2023:11:50:59 +0800] "GET /v2/app/randomHomeBackgroundImageV2 HTTP/2.0" 200 291 "-" "Mozilla/5.0 (Android 13; Xiaomi; Redmi; 22081212C) feiyu/5.2.14"
113.126.66.76 - - [10/Jan/2023:11:50:59 +0800] "GET /v2/campaigns/newest HTTP/2.0" 200 443 "-" "Mozilla/5.0 (Android 13; Xiaomi; Redmi; 22081212C) feiyu/5.2.14"
113.126.66.76 - - [10/Jan/2023:11:50:59 +0800] "GET /v2/messages/unreadCount?timestamp=1970-01-01%2000%3A00%3A00 HTTP/2.0" 200 26 "-" "Mozilla/5.0 (Android 13; Xiaomi; Redmi; 22081212C) feiyu/5.2.14"
113.126.66.76 - - [10/Jan/2023:11:50:59 +0800] "GET /v2/campaigns/newest HTTP/2.0" 200 443 "-" "Mozilla/5.0 (Android 13; Xiaomi; Redmi; 22081212C) feiyu/5.2.14"
113.126.66.76 - - [10/Jan/2023:11:50:59 +0800] "GET /v2/users/c297bd43-f576-4934-872b-dae3c2c81ca4/settings HTTP/2.0" 200 313 "-" "Mozilla/5.0 (Android 13; Xiaomi; Redmi; 22081212C) feiyu/5.2.14"
223.104.194.156 - - [10/Jan/2023:11:51:00 +0800] "GET /v2/lab-projects HTTP/2.0" 200 24907 "-" "Mozilla/5.0 (Android 12; HONOR; HONOR; ANY-AN00) feiyu/5.2.14"
223.104.194.156 - - [10/Jan/2023:11:51:00 +0800] "GET /v2/app/upgrade?version_code=65&platform=Android HTTP/2.0" 200 4 "-" "Mozilla/5.0 (Android 12; HONOR; HONOR; ANY-AN00) feiyu/5.2.14"
223.104.194.156 - - [10/Jan/2023:11:51:00 +0800] "GET /v2/app/randomHomeBackgroundImageV2 HTTP/2.0" 200 289 "-" "Mozilla/5.0 (Android 12; HONOR; HONOR; ANY-AN00) feiyu/5.2.14"
223.104.194.156 - - [10/Jan/2023:11:51:00 +0800] "GET /v2/campaigns/newest HTTP/2.0" 200 445 "-" "Mozilla/5.0 (Android 12; HONOR; HONOR; ANY-AN00) feiyu/5.2.14"
223.104.194.156 - - [10/Jan/2023:11:51:00 +0800] "GET /v2/messages/unreadCount?timestamp=2023-01-10%2003%3A45%3A02 HTTP/2.0" 200 26 "-" "Mozilla/5.0 (Android 12; HONOR; HONOR; ANY-AN00) feiyu/5.2.14"
223.104.194.156 - - [10/Jan/2023:11:51:00 +0800] "GET /v2/campaigns/newest HTTP/2.0" 200 445 "-" "Mozilla/5.0 (Android 12; HONOR; HONOR; ANY-AN00) feiyu/5.2.14"
223.104.194.156 - - [10/Jan/2023:11:51:00 +0800] "GET /v2/users/a07e1077-e8c9-45b6-aecc-e2a291b6301b/settings HTTP/2.0" 200 313 "-" "Mozilla/5.0 (Android 12; HONOR; HONOR; ANY-AN00) feiyu/5.2.14"
112.32.59.9 - - [10/Jan/2023:11:51:00 +0800] "POST /v2/users/oauth HTTP/2.0" 200 932 "-" "Mozilla/5.0 (Android 10; HUAWEI; HUAWEI; LYA-AL00) feiyu/5.2.14"
112.32.59.9 - - [10/Jan/2023:11:51:01 +0800] "GET /v2/users/196f353e-94bd-46be-a1e1-6b3b90100540/settings HTTP/2.0" 200 313 "-" "Mozilla/5.0 (Android 10; HUAWEI; HUAWEI; LYA-AL00) feiyu/5.2.14"
112.32.59.9 - - [10/Jan/2023:11:51:01 +0800] "GET /v2/lab-projects HTTP/2.0" 200 24911 "-" "Mozilla/5.0 (Android 10; HUAWEI; HUAWEI; LYA-AL00) feiyu/5.2.14"
112.32.59.9 - - [10/Jan/2023:11:51:01 +0800] "GET /v2/app/upgrade?version_code=65&platform=Android HTTP/2.0" 200 4 "-" "Mozilla/5.0 (Android 10; HUAWEI; HUAWEI; LYA-AL00) feiyu/5.2.14"
112.32.59.9 - - [10/Jan/2023:11:51:01 +0800] "GET /v2/messages/unreadCount?timestamp=1970-01-01%2000%3A00%3A00 HTTP/2.0" 200 26 "-" "Mozilla/5.0 (Android 10; HUAWEI; HUAWEI; LYA-AL00) feiyu/5.2.14"
223.104.194.156 - - [10/Jan/2023:11:51:02 +0800] "GET /v2/explore/searchHint HTTP/2.0" 200 23 "-" "Mozilla/5.0 (Android 12; HONOR; HONOR; ANY-AN00) feiyu/5.2.14"
223.104.194.156 - - [10/Jan/2023:11:51:02 +0800] "GET /v2/explore/banner?scene=2 HTTP/2.0" 200 439 "-" "Mozilla/5.0 (Android 12; HONOR; HONOR; ANY-AN00) feiyu/5.2.14"
223.104.194.156 - - [10/Jan/2023:11:51:02 +0800] "GET /v2/posts/followees-v5?type=0&size=20&image_width=1080&background_width=359 HTTP/2.0" 200 96369 "-" "Mozilla/5.0 (Android 12; HONOR; HONOR; ANY-AN00) feiyu/5.2.14"
223.104.194.156 - - [10/Jan/2023:11:51:02 +0800] "GET /v2/content-series/explore HTTP/2.0" 200 68532 "-" "Mozilla/5.0 (Android 12; HONOR; HONOR; ANY-AN00) feiyu/5.2.14"
223.104.194.156 - - [10/Jan/2023:11:51:02 +0800] "GET /v2/posts/followees-v5?type=0&size=20&image_width=1080&background_width=359 HTTP/2.0" 200 96369 "-" "Mozilla/5.0 (Android 12; HONOR; HONOR; ANY-AN00) feiyu/5.2.14"
112.32.59.9 - - [10/Jan/2023:11:51:02 +0800] "GET /v2/users/196f353e-94bd-46be-a1e1-6b3b90100540/settings HTTP/2.0" 200 313 "-" "Mozilla/5.0 (Android 10; HUAWEI; HUAWEI; LYA-AL00) feiyu/5.2.14"
112.32.59.9 - - [10/Jan/2023:11:51:02 +0800] "GET /v2/campaigns/newest HTTP/2.0" 200 445 "-" "Mozilla/5.0 (Android 10; HUAWEI; HUAWEI; LYA-AL00) feiyu/5.2.14"
223.104.194.156 - - [10/Jan/2023:11:51:02 +0800] "GET /v2/app/ab-test-status HTTP/2.0" 200 16 "-" "Mozilla/5.0 (Android 12; HONOR; HONOR; ANY-AN00) feiyu/5.2.14"
112.32.59.9 - - [10/Jan/2023:11:51:02 +0800] "GET /v2/explore/banner?scene=2 HTTP/2.0" 200 439 "-" "Mozilla/5.0 (Android 10; HUAWEI; HUAWEI; LYA-AL00) feiyu/5.2.14"
112.32.59.9 - - [10/Jan/2023:11:51:02 +0800] "GET /v2/explore/searchHint HTTP/2.0" 200 23 "-" "Mozilla/5.0 (Android 10; HUAWEI; HUAWEI; LYA-AL00) feiyu/5.2.14"
112.32.59.9 - - [10/Jan/2023:11:51:02 +0800] "GET /v2/posts/followees-v5?type=0&size=20&image_width=1080&background_width=359 HTTP/2.0" 200 88265 "-" "Mozilla/5.0 (Android 10; HUAWEI; HUAWEI; LYA-AL00) feiyu/5.2.14"
112.32.59.9 - - [10/Jan/2023:11:51:02 +0800] "GET /v2/content-series/explore HTTP/2.0" 200 68532 "-" "Mozilla/5.0 (Android 10; HUAWEI; HUAWEI; LYA-AL00) feiyu/5.2.14"
112.32.59.9 - - [10/Jan/2023:11:51:02 +0800] "GET /v2/posts/followees-v5?type=0&size=20&image_width=1080&background_width=359 HTTP/2.0" 200 88265 "-" "Mozilla/5.0 (Android 10; HUAWEI; HUAWEI; LYA-AL00) feiyu/5.2.14"
223.104.194.156 - - [10/Jan/2023:11:51:02 +0800] "GET /v2/posts/featured/sticky-v2?image_width=1080&background_width=359 HTTP/2.0" 200 4273 "-" "Mozilla/5.0 (Android 12; HONOR; HONOR; ANY-AN00) feiyu/5.2.14"
223.104.194.156 - - [10/Jan/2023:11:51:03 +0800] "GET /v2/explore/banner?scene=1 HTTP/2.0" 200 2308 "-" "Mozilla/5.0 (Android 12; HONOR; HONOR; ANY-AN00) feiyu/5.2.14"
112.32.59.9 - - [10/Jan/2023:11:51:03 +0800] "GET /v2/explore/banner?scene=1 HTTP/2.0" 200 2308 "-" "Mozilla/5.0 (Android 10; HUAWEI; HUAWEI; LYA-AL00) feiyu/5.2.14"
112.32.59.9 - - [10/Jan/2023:11:51:03 +0800] "GET /v2/posts/recommended/sticky?image_width=1080&background_width=359 HTTP/2.0" 200 3846 "-" "Mozilla/5.0 (Android 10; HUAWEI; HUAWEI; LYA-AL00) feiyu/5.2.14"
112.32.59.9 - - [10/Jan/2023:11:51:03 +0800] "GET /v2/posts/recommended?size=20&image_width=1080&background_width=359 HTTP/2.0" 200 74593 "-" "Mozilla/5.0 (Android 10; HUAWEI; HUAWEI; LYA-AL00) feiyu/5.2.14"
112.32.59.9 - - [10/Jan/2023:11:51:04 +0800] "GET /v2/ads?scene=0 HTTP/2.0" 200 2 "-" "Mozilla/5.0 (Android 10; HUAWEI; HUAWEI; LYA-AL00) feiyu/5.2.14"
223.104.194.156 - - [10/Jan/2023:11:51:03 +0800] "GET /v2/posts/featured-v4?size=20&image_width=1080&background_width=359 HTTP/2.0" 200 71897 "-" "Mozilla/5.0 (Android 12; HONOR; HONOR; ANY-AN00) feiyu/5.2.14"
223.104.194.156 - - [10/Jan/2023:11:51:06 +0800] "GET /v2/ads?scene=1 HTTP/2.0" 200 2 "-" "Mozilla/5.0 (Android 12; HONOR; HONOR; ANY-AN00) feiyu/5.2.14"
112.32.59.9 - - [10/Jan/2023:11:51:07 +0800] "GET /v2/app/randomHomeBackgroundImageV2 HTTP/2.0" 200 289 "-" "Mozilla/5.0 (Android 10; HUAWEI; HUAWEI; LYA-AL00) feiyu/5.2.14"
112.32.59.9 - - [10/Jan/2023:11:51:07 +0800] "GET /v2/campaigns/newest HTTP/2.0" 200 443 "-" "Mozilla/5.0 (Android 10; HUAWEI; HUAWEI; LYA-AL00) feiyu/5.2.14"
125.73.84.230 - - [10/Jan/2023:11:51:07 +0800] "POST /v2/app/upload HTTP/2.0" 200 353 "-" "Mozilla/5.0 (iOS 16.1.2; Apple; Apple; iPhone14,2) feiyu/5.2.14"
125.73.84.230 - - [10/Jan/2023:11:51:07 +0800] "POST /v2/posts/uploadCompleteV2 HTTP/2.0" 200 1221 "-" "Mozilla/5.0 (iOS 16.1.2; Apple; Apple; iPhone14,2) feiyu/5.2.14"
111.25.209.227 - - [10/Jan/2023:11:51:10 +0800] "GET /v2/messages/unreadCount?timestamp=1970-01-01%2000%3A00%3A00 HTTP/2.0" 200 26 "-" "Mozilla/5.0 (Android 12; HUAWEI; HUAWEI; ELS-AN00) feiyu/5.2.14"
111.25.209.227 - - [10/Jan/2023:11:51:10 +0800] "GET /v2/campaigns/newest HTTP/2.0" 200 443 "-" "Mozilla/5.0 (Android 12; HUAWEI; HUAWEI; ELS-AN00) feiyu/5.2.14"
111.25.209.227 - - [10/Jan/2023:11:51:10 +0800] "GET /v2/clock-ins/stats HTTP/2.0" 200 385 "-" "Mozilla/5.0 (Android 12; HUAWEI; HUAWEI; ELS-AN00) feiyu/5.2.14"
111.25.209.227 - - [10/Jan/2023:11:51:10 +0800] "GET /v2/users/6f8ad601-69df-45e0-8905-d181e1cc97e1/settings HTTP/2.0" 200 310 "-" "Mozilla/5.0 (Android 12; HUAWEI; HUAWEI; ELS-AN00) feiyu/5.2.14"
111.25.209.227 - - [10/Jan/2023:11:51:10 +0800] "GET /v2/explore/searchHint HTTP/2.0" 200 23 "-" "Mozilla/5.0 (Android 12; HUAWEI; HUAWEI; ELS-AN00) feiyu/5.2.14"
111.25.209.227 - - [10/Jan/2023:11:51:10 +0800] "GET /v2/users/6f8ad601-69df-45e0-8905-d181e1cc97e1 HTTP/2.0" 200 421 "-" "Mozilla/5.0 (Android 12; HUAWEI; HUAWEI; ELS-AN00) feiyu/5.2.14"
111.25.209.227 - - [10/Jan/2023:11:51:10 +0800] "GET /v2/near/canvas-war/accounts/6f8ad601-69df-45e0-8905-d181e1cc97e1 HTTP/2.0" 200 541 "-" "Mozilla/5.0 (Android 12; HUAWEI; HUAWEI; ELS-AN00) feiyu/5.2.14"
223.104.194.156 - - [10/Jan/2023:11:51:11 +0800] "GET /v2/explore/queryUser?name=SD&show_follow_status=false&page=1&size=20 HTTP/2.0" 200 3383 "-" "Mozilla/5.0 (Android 12; HONOR; HONOR; ANY-AN00) feiyu/5.2.14"
223.104.194.156 - - [10/Jan/2023:11:51:11 +0800] "GET /v2/explore/queryPost?content=SD&page=1&size=20&image_width=540&background_width=540 HTTP/2.0" 200 12244 "-" "Mozilla/5.0 (Android 12; HONOR; HONOR; ANY-AN00) feiyu/5.2.14"
223.104.194.156 - - [10/Jan/2023:11:51:11 +0800] "GET /v2/explore/query-tag?key=SD&page=1&size=20&show_allow_status=false HTTP/2.0" 200 2 "-" "Mozilla/5.0 (Android 12; HONOR; HONOR; ANY-AN00) feiyu/5.2.14"
120.243.211.163 - - [10/Jan/2023:11:51:11 +0800] "GET /v2/messages/unreadCount?timestamp=2023-01-10%2003%3A47%3A53 HTTP/2.0" 200 26 "-" "Mozilla/5.0 (Android 12; Xiaomi; Redmi; Redmi K30 Pro Zoom Edition) feiyu/5.2.12"
120.243.211.163 - - [10/Jan/2023:11:51:11 +0800] "GET /v2/campaigns/newest HTTP/2.0" 200 447 "-" "Mozilla/5.0 (Android 12; Xiaomi; Redmi; Redmi K30 Pro Zoom Edition) feiyu/5.2.12"
120.243.211.163 - - [10/Jan/2023:11:51:11 +0800] "GET /v2/clock-ins/stats HTTP/2.0" 200 385 "-" "Mozilla/5.0 (Android 12; Xiaomi; Redmi; Redmi K30 Pro Zoom Edition) feiyu/5.2.12"
120.243.211.163 - - [10/Jan/2023:11:51:11 +0800] "GET /v2/users/cf52aae3-fcfa-4303-a682-bd52acd26f8b HTTP/2.0" 200 412 "-" "Mozilla/5.0 (Android 12; Xiaomi; Redmi; Redmi K30 Pro Zoom Edition) feiyu/5.2.12"
120.243.211.163 - - [10/Jan/2023:11:51:11 +0800] "GET /v2/users/cf52aae3-fcfa-4303-a682-bd52acd26f8b/settings HTTP/2.0" 200 310 "-" "Mozilla/5.0 (Android 12; Xiaomi; Redmi; Redmi K30 Pro Zoom Edition) feiyu/5.2.12"
120.243.211.163 - - [10/Jan/2023:11:51:11 +0800] "GET /v2/near/canvas-war/accounts/cf52aae3-fcfa-4303-a682-bd52acd26f8b HTTP/2.0" 200 516 "-" "Mozilla/5.0 (Android 12; Xiaomi; Redmi; Redmi K30 Pro Zoom Edition) feiyu/5.2.12"
112.32.59.9 - - [10/Jan/2023:11:51:13 +0800] "GET /v2/gallery/randomImagesV2?size=50&width=540&content=%E7%84%A6%E8%99%91 HTTP/2.0" 200 23840 "-" "Mozilla/5.0 (Android 10; HUAWEI; HUAWEI; LYA-AL00) feiyu/5.2.14"
223.104.194.156 - - [10/Jan/2023:11:51:14 +0800] "GET /v2/users/23e4a305-6e80-4057-b644-5052789885f4/createdPostsV2?guest=true&size=20&image_width=1080&background_width=359 HTTP/2.0" 200 2 "-" "Mozilla/5.0 (Android 12; HONOR; HONOR; ANY-AN00) feiyu/5.2.14"
223.104.194.156 - - [10/Jan/2023:11:51:14 +0800] "GET /v2/users/23e4a305-6e80-4057-b644-5052789885f4/likedPostsV2?guest=true&size=20&image_width=1080&background_width=359 HTTP/2.0" 200 2 "-" "Mozilla/5.0 (Android 12; HONOR; HONOR; ANY-AN00) feiyu/5.2.14"
223.104.194.156 - - [10/Jan/2023:11:51:14 +0800] "GET /v2/users/23e4a305-6e80-4057-b644-5052789885f4 HTTP/2.0" 200 404 "-" "Mozilla/5.0 (Android 12; HONOR; HONOR; ANY-AN00) feiyu/5.2.14"
120.243.211.163 - - [10/Jan/2023:11:51:15 +0800] "GET /v2/gallery/randomImagesForMultiPost?size=4&width=1080&category_safe_id=d1569b14-497d-474c-8c41-732c10584cb4 HTTP/2.0" 200 1839 "-" "Mozilla/5.0 (Android 12; Xiaomi; Redmi; Redmi K30 Pro Zoom Edition) feiyu/5.2.12"
112.32.59.9 - - [10/Jan/2023:11:51:16 +0800] "GET /v2/messages/unreadCount?timestamp=1970-01-01%2000%3A00%3A00 HTTP/2.0" 200 26 "-" "Mozilla/5.0 (Android 10; HUAWEI; HUAWEI; LYA-AL00) feiyu/5.2.14"
112.32.59.9 - - [10/Jan/2023:11:51:16 +0800] "GET /v2/users/196f353e-94bd-46be-a1e1-6b3b90100540/settings HTTP/2.0" 200 313 "-" "Mozilla/5.0 (Android 10; HUAWEI; HUAWEI; LYA-AL00) feiyu/5.2.14"
112.32.59.9 - - [10/Jan/2023:11:51:16 +0800] "GET /v2/campaigns/newest HTTP/2.0" 200 445 "-" "Mozilla/5.0 (Android 10; HUAWEI; HUAWEI; LYA-AL00) feiyu/5.2.14"
112.32.59.9 - - [10/Jan/2023:11:51:16 +0800] "GET /v2/explore/searchHint HTTP/2.0" 200 23 "-" "Mozilla/5.0 (Android 10; HUAWEI; HUAWEI; LYA-AL00) feiyu/5.2.14"
223.104.194.156 - - [10/Jan/2023:11:51:17 +0800] "GET /v2/users/83d0ae4e-0eb3-4453-adb8-5472c16e57ec/createdPostsV2?guest=true&size=20&image_width=1080&background_width=359 HTTP/2.0" 200 2333 "-" "Mozilla/5.0 (Android 12; HONOR; HONOR; ANY-AN00) feiyu/5.2.14"
223.104.194.156 - - [10/Jan/2023:11:51:17 +0800] "GET /v2/users/83d0ae4e-0eb3-4453-adb8-5472c16e57ec HTTP/2.0" 200 350 "-" "Mozilla/5.0 (Android 12; HONOR; HONOR; ANY-AN00) feiyu/5.2.14"
223.104.194.156 - - [10/Jan/2023:11:51:17 +0800] "GET /v2/users/83d0ae4e-0eb3-4453-adb8-5472c16e57ec/likedPostsV2?guest=true&size=20&image_width=1080&background_width=359 HTTP/2.0" 200 2732 "-" "Mozilla/5.0 (Android 12; HONOR; HONOR; ANY-AN00) feiyu/5.2.14"
223.104.194.156 - - [10/Jan/2023:11:51:17 +0800] "GET /v2/users/83d0ae4e-0eb3-4453-adb8-5472c16e57ec/createdPostsV2?timestamp=2020-04-05%2002%3A49%3A16&guest=true&size=20&image_width=1080&background_width=359 HTTP/2.0" 200 2 "-" "Mozilla/5.0 (Android 12; HONOR; HONOR; ANY-AN00) feiyu/5.2.14"
223.104.194.156 - - [10/Jan/2023:11:51:17 +0800] "GET /v2/users/83d0ae4e-0eb3-4453-adb8-5472c16e57ec/likedPostsV2?timestamp=2020-04-06%2010%3A43%3A53&guest=true&size=20&image_width=1080&background_width=359 HTTP/2.0" 200 2 "-" "Mozilla/5.0 (Android 12; HONOR; HONOR; ANY-AN00) feiyu/5.2.14"
124.160.218.207 - - [10/Jan/2023:11:51:18 +0800] "GET /v2/messages/unreadCount?timestamp=1970-01-01%2000%3A00%3A01 HTTP/2.0" 200 26 "-" "Mozilla/5.0 (iOS 16.1.1; Apple; Apple; iPhone10,3) feiyu/5.2.14"
124.160.218.207 - - [10/Jan/2023:11:51:18 +0800] "GET /v2/lab-projects/active-users-count HTTP/2.0" 200 14 "-" "Mozilla/5.0 (iOS 16.1.1; Apple; Apple; iPhone10,3) feiyu/5.2.14"
120.243.211.163 - - [10/Jan/2023:11:51:19 +0800] "GET /v2/gallery/images/a9d04975-496d-4c6a-a36b-0f111aeb8b2a?width=1080 HTTP/2.0" 200 458 "-" "Mozilla/5.0 (Android 12; Xiaomi; Redmi; Redmi K30 Pro Zoom Edition) feiyu/5.2.12"
223.104.194.156 - - [10/Jan/2023:11:51:21 +0800] "GET /v2/users/4f0bbf53-5089-4ef7-a09f-b92716ab5715/createdPostsV2?guest=true&size=20&image_width=1080&background_width=359 HTTP/2.0" 200 2250 "-" "Mozilla/5.0 (Android 12; HONOR; HONOR; ANY-AN00) feiyu/5.2.14"
223.104.194.156 - - [10/Jan/2023:11:51:21 +0800] "GET /v2/users/4f0bbf53-5089-4ef7-a09f-b92716ab5715/likedPostsV2?guest=true&size=20&image_width=1080&background_width=359 HTTP/2.0" 200 2 "-" "Mozilla/5.0 (Android 12; HONOR; HONOR; ANY-AN00) feiyu/5.2.14"
223.104.194.156 - - [10/Jan/2023:11:51:21 +0800] "GET /v2/users/4f0bbf53-5089-4ef7-a09f-b92716ab5715 HTTP/2.0" 200 409 "-" "Mozilla/5.0 (Android 12; HONOR; HONOR; ANY-AN00) feiyu/5.2.14"
223.104.194.156 - - [10/Jan/2023:11:51:21 +0800] "GET /v2/users/4f0bbf53-5089-4ef7-a09f-b92716ab5715/createdPostsV2?timestamp=2022-01-25%2010%3A58%3A14&guest=true&size=20&image_width=1080&background_width=359 HTTP/2.0" 200 2 "-" "Mozilla/5.0 (Android 12; HONOR; HONOR; ANY-AN00) feiyu/5.2.14"
113.126.66.76 - - [10/Jan/2023:11:51:26 +0800] "GET /v2/gallery/randomImagesV2?size=50&width=610&category_safe_id=d1569b14-497d-474c-8c41-732c10584cb4&content=%E6%88%91%E6%83%B3%E8%BE%9E%E8%81%8C%EF%BC%8C%E5%BC%80%E4%B8%AA%E7%83%9F%E9%85%92%E5%BA%97 HTTP/2.0" 200 23366 "-" "Mozilla/5.0 (Android 13; Xiaomi; Redmi; 22081212C) feiyu/5.2.14"
223.104.194.156 - - [10/Jan/2023:11:51:27 +0800] "GET /v2/users/4f0bbf53-5089-4ef7-a09f-b92716ab5715/subscribed-tags?size=20 HTTP/2.0" 200 2 "-" "Mozilla/5.0 (Android 12; HONOR; HONOR; ANY-AN00) feiyu/5.2.14"
223.104.194.156 - - [10/Jan/2023:11:51:27 +0800] "GET /v2/users/4f0bbf53-5089-4ef7-a09f-b92716ab5715/followeesV2?size=20 HTTP/2.0" 200 420 "-" "Mozilla/5.0 (Android 12; HONOR; HONOR; ANY-AN00) feiyu/5.2.14"
223.104.194.156 - - [10/Jan/2023:11:51:28 +0800] "GET /v2/users/4f0bbf53-5089-4ef7-a09f-b92716ab5715/followeesV2?timestamp=2022-01-25%2010%3A56%3A24&size=20 HTTP/2.0" 200 2 "-" "Mozilla/5.0 (Android 12; HONOR; HONOR; ANY-AN00) feiyu/5.2.14"
223.104.194.156 - - [10/Jan/2023:11:51:27 +0800] "GET /v2/users/4f0bbf53-5089-4ef7-a09f-b92716ab5715/followersV2?size=20 HTTP/2.0" 200 2 "-" "Mozilla/5.0 (Android 12; HONOR; HONOR; ANY-AN00) feiyu/5.2.14"
113.126.66.76 - - [10/Jan/2023:11:51:32 +0800] "GET /v2/campaigns/newest HTTP/2.0" 200 445 "-" "Mozilla/5.0 (Android 13; Xiaomi; Redmi; 22081212C) feiyu/5.2.14"
113.126.66.76 - - [10/Jan/2023:11:51:32 +0800] "GET /v2/users/c297bd43-f576-4934-872b-dae3c2c81ca4/settings HTTP/2.0" 200 313 "-" "Mozilla/5.0 (Android 13; Xiaomi; Redmi; 22081212C) feiyu/5.2.14"
113.126.66.76 - - [10/Jan/2023:11:51:32 +0800] "GET /v2/messages/unreadCount?timestamp=1970-01-01%2000%3A00%3A00 HTTP/2.0" 200 26 "-" "Mozilla/5.0 (Android 13; Xiaomi; Redmi; 22081212C) feiyu/5.2.14"
183.95.67.13 - - [10/Jan/2023:11:51:32 +0800] "GET /v2/messages/unreadCount?timestamp=1970-01-01%2000%3A00%3A00 HTTP/2.0" 200 26 "-" "Mozilla/5.0 (Android 12; realme; realme; RMX2117) feiyu/5.2.14"
183.95.67.13 - - [10/Jan/2023:11:51:32 +0800] "GET /v2/explore/searchHint HTTP/2.0" 200 23 "-" "Mozilla/5.0 (Android 12; realme; realme; RMX2117) feiyu/5.2.14"
183.95.67.13 - - [10/Jan/2023:11:51:32 +0800] "GET /v2/campaigns/newest HTTP/2.0" 200 445 "-" "Mozilla/5.0 (Android 12; realme; realme; RMX2117) feiyu/5.2.14"
183.95.67.13 - - [10/Jan/2023:11:51:32 +0800] "GET /v2/users/8201d61a-7e67-40a6-af5b-1eed2de60d3e/settings HTTP/2.0" 200 313 "-" "Mozilla/5.0 (Android 12; realme; realme; RMX2117) feiyu/5.2.14"
113.126.66.76 - - [10/Jan/2023:11:51:33 +0800] "GET /v2/gallery/randomImagesV2?size=50&width=610&content=%E6%88%91%E6%83%B3%E8%BE%9E%E8%81%8C%EF%BC%8C%E5%BC%80%E4%B8%AA%E7%83%9F%E9%85%92%E5%BA%97 HTTP/2.0" 200 23496 "-" "Mozilla/5.0 (Android 13; Xiaomi; Redmi; 22081212C) feiyu/5.2.14"
223.104.194.156 - - [10/Jan/2023:11:51:34 +0800] "GET /v2/users/4f0bbf53-5089-4ef7-a09f-b92716ab5715/likedPostsV2?guest=true&size=20&image_width=1080&background_width=359 HTTP/2.0" 200 2 "-" "Mozilla/5.0 (Android 12; HONOR; HONOR; ANY-AN00) feiyu/5.2.14"
223.104.194.156 - - [10/Jan/2023:11:51:34 +0800] "GET /v2/users/4f0bbf53-5089-4ef7-a09f-b92716ab5715/createdPostsV2?guest=true&size=20&image_width=1080&background_width=359 HTTP/2.0" 200 2252 "-" "Mozilla/5.0 (Android 12; HONOR; HONOR; ANY-AN00) feiyu/5.2.14"
223.104.194.156 - - [10/Jan/2023:11:51:34 +0800] "GET /v2/users/4f0bbf53-5089-4ef7-a09f-b92716ab5715 HTTP/2.0" 200 409 "-" "Mozilla/5.0 (Android 12; HONOR; HONOR; ANY-AN00) feiyu/5.2.14"
223.104.194.156 - - [10/Jan/2023:11:51:34 +0800] "GET /v2/users/4f0bbf53-5089-4ef7-a09f-b92716ab5715/createdPostsV2?timestamp=2022-01-25%2010%3A58%3A14&guest=true&size=20&image_width=1080&background_width=359 HTTP/2.0" 200 2 "-" "Mozilla/5.0 (Android 12; HONOR; HONOR; ANY-AN00) feiyu/5.2.14"
183.95.67.13 - - [10/Jan/2023:11:51:42 +0800] "GET /v2/messages/unreadCount?timestamp=1970-01-01%2000%3A00%3A00 HTTP/2.0" 200 26 "-" "Mozilla/5.0 (Android 12; realme; realme; RMX2117) feiyu/5.2.14"
183.95.67.13 - - [10/Jan/2023:11:51:42 +0800] "GET /v2/campaigns/newest HTTP/2.0" 200 443 "-" "Mozilla/5.0 (Android 12; realme; realme; RMX2117) feiyu/5.2.14"
183.95.67.13 - - [10/Jan/2023:11:51:42 +0800] "GET /v2/explore/searchHint HTTP/2.0" 200 23 "-" "Mozilla/5.0 (Android 12; realme; realme; RMX2117) feiyu/5.2.14"
183.95.67.13 - - [10/Jan/2023:11:51:42 +0800] "GET /v2/users/8201d61a-7e67-40a6-af5b-1eed2de60d3e/settings HTTP/2.0" 200 313 "-" "Mozilla/5.0 (Android 12; realme; realme; RMX2117) feiyu/5.2.14"
223.104.194.156 - - [10/Jan/2023:11:51:42 +0800] "GET /v2/users/b777210c-fe14-4abc-adec-0e8589c1c738 HTTP/2.0" 200 618 "-" "Mozilla/5.0 (Android 12; HONOR; HONOR; ANY-AN00) feiyu/5.2.14"
223.104.194.156 - - [10/Jan/2023:11:51:42 +0800] "GET /v2/users/b777210c-fe14-4abc-adec-0e8589c1c738/likedPostsV2?guest=true&size=20&image_width=1080&background_width=359 HTTP/2.0" 200 2 "-" "Mozilla/5.0 (Android 12; HONOR; HONOR; ANY-AN00) feiyu/5.2.14"
223.104.194.156 - - [10/Jan/2023:11:51:42 +0800] "GET /v2/users/b777210c-fe14-4abc-adec-0e8589c1c738/createdPostsV2?guest=true&size=20&image_width=1080&background_width=359 HTTP/2.0" 200 4585 "-" "Mozilla/5.0 (Android 12; HONOR; HONOR; ANY-AN00) feiyu/5.2.14"
223.104.194.156 - - [10/Jan/2023:11:51:42 +0800] "GET /v2/users/b777210c-fe14-4abc-adec-0e8589c1c738/createdPostsV2?timestamp=2018-06-11%2005%3A54%3A01&guest=true&size=20&image_width=1080&background_width=359 HTTP/2.0" 200 2 "-" "Mozilla/5.0 (Android 12; HONOR; HONOR; ANY-AN00) feiyu/5.2.14"
117.151.110.124 - - [10/Jan/2023:11:51:44 +0800] "GET /v2/campaigns/newest HTTP/2.0" 200 447 "-" "Mozilla/5.0 (Android 12; Xiaomi; Redmi; M2012K11C) feiyu/5.2.14"
117.151.110.124 - - [10/Jan/2023:11:51:44 +0800] "GET /v2/explore/searchHint HTTP/2.0" 200 23 "-" "Mozilla/5.0 (Android 12; Xiaomi; Redmi; M2012K11C) feiyu/5.2.14"
117.151.110.124 - - [10/Jan/2023:11:51:44 +0800] "GET /v2/messages/unreadCount?timestamp=2023-01-10%2003%3A45%3A33 HTTP/2.0" 200 26 "-" "Mozilla/5.0 (Android 12; Xiaomi; Redmi; M2012K11C) feiyu/5.2.14"
117.151.110.124 - - [10/Jan/2023:11:51:44 +0800] "GET /v2/users/bef61853-e05a-4258-aafc-e0003491374c/settings HTTP/2.0" 200 312 "-" "Mozilla/5.0 (Android 12; Xiaomi; Redmi; M2012K11C) feiyu/5.2.14"
117.151.110.124 - - [10/Jan/2023:11:51:44 +0800] "GET /v2/users/bef61853-e05a-4258-aafc-e0003491374c HTTP/2.0" 200 527 "-" "Mozilla/5.0 (Android 12; Xiaomi; Redmi; M2012K11C) feiyu/5.2.14"
117.151.110.124 - - [10/Jan/2023:11:51:44 +0800] "GET /v2/clock-ins/stats HTTP/2.0" 200 385 "-" "Mozilla/5.0 (Android 12; Xiaomi; Redmi; M2012K11C) feiyu/5.2.14"
117.151.110.124 - - [10/Jan/2023:11:51:44 +0800] "GET /v2/near/canvas-war/accounts/bef61853-e05a-4258-aafc-e0003491374c HTTP/2.0" 200 624 "-" "Mozilla/5.0 (Android 12; Xiaomi; Redmi; M2012K11C) feiyu/5.2.14"
120.235.166.238 - - [10/Jan/2023:11:51:45 +0800] "POST /v2/app/upload HTTP/2.0" 200 349 "-" "Mozilla/5.0 (iOS 16.1.1; Apple; Apple; iPhone11,6) feiyu/5.2.14"
223.104.194.156 - - [10/Jan/2023:11:51:45 +0800] "GET /v2/users/8e175c1e-5c2b-4087-a966-82f4b52e88a8/createdPostsV2?guest=true&size=20&image_width=1080&background_width=359 HTTP/2.0" 200 2 "-" "Mozilla/5.0 (Android 12; HONOR; HONOR; ANY-AN00) feiyu/5.2.14"
120.235.166.238 - - [10/Jan/2023:11:51:45 +0800] "POST /v2/posts/uploadCompleteV2 HTTP/2.0" 200 1346 "-" "Mozilla/5.0 (iOS 16.1.1; Apple; Apple; iPhone11,6) feiyu/5.2.14"
223.104.194.156 - - [10/Jan/2023:11:51:45 +0800] "GET /v2/users/8e175c1e-5c2b-4087-a966-82f4b52e88a8/likedPostsV2?guest=true&size=20&image_width=1080&background_width=359 HTTP/2.0" 200 2 "-" "Mozilla/5.0 (Android 12; HONOR; HONOR; ANY-AN00) feiyu/5.2.14"
223.104.194.156 - - [10/Jan/2023:11:51:46 +0800] "GET /v2/users/8e175c1e-5c2b-4087-a966-82f4b52e88a8 HTTP/2.0" 200 373 "-" "Mozilla/5.0 (Android 12; HONOR; HONOR; ANY-AN00) feiyu/5.2.14"
223.104.194.156 - - [10/Jan/2023:11:51:50 +0800] "GET /v2/messages/unreadCount?timestamp=2023-01-10%2003%3A45%3A02 HTTP/2.0" 200 26 "-" "Mozilla/5.0 (Android 12; HONOR; HONOR; ANY-AN00) feiyu/5.2.14"
117.151.110.124 - - [10/Jan/2023:11:51:50 +0800] "GET /v2/posts/followees-v5?type=0&size=20&image_width=1080&background_width=359 HTTP/2.0" 200 69003 "-" "Mozilla/5.0 (Android 12; Xiaomi; Redmi; M2012K11C) feiyu/5.2.14"
223.104.194.156 - - [10/Jan/2023:11:51:50 +0800] "GET /v2/users/a07e1077-e8c9-45b6-aecc-e2a291b6301b/settings HTTP/2.0" 200 313 "-" "Mozilla/5.0 (Android 12; HONOR; HONOR; ANY-AN00) feiyu/5.2.14"
223.104.194.156 - - [10/Jan/2023:11:51:50 +0800] "GET /v2/campaigns/newest HTTP/2.0" 200 443 "-" "Mozilla/5.0 (Android 12; HONOR; HONOR; ANY-AN00) feiyu/5.2.14"
223.104.194.156 - - [10/Jan/2023:11:51:50 +0800] "GET /v2/explore/searchHint HTTP/2.0" 200 23 "-" "Mozilla/5.0 (Android 12; HONOR; HONOR; ANY-AN00) feiyu/5.2.14"
171.115.92.252 - - [10/Jan/2023:11:51:52 +0800] "GET /v2/app/tiamat-info HTTP/2.0" 200 16 "-" "Mozilla/5.0 (Android 10; HUAWEI; HUAWEI; HMA-AL00) feiyu/5.2.14"
171.115.92.252 - - [10/Jan/2023:11:51:52 +0800] "GET /v2/app/ab-test-status HTTP/2.0" 200 16 "-" "Mozilla/5.0 (Android 10; HUAWEI; HUAWEI; HMA-AL00) feiyu/5.2.14"
171.115.92.252 - - [10/Jan/2023:11:51:52 +0800] "GET /v2/app/upgrade?version_code=65&platform=Android HTTP/2.0" 200 4 "-" "Mozilla/5.0 (Android 10; HUAWEI; HUAWEI; HMA-AL00) feiyu/5.2.14"
117.151.110.124 - - [10/Jan/2023:11:51:53 +0800] "GET /v2/users/bef61853-e05a-4258-aafc-e0003491374c HTTP/2.0" 200 525 "-" "Mozilla/5.0 (Android 12; Xiaomi; Redmi; M2012K11C) feiyu/5.2.14"
117.151.110.124 - - [10/Jan/2023:11:51:53 +0800] "GET /v2/messages/unreadCount?timestamp=2023-01-10%2003%3A45%3A33 HTTP/2.0" 200 26 "-" "Mozilla/5.0 (Android 12; Xiaomi; Redmi; M2012K11C) feiyu/5.2.14"
171.115.92.252 - - [10/Jan/2023:11:51:54 +0800] "GET /v2/lab-projects HTTP/2.0" 200 24937 "-" "Mozilla/5.0 (Android 10; HUAWEI; HUAWEI; HMA-AL00) feiyu/5.2.14"
171.115.92.252 - - [10/Jan/2023:11:51:54 +0800] "GET /v2/app/upgrade?version_code=65&platform=Android HTTP/2.0" 200 4 "-" "Mozilla/5.0 (Android 10; HUAWEI; HUAWEI; HMA-AL00) feiyu/5.2.14"
171.115.92.252 - - [10/Jan/2023:11:51:54 +0800] "GET /v2/messages/unreadCount?timestamp=2023-01-10%2002%3A19%3A07 HTTP/2.0" 200 26 "-" "Mozilla/5.0 (Android 10; HUAWEI; HUAWEI; HMA-AL00) feiyu/5.2.14"
171.115.92.252 - - [10/Jan/2023:11:51:54 +0800] "GET /v2/users/3cb64c49-6d70-4979-9a6a-52d63a8686d3/settings HTTP/2.0" 200 313 "-" "Mozilla/5.0 (Android 10; HUAWEI; HUAWEI; HMA-AL00) feiyu/5.2.14"
171.115.92.252 - - [10/Jan/2023:11:51:54 +0800] "GET /v2/campaigns/newest HTTP/2.0" 200 445 "-" "Mozilla/5.0 (Android 10; HUAWEI; HUAWEI; HMA-AL00) feiyu/5.2.14"
113.126.66.76 - - [10/Jan/2023:11:51:54 +0800] "GET /v2/messages/unreadCount?timestamp=1970-01-01%2000%3A00%3A00 HTTP/2.0" 200 26 "-" "Mozilla/5.0 (Android 13; Xiaomi; Redmi; 22081212C) feiyu/5.2.14"
171.115.92.252 - - [10/Jan/2023:11:51:54 +0800] "GET /v2/explore/banner?scene=2 HTTP/2.0" 200 441 "-" "Mozilla/5.0 (Android 10; HUAWEI; HUAWEI; HMA-AL00) feiyu/5.2.14"
171.115.92.252 - - [10/Jan/2023:11:51:54 +0800] "GET /v2/explore/searchHint HTTP/2.0" 200 23 "-" "Mozilla/5.0 (Android 10; HUAWEI; HUAWEI; HMA-AL00) feiyu/5.2.14"
113.126.66.76 - - [10/Jan/2023:11:51:54 +0800] "GET /v2/campaigns/newest HTTP/2.0" 200 445 "-" "Mozilla/5.0 (Android 13; Xiaomi; Redmi; 22081212C) feiyu/5.2.14"
113.126.66.76 - - [10/Jan/2023:11:51:54 +0800] "GET /v2/users/c297bd43-f576-4934-872b-dae3c2c81ca4/settings HTTP/2.0" 200 313 "-" "Mozilla/5.0 (Android 13; Xiaomi; Redmi; 22081212C) feiyu/5.2.14"
171.115.92.252 - - [10/Jan/2023:11:51:54 +0800] "GET /v2/posts/followees-v5?type=0&size=20&image_width=1080&background_width=359 HTTP/2.0" 200 66194 "-" "Mozilla/5.0 (Android 10; HUAWEI; HUAWEI; HMA-AL00) feiyu/5.2.14"
171.115.92.252 - - [10/Jan/2023:11:51:54 +0800] "GET /v2/content-series/explore HTTP/2.0" 200 68544 "-" "Mozilla/5.0 (Android 10; HUAWEI; HUAWEI; HMA-AL00) feiyu/5.2.14"
171.115.92.252 - - [10/Jan/2023:11:51:54 +0800] "GET /v2/posts/followees-v5?type=0&size=20&image_width=1080&background_width=359 HTTP/2.0" 200 66194 "-" "Mozilla/5.0 (Android 10; HUAWEI; HUAWEI; HMA-AL00) feiyu/5.2.14"
171.115.92.252 - - [10/Jan/2023:11:51:55 +0800] "GET /v2/posts/recommended/sticky?image_width=1080&background_width=359 HTTP/2.0" 200 3844 "-" "Mozilla/5.0 (Android 10; HUAWEI; HUAWEI; HMA-AL00) feiyu/5.2.14"
171.115.92.252 - - [10/Jan/2023:11:51:55 +0800] "GET /v2/explore/banner?scene=1 HTTP/2.0" 200 2308 "-" "Mozilla/5.0 (Android 10; HUAWEI; HUAWEI; HMA-AL00) feiyu/5.2.14"
171.115.92.252 - - [10/Jan/2023:11:51:55 +0800] "GET /v2/posts/recommended?size=20&image_width=1080&background_width=359 HTTP/2.0" 200 74525 "-" "Mozilla/5.0 (Android 10; HUAWEI; HUAWEI; HMA-AL00) feiyu/5.2.14"
171.115.92.252 - - [10/Jan/2023:11:51:55 +0800] "GET /v2/ads?scene=0 HTTP/2.0" 200 2 "-" "Mozilla/5.0 (Android 10; HUAWEI; HUAWEI; HMA-AL00) feiyu/5.2.14"
171.115.92.252 - - [10/Jan/2023:11:51:56 +0800] "GET /v2/users/3cb64c49-6d70-4979-9a6a-52d63a8686d3 HTTP/2.0" 200 355 "-" "Mozilla/5.0 (Android 10; HUAWEI; HUAWEI; HMA-AL00) feiyu/5.2.14"
171.115.92.252 - - [10/Jan/2023:11:51:56 +0800] "GET /v2/clock-ins/stats HTTP/2.0" 200 385 "-" "Mozilla/5.0 (Android 10; HUAWEI; HUAWEI; HMA-AL00) feiyu/5.2.14"
171.115.92.252 - - [10/Jan/2023:11:51:56 +0800] "GET /v2/users/3cb64c49-6d70-4979-9a6a-52d63a8686d3 HTTP/2.0" 200 355 "-" "Mozilla/5.0 (Android 10; HUAWEI; HUAWEI; HMA-AL00) feiyu/5.2.14"
171.115.92.252 - - [10/Jan/2023:11:51:56 +0800] "GET /v2/messages/unreadCount?timestamp=2023-01-10%2002%3A19%3A07 HTTP/2.0" 200 26 "-" "Mozilla/5.0 (Android 10; HUAWEI; HUAWEI; HMA-AL00) feiyu/5.2.14"
171.115.92.252 - - [10/Jan/2023:11:51:56 +0800] "GET /v2/users/3cb64c49-6d70-4979-9a6a-52d63a8686d3 HTTP/2.0" 200 355 "-" "Mozilla/5.0 (Android 10; HUAWEI; HUAWEI; HMA-AL00) feiyu/5.2.14"
171.115.92.252 - - [10/Jan/2023:11:51:56 +0800] "GET /v2/users/3cb64c49-6d70-4979-9a6a-52d63a8686d3/createdPostsV2?guest=false&size=20&image_width=1080&background_width=359 HTTP/2.0" 200 47140 "-" "Mozilla/5.0 (Android 10; HUAWEI; HUAWEI; HMA-AL00) feiyu/5.2.14"
171.115.92.252 - - [10/Jan/2023:11:51:57 +0800] "GET /v2/users/3cb64c49-6d70-4979-9a6a-52d63a8686d3/favoritedPosts?size=20&image_width=1080&background_width=359 HTTP/2.0" 200 2 "-" "Mozilla/5.0 (Android 10; HUAWEI; HUAWEI; HMA-AL00) feiyu/5.2.14"
171.115.92.252 - - [10/Jan/2023:11:51:57 +0800] "GET /v2/users/3cb64c49-6d70-4979-9a6a-52d63a8686d3/likedPostsV2?guest=false&size=20&image_width=1080&background_width=359 HTTP/2.0" 200 23730 "-" "Mozilla/5.0 (Android 10; HUAWEI; HUAWEI; HMA-AL00) feiyu/5.2.14"
171.115.92.252 - - [10/Jan/2023:11:51:56 +0800] "GET /v2/near/canvas-war/accounts/3cb64c49-6d70-4979-9a6a-52d63a8686d3 HTTP/2.0" 200 470 "-" "Mozilla/5.0 (Android 10; HUAWEI; HUAWEI; HMA-AL00) feiyu/5.2.14"
223.104.194.156 - - [10/Jan/2023:11:51:57 +0800] "GET /v2/explore/query-tag?key=SD&page=1&size=20&show_allow_status=false HTTP/2.0" 200 2 "-" "Mozilla/5.0 (Android 12; HONOR; HONOR; ANY-AN00) feiyu/5.2.14"
223.104.194.156 - - [10/Jan/2023:11:51:57 +0800] "GET /v2/explore/queryUser?name=SD&show_follow_status=false&page=1&size=20 HTTP/2.0" 200 3385 "-" "Mozilla/5.0 (Android 12; HONOR; HONOR; ANY-AN00) feiyu/5.2.14"
223.104.194.156 - - [10/Jan/2023:11:51:57 +0800] "GET /v2/explore/queryPost?content=SD&page=1&size=20&image_width=540&background_width=540 HTTP/2.0" 200 12272 "-" "Mozilla/5.0 (Android 12; HONOR; HONOR; ANY-AN00) feiyu/5.2.14"
117.151.110.124 - - [10/Jan/2023:11:51:57 +0800] "GET /v2/posts/followees-v5?type=0&size=20&image_width=1080&background_width=359 HTTP/2.0" 200 69015 "-" "Mozilla/5.0 (Android 12; Xiaomi; Redmi; M2012K11C) feiyu/5.2.14"
117.151.110.124 - - [10/Jan/2023:11:51:58 +0800] "GET /v2/explore/banner?scene=2 HTTP/2.0" 200 451 "-" "Mozilla/5.0 (Android 12; Xiaomi; Redmi; M2012K11C) feiyu/5.2.14"
117.151.110.124 - - [10/Jan/2023:11:51:58 +0800] "GET /v2/explore/searchHint HTTP/2.0" 200 23 "-" "Mozilla/5.0 (Android 12; Xiaomi; Redmi; M2012K11C) feiyu/5.2.14"
117.151.110.124 - - [10/Jan/2023:11:51:58 +0800] "GET /v2/content-series/explore HTTP/2.0" 200 68466 "-" "Mozilla/5.0 (Android 12; Xiaomi; Redmi; M2012K11C) feiyu/5.2.14"
223.104.194.156 - - [10/Jan/2023:11:51:59 +0800] "GET /v2/posts/cb56295a-d001-47ac-9b57-05fe69a40a7f/commentsV4?size=20 HTTP/2.0" 200 701 "-" "Mozilla/5.0 (Android 12; HONOR; HONOR; ANY-AN00) feiyu/5.2.14"
223.104.194.156 - - [10/Jan/2023:11:52:00 +0800] "GET /v2/posts/cb56295a-d001-47ac-9b57-05fe69a40a7f/likes HTTP/2.0" 200 3684 "-" "Mozilla/5.0 (Android 12; HONOR; HONOR; ANY-AN00) feiyu/5.2.14"
223.104.194.156 - - [10/Jan/2023:11:52:00 +0800] "GET /v2/posts/cb56295a-d001-47ac-9b57-05fe69a40a7f/detail?image_width=1080&background_width=1080 HTTP/2.0" 200 1382 "-" "Mozilla/5.0 (Android 12; HONOR; HONOR; ANY-AN00) feiyu/5.2.14"
223.104.194.156 - - [10/Jan/2023:11:52:00 +0800] "GET /v2/posts/cb56295a-d001-47ac-9b57-05fe69a40a7f/commentsV4?timestamp=2020-03-03%2005%3A39%3A35&size=20 HTTP/2.0" 200 2 "-" "Mozilla/5.0 (Android 12; HONOR; HONOR; ANY-AN00) feiyu/5.2.14"
113.126.66.76 - - [10/Jan/2023:11:52:01 +0800] "GET /v2/gallery/randomImagesV2?size=50&width=610&content=%E6%88%91%E6%83%B3%E8%BE%9E%E8%81%8C%EF%BC%8C%E5%BC%80%E4%B8%AA%E7%83%9F%E9%85%92%E5%BA%97%EF%BC%8C%E6%8F%90%E5%89%8D%E9%80%80%E4%BC%91%E3%80%82 HTTP/2.0" 200 23696 "-" "Mozilla/5.0 (Android 13; Xiaomi; Redmi; 22081212C) feiyu/5.2.14"
112.32.59.9 - - [10/Jan/2023:11:52:03 +0800] "GET /v2/messages/unreadCount?timestamp=1970-01-01%2000%3A00%3A00 HTTP/2.0" 200 26 "-" "Mozilla/5.0 (Android 10; HUAWEI; HUAWEI; LYA-AL00) feiyu/5.2.14"
112.32.59.9 - - [10/Jan/2023:11:52:03 +0800] "GET /v2/explore/searchHint HTTP/2.0" 200 23 "-" "Mozilla/5.0 (Android 10; HUAWEI; HUAWEI; LYA-AL00) feiyu/5.2.14"
112.32.59.9 - - [10/Jan/2023:11:52:03 +0800] "GET /v2/campaigns/newest HTTP/2.0" 200 443 "-" "Mozilla/5.0 (Android 10; HUAWEI; HUAWEI; LYA-AL00) feiyu/5.2.14"
112.32.59.9 - - [10/Jan/2023:11:52:03 +0800] "GET /v2/users/196f353e-94bd-46be-a1e1-6b3b90100540/settings HTTP/2.0" 200 313 "-" "Mozilla/5.0 (Android 10; HUAWEI; HUAWEI; LYA-AL00) feiyu/5.2.14"
171.115.92.252 - - [10/Jan/2023:11:51:58 +0800] "POST /v2/clock-ins/clock-in HTTP/2.0" 200 - "-" "Mozilla/5.0 (Android 10; HUAWEI; HUAWEI; HMA-AL00) feiyu/5.2.14"
171.115.92.252 - - [10/Jan/2023:11:52:04 +0800] "GET /v2/clock-ins/stats HTTP/2.0" 200 383 "-" "Mozilla/5.0 (Android 10; HUAWEI; HUAWEI; HMA-AL00) feiyu/5.2.14"
113.126.66.76 - - [10/Jan/2023:11:52:05 +0800] "GET /v2/gallery/images/1df3213a-31a8-4013-8a1a-f900f0ef8013?width=1220 HTTP/2.0" 200 461 "-" "Mozilla/5.0 (Android 13; Xiaomi; Redmi; 22081212C) feiyu/5.2.14"
223.104.194.156 - - [10/Jan/2023:11:52:05 +0800] "GET /v2/explore/queryPost?content=SD&page=2&size=20&image_width=540&background_width=540 HTTP/2.0" 200 1103 "-" "Mozilla/5.0 (Android 12; HONOR; HONOR; ANY-AN00) feiyu/5.2.14"
171.115.92.252 - - [10/Jan/2023:11:52:07 +0800] "GET /v2/posts/775d5481-615d-47b3-bc21-7e8a167153cd/commentsV4?size=20 HTTP/2.0" 200 1335 "-" "Mozilla/5.0 (Android 10; HUAWEI; HUAWEI; HMA-AL00) feiyu/5.2.14"
171.115.92.252 - - [10/Jan/2023:11:52:07 +0800] "GET /v2/posts/775d5481-615d-47b3-bc21-7e8a167153cd/likes HTTP/2.0" 200 816 "-" "Mozilla/5.0 (Android 10; HUAWEI; HUAWEI; HMA-AL00) feiyu/5.2.14"
171.115.92.252 - - [10/Jan/2023:11:52:07 +0800] "GET /v2/posts/775d5481-615d-47b3-bc21-7e8a167153cd/detail?image_width=1080&background_width=1080 HTTP/2.0" 200 2626 "-" "Mozilla/5.0 (Android 10; HUAWEI; HUAWEI; HMA-AL00) feiyu/5.2.14"
171.115.92.252 - - [10/Jan/2023:11:52:07 +0800] "GET /v2/posts/775d5481-615d-47b3-bc21-7e8a167153cd/commentsV4?timestamp=2023-01-09%2016%3A43%3A22&size=20 HTTP/2.0" 200 2 "-" "Mozilla/5.0 (Android 10; HUAWEI; HUAWEI; HMA-AL00) feiyu/5.2.14"
223.104.194.156 - - [10/Jan/2023:11:52:07 +0800] "GET /v2/messages/unreadCount?timestamp=2023-01-10%2003%3A45%3A02 HTTP/2.0" 200 26 "-" "Mozilla/5.0 (Android 12; HONOR; HONOR; ANY-AN00) feiyu/5.2.14"
223.104.194.156 - - [10/Jan/2023:11:52:07 +0800] "GET /v2/campaigns/newest HTTP/2.0" 200 445 "-" "Mozilla/5.0 (Android 12; HONOR; HONOR; ANY-AN00) feiyu/5.2.14"
223.104.194.156 - - [10/Jan/2023:11:52:08 +0800] "GET /v2/explore/searchHint HTTP/2.0" 200 23 "-" "Mozilla/5.0 (Android 12; HONOR; HONOR; ANY-AN00) feiyu/5.2.14"
223.104.194.156 - - [10/Jan/2023:11:52:08 +0800] "GET /v2/users/a07e1077-e8c9-45b6-aecc-e2a291b6301b/settings HTTP/2.0" 200 313 "-" "Mozilla/5.0 (Android 12; HONOR; HONOR; ANY-AN00) feiyu/5.2.14"
112.32.59.9 - - [10/Jan/2023:11:52:07 +0800] "GET /v2/gallery/randomImagesV2?size=50&width=540&content=%E6%96%B0%E5%B9%B4%E5%BC%80%E5%A7%8B%E7%9A%84%E7%AC%AC10%E5%A4%A9 HTTP/2.0" 200 23360 "-" "Mozilla/5.0 (Android 10; HUAWEI; HUAWEI; LYA-AL00) feiyu/5.2.14"
120.243.211.163 - - [10/Jan/2023:11:52:08 +0800] "GET /v2/gallery/images/c0426dc7-98de-4d44-99d2-81ae867fe87b?width=1080 HTTP/2.0" 200 460 "-" "Mozilla/5.0 (Android 12; Xiaomi; Redmi; Redmi K30 Pro Zoom Edition) feiyu/5.2.12"
171.115.92.252 - - [10/Jan/2023:11:52:09 +0800] "GET /v2/messages/unreadCount?timestamp=2023-01-10%2002%3A19%3A07 HTTP/2.0" 200 26 "-" "Mozilla/5.0 (Android 10; HUAWEI; HUAWEI; HMA-AL00) feiyu/5.2.14"
171.115.92.252 - - [10/Jan/2023:11:52:09 +0800] "GET /v2/users/3cb64c49-6d70-4979-9a6a-52d63a8686d3/settings HTTP/2.0" 200 313 "-" "Mozilla/5.0 (Android 10; HUAWEI; HUAWEI; HMA-AL00) feiyu/5.2.14"
171.115.92.252 - - [10/Jan/2023:11:52:09 +0800] "GET /v2/explore/searchHint HTTP/2.0" 200 23 "-" "Mozilla/5.0 (Android 10; HUAWEI; HUAWEI; HMA-AL00) feiyu/5.2.14"
171.115.92.252 - - [10/Jan/2023:11:52:09 +0800] "GET /v2/campaigns/newest HTTP/2.0" 200 443 "-" "Mozilla/5.0 (Android 10; HUAWEI; HUAWEI; HMA-AL00) feiyu/5.2.14"
171.115.92.252 - - [10/Jan/2023:11:52:09 +0800] "GET /v2/users/3cb64c49-6d70-4979-9a6a-52d63a8686d3 HTTP/2.0" 200 355 "-" "Mozilla/5.0 (Android 10; HUAWEI; HUAWEI; HMA-AL00) feiyu/5.2.14"
171.115.92.252 - - [10/Jan/2023:11:52:09 +0800] "GET /v2/clock-ins/stats HTTP/2.0" 200 383 "-" "Mozilla/5.0 (Android 10; HUAWEI; HUAWEI; HMA-AL00) feiyu/5.2.14"
171.115.92.252 - - [10/Jan/2023:11:52:09 +0800] "GET /v2/near/canvas-war/accounts/3cb64c49-6d70-4979-9a6a-52d63a8686d3 HTTP/2.0" 200 470 "-" "Mozilla/5.0 (Android 10; HUAWEI; HUAWEI; HMA-AL00) feiyu/5.2.14"
112.32.59.9 - - [10/Jan/2023:11:52:11 +0800] "GET /v2/messages/unreadCount?timestamp=1970-01-01%2000%3A00%3A00 HTTP/2.0" 200 26 "-" "Mozilla/5.0 (Android 10; HUAWEI; HUAWEI; LYA-AL00) feiyu/5.2.14"
112.32.59.9 - - [10/Jan/2023:11:52:11 +0800] "GET /v2/users/196f353e-94bd-46be-a1e1-6b3b90100540/settings HTTP/2.0" 200 313 "-" "Mozilla/5.0 (Android 10; HUAWEI; HUAWEI; LYA-AL00) feiyu/5.2.14"
112.32.59.9 - - [10/Jan/2023:11:52:11 +0800] "GET /v2/explore/searchHint HTTP/2.0" 200 23 "-" "Mozilla/5.0 (Android 10; HUAWEI; HUAWEI; LYA-AL00) feiyu/5.2.14"
112.32.59.9 - - [10/Jan/2023:11:52:11 +0800] "GET /v2/campaigns/newest HTTP/2.0" 200 449 "-" "Mozilla/5.0 (Android 10; HUAWEI; HUAWEI; LYA-AL00) feiyu/5.2.14"
