124.64.122.191 - - [10/Jan/2023:12:06:00 +0800] "OPTIONS /v2/crm/posts/acd8d41f-64a1-431a-9c6f-0e91ee9f0e46/edit HTTP/2.0" 200 - "https://crm.fygtapp.com/" "Mozilla/5.0 (Macintosh; Intel Mac OS X 10_15_7) AppleWebKit/537.36 (KHTML, like Gecko) Chrome/108.0.0.0 Safari/537.36"
124.64.122.191 - - [10/Jan/2023:12:06:00 +0800] "PUT /v2/crm/posts/acd8d41f-64a1-431a-9c6f-0e91ee9f0e46/edit HTTP/2.0" 200 1320 "https://crm.fygtapp.com/" "Mozilla/5.0 (Macintosh; Intel Mac OS X 10_15_7) AppleWebKit/537.36 (KHTML, like Gecko) Chrome/108.0.0.0 Safari/537.36"
42.49.27.71 - - [10/Jan/2023:12:06:02 +0800] "GET /v2/gallery/images/query?key=%E9%98%B3&page=1&size=20&show_favorite_status=true HTTP/2.0" 200 9697 "-" "Mozilla/5.0 (Android 9; vivo; vivo; V1816A) feiyu/5.2.11"
124.64.122.191 - - [10/Jan/2023:12:06:02 +0800] "OPTIONS /v2/crm/posts/bca9e579-9890-47bf-a07d-861636e43739/edit HTTP/2.0" 200 - "https://crm.fygtapp.com/" "Mozilla/5.0 (Macintosh; Intel Mac OS X 10_15_7) AppleWebKit/537.36 (KHTML, like Gecko) Chrome/108.0.0.0 Safari/537.36"
124.64.122.191 - - [10/Jan/2023:12:06:02 +0800] "PUT /v2/crm/posts/bca9e579-9890-47bf-a07d-861636e43739/edit HTTP/2.0" 200 1323 "https://crm.fygtapp.com/" "Mozilla/5.0 (Macintosh; Intel Mac OS X 10_15_7) AppleWebKit/537.36 (KHTML, like Gecko) Chrome/108.0.0.0 Safari/537.36"
124.64.122.191 - - [10/Jan/2023:12:06:03 +0800] "OPTIONS /v2/crm/posts/32384643-dddb-4825-864f-8144e1edd812/edit HTTP/2.0" 200 - "https://crm.fygtapp.com/" "Mozilla/5.0 (Macintosh; Intel Mac OS X 10_15_7) AppleWebKit/537.36 (KHTML, like Gecko) Chrome/108.0.0.0 Safari/537.36"
124.64.122.191 - - [10/Jan/2023:12:06:03 +0800] "PUT /v2/crm/posts/32384643-dddb-4825-864f-8144e1edd812/edit HTTP/2.0" 200 1305 "https://crm.fygtapp.com/" "Mozilla/5.0 (Macintosh; Intel Mac OS X 10_15_7) AppleWebKit/537.36 (KHTML, like Gecko) Chrome/108.0.0.0 Safari/537.36"
42.49.27.71 - - [10/Jan/2023:12:06:02 +0800] "GET /v2/gallery/images/query?key=%E9%98%B3&page=2&size=20&show_favorite_status=true HTTP/2.0" 500 129 "-" "Mozilla/5.0 (Android 9; vivo; vivo; V1816A) feiyu/5.2.11"
101.67.107.194 - - [10/Jan/2023:12:06:06 +0800] "GET /v2/campaigns/newest HTTP/2.0" 200 445 "-" "Mozilla/5.0 (Android 11; vivo; vivo; V2054A) feiyu/5.2.14"
101.67.107.194 - - [10/Jan/2023:12:06:06 +0800] "GET /v2/messages/unreadCount?timestamp=2023-01-07%2014%3A28%3A12 HTTP/2.0" 200 26 "-" "Mozilla/5.0 (Android 11; vivo; vivo; V2054A) feiyu/5.2.14"
101.67.107.194 - - [10/Jan/2023:12:06:06 +0800] "GET /v2/users/e0c19550-3dc4-4fc8-bffa-17bd4cd9d78c/settings HTTP/2.0" 200 310 "-" "Mozilla/5.0 (Android 11; vivo; vivo; V2054A) feiyu/5.2.14"
101.67.107.194 - - [10/Jan/2023:12:06:06 +0800] "GET /v2/users/e0c19550-3dc4-4fc8-bffa-17bd4cd9d78c HTTP/2.0" 200 357 "-" "Mozilla/5.0 (Android 11; vivo; vivo; V2054A) feiyu/5.2.14"
101.67.107.194 - - [10/Jan/2023:12:06:06 +0800] "GET /v2/clock-ins/stats HTTP/2.0" 200 382 "-" "Mozilla/5.0 (Android 11; vivo; vivo; V2054A) feiyu/5.2.14"
101.67.107.194 - - [10/Jan/2023:12:06:06 +0800] "GET /v2/near/canvas-war/accounts/e0c19550-3dc4-4fc8-bffa-17bd4cd9d78c HTTP/2.0" 200 477 "-" "Mozilla/5.0 (Android 11; vivo; vivo; V2054A) feiyu/5.2.14"
124.64.122.191 - - [10/Jan/2023:12:06:06 +0800] "OPTIONS /v2/crm/posts/558f4b8e-f310-4a42-ba39-a80ac858bd37/edit HTTP/2.0" 200 - "https://crm.fygtapp.com/" "Mozilla/5.0 (Macintosh; Intel Mac OS X 10_15_7) AppleWebKit/537.36 (KHTML, like Gecko) Chrome/108.0.0.0 Safari/537.36"
124.64.122.191 - - [10/Jan/2023:12:06:06 +0800] "PUT /v2/crm/posts/558f4b8e-f310-4a42-ba39-a80ac858bd37/edit HTTP/2.0" 200 1472 "https://crm.fygtapp.com/" "Mozilla/5.0 (Macintosh; Intel Mac OS X 10_15_7) AppleWebKit/537.36 (KHTML, like Gecko) Chrome/108.0.0.0 Safari/537.36"
101.67.107.194 - - [10/Jan/2023:12:06:07 +0800] "GET /v2/messages/unreadCount?timestamp=2023-01-07%2014%3A28%3A12 HTTP/2.0" 200 26 "-" "Mozilla/5.0 (Android 11; vivo; vivo; V2054A) feiyu/5.2.14"
101.67.107.194 - - [10/Jan/2023:12:06:07 +0800] "GET /v2/users/e0c19550-3dc4-4fc8-bffa-17bd4cd9d78c HTTP/2.0" 200 357 "-" "Mozilla/5.0 (Android 11; vivo; vivo; V2054A) feiyu/5.2.14"
124.64.122.191 - - [10/Jan/2023:12:06:10 +0800] "OPTIONS /v2/crm/posts/36aa140a-5fe5-4918-a386-ce01b3726ae0/edit HTTP/2.0" 200 - "https://crm.fygtapp.com/" "Mozilla/5.0 (Macintosh; Intel Mac OS X 10_15_7) AppleWebKit/537.36 (KHTML, like Gecko) Chrome/108.0.0.0 Safari/537.36"
124.64.122.191 - - [10/Jan/2023:12:06:10 +0800] "PUT /v2/crm/posts/36aa140a-5fe5-4918-a386-ce01b3726ae0/edit HTTP/2.0" 200 1759 "https://crm.fygtapp.com/" "Mozilla/5.0 (Macintosh; Intel Mac OS X 10_15_7) AppleWebKit/537.36 (KHTML, like Gecko) Chrome/108.0.0.0 Safari/537.36"
124.64.122.191 - - [10/Jan/2023:12:06:11 +0800] "OPTIONS /v2/crm/posts/1a28a84e-c603-440f-935d-fc59b4f38f21/edit HTTP/2.0" 200 - "https://crm.fygtapp.com/" "Mozilla/5.0 (Macintosh; Intel Mac OS X 10_15_7) AppleWebKit/537.36 (KHTML, like Gecko) Chrome/108.0.0.0 Safari/537.36"
124.64.122.191 - - [10/Jan/2023:12:06:11 +0800] "PUT /v2/crm/posts/1a28a84e-c603-440f-935d-fc59b4f38f21/edit HTTP/2.0" 200 1552 "https://crm.fygtapp.com/" "Mozilla/5.0 (Macintosh; Intel Mac OS X 10_15_7) AppleWebKit/537.36 (KHTML, like Gecko) Chrome/108.0.0.0 Safari/537.36"
124.64.122.191 - - [10/Jan/2023:12:06:12 +0800] "OPTIONS /v2/crm/posts/085ec3f3-996f-4fb1-814e-3851665657c7/edit HTTP/2.0" 200 - "https://crm.fygtapp.com/" "Mozilla/5.0 (Macintosh; Intel Mac OS X 10_15_7) AppleWebKit/537.36 (KHTML, like Gecko) Chrome/108.0.0.0 Safari/537.36"
124.64.122.191 - - [10/Jan/2023:12:06:12 +0800] "PUT /v2/crm/posts/085ec3f3-996f-4fb1-814e-3851665657c7/edit HTTP/2.0" 200 1568 "https://crm.fygtapp.com/" "Mozilla/5.0 (Macintosh; Intel Mac OS X 10_15_7) AppleWebKit/537.36 (KHTML, like Gecko) Chrome/108.0.0.0 Safari/537.36"
112.32.59.9 - - [10/Jan/2023:12:06:12 +0800] "GET /v2/gallery/categoriesV4 HTTP/2.0" 200 13206 "-" "Mozilla/5.0 (Android 10; HUAWEI; HUAWEI; LYA-AL00) feiyu/5.2.14"
112.32.59.9 - - [10/Jan/2023:12:06:12 +0800] "GET /v2/gallery/categories/1e3bd6cc-e816-4cec-a975-7d2c39b1a292/imagesV3?page=1&size=20&width=540 HTTP/2.0" 200 5351 "-" "Mozilla/5.0 (Android 10; HUAWEI; HUAWEI; LYA-AL00) feiyu/5.2.14"
112.32.59.9 - - [10/Jan/2023:12:06:13 +0800] "GET /v2/gallery/categories/1e3bd6cc-e816-4cec-a975-7d2c39b1a292/imagesV3?page=2&size=20&width=540 HTTP/2.0" 200 2 "-" "Mozilla/5.0 (Android 10; HUAWEI; HUAWEI; LYA-AL00) feiyu/5.2.14"
112.32.59.9 - - [10/Jan/2023:12:06:15 +0800] "GET /v2/gallery/categories/1ab7a131-0b87-4435-a849-7b1aeaee0167/imagesV3?page=1&size=20&width=540 HTTP/2.0" 200 9465 "-" "Mozilla/5.0 (Android 10; HUAWEI; HUAWEI; LYA-AL00) feiyu/5.2.14"
111.44.170.109 - - [10/Jan/2023:12:06:18 +0800] "GET /v2/app/upgrade?version_code=65&platform=Android HTTP/2.0" 200 4 "-" "Mozilla/5.0 (Android 13; Xiaomi; Xiaomi; 2201123C) feiyu/5.2.14"
111.44.170.109 - - [10/Jan/2023:12:06:18 +0800] "GET /v2/app/tiamat-info HTTP/2.0" 200 16 "-" "Mozilla/5.0 (Android 13; Xiaomi; Xiaomi; 2201123C) feiyu/5.2.14"
111.44.170.109 - - [10/Jan/2023:12:06:18 +0800] "GET /v2/app/ab-test-status HTTP/2.0" 200 16 "-" "Mozilla/5.0 (Android 13; Xiaomi; Xiaomi; 2201123C) feiyu/5.2.14"
112.32.59.9 - - [10/Jan/2023:12:06:19 +0800] "GET /v2/gallery/categories/1ab7a131-0b87-4435-a849-7b1aeaee0167/imagesV3?page=2&size=20&width=540 HTTP/2.0" 200 9484 "-" "Mozilla/5.0 (Android 10; HUAWEI; HUAWEI; LYA-AL00) feiyu/5.2.14"
42.49.27.71 - - [10/Jan/2023:12:06:19 +0800] "GET /v2/gallery/images/8f60efd3-74c1-4937-a13e-fc893633008c?width=1080 HTTP/2.0" 200 463 "-" "Mozilla/5.0 (Android 9; vivo; vivo; V1816A) feiyu/5.2.11"
111.44.170.109 - - [10/Jan/2023:12:06:19 +0800] "GET /v2/lab-projects HTTP/2.0" 200 24899 "-" "Mozilla/5.0 (Android 13; Xiaomi; Xiaomi; 2201123C) feiyu/5.2.14"
111.44.170.109 - - [10/Jan/2023:12:06:19 +0800] "GET /v2/app/upgrade?version_code=65&platform=Android HTTP/2.0" 200 4 "-" "Mozilla/5.0 (Android 13; Xiaomi; Xiaomi; 2201123C) feiyu/5.2.14"
111.44.170.109 - - [10/Jan/2023:12:06:20 +0800] "GET /v2/app/randomHomeBackgroundImageV2 HTTP/2.0" 200 287 "-" "Mozilla/5.0 (Android 13; Xiaomi; Xiaomi; 2201123C) feiyu/5.2.14"
111.44.170.109 - - [10/Jan/2023:12:06:20 +0800] "GET /v2/campaigns/newest HTTP/2.0" 200 443 "-" "Mozilla/5.0 (Android 13; Xiaomi; Xiaomi; 2201123C) feiyu/5.2.14"
111.44.170.109 - - [10/Jan/2023:12:06:20 +0800] "GET /v2/messages/unreadCount?timestamp=2023-01-09%2018%3A23%3A10 HTTP/2.0" 200 26 "-" "Mozilla/5.0 (Android 13; Xiaomi; Xiaomi; 2201123C) feiyu/5.2.14"
111.44.170.109 - - [10/Jan/2023:12:06:20 +0800] "GET /v2/campaigns/newest HTTP/2.0" 200 443 "-" "Mozilla/5.0 (Android 13; Xiaomi; Xiaomi; 2201123C) feiyu/5.2.14"
111.44.170.109 - - [10/Jan/2023:12:06:20 +0800] "GET /v2/users/38c92519-6243-4db5-a01b-86bdece757ee/settings HTTP/2.0" 200 313 "-" "Mozilla/5.0 (Android 13; Xiaomi; Xiaomi; 2201123C) feiyu/5.2.14"
112.32.59.9 - - [10/Jan/2023:12:06:20 +0800] "GET /v2/gallery/categories/d2a3f358-1dea-43f3-a62e-27c832e8f188/imagesV3?page=1&size=20&width=540 HTTP/2.0" 200 9479 "-" "Mozilla/5.0 (Android 10; HUAWEI; HUAWEI; LYA-AL00) feiyu/5.2.14"
112.32.59.9 - - [10/Jan/2023:12:06:22 +0800] "GET /v2/gallery/categories/f51d22d1-683a-4671-a81d-da5cbc8eeebc/imagesV3?page=1&size=20&width=540 HTTP/2.0" 200 9491 "-" "Mozilla/5.0 (Android 10; HUAWEI; HUAWEI; LYA-AL00) feiyu/5.2.14"
223.104.175.1 - - [10/Jan/2023:12:06:23 +0800] "GET /v2/campaigns/newest HTTP/2.0" 200 447 "-" "Mozilla/5.0 (Android 10; OPPO; OPPO; PCAM10) feiyu/5.1.6"
223.104.175.1 - - [10/Jan/2023:12:06:23 +0800] "GET /v2/users/82553533-7bf6-40e5-af3f-c4d3dd27db03/settings HTTP/2.0" 200 313 "-" "Mozilla/5.0 (Android 10; OPPO; OPPO; PCAM10) feiyu/5.1.6"
111.44.170.109 - - [10/Jan/2023:12:06:25 +0800] "GET /v2/explore/searchHint HTTP/2.0" 200 23 "-" "Mozilla/5.0 (Android 13; Xiaomi; Xiaomi; 2201123C) feiyu/5.2.14"
111.44.170.109 - - [10/Jan/2023:12:06:25 +0800] "GET /v2/explore/banner?scene=2 HTTP/2.0" 200 439 "-" "Mozilla/5.0 (Android 13; Xiaomi; Xiaomi; 2201123C) feiyu/5.2.14"
111.44.170.109 - - [10/Jan/2023:12:06:25 +0800] "GET /v2/content-series/explore HTTP/2.0" 200 68452 "-" "Mozilla/5.0 (Android 13; Xiaomi; Xiaomi; 2201123C) feiyu/5.2.14"
111.44.170.109 - - [10/Jan/2023:12:06:25 +0800] "GET /v2/posts/followees-v5?type=0&size=20&image_width=1080&background_width=359 HTTP/2.0" 200 88229 "-" "Mozilla/5.0 (Android 13; Xiaomi; Xiaomi; 2201123C) feiyu/5.2.14"
111.44.170.109 - - [10/Jan/2023:12:06:25 +0800] "GET /v2/posts/followees-v5?type=0&size=20&image_width=1080&background_width=359 HTTP/2.0" 200 88229 "-" "Mozilla/5.0 (Android 13; Xiaomi; Xiaomi; 2201123C) feiyu/5.2.14"
111.44.170.109 - - [10/Jan/2023:12:06:26 +0800] "GET /v2/posts/recommended/sticky?image_width=1080&background_width=359 HTTP/2.0" 200 3848 "-" "Mozilla/5.0 (Android 13; Xiaomi; Xiaomi; 2201123C) feiyu/5.2.14"
111.44.170.109 - - [10/Jan/2023:12:06:26 +0800] "GET /v2/explore/banner?scene=1 HTTP/2.0" 200 2310 "-" "Mozilla/5.0 (Android 13; Xiaomi; Xiaomi; 2201123C) feiyu/5.2.14"
111.44.170.109 - - [10/Jan/2023:12:06:26 +0800] "GET /v2/posts/recommended?size=20&image_width=1080&background_width=359 HTTP/2.0" 200 60386 "-" "Mozilla/5.0 (Android 13; Xiaomi; Xiaomi; 2201123C) feiyu/5.2.14"
111.44.170.109 - - [10/Jan/2023:12:06:26 +0800] "GET /v2/ads?scene=0 HTTP/2.0" 200 2 "-" "Mozilla/5.0 (Android 13; Xiaomi; Xiaomi; 2201123C) feiyu/5.2.14"
112.32.59.9 - - [10/Jan/2023:12:06:27 +0800] "GET /v2/gallery/images/7d8c0294-99d8-40d2-86a1-e4cffd6de809?width=1080 HTTP/2.0" 200 458 "-" "Mozilla/5.0 (Android 10; HUAWEI; HUAWEI; LYA-AL00) feiyu/5.2.14"
42.49.27.71 - - [10/Jan/2023:12:06:27 +0800] "POST /v2/app/upload HTTP/2.0" 200 349 "-" "Mozilla/5.0 (Android 9; vivo; vivo; V1816A) feiyu/5.2.11"
42.49.27.71 - - [10/Jan/2023:12:06:28 +0800] "POST /v2/posts/uploadCompleteV2 HTTP/2.0" 200 1112 "-" "Mozilla/5.0 (Android 9; vivo; vivo; V1816A) feiyu/5.2.11"
111.44.170.109 - - [10/Jan/2023:12:06:28 +0800] "GET /v2/posts/dcc05495-d21a-4b85-b8f4-ed500c7f9397/commentsV4?size=20 HTTP/2.0" 200 3645 "-" "Mozilla/5.0 (Android 13; Xiaomi; Xiaomi; 2201123C) feiyu/5.2.14"
27.9.197.138 - - [10/Jan/2023:12:06:28 +0800] "GET /v2/app/tiamat-info HTTP/2.0" 200 16 "-" "Mozilla/5.0 (Android 9; HUAWEI; HUAWEI; JKM-AL00b) feiyu/5.2.14"
27.9.197.138 - - [10/Jan/2023:12:06:28 +0800] "GET /v2/app/upgrade?version_code=65&platform=Android HTTP/2.0" 200 4 "-" "Mozilla/5.0 (Android 9; HUAWEI; HUAWEI; JKM-AL00b) feiyu/5.2.14"
27.9.197.138 - - [10/Jan/2023:12:06:28 +0800] "GET /v2/app/ab-test-status HTTP/2.0" 200 16 "-" "Mozilla/5.0 (Android 9; HUAWEI; HUAWEI; JKM-AL00b) feiyu/5.2.14"
111.44.170.109 - - [10/Jan/2023:12:06:28 +0800] "GET /v2/posts/dcc05495-d21a-4b85-b8f4-ed500c7f9397/likes HTTP/2.0" 200 2944 "-" "Mozilla/5.0 (Android 13; Xiaomi; Xiaomi; 2201123C) feiyu/5.2.14"
111.44.170.109 - - [10/Jan/2023:12:06:28 +0800] "GET /v2/posts/dcc05495-d21a-4b85-b8f4-ed500c7f9397/detail?image_width=1080&background_width=1080 HTTP/2.0" 200 2317 "-" "Mozilla/5.0 (Android 13; Xiaomi; Xiaomi; 2201123C) feiyu/5.2.14"
111.44.170.109 - - [10/Jan/2023:12:06:28 +0800] "GET /v2/posts/dcc05495-d21a-4b85-b8f4-ed500c7f9397/commentsV4?timestamp=2023-01-06%2015%3A38%3A31&size=20 HTTP/2.0" 200 2 "-" "Mozilla/5.0 (Android 13; Xiaomi; Xiaomi; 2201123C) feiyu/5.2.14"
111.44.170.109 - - [10/Jan/2023:12:06:29 +0800] "GET /v2/messages/unreadCount?timestamp=2023-01-09%2018%3A23%3A10 HTTP/2.0" 200 26 "-" "Mozilla/5.0 (Android 13; Xiaomi; Xiaomi; 2201123C) feiyu/5.2.14"
111.44.170.109 - - [10/Jan/2023:12:06:29 +0800] "GET /v2/explore/searchHint HTTP/2.0" 200 23 "-" "Mozilla/5.0 (Android 13; Xiaomi; Xiaomi; 2201123C) feiyu/5.2.14"
111.44.170.109 - - [10/Jan/2023:12:06:29 +0800] "GET /v2/campaigns/newest HTTP/2.0" 200 443 "-" "Mozilla/5.0 (Android 13; Xiaomi; Xiaomi; 2201123C) feiyu/5.2.14"
111.44.170.109 - - [10/Jan/2023:12:06:29 +0800] "GET /v2/users/38c92519-6243-4db5-a01b-86bdece757ee/settings HTTP/2.0" 200 313 "-" "Mozilla/5.0 (Android 13; Xiaomi; Xiaomi; 2201123C) feiyu/5.2.14"
112.32.59.9 - - [10/Jan/2023:12:06:30 +0800] "POST /v2/app/upload HTTP/2.0" 200 351 "-" "Mozilla/5.0 (Android 10; HUAWEI; HUAWEI; LYA-AL00) feiyu/5.2.14"
112.32.59.9 - - [10/Jan/2023:12:06:30 +0800] "POST /v2/posts/uploadCompleteV2 HTTP/2.0" 200 1142 "-" "Mozilla/5.0 (Android 10; HUAWEI; HUAWEI; LYA-AL00) feiyu/5.2.14"
223.104.175.1 - - [10/Jan/2023:12:06:31 +0800] "GET /v2/campaigns/newest HTTP/2.0" 200 443 "-" "Mozilla/5.0 (Android 10; OPPO; OPPO; PCAM10) feiyu/5.1.6"
223.104.175.1 - - [10/Jan/2023:12:06:31 +0800] "GET /v2/users/82553533-7bf6-40e5-af3f-c4d3dd27db03/settings HTTP/2.0" 200 313 "-" "Mozilla/5.0 (Android 10; OPPO; OPPO; PCAM10) feiyu/5.1.6"
112.32.59.9 - - [10/Jan/2023:12:06:33 +0800] "GET /v2/messages/unreadCount?timestamp=1970-01-01%2000%3A00%3A00 HTTP/2.0" 200 26 "-" "Mozilla/5.0 (Android 10; HUAWEI; HUAWEI; LYA-AL00) feiyu/5.2.14"
112.32.59.9 - - [10/Jan/2023:12:06:33 +0800] "GET /v2/campaigns/newest HTTP/2.0" 200 443 "-" "Mozilla/5.0 (Android 10; HUAWEI; HUAWEI; LYA-AL00) feiyu/5.2.14"
112.32.59.9 - - [10/Jan/2023:12:06:33 +0800] "GET /v2/explore/searchHint HTTP/2.0" 200 23 "-" "Mozilla/5.0 (Android 10; HUAWEI; HUAWEI; LYA-AL00) feiyu/5.2.14"
112.32.59.9 - - [10/Jan/2023:12:06:33 +0800] "GET /v2/users/196f353e-94bd-46be-a1e1-6b3b90100540/settings HTTP/2.0" 200 313 "-" "Mozilla/5.0 (Android 10; HUAWEI; HUAWEI; LYA-AL00) feiyu/5.2.14"
223.86.189.190 - - [10/Jan/2023:12:06:33 +0800] "GET /v2/messages/unreadCount?timestamp=2023-01-10%2004%3A01%3A19 HTTP/2.0" 200 26 "-" "Mozilla/5.0 (Android 11; vivo; vivo; V2046A) feiyu/5.2.14"
223.86.189.190 - - [10/Jan/2023:12:06:33 +0800] "GET /v2/campaigns/newest HTTP/2.0" 200 443 "-" "Mozilla/5.0 (Android 11; vivo; vivo; V2046A) feiyu/5.2.14"
223.86.189.190 - - [10/Jan/2023:12:06:33 +0800] "GET /v2/users/bc76daa7-8b65-496e-80fc-3de6cbedc4f2 HTTP/2.0" 200 366 "-" "Mozilla/5.0 (Android 11; vivo; vivo; V2046A) feiyu/5.2.14"
223.86.189.190 - - [10/Jan/2023:12:06:33 +0800] "GET /v2/users/bc76daa7-8b65-496e-80fc-3de6cbedc4f2/settings HTTP/2.0" 200 313 "-" "Mozilla/5.0 (Android 11; vivo; vivo; V2046A) feiyu/5.2.14"
223.86.189.190 - - [10/Jan/2023:12:06:33 +0800] "GET /v2/clock-ins/stats HTTP/2.0" 200 385 "-" "Mozilla/5.0 (Android 11; vivo; vivo; V2046A) feiyu/5.2.14"
223.86.189.190 - - [10/Jan/2023:12:06:33 +0800] "GET /v2/explore/searchHint HTTP/2.0" 200 23 "-" "Mozilla/5.0 (Android 11; vivo; vivo; V2046A) feiyu/5.2.14"
223.86.189.190 - - [10/Jan/2023:12:06:33 +0800] "GET /v2/near/canvas-war/accounts/bc76daa7-8b65-496e-80fc-3de6cbedc4f2 HTTP/2.0" 200 477 "-" "Mozilla/5.0 (Android 11; vivo; vivo; V2046A) feiyu/5.2.14"
223.86.189.190 - - [10/Jan/2023:12:06:35 +0800] "GET /v2/lab-projects HTTP/2.0" 200 24909 "-" "Mozilla/5.0 (Android 11; vivo; vivo; V2046A) feiyu/5.2.14"
223.86.189.190 - - [10/Jan/2023:12:06:35 +0800] "GET /v2/lab-projects/active-users-count HTTP/2.0" 200 14 "-" "Mozilla/5.0 (Android 11; vivo; vivo; V2046A) feiyu/5.2.14"
223.104.175.1 - - [10/Jan/2023:12:06:55 +0800] "GET /v2/campaigns/newest HTTP/2.0" 200 443 "-" "Mozilla/5.0 (Android 10; OPPO; OPPO; PCAM10) feiyu/5.1.6"
223.104.175.1 - - [10/Jan/2023:12:06:55 +0800] "GET /v2/users/82553533-7bf6-40e5-af3f-c4d3dd27db03/settings HTTP/2.0" 200 313 "-" "Mozilla/5.0 (Android 10; OPPO; OPPO; PCAM10) feiyu/5.1.6"
112.32.59.9 - - [10/Jan/2023:12:06:57 +0800] "GET /v2/gallery/randomImagesV2?size=50&width=540&category_safe_id=d1569b14-497d-474c-8c41-732c10584cb4&content=%E5%93%AA%E4%BD%8D%E5%A5%BD%E5%BF%83%E4%BA%BA%E5%B8%AE%E6%88%91%E5%A1%AB%E4%B8%AA%E9%97%AE%E5%8D%B7 HTTP/2.0" 200 23168 "-" "Mozilla/5.0 (Android 10; HUAWEI; HUAWEI; LYA-AL00) feiyu/5.2.14"
36.97.83.207 - - [10/Jan/2023:12:06:58 +0800] "GET /v2/messages/unreadCount?timestamp=1970-01-01%2000%3A00%3A00 HTTP/2.0" 200 26 "-" "Mozilla/5.0 (Android 12; HUAWEI; HUAWEI; SCMR-W09) feiyu/5.2.14"
36.97.83.207 - - [10/Jan/2023:12:06:58 +0800] "GET /v2/campaigns/newest HTTP/2.0" 200 447 "-" "Mozilla/5.0 (Android 12; HUAWEI; HUAWEI; SCMR-W09) feiyu/5.2.14"
36.97.83.207 - - [10/Jan/2023:12:06:58 +0800] "GET /v2/users/94ba97c8-54d7-4170-84df-7b2f97c67fe4/settings HTTP/2.0" 200 313 "-" "Mozilla/5.0 (Android 12; HUAWEI; HUAWEI; SCMR-W09) feiyu/5.2.14"
114.241.21.87 - - [10/Jan/2023:12:07:00 +0800] "GET /v2/app/tiamat-info HTTP/2.0" 200 16 "-" "Mozilla/5.0 (Android 10; HUAWEI; HUAWEI; AGS3-AL00) feiyu/5.2.14"
114.241.21.87 - - [10/Jan/2023:12:07:00 +0800] "GET /v2/app/ab-test-status HTTP/2.0" 200 16 "-" "Mozilla/5.0 (Android 10; HUAWEI; HUAWEI; AGS3-AL00) feiyu/5.2.14"
114.241.21.87 - - [10/Jan/2023:12:07:00 +0800] "GET /v2/app/upgrade?version_code=65&platform=Android HTTP/2.0" 200 4 "-" "Mozilla/5.0 (Android 10; HUAWEI; HUAWEI; AGS3-AL00) feiyu/5.2.14"
112.32.59.9 - - [10/Jan/2023:12:07:02 +0800] "GET /v2/messages/unreadCount?timestamp=1970-01-01%2000%3A00%3A00 HTTP/2.0" 200 26 "-" "Mozilla/5.0 (Android 10; HUAWEI; HUAWEI; LYA-AL00) feiyu/5.2.14"
112.32.59.9 - - [10/Jan/2023:12:07:02 +0800] "GET /v2/users/196f353e-94bd-46be-a1e1-6b3b90100540/settings HTTP/2.0" 200 313 "-" "Mozilla/5.0 (Android 10; HUAWEI; HUAWEI; LYA-AL00) feiyu/5.2.14"
112.32.59.9 - - [10/Jan/2023:12:07:02 +0800] "GET /v2/explore/searchHint HTTP/2.0" 200 23 "-" "Mozilla/5.0 (Android 10; HUAWEI; HUAWEI; LYA-AL00) feiyu/5.2.14"
112.32.59.9 - - [10/Jan/2023:12:07:02 +0800] "GET /v2/campaigns/newest HTTP/2.0" 200 445 "-" "Mozilla/5.0 (Android 10; HUAWEI; HUAWEI; LYA-AL00) feiyu/5.2.14"
124.64.122.191 - - [10/Jan/2023:12:07:03 +0800] "OPTIONS /v2/crm/posts/75dc3d1e-d8d2-45a7-af0b-a421bf97e9a1/edit HTTP/2.0" 200 - "https://crm.fygtapp.com/" "Mozilla/5.0 (Macintosh; Intel Mac OS X 10_15_7) AppleWebKit/537.36 (KHTML, like Gecko) Chrome/108.0.0.0 Safari/537.36"
124.64.122.191 - - [10/Jan/2023:12:07:03 +0800] "PUT /v2/crm/posts/75dc3d1e-d8d2-45a7-af0b-a421bf97e9a1/edit HTTP/2.0" 200 1531 "https://crm.fygtapp.com/" "Mozilla/5.0 (Macintosh; Intel Mac OS X 10_15_7) AppleWebKit/537.36 (KHTML, like Gecko) Chrome/108.0.0.0 Safari/537.36"
27.9.197.138 - - [10/Jan/2023:12:07:06 +0800] "POST /v2/users/oauth HTTP/2.0" 200 887 "-" "Mozilla/5.0 (Android 9; HUAWEI; HUAWEI; JKM-AL00b) feiyu/5.2.14"
27.9.197.138 - - [10/Jan/2023:12:07:07 +0800] "GET /v2/users/0d430650-99b4-491d-9cd8-9d0996e4a0c2/settings HTTP/2.0" 200 313 "-" "Mozilla/5.0 (Android 9; HUAWEI; HUAWEI; JKM-AL00b) feiyu/5.2.14"
27.9.197.138 - - [10/Jan/2023:12:07:07 +0800] "GET /v2/lab-projects HTTP/2.0" 200 24895 "-" "Mozilla/5.0 (Android 9; HUAWEI; HUAWEI; JKM-AL00b) feiyu/5.2.14"
27.9.197.138 - - [10/Jan/2023:12:07:07 +0800] "GET /v2/app/upgrade?version_code=65&platform=Android HTTP/2.0" 200 4 "-" "Mozilla/5.0 (Android 9; HUAWEI; HUAWEI; JKM-AL00b) feiyu/5.2.14"
27.9.197.138 - - [10/Jan/2023:12:07:08 +0800] "GET /v2/app/randomHomeBackgroundImageV2 HTTP/2.0" 200 287 "-" "Mozilla/5.0 (Android 9; HUAWEI; HUAWEI; JKM-AL00b) feiyu/5.2.14"
27.9.197.138 - - [10/Jan/2023:12:07:08 +0800] "GET /v2/messages/unreadCount?timestamp=1970-01-01%2000%3A00%3A00 HTTP/2.0" 200 26 "-" "Mozilla/5.0 (Android 9; HUAWEI; HUAWEI; JKM-AL00b) feiyu/5.2.14"
27.9.197.138 - - [10/Jan/2023:12:07:08 +0800] "GET /v2/campaigns/newest HTTP/2.0" 200 447 "-" "Mozilla/5.0 (Android 9; HUAWEI; HUAWEI; JKM-AL00b) feiyu/5.2.14"
27.9.197.138 - - [10/Jan/2023:12:07:08 +0800] "GET /v2/users/0d430650-99b4-491d-9cd8-9d0996e4a0c2/settings HTTP/2.0" 200 313 "-" "Mozilla/5.0 (Android 9; HUAWEI; HUAWEI; JKM-AL00b) feiyu/5.2.14"
27.9.197.138 - - [10/Jan/2023:12:07:08 +0800] "GET /v2/campaigns/newest HTTP/2.0" 200 447 "-" "Mozilla/5.0 (Android 9; HUAWEI; HUAWEI; JKM-AL00b) feiyu/5.2.14"
42.49.27.71 - - [10/Jan/2023:12:07:09 +0800] "GET /v2/gallery/images/query?key=%E9%98%B4&page=1&size=20&show_favorite_status=true HTTP/2.0" 200 9722 "-" "Mozilla/5.0 (Android 9; vivo; vivo; V1816A) feiyu/5.2.11"
223.104.175.1 - - [10/Jan/2023:12:07:15 +0800] "GET /v2/campaigns/newest HTTP/2.0" 200 443 "-" "Mozilla/5.0 (Android 10; OPPO; OPPO; PCAM10) feiyu/5.1.6"
223.104.175.1 - - [10/Jan/2023:12:07:15 +0800] "GET /v2/users/82553533-7bf6-40e5-af3f-c4d3dd27db03/settings HTTP/2.0" 200 313 "-" "Mozilla/5.0 (Android 10; OPPO; OPPO; PCAM10) feiyu/5.1.6"
112.32.59.9 - - [10/Jan/2023:12:07:17 +0800] "GET /v2/gallery/randomImagesV2?size=50&width=540&category_safe_id=d1569b14-497d-474c-8c41-732c10584cb4&content=%E5%BE%81%E5%A5%BD%E5%BF%83%E4%BA%BA%0A%E5%B8%AE%E6%88%91%E5%A1%AB%E4%B8%AA%E9%97%AE%E5%8D%B7 HTTP/2.0" 200 23312 "-" "Mozilla/5.0 (Android 10; HUAWEI; HUAWEI; LYA-AL00) feiyu/5.2.14"
124.64.122.191 - - [10/Jan/2023:12:07:20 +0800] "OPTIONS /v2/crm/posts/453b9a0d-76b7-4b9a-8b6a-854df37402e7/edit HTTP/2.0" 200 - "https://crm.fygtapp.com/" "Mozilla/5.0 (Macintosh; Intel Mac OS X 10_15_7) AppleWebKit/537.36 (KHTML, like Gecko) Chrome/108.0.0.0 Safari/537.36"
124.64.122.191 - - [10/Jan/2023:12:07:20 +0800] "PUT /v2/crm/posts/453b9a0d-76b7-4b9a-8b6a-854df37402e7/edit HTTP/2.0" 200 1660 "https://crm.fygtapp.com/" "Mozilla/5.0 (Macintosh; Intel Mac OS X 10_15_7) AppleWebKit/537.36 (KHTML, like Gecko) Chrome/108.0.0.0 Safari/537.36"
124.64.122.191 - - [10/Jan/2023:12:07:21 +0800] "OPTIONS /v2/crm/posts/0b79f40d-04f6-40d6-af5d-8a59c058da8e/edit HTTP/2.0" 200 - "https://crm.fygtapp.com/" "Mozilla/5.0 (Macintosh; Intel Mac OS X 10_15_7) AppleWebKit/537.36 (KHTML, like Gecko) Chrome/108.0.0.0 Safari/537.36"
124.64.122.191 - - [10/Jan/2023:12:07:21 +0800] "PUT /v2/crm/posts/0b79f40d-04f6-40d6-af5d-8a59c058da8e/edit HTTP/2.0" 200 1842 "https://crm.fygtapp.com/" "Mozilla/5.0 (Macintosh; Intel Mac OS X 10_15_7) AppleWebKit/537.36 (KHTML, like Gecko) Chrome/108.0.0.0 Safari/537.36"
36.97.83.207 - - [10/Jan/2023:12:07:21 +0800] "GET /v2/messages/unreadCount?timestamp=1970-01-01%2000%3A00%3A00 HTTP/2.0" 200 26 "-" "Mozilla/5.0 (Android 12; HUAWEI; HUAWEI; SCMR-W09) feiyu/5.2.14"
36.97.83.207 - - [10/Jan/2023:12:07:21 +0800] "GET /v2/campaigns/newest HTTP/2.0" 200 445 "-" "Mozilla/5.0 (Android 12; HUAWEI; HUAWEI; SCMR-W09) feiyu/5.2.14"
36.97.83.207 - - [10/Jan/2023:12:07:21 +0800] "GET /v2/users/94ba97c8-54d7-4170-84df-7b2f97c67fe4/settings HTTP/2.0" 200 313 "-" "Mozilla/5.0 (Android 12; HUAWEI; HUAWEI; SCMR-W09) feiyu/5.2.14"
114.241.21.87 - - [10/Jan/2023:12:07:22 +0800] "POST /v2/users/oauth HTTP/2.0" 200 1075 "-" "Mozilla/5.0 (Android 10; HUAWEI; HUAWEI; AGS3-AL00) feiyu/5.2.14"
124.64.122.191 - - [10/Jan/2023:12:07:22 +0800] "OPTIONS /v2/crm/posts/fed327d8-ad1a-48c8-9da8-c590a74d453a/edit HTTP/2.0" 200 - "https://crm.fygtapp.com/" "Mozilla/5.0 (Macintosh; Intel Mac OS X 10_15_7) AppleWebKit/537.36 (KHTML, like Gecko) Chrome/108.0.0.0 Safari/537.36"
112.254.227.200 - - [10/Jan/2023:12:07:22 +0800] "GET /v2/app/ab-test-status HTTP/2.0" 200 16 "-" "Mozilla/5.0 (Android 12; Xiaomi; Redmi; M2007J22C) feiyu/5.2.14"
112.254.227.200 - - [10/Jan/2023:12:07:22 +0800] "GET /v2/app/tiamat-info HTTP/2.0" 200 16 "-" "Mozilla/5.0 (Android 12; Xiaomi; Redmi; M2007J22C) feiyu/5.2.14"
112.254.227.200 - - [10/Jan/2023:12:07:22 +0800] "GET /v2/app/upgrade?version_code=65&platform=Android HTTP/2.0" 200 4 "-" "Mozilla/5.0 (Android 12; Xiaomi; Redmi; M2007J22C) feiyu/5.2.14"
114.241.21.87 - - [10/Jan/2023:12:07:22 +0800] "GET /v2/users/1fffee2f-a4a0-495c-9083-09f9a8abc3ff/settings HTTP/2.0" 200 310 "-" "Mozilla/5.0 (Android 10; HUAWEI; HUAWEI; AGS3-AL00) feiyu/5.2.14"
124.64.122.191 - - [10/Jan/2023:12:07:22 +0800] "PUT /v2/crm/posts/fed327d8-ad1a-48c8-9da8-c590a74d453a/edit HTTP/2.0" 200 1314 "https://crm.fygtapp.com/" "Mozilla/5.0 (Macintosh; Intel Mac OS X 10_15_7) AppleWebKit/537.36 (KHTML, like Gecko) Chrome/108.0.0.0 Safari/537.36"
114.241.21.87 - - [10/Jan/2023:12:07:22 +0800] "GET /v2/lab-projects HTTP/2.0" 200 24887 "-" "Mozilla/5.0 (Android 10; HUAWEI; HUAWEI; AGS3-AL00) feiyu/5.2.14"
114.241.21.87 - - [10/Jan/2023:12:07:22 +0800] "GET /v2/app/upgrade?version_code=65&platform=Android HTTP/2.0" 200 4 "-" "Mozilla/5.0 (Android 10; HUAWEI; HUAWEI; AGS3-AL00) feiyu/5.2.14"
27.9.197.138 - - [10/Jan/2023:12:07:23 +0800] "GET /v2/gallery/categoriesV4 HTTP/2.0" 200 13174 "-" "Mozilla/5.0 (Android 9; HUAWEI; HUAWEI; JKM-AL00b) feiyu/5.2.14"
114.241.21.87 - - [10/Jan/2023:12:07:23 +0800] "GET /v2/messages/unreadCount?timestamp=1970-01-01%2000%3A00%3A00 HTTP/2.0" 200 27 "-" "Mozilla/5.0 (Android 10; HUAWEI; HUAWEI; AGS3-AL00) feiyu/5.2.14"
27.9.197.138 - - [10/Jan/2023:12:07:23 +0800] "GET /v2/gallery/categories/1e3bd6cc-e816-4cec-a975-7d2c39b1a292/imagesV3?page=1&size=20&width=360 HTTP/2.0" 200 2 "-" "Mozilla/5.0 (Android 9; HUAWEI; HUAWEI; JKM-AL00b) feiyu/5.2.14"
114.241.21.87 - - [10/Jan/2023:12:07:24 +0800] "GET /v2/users/1fffee2f-a4a0-495c-9083-09f9a8abc3ff/settings HTTP/2.0" 200 310 "-" "Mozilla/5.0 (Android 10; HUAWEI; HUAWEI; AGS3-AL00) feiyu/5.2.14"
114.241.21.87 - - [10/Jan/2023:12:07:24 +0800] "GET /v2/campaigns/newest HTTP/2.0" 200 443 "-" "Mozilla/5.0 (Android 10; HUAWEI; HUAWEI; AGS3-AL00) feiyu/5.2.14"
114.241.21.87 - - [10/Jan/2023:12:07:24 +0800] "GET /v2/explore/banner?scene=2 HTTP/2.0" 200 445 "-" "Mozilla/5.0 (Android 10; HUAWEI; HUAWEI; AGS3-AL00) feiyu/5.2.14"
114.241.21.87 - - [10/Jan/2023:12:07:24 +0800] "GET /v2/posts/followees-v5?type=0&size=20&image_width=1200&background_width=399 HTTP/2.0" 200 88259 "-" "Mozilla/5.0 (Android 10; HUAWEI; HUAWEI; AGS3-AL00) feiyu/5.2.14"
114.241.21.87 - - [10/Jan/2023:12:07:24 +0800] "GET /v2/explore/searchHint HTTP/2.0" 200 23 "-" "Mozilla/5.0 (Android 10; HUAWEI; HUAWEI; AGS3-AL00) feiyu/5.2.14"
114.241.21.87 - - [10/Jan/2023:12:07:24 +0800] "GET /v2/content-series/explore HTTP/2.0" 200 68546 "-" "Mozilla/5.0 (Android 10; HUAWEI; HUAWEI; AGS3-AL00) feiyu/5.2.14"
114.241.21.87 - - [10/Jan/2023:12:07:24 +0800] "GET /v2/posts/followees-v5?type=0&size=20&image_width=1200&background_width=399 HTTP/2.0" 200 88259 "-" "Mozilla/5.0 (Android 10; HUAWEI; HUAWEI; AGS3-AL00) feiyu/5.2.14"
124.64.122.191 - - [10/Jan/2023:12:07:25 +0800] "OPTIONS /v2/crm/posts/81b08c90-2401-4913-9725-6e2c3ec8c64d/edit HTTP/2.0" 200 - "https://crm.fygtapp.com/" "Mozilla/5.0 (Macintosh; Intel Mac OS X 10_15_7) AppleWebKit/537.36 (KHTML, like Gecko) Chrome/108.0.0.0 Safari/537.36"
124.64.122.191 - - [10/Jan/2023:12:07:25 +0800] "PUT /v2/crm/posts/81b08c90-2401-4913-9725-6e2c3ec8c64d/edit HTTP/2.0" 200 1316 "https://crm.fygtapp.com/" "Mozilla/5.0 (Macintosh; Intel Mac OS X 10_15_7) AppleWebKit/537.36 (KHTML, like Gecko) Chrome/108.0.0.0 Safari/537.36"
42.49.27.71 - - [10/Jan/2023:12:07:25 +0800] "GET /v2/gallery/images/91bf4eeb-38e9-4026-8a32-ee853fe09044?width=1080 HTTP/2.0" 200 456 "-" "Mozilla/5.0 (Android 9; vivo; vivo; V1816A) feiyu/5.2.11"
124.64.122.191 - - [10/Jan/2023:12:07:26 +0800] "OPTIONS /v2/crm/posts/0648a7ad-1c76-4096-97a7-eb2bd36e29d1/edit HTTP/2.0" 200 - "https://crm.fygtapp.com/" "Mozilla/5.0 (Macintosh; Intel Mac OS X 10_15_7) AppleWebKit/537.36 (KHTML, like Gecko) Chrome/108.0.0.0 Safari/537.36"
124.64.122.191 - - [10/Jan/2023:12:07:26 +0800] "PUT /v2/crm/posts/0648a7ad-1c76-4096-97a7-eb2bd36e29d1/edit HTTP/2.0" 200 1312 "https://crm.fygtapp.com/" "Mozilla/5.0 (Macintosh; Intel Mac OS X 10_15_7) AppleWebKit/537.36 (KHTML, like Gecko) Chrome/108.0.0.0 Safari/537.36"
124.64.122.191 - - [10/Jan/2023:12:07:27 +0800] "OPTIONS /v2/crm/posts/b8d9ccc5-391d-4abe-b275-9293ec202b4e/edit HTTP/2.0" 200 - "https://crm.fygtapp.com/" "Mozilla/5.0 (Macintosh; Intel Mac OS X 10_15_7) AppleWebKit/537.36 (KHTML, like Gecko) Chrome/108.0.0.0 Safari/537.36"
124.64.122.191 - - [10/Jan/2023:12:07:27 +0800] "PUT /v2/crm/posts/b8d9ccc5-391d-4abe-b275-9293ec202b4e/edit HTTP/2.0" 200 1638 "https://crm.fygtapp.com/" "Mozilla/5.0 (Macintosh; Intel Mac OS X 10_15_7) AppleWebKit/537.36 (KHTML, like Gecko) Chrome/108.0.0.0 Safari/537.36"
114.241.21.87 - - [10/Jan/2023:12:07:27 +0800] "GET /v2/explore/banner?scene=1 HTTP/2.0" 200 2306 "-" "Mozilla/5.0 (Android 10; HUAWEI; HUAWEI; AGS3-AL00) feiyu/5.2.14"
114.241.21.87 - - [10/Jan/2023:12:07:27 +0800] "GET /v2/posts/recommended/sticky?image_width=1200&background_width=399 HTTP/2.0" 200 3848 "-" "Mozilla/5.0 (Android 10; HUAWEI; HUAWEI; AGS3-AL00) feiyu/5.2.14"
114.241.21.87 - - [10/Jan/2023:12:07:27 +0800] "GET /v2/posts/recommended?size=20&image_width=1200&background_width=399 HTTP/2.0" 200 60398 "-" "Mozilla/5.0 (Android 10; HUAWEI; HUAWEI; AGS3-AL00) feiyu/5.2.14"
114.241.21.87 - - [10/Jan/2023:12:07:28 +0800] "GET /v2/ads?scene=0 HTTP/2.0" 200 2 "-" "Mozilla/5.0 (Android 10; HUAWEI; HUAWEI; AGS3-AL00) feiyu/5.2.14"
124.64.122.191 - - [10/Jan/2023:12:07:28 +0800] "OPTIONS /v2/crm/posts/6aedfe58-5164-4e6a-8d2d-3264b660bc19/edit HTTP/2.0" 200 - "https://crm.fygtapp.com/" "Mozilla/5.0 (Macintosh; Intel Mac OS X 10_15_7) AppleWebKit/537.36 (KHTML, like Gecko) Chrome/108.0.0.0 Safari/537.36"
124.64.122.191 - - [10/Jan/2023:12:07:28 +0800] "PUT /v2/crm/posts/6aedfe58-5164-4e6a-8d2d-3264b660bc19/edit HTTP/2.0" 200 1312 "https://crm.fygtapp.com/" "Mozilla/5.0 (Macintosh; Intel Mac OS X 10_15_7) AppleWebKit/537.36 (KHTML, like Gecko) Chrome/108.0.0.0 Safari/537.36"
124.64.122.191 - - [10/Jan/2023:12:07:28 +0800] "OPTIONS /v2/crm/posts/query?sorting=createdAt&desc=true×tamp=2023-01-10+00%3A39%3A02.000&size=20&show_deleted=false&show_private=false HTTP/2.0" 200 - "https://crm.fygtapp.com/" "Mozilla/5.0 (Macintosh; Intel Mac OS X 10_15_7) AppleWebKit/537.36 (KHTML, like Gecko) Chrome/108.0.0.0 Safari/537.36"
42.49.27.71 - - [10/Jan/2023:12:07:29 +0800] "POST /v2/app/upload HTTP/2.0" 200 355 "-" "Mozilla/5.0 (Android 9; vivo; vivo; V1816A) feiyu/5.2.11"
42.49.27.71 - - [10/Jan/2023:12:07:29 +0800] "POST /v2/posts/uploadCompleteV2 HTTP/2.0" 200 1119 "-" "Mozilla/5.0 (Android 9; vivo; vivo; V1816A) feiyu/5.2.11"
124.64.122.191 - - [10/Jan/2023:12:07:30 +0800] "OPTIONS /v2/crm/posts/d505f067-399d-4f7b-99a3-0de9911dc3c6/edit HTTP/2.0" 200 - "https://crm.fygtapp.com/" "Mozilla/5.0 (Macintosh; Intel Mac OS X 10_15_7) AppleWebKit/537.36 (KHTML, like Gecko) Chrome/108.0.0.0 Safari/537.36"
124.64.122.191 - - [10/Jan/2023:12:07:30 +0800] "PUT /v2/crm/posts/d505f067-399d-4f7b-99a3-0de9911dc3c6/edit HTTP/2.0" 200 1314 "https://crm.fygtapp.com/" "Mozilla/5.0 (Macintosh; Intel Mac OS X 10_15_7) AppleWebKit/537.36 (KHTML, like Gecko) Chrome/108.0.0.0 Safari/537.36"
124.64.122.191 - - [10/Jan/2023:12:07:31 +0800] "OPTIONS /v2/crm/posts/2e21e03e-75a4-4413-b8ef-68f5848cd937/edit HTTP/2.0" 200 - "https://crm.fygtapp.com/" "Mozilla/5.0 (Macintosh; Intel Mac OS X 10_15_7) AppleWebKit/537.36 (KHTML, like Gecko) Chrome/108.0.0.0 Safari/537.36"
124.64.122.191 - - [10/Jan/2023:12:07:31 +0800] "PUT /v2/crm/posts/2e21e03e-75a4-4413-b8ef-68f5848cd937/edit HTTP/2.0" 200 1652 "https://crm.fygtapp.com/" "Mozilla/5.0 (Macintosh; Intel Mac OS X 10_15_7) AppleWebKit/537.36 (KHTML, like Gecko) Chrome/108.0.0.0 Safari/537.36"
124.64.122.191 - - [10/Jan/2023:12:07:32 +0800] "OPTIONS /v2/crm/posts/ecf7d730-e438-4e6c-ba45-0d9659e77123/edit HTTP/2.0" 200 - "https://crm.fygtapp.com/" "Mozilla/5.0 (Macintosh; Intel Mac OS X 10_15_7) AppleWebKit/537.36 (KHTML, like Gecko) Chrome/108.0.0.0 Safari/537.36"
124.64.122.191 - - [10/Jan/2023:12:07:32 +0800] "PUT /v2/crm/posts/ecf7d730-e438-4e6c-ba45-0d9659e77123/edit HTTP/2.0" 200 1314 "https://crm.fygtapp.com/" "Mozilla/5.0 (Macintosh; Intel Mac OS X 10_15_7) AppleWebKit/537.36 (KHTML, like Gecko) Chrome/108.0.0.0 Safari/537.36"
27.9.197.138 - - [10/Jan/2023:12:07:32 +0800] "GET /v2/lab-projects HTTP/2.0" 200 24901 "-" "Mozilla/5.0 (Android 9; HUAWEI; HUAWEI; JKM-AL00b) feiyu/5.2.14"
27.9.197.138 - - [10/Jan/2023:12:07:32 +0800] "GET /v2/lab-projects/active-users-count HTTP/2.0" 200 14 "-" "Mozilla/5.0 (Android 9; HUAWEI; HUAWEI; JKM-AL00b) feiyu/5.2.14"
112.32.59.9 - - [10/Jan/2023:12:07:33 +0800] "GET /v2/gallery/images/16ae92b4-ddda-46ee-8c41-d2120a5fdef0?width=1080 HTTP/2.0" 200 459 "-" "Mozilla/5.0 (Android 10; HUAWEI; HUAWEI; LYA-AL00) feiyu/5.2.14"
124.64.122.191 - - [10/Jan/2023:12:07:28 +0800] "GET /v2/crm/posts/query?sorting=createdAt&desc=true×tamp=2023-01-10+00%3A39%3A02.000&size=20&show_deleted=false&show_private=false HTTP/2.0" 200 29476 "https://crm.fygtapp.com/" "Mozilla/5.0 (Macintosh; Intel Mac OS X 10_15_7) AppleWebKit/537.36 (KHTML, like Gecko) Chrome/108.0.0.0 Safari/537.36"
114.241.21.87 - - [10/Jan/2023:12:07:34 +0800] "GET /v2/explore/banner?scene=2 HTTP/2.0" 200 439 "-" "Mozilla/5.0 (Android 10; HUAWEI; HUAWEI; AGS3-AL00) feiyu/5.2.14"
114.241.21.87 - - [10/Jan/2023:12:07:34 +0800] "GET /v2/explore/searchHint HTTP/2.0" 200 23 "-" "Mozilla/5.0 (Android 10; HUAWEI; HUAWEI; AGS3-AL00) feiyu/5.2.14"
114.241.21.87 - - [10/Jan/2023:12:07:34 +0800] "GET /v2/content-series/explore HTTP/2.0" 200 68532 "-" "Mozilla/5.0 (Android 10; HUAWEI; HUAWEI; AGS3-AL00) feiyu/5.2.14"
112.32.59.9 - - [10/Jan/2023:12:07:35 +0800] "POST /v2/app/upload HTTP/2.0" 200 353 "-" "Mozilla/5.0 (Android 10; HUAWEI; HUAWEI; LYA-AL00) feiyu/5.2.14"
112.32.59.9 - - [10/Jan/2023:12:07:35 +0800] "POST /v2/posts/uploadCompleteV2 HTTP/2.0" 200 1152 "-" "Mozilla/5.0 (Android 10; HUAWEI; HUAWEI; LYA-AL00) feiyu/5.2.14"
124.64.122.191 - - [10/Jan/2023:12:07:36 +0800] "OPTIONS /v2/crm/posts/2cc18c20-4365-4c7e-8463-3ccec2828782/edit HTTP/2.0" 200 - "https://crm.fygtapp.com/" "Mozilla/5.0 (Macintosh; Intel Mac OS X 10_15_7) AppleWebKit/537.36 (KHTML, like Gecko) Chrome/108.0.0.0 Safari/537.36"
124.64.122.191 - - [10/Jan/2023:12:07:36 +0800] "PUT /v2/crm/posts/2cc18c20-4365-4c7e-8463-3ccec2828782/edit HTTP/2.0" 200 1318 "https://crm.fygtapp.com/" "Mozilla/5.0 (Macintosh; Intel Mac OS X 10_15_7) AppleWebKit/537.36 (KHTML, like Gecko) Chrome/108.0.0.0 Safari/537.36"
27.9.197.138 - - [10/Jan/2023:12:07:36 +0800] "GET /v2/explore/searchHint HTTP/2.0" 200 23 "-" "Mozilla/5.0 (Android 9; HUAWEI; HUAWEI; JKM-AL00b) feiyu/5.2.14"
27.9.197.138 - - [10/Jan/2023:12:07:36 +0800] "GET /v2/explore/banner?scene=2 HTTP/2.0" 200 441 "-" "Mozilla/5.0 (Android 9; HUAWEI; HUAWEI; JKM-AL00b) feiyu/5.2.14"
27.9.197.138 - - [10/Jan/2023:12:07:36 +0800] "GET /v2/posts/followees-v5?type=0&size=20&image_width=1080&background_width=359 HTTP/2.0" 200 88239 "-" "Mozilla/5.0 (Android 9; HUAWEI; HUAWEI; JKM-AL00b) feiyu/5.2.14"
27.9.197.138 - - [10/Jan/2023:12:07:36 +0800] "GET /v2/content-series/explore HTTP/2.0" 200 68496 "-" "Mozilla/5.0 (Android 9; HUAWEI; HUAWEI; JKM-AL00b) feiyu/5.2.14"
27.9.197.138 - - [10/Jan/2023:12:07:36 +0800] "GET /v2/posts/followees-v5?type=0&size=20&image_width=1080&background_width=359 HTTP/2.0" 200 88239 "-" "Mozilla/5.0 (Android 9; HUAWEI; HUAWEI; JKM-AL00b) feiyu/5.2.14"
112.32.59.9 - - [10/Jan/2023:12:07:36 +0800] "GET /v2/messages/unreadCount?timestamp=1970-01-01%2000%3A00%3A00 HTTP/2.0" 200 26 "-" "Mozilla/5.0 (Android 10; HUAWEI; HUAWEI; LYA-AL00) feiyu/5.2.14"
112.32.59.9 - - [10/Jan/2023:12:07:37 +0800] "GET /v2/users/196f353e-94bd-46be-a1e1-6b3b90100540/settings HTTP/2.0" 200 313 "-" "Mozilla/5.0 (Android 10; HUAWEI; HUAWEI; LYA-AL00) feiyu/5.2.14"
112.32.59.9 - - [10/Jan/2023:12:07:37 +0800] "GET /v2/explore/searchHint HTTP/2.0" 200 23 "-" "Mozilla/5.0 (Android 10; HUAWEI; HUAWEI; LYA-AL00) feiyu/5.2.14"
112.32.59.9 - - [10/Jan/2023:12:07:37 +0800] "GET /v2/campaigns/newest HTTP/2.0" 200 443 "-" "Mozilla/5.0 (Android 10; HUAWEI; HUAWEI; LYA-AL00) feiyu/5.2.14"
124.64.122.191 - - [10/Jan/2023:12:07:37 +0800] "OPTIONS /v2/crm/posts/8e1026cc-fe0f-4d41-9c2e-e13f15e68787/edit HTTP/2.0" 200 - "https://crm.fygtapp.com/" "Mozilla/5.0 (Macintosh; Intel Mac OS X 10_15_7) AppleWebKit/537.36 (KHTML, like Gecko) Chrome/108.0.0.0 Safari/537.36"
124.64.122.191 - - [10/Jan/2023:12:07:37 +0800] "PUT /v2/crm/posts/8e1026cc-fe0f-4d41-9c2e-e13f15e68787/edit HTTP/2.0" 200 1315 "https://crm.fygtapp.com/" "Mozilla/5.0 (Macintosh; Intel Mac OS X 10_15_7) AppleWebKit/537.36 (KHTML, like Gecko) Chrome/108.0.0.0 Safari/537.36"
223.104.175.1 - - [10/Jan/2023:12:07:37 +0800] "GET /v2/campaigns/newest HTTP/2.0" 200 443 "-" "Mozilla/5.0 (Android 10; OPPO; OPPO; PCAM10) feiyu/5.1.6"
223.104.175.1 - - [10/Jan/2023:12:07:37 +0800] "GET /v2/users/82553533-7bf6-40e5-af3f-c4d3dd27db03/settings HTTP/2.0" 200 313 "-" "Mozilla/5.0 (Android 10; OPPO; OPPO; PCAM10) feiyu/5.1.6"
27.9.197.138 - - [10/Jan/2023:12:07:37 +0800] "GET /v2/posts/recommended/sticky?image_width=1080&background_width=359 HTTP/2.0" 200 3852 "-" "Mozilla/5.0 (Android 9; HUAWEI; HUAWEI; JKM-AL00b) feiyu/5.2.14"
27.9.197.138 - - [10/Jan/2023:12:07:37 +0800] "GET /v2/explore/banner?scene=1 HTTP/2.0" 200 2310 "-" "Mozilla/5.0 (Android 9; HUAWEI; HUAWEI; JKM-AL00b) feiyu/5.2.14"
124.64.122.191 - - [10/Jan/2023:12:07:38 +0800] "OPTIONS /v2/crm/posts/4284cf8c-4ad4-4b0a-964e-cbbd030efadf/edit HTTP/2.0" 200 - "https://crm.fygtapp.com/" "Mozilla/5.0 (Macintosh; Intel Mac OS X 10_15_7) AppleWebKit/537.36 (KHTML, like Gecko) Chrome/108.0.0.0 Safari/537.36"
124.64.122.191 - - [10/Jan/2023:12:07:38 +0800] "PUT /v2/crm/posts/4284cf8c-4ad4-4b0a-964e-cbbd030efadf/edit HTTP/2.0" 200 1514 "https://crm.fygtapp.com/" "Mozilla/5.0 (Macintosh; Intel Mac OS X 10_15_7) AppleWebKit/537.36 (KHTML, like Gecko) Chrome/108.0.0.0 Safari/537.36"
27.9.197.138 - - [10/Jan/2023:12:07:38 +0800] "GET /v2/posts/recommended?size=20&image_width=1080&background_width=359 HTTP/2.0" 200 60348 "-" "Mozilla/5.0 (Android 9; HUAWEI; HUAWEI; JKM-AL00b) feiyu/5.2.14"
27.9.197.138 - - [10/Jan/2023:12:07:38 +0800] "GET /v2/ads?scene=0 HTTP/2.0" 200 2 "-" "Mozilla/5.0 (Android 9; HUAWEI; HUAWEI; JKM-AL00b) feiyu/5.2.14"
124.64.122.191 - - [10/Jan/2023:12:07:39 +0800] "OPTIONS /v2/crm/posts/8dd0cc3d-6b24-4545-89c5-fab2e60f111e/edit HTTP/2.0" 200 - "https://crm.fygtapp.com/" "Mozilla/5.0 (Macintosh; Intel Mac OS X 10_15_7) AppleWebKit/537.36 (KHTML, like Gecko) Chrome/108.0.0.0 Safari/537.36"
124.64.122.191 - - [10/Jan/2023:12:07:39 +0800] "PUT /v2/crm/posts/8dd0cc3d-6b24-4545-89c5-fab2e60f111e/edit HTTP/2.0" 200 1513 "https://crm.fygtapp.com/" "Mozilla/5.0 (Macintosh; Intel Mac OS X 10_15_7) AppleWebKit/537.36 (KHTML, like Gecko) Chrome/108.0.0.0 Safari/537.36"
27.9.197.138 - - [10/Jan/2023:12:07:39 +0800] "GET /v2/users/0d430650-99b4-491d-9cd8-9d0996e4a0c2 HTTP/2.0" 200 370 "-" "Mozilla/5.0 (Android 9; HUAWEI; HUAWEI; JKM-AL00b) feiyu/5.2.14"
27.9.197.138 - - [10/Jan/2023:12:07:39 +0800] "GET /v2/messages/unreadCount?timestamp=1970-01-01%2000%3A00%3A00 HTTP/2.0" 200 26 "-" "Mozilla/5.0 (Android 9; HUAWEI; HUAWEI; JKM-AL00b) feiyu/5.2.14"
27.9.197.138 - - [10/Jan/2023:12:07:39 +0800] "GET /v2/users/0d430650-99b4-491d-9cd8-9d0996e4a0c2 HTTP/2.0" 200 370 "-" "Mozilla/5.0 (Android 9; HUAWEI; HUAWEI; JKM-AL00b) feiyu/5.2.14"
27.9.197.138 - - [10/Jan/2023:12:07:39 +0800] "GET /v2/clock-ins/stats HTTP/2.0" 200 385 "-" "Mozilla/5.0 (Android 9; HUAWEI; HUAWEI; JKM-AL00b) feiyu/5.2.14"
27.9.197.138 - - [10/Jan/2023:12:07:39 +0800] "GET /v2/users/0d430650-99b4-491d-9cd8-9d0996e4a0c2 HTTP/2.0" 200 370 "-" "Mozilla/5.0 (Android 9; HUAWEI; HUAWEI; JKM-AL00b) feiyu/5.2.14"
27.9.197.138 - - [10/Jan/2023:12:07:39 +0800] "GET /v2/users/0d430650-99b4-491d-9cd8-9d0996e4a0c2/createdPostsV2?guest=false&size=20&image_width=1080&background_width=359 HTTP/2.0" 200 2 "-" "Mozilla/5.0 (Android 9; HUAWEI; HUAWEI; JKM-AL00b) feiyu/5.2.14"
27.9.197.138 - - [10/Jan/2023:12:07:39 +0800] "GET /v2/users/0d430650-99b4-491d-9cd8-9d0996e4a0c2/likedPostsV2?guest=false&size=20&image_width=1080&background_width=359 HTTP/2.0" 200 2 "-" "Mozilla/5.0 (Android 9; HUAWEI; HUAWEI; JKM-AL00b) feiyu/5.2.14"
27.9.197.138 - - [10/Jan/2023:12:07:39 +0800] "GET /v2/users/0d430650-99b4-491d-9cd8-9d0996e4a0c2/favoritedPosts?size=20&image_width=1080&background_width=359 HTTP/2.0" 200 2 "-" "Mozilla/5.0 (Android 9; HUAWEI; HUAWEI; JKM-AL00b) feiyu/5.2.14"
114.241.21.87 - - [10/Jan/2023:12:07:40 +0800] "GET /v2/users/1fffee2f-a4a0-495c-9083-09f9a8abc3ff HTTP/2.0" 200 559 "-" "Mozilla/5.0 (Android 10; HUAWEI; HUAWEI; AGS3-AL00) feiyu/5.2.14"
114.241.21.87 - - [10/Jan/2023:12:07:40 +0800] "GET /v2/messages/unreadCount?timestamp=1970-01-01%2000%3A00%3A00 HTTP/2.0" 200 27 "-" "Mozilla/5.0 (Android 10; HUAWEI; HUAWEI; AGS3-AL00) feiyu/5.2.14"
114.241.21.87 - - [10/Jan/2023:12:07:40 +0800] "GET /v2/users/1fffee2f-a4a0-495c-9083-09f9a8abc3ff HTTP/2.0" 200 559 "-" "Mozilla/5.0 (Android 10; HUAWEI; HUAWEI; AGS3-AL00) feiyu/5.2.14"
114.241.21.87 - - [10/Jan/2023:12:07:40 +0800] "GET /v2/users/1fffee2f-a4a0-495c-9083-09f9a8abc3ff HTTP/2.0" 200 559 "-" "Mozilla/5.0 (Android 10; HUAWEI; HUAWEI; AGS3-AL00) feiyu/5.2.14"
114.241.21.87 - - [10/Jan/2023:12:07:40 +0800] "GET /v2/clock-ins/stats HTTP/2.0" 200 385 "-" "Mozilla/5.0 (Android 10; HUAWEI; HUAWEI; AGS3-AL00) feiyu/5.2.14"
114.241.21.87 - - [10/Jan/2023:12:07:40 +0800] "GET /v2/users/1fffee2f-a4a0-495c-9083-09f9a8abc3ff/createdPostsV2?guest=false&size=20&image_width=1200&background_width=399 HTTP/2.0" 200 18166 "-" "Mozilla/5.0 (Android 10; HUAWEI; HUAWEI; AGS3-AL00) feiyu/5.2.14"
114.241.21.87 - - [10/Jan/2023:12:07:40 +0800] "GET /v2/users/1fffee2f-a4a0-495c-9083-09f9a8abc3ff/favoritedPosts?size=20&image_width=1200&background_width=399 HTTP/2.0" 200 2 "-" "Mozilla/5.0 (Android 10; HUAWEI; HUAWEI; AGS3-AL00) feiyu/5.2.14"
114.241.21.87 - - [10/Jan/2023:12:07:40 +0800] "GET /v2/users/1fffee2f-a4a0-495c-9083-09f9a8abc3ff/likedPostsV2?guest=false&size=20&image_width=1200&background_width=399 HTTP/2.0" 200 18331 "-" "Mozilla/5.0 (Android 10; HUAWEI; HUAWEI; AGS3-AL00) feiyu/5.2.14"
124.64.122.191 - - [10/Jan/2023:12:07:40 +0800] "OPTIONS /v2/crm/posts/176cadca-27db-42f0-a143-309e6e12072f/edit HTTP/2.0" 200 - "https://crm.fygtapp.com/" "Mozilla/5.0 (Macintosh; Intel Mac OS X 10_15_7) AppleWebKit/537.36 (KHTML, like Gecko) Chrome/108.0.0.0 Safari/537.36"
124.64.122.191 - - [10/Jan/2023:12:07:40 +0800] "PUT /v2/crm/posts/176cadca-27db-42f0-a143-309e6e12072f/edit HTTP/2.0" 200 1515 "https://crm.fygtapp.com/" "Mozilla/5.0 (Macintosh; Intel Mac OS X 10_15_7) AppleWebKit/537.36 (KHTML, like Gecko) Chrome/108.0.0.0 Safari/537.36"
114.241.21.87 - - [10/Jan/2023:12:07:41 +0800] "GET /v2/users/1fffee2f-a4a0-495c-9083-09f9a8abc3ff/createdPostsV2?timestamp=2021-04-30%2014%3A50%3A31&guest=false&size=20&image_width=1200&background_width=399 HTTP/2.0" 200 2 "-" "Mozilla/5.0 (Android 10; HUAWEI; HUAWEI; AGS3-AL00) feiyu/5.2.14"
114.241.21.87 - - [10/Jan/2023:12:07:41 +0800] "GET /v2/users/1fffee2f-a4a0-495c-9083-09f9a8abc3ff/likedPostsV2?timestamp=2021-04-30%2014%3A51%3A04&guest=false&size=20&image_width=1200&background_width=399 HTTP/2.0" 200 2 "-" "Mozilla/5.0 (Android 10; HUAWEI; HUAWEI; AGS3-AL00) feiyu/5.2.14"
124.64.122.191 - - [10/Jan/2023:12:07:41 +0800] "OPTIONS /v2/crm/posts/674ee407-0106-43b8-967a-a280892e7b40/edit HTTP/2.0" 200 - "https://crm.fygtapp.com/" "Mozilla/5.0 (Macintosh; Intel Mac OS X 10_15_7) AppleWebKit/537.36 (KHTML, like Gecko) Chrome/108.0.0.0 Safari/537.36"
124.64.122.191 - - [10/Jan/2023:12:07:41 +0800] "PUT /v2/crm/posts/674ee407-0106-43b8-967a-a280892e7b40/edit HTTP/2.0" 200 1297 "https://crm.fygtapp.com/" "Mozilla/5.0 (Macintosh; Intel Mac OS X 10_15_7) AppleWebKit/537.36 (KHTML, like Gecko) Chrome/108.0.0.0 Safari/537.36"
124.64.122.191 - - [10/Jan/2023:12:07:43 +0800] "OPTIONS /v2/crm/posts/d2d5e903-a5cd-47e5-a02c-8a3f8a42317e/edit HTTP/2.0" 200 - "https://crm.fygtapp.com/" "Mozilla/5.0 (Macintosh; Intel Mac OS X 10_15_7) AppleWebKit/537.36 (KHTML, like Gecko) Chrome/108.0.0.0 Safari/537.36"
124.64.122.191 - - [10/Jan/2023:12:07:43 +0800] "PUT /v2/crm/posts/d2d5e903-a5cd-47e5-a02c-8a3f8a42317e/edit HTTP/2.0" 200 1519 "https://crm.fygtapp.com/" "Mozilla/5.0 (Macintosh; Intel Mac OS X 10_15_7) AppleWebKit/537.36 (KHTML, like Gecko) Chrome/108.0.0.0 Safari/537.36"
124.64.122.191 - - [10/Jan/2023:12:07:44 +0800] "OPTIONS /v2/crm/posts/13935a4a-f4de-4dc7-9b62-6d3edee1dc70/edit HTTP/2.0" 200 - "https://crm.fygtapp.com/" "Mozilla/5.0 (Macintosh; Intel Mac OS X 10_15_7) AppleWebKit/537.36 (KHTML, like Gecko) Chrome/108.0.0.0 Safari/537.36"
124.64.122.191 - - [10/Jan/2023:12:07:44 +0800] "PUT /v2/crm/posts/13935a4a-f4de-4dc7-9b62-6d3edee1dc70/edit HTTP/2.0" 200 1583 "https://crm.fygtapp.com/" "Mozilla/5.0 (Macintosh; Intel Mac OS X 10_15_7) AppleWebKit/537.36 (KHTML, like Gecko) Chrome/108.0.0.0 Safari/537.36"
114.241.21.87 - - [10/Jan/2023:12:07:44 +0800] "GET /v2/messages/list-v2?size=20 HTTP/2.0" 200 18316 "-" "Mozilla/5.0 (Android 10; HUAWEI; HUAWEI; AGS3-AL00) feiyu/5.2.14"
124.64.122.191 - - [10/Jan/2023:12:07:44 +0800] "OPTIONS /v2/crm/posts/dbb4637f-76fa-4ff9-853d-9e14148909c4/edit HTTP/2.0" 200 - "https://crm.fygtapp.com/" "Mozilla/5.0 (Macintosh; Intel Mac OS X 10_15_7) AppleWebKit/537.36 (KHTML, like Gecko) Chrome/108.0.0.0 Safari/537.36"
124.64.122.191 - - [10/Jan/2023:12:07:44 +0800] "PUT /v2/crm/posts/dbb4637f-76fa-4ff9-853d-9e14148909c4/edit HTTP/2.0" 200 1517 "https://crm.fygtapp.com/" "Mozilla/5.0 (Macintosh; Intel Mac OS X 10_15_7) AppleWebKit/537.36 (KHTML, like Gecko) Chrome/108.0.0.0 Safari/537.36"
112.32.59.9 - - [10/Jan/2023:12:07:44 +0800] "GET /v2/gallery/randomImagesV2?size=50&width=540&category_safe_id=d1569b14-497d-474c-8c41-732c10584cb4&content=%E5%8F%AA%E8%A6%812-3%E5%88%86%E9%92%9F HTTP/2.0" 200 23299 "-" "Mozilla/5.0 (Android 10; HUAWEI; HUAWEI; LYA-AL00) feiyu/5.2.14"
42.49.27.71 - - [10/Jan/2023:12:07:45 +0800] "GET /v2/gallery/images/query?key=%E6%80%AA&page=1&size=20&show_favorite_status=true HTTP/2.0" 200 9946 "-" "Mozilla/5.0 (Android 9; vivo; vivo; V1816A) feiyu/5.2.11"
124.64.122.191 - - [10/Jan/2023:12:07:45 +0800] "OPTIONS /v2/crm/posts/28d574e6-e283-4063-bb74-008de123bb76/edit HTTP/2.0" 200 - "https://crm.fygtapp.com/" "Mozilla/5.0 (Macintosh; Intel Mac OS X 10_15_7) AppleWebKit/537.36 (KHTML, like Gecko) Chrome/108.0.0.0 Safari/537.36"
124.64.122.191 - - [10/Jan/2023:12:07:45 +0800] "PUT /v2/crm/posts/28d574e6-e283-4063-bb74-008de123bb76/edit HTTP/2.0" 200 1615 "https://crm.fygtapp.com/" "Mozilla/5.0 (Macintosh; Intel Mac OS X 10_15_7) AppleWebKit/537.36 (KHTML, like Gecko) Chrome/108.0.0.0 Safari/537.36"
123.169.39.21 - - [10/Jan/2023:12:07:46 +0800] "GET /v2/app/ab-test-status HTTP/2.0" 200 16 "-" "Mozilla/5.0 (Android 9; HUAWEI; HONOR; KSA-AL10) feiyu/5.2.14"
123.169.39.21 - - [10/Jan/2023:12:07:46 +0800] "GET /v2/app/tiamat-info HTTP/2.0" 200 16 "-" "Mozilla/5.0 (Android 9; HUAWEI; HONOR; KSA-AL10) feiyu/5.2.14"
123.169.39.21 - - [10/Jan/2023:12:07:46 +0800] "GET /v2/app/upgrade?version_code=65&platform=Android HTTP/2.0" 200 4 "-" "Mozilla/5.0 (Android 9; HUAWEI; HONOR; KSA-AL10) feiyu/5.2.14"
124.64.122.191 - - [10/Jan/2023:12:07:47 +0800] "OPTIONS /v2/crm/posts/5afe2829-65c7-42e7-a044-cd57a93a6d29/edit HTTP/2.0" 200 - "https://crm.fygtapp.com/" "Mozilla/5.0 (Macintosh; Intel Mac OS X 10_15_7) AppleWebKit/537.36 (KHTML, like Gecko) Chrome/108.0.0.0 Safari/537.36"
124.64.122.191 - - [10/Jan/2023:12:07:47 +0800] "PUT /v2/crm/posts/5afe2829-65c7-42e7-a044-cd57a93a6d29/edit HTTP/2.0" 200 1297 "https://crm.fygtapp.com/" "Mozilla/5.0 (Macintosh; Intel Mac OS X 10_15_7) AppleWebKit/537.36 (KHTML, like Gecko) Chrome/108.0.0.0 Safari/537.36"
124.64.122.191 - - [10/Jan/2023:12:07:48 +0800] "OPTIONS /v2/crm/posts/90f19288-f98d-4993-8ca4-3bd642adb973/edit HTTP/2.0" 200 - "https://crm.fygtapp.com/" "Mozilla/5.0 (Macintosh; Intel Mac OS X 10_15_7) AppleWebKit/537.36 (KHTML, like Gecko) Chrome/108.0.0.0 Safari/537.36"
124.64.122.191 - - [10/Jan/2023:12:07:48 +0800] "PUT /v2/crm/posts/90f19288-f98d-4993-8ca4-3bd642adb973/edit HTTP/2.0" 200 1309 "https://crm.fygtapp.com/" "Mozilla/5.0 (Macintosh; Intel Mac OS X 10_15_7) AppleWebKit/537.36 (KHTML, like Gecko) Chrome/108.0.0.0 Safari/537.36"
112.32.59.9 - - [10/Jan/2023:12:07:48 +0800] "GET /v2/messages/unreadCount?timestamp=1970-01-01%2000%3A00%3A00 HTTP/2.0" 200 26 "-" "Mozilla/5.0 (Android 10; HUAWEI; HUAWEI; LYA-AL00) feiyu/5.2.14"
112.32.59.9 - - [10/Jan/2023:12:07:48 +0800] "GET /v2/users/196f353e-94bd-46be-a1e1-6b3b90100540/settings HTTP/2.0" 200 313 "-" "Mozilla/5.0 (Android 10; HUAWEI; HUAWEI; LYA-AL00) feiyu/5.2.14"
112.32.59.9 - - [10/Jan/2023:12:07:48 +0800] "GET /v2/explore/searchHint HTTP/2.0" 200 23 "-" "Mozilla/5.0 (Android 10; HUAWEI; HUAWEI; LYA-AL00) feiyu/5.2.14"
112.32.59.9 - - [10/Jan/2023:12:07:48 +0800] "GET /v2/campaigns/newest HTTP/2.0" 200 443 "-" "Mozilla/5.0 (Android 10; HUAWEI; HUAWEI; LYA-AL00) feiyu/5.2.14"
