116.142.9.80 - - [10/Jan/2023:10:41:34 +0800] "GET /v2/gallery/categories/d1569b14-497d-474c-8c41-732c10584cb4/imagesV3?page=5&size=20&width=360 HTTP/2.0" 200 9501 "-" "Mozilla/5.0 (Android 10; Xiaomi; Redmi; M2006J10C) feiyu/5.2.14"
183.213.149.50 - - [10/Jan/2023:10:41:35 +0800] "GET /v2/content-series/explore HTTP/2.0" 200 68556 "-" "Mozilla/5.0 (Android 12; HONOR; HONOR; ANY-AN00) feiyu/5.2.14"
183.213.149.50 - - [10/Jan/2023:10:41:36 +0800] "GET /v2/explore/searchHint HTTP/2.0" 200 23 "-" "Mozilla/5.0 (Android 12; HONOR; HONOR; ANY-AN00) feiyu/5.2.14"
183.213.149.50 - - [10/Jan/2023:10:41:36 +0800] "GET /v2/explore/banner?scene=2 HTTP/2.0" 200 439 "-" "Mozilla/5.0 (Android 12; HONOR; HONOR; ANY-AN00) feiyu/5.2.14"
183.213.149.50 - - [10/Jan/2023:10:41:36 +0800] "GET /v2/posts/followees-v5?type=0&size=20&image_width=1080&background_width=359 HTTP/2.0" 200 88343 "-" "Mozilla/5.0 (Android 12; HONOR; HONOR; ANY-AN00) feiyu/5.2.14"
112.238.4.52 - - [10/Jan/2023:10:41:36 +0800] "GET /v2/gallery/categories/d1569b14-497d-474c-8c41-732c10584cb4/imagesV3?page=1&size=30&width=260 HTTP/2.0" 200 14218 "-" "Mozilla/5.0 (iOS 15.4; Apple; Apple; iPhone13,2) feiyu/5.2.14"
183.213.149.50 - - [10/Jan/2023:10:41:36 +0800] "GET /v2/posts/followees-v5?type=0&size=20&image_width=1080&background_width=359 HTTP/2.0" 200 88343 "-" "Mozilla/5.0 (Android 12; HONOR; HONOR; ANY-AN00) feiyu/5.2.14"
183.213.149.50 - - [10/Jan/2023:10:41:37 +0800] "GET /v2/explore/banner?scene=1 HTTP/2.0" 200 2304 "-" "Mozilla/5.0 (Android 12; HONOR; HONOR; ANY-AN00) feiyu/5.2.14"
183.213.149.50 - - [10/Jan/2023:10:41:37 +0800] "GET /v2/posts/recommended/sticky?image_width=1080&background_width=359 HTTP/2.0" 200 3850 "-" "Mozilla/5.0 (Android 12; HONOR; HONOR; ANY-AN00) feiyu/5.2.14"
171.213.13.75 - - [10/Jan/2023:10:41:38 +0800] "GET /v2/campaigns/newest HTTP/2.0" 200 443 "-" "Mozilla/5.0 (Android 12; vivo; vivo; V2055A) feiyu/5.2.13"
171.213.13.75 - - [10/Jan/2023:10:41:38 +0800] "GET /v2/messages/unreadCount?timestamp=1970-01-01%2000%3A00%3A00 HTTP/2.0" 200 26 "-" "Mozilla/5.0 (Android 12; vivo; vivo; V2055A) feiyu/5.2.13"
171.213.13.75 - - [10/Jan/2023:10:41:38 +0800] "GET /v2/users/dddef800-e46a-4869-b873-2f077ea605e9/settings HTTP/2.0" 200 314 "-" "Mozilla/5.0 (Android 12; vivo; vivo; V2055A) feiyu/5.2.13"
39.75.252.87 - - [10/Jan/2023:10:41:39 +0800] "GET /v2/messages/unreadCount?timestamp=1970-01-01%2000%3A00%3A00 HTTP/2.0" 200 26 "-" "Mozilla/5.0 (Android 12; HUAWEI; HUAWEI; NOH-AL00) feiyu/5.2.14"
39.75.252.87 - - [10/Jan/2023:10:41:39 +0800] "GET /v2/campaigns/newest HTTP/2.0" 200 443 "-" "Mozilla/5.0 (Android 12; HUAWEI; HUAWEI; NOH-AL00) feiyu/5.2.14"
39.75.252.87 - - [10/Jan/2023:10:41:39 +0800] "GET /v2/users/d90b0a83-4a38-4daa-bdee-193f9b120e11/settings HTTP/2.0" 200 313 "-" "Mozilla/5.0 (Android 12; HUAWEI; HUAWEI; NOH-AL00) feiyu/5.2.14"
112.238.4.52 - - [10/Jan/2023:10:41:39 +0800] "GET /v2/gallery/categories/9d12f818-2191-4cf9-bae8-5e26e01b20aa/imagesV3?page=1&size=30&width=260 HTTP/2.0" 200 14341 "-" "Mozilla/5.0 (iOS 15.4; Apple; Apple; iPhone13,2) feiyu/5.2.14"
106.8.145.228 - - [10/Jan/2023:10:41:39 +0800] "GET /v2/posts/bb51eafd-6cb5-4595-9daf-b13dfa2e7356/commentsV4?size=20 HTTP/2.0" 200 2 "-" "Mozilla/5.0 (Android 10; HUAWEI; HUAWEI; BRQ-AN00) feiyu/5.2.14"
106.8.145.228 - - [10/Jan/2023:10:41:39 +0800] "GET /v2/posts/bb51eafd-6cb5-4595-9daf-b13dfa2e7356/likes HTTP/2.0" 200 1980 "-" "Mozilla/5.0 (Android 10; HUAWEI; HUAWEI; BRQ-AN00) feiyu/5.2.14"
106.8.145.228 - - [10/Jan/2023:10:41:39 +0800] "GET /v2/posts/bb51eafd-6cb5-4595-9daf-b13dfa2e7356/detail?image_width=1133&background_width=1133 HTTP/2.0" 200 7912 "-" "Mozilla/5.0 (Android 10; HUAWEI; HUAWEI; BRQ-AN00) feiyu/5.2.14"
183.213.149.50 - - [10/Jan/2023:10:41:39 +0800] "GET /v2/posts/recommended?size=20&image_width=1080&background_width=359 HTTP/2.0" 200 87929 "-" "Mozilla/5.0 (Android 12; HONOR; HONOR; ANY-AN00) feiyu/5.2.14"
116.142.9.80 - - [10/Jan/2023:10:41:42 +0800] "GET /v2/gallery/categories/57ae3f3f-f384-45aa-9fcd-84b2f9728cf2/imagesV3?page=1&size=20&width=360 HTTP/2.0" 200 9504 "-" "Mozilla/5.0 (Android 10; Xiaomi; Redmi; M2006J10C) feiyu/5.2.14"
36.98.16.99 - - [10/Jan/2023:10:41:43 +0800] "GET /v2/app/ab-test-status HTTP/2.0" 200 16 "-" "Mozilla/5.0 (Android 12; OPPO; OPPO; PEHM00) feiyu/5.2.14"
36.98.16.99 - - [10/Jan/2023:10:41:43 +0800] "GET /v2/app/upgrade?version_code=65&platform=Android HTTP/2.0" 200 4 "-" "Mozilla/5.0 (Android 12; OPPO; OPPO; PEHM00) feiyu/5.2.14"
36.98.16.99 - - [10/Jan/2023:10:41:43 +0800] "GET /v2/app/tiamat-info HTTP/2.0" 200 16 "-" "Mozilla/5.0 (Android 12; OPPO; OPPO; PEHM00) feiyu/5.2.14"
116.142.9.80 - - [10/Jan/2023:10:41:43 +0800] "GET /v2/gallery/categories/57ae3f3f-f384-45aa-9fcd-84b2f9728cf2/imagesV3?page=2&size=20&width=360 HTTP/2.0" 200 9504 "-" "Mozilla/5.0 (Android 10; Xiaomi; Redmi; M2006J10C) feiyu/5.2.14"
39.75.252.87 - - [10/Jan/2023:10:41:43 +0800] "GET /v2/gallery/randomImagesV2?size=50&width=576&content=%E5%90%83%E9%A5%AD HTTP/2.0" 200 23666 "-" "Mozilla/5.0 (Android 12; HUAWEI; HUAWEI; NOH-AL00) feiyu/5.2.14"
36.98.16.99 - - [10/Jan/2023:10:41:44 +0800] "GET /v2/lab-projects HTTP/2.0" 200 24921 "-" "Mozilla/5.0 (Android 12; OPPO; OPPO; PEHM00) feiyu/5.2.14"
36.98.16.99 - - [10/Jan/2023:10:41:44 +0800] "GET /v2/app/upgrade?version_code=65&platform=Android HTTP/2.0" 200 4 "-" "Mozilla/5.0 (Android 12; OPPO; OPPO; PEHM00) feiyu/5.2.14"
36.98.16.99 - - [10/Jan/2023:10:41:44 +0800] "GET /v2/messages/unreadCount?timestamp=2022-04-10%2005%3A00%3A11 HTTP/2.0" 200 26 "-" "Mozilla/5.0 (Android 12; OPPO; OPPO; PEHM00) feiyu/5.2.14"
36.98.16.99 - - [10/Jan/2023:10:41:45 +0800] "GET /v2/users/91155fa4-0817-428f-b662-718b8d47c9c3/settings HTTP/2.0" 200 313 "-" "Mozilla/5.0 (Android 12; OPPO; OPPO; PEHM00) feiyu/5.2.14"
36.98.16.99 - - [10/Jan/2023:10:41:45 +0800] "GET /v2/campaigns/newest HTTP/2.0" 200 443 "-" "Mozilla/5.0 (Android 12; OPPO; OPPO; PEHM00) feiyu/5.2.14"
36.98.16.99 - - [10/Jan/2023:10:41:45 +0800] "GET /v2/explore/searchHint HTTP/2.0" 200 23 "-" "Mozilla/5.0 (Android 12; OPPO; OPPO; PEHM00) feiyu/5.2.14"
36.98.16.99 - - [10/Jan/2023:10:41:45 +0800] "GET /v2/explore/banner?scene=2 HTTP/2.0" 200 439 "-" "Mozilla/5.0 (Android 12; OPPO; OPPO; PEHM00) feiyu/5.2.14"
36.98.16.99 - - [10/Jan/2023:10:41:45 +0800] "GET /v2/posts/followees-v5?type=0&size=20&image_width=1080&background_width=359 HTTP/2.0" 200 88249 "-" "Mozilla/5.0 (Android 12; OPPO; OPPO; PEHM00) feiyu/5.2.14"
36.98.16.99 - - [10/Jan/2023:10:41:45 +0800] "GET /v2/content-series/explore HTTP/2.0" 200 68522 "-" "Mozilla/5.0 (Android 12; OPPO; OPPO; PEHM00) feiyu/5.2.14"
36.98.16.99 - - [10/Jan/2023:10:41:45 +0800] "GET /v2/posts/followees-v5?type=0&size=20&image_width=1080&background_width=359 HTTP/2.0" 200 88249 "-" "Mozilla/5.0 (Android 12; OPPO; OPPO; PEHM00) feiyu/5.2.14"
120.229.86.221 - - [10/Jan/2023:10:41:45 +0800] "GET /v2/gallery/categoriesV4 HTTP/2.0" 200 13188 "-" "Mozilla/5.0 (Android 12; HUAWEI; HUAWEI; JAD-AL00) feiyu/5.2.14"
120.229.86.221 - - [10/Jan/2023:10:41:45 +0800] "GET /v2/gallery/categories/1e3bd6cc-e816-4cec-a975-7d2c39b1a292/imagesV3?page=1&size=20&width=614 HTTP/2.0" 200 9790 "-" "Mozilla/5.0 (Android 12; HUAWEI; HUAWEI; JAD-AL00) feiyu/5.2.14"
36.98.16.99 - - [10/Jan/2023:10:41:46 +0800] "GET /v2/explore/banner?scene=1 HTTP/2.0" 200 2314 "-" "Mozilla/5.0 (Android 12; OPPO; OPPO; PEHM00) feiyu/5.2.14"
36.98.16.99 - - [10/Jan/2023:10:41:46 +0800] "GET /v2/posts/featured/sticky-v2?image_width=1080&background_width=359 HTTP/2.0" 200 4263 "-" "Mozilla/5.0 (Android 12; OPPO; OPPO; PEHM00) feiyu/5.2.14"
106.8.145.228 - - [10/Jan/2023:10:41:46 +0800] "GET /v2/messages/unreadCount?timestamp=1970-01-01%2000%3A00%3A00 HTTP/2.0" 200 26 "-" "Mozilla/5.0 (Android 10; HUAWEI; HUAWEI; BRQ-AN00) feiyu/5.2.14"
106.8.145.228 - - [10/Jan/2023:10:41:46 +0800] "GET /v2/explore/searchHint HTTP/2.0" 200 23 "-" "Mozilla/5.0 (Android 10; HUAWEI; HUAWEI; BRQ-AN00) feiyu/5.2.14"
106.8.145.228 - - [10/Jan/2023:10:41:46 +0800] "GET /v2/campaigns/newest HTTP/2.0" 200 445 "-" "Mozilla/5.0 (Android 10; HUAWEI; HUAWEI; BRQ-AN00) feiyu/5.2.14"
106.8.145.228 - - [10/Jan/2023:10:41:46 +0800] "GET /v2/users/c0e00a79-0d5d-4f36-9bdf-e65a7d3f08ca/settings HTTP/2.0" 200 313 "-" "Mozilla/5.0 (Android 10; HUAWEI; HUAWEI; BRQ-AN00) feiyu/5.2.14"
223.104.101.108 - - [10/Jan/2023:10:41:48 +0800] "GET /v2/app/tiamat-info HTTP/2.0" 200 16 "-" "Mozilla/5.0 (Android 10; HUAWEI; HONOR; HLK-AL00) feiyu/5.2.14"
223.104.101.108 - - [10/Jan/2023:10:41:48 +0800] "GET /v2/app/ab-test-status HTTP/2.0" 200 16 "-" "Mozilla/5.0 (Android 10; HUAWEI; HONOR; HLK-AL00) feiyu/5.2.14"
223.104.101.108 - - [10/Jan/2023:10:41:48 +0800] "GET /v2/app/upgrade?version_code=65&platform=Android HTTP/2.0" 200 4 "-" "Mozilla/5.0 (Android 10; HUAWEI; HONOR; HLK-AL00) feiyu/5.2.14"
116.142.9.80 - - [10/Jan/2023:10:41:48 +0800] "GET /v2/gallery/categories/57ae3f3f-f384-45aa-9fcd-84b2f9728cf2/imagesV3?page=3&size=20&width=360 HTTP/2.0" 200 9513 "-" "Mozilla/5.0 (Android 10; Xiaomi; Redmi; M2006J10C) feiyu/5.2.14"
124.116.242.218 - - [10/Jan/2023:10:41:49 +0800] "GET /v2/users/813f6ce6-a1d8-4ba4-a55f-4deaf016cced/likedPostsV2?guest=true&size=20&image_width=1080&background_width=359 HTTP/2.0" 200 15213 "-" "Mozilla/5.0 (Android 9; OPPO; OPPO; PBBM00) feiyu/5.2.14"
124.116.242.218 - - [10/Jan/2023:10:41:49 +0800] "GET /v2/users/813f6ce6-a1d8-4ba4-a55f-4deaf016cced/createdPostsV2?guest=true&size=20&image_width=1080&background_width=359 HTTP/2.0" 200 24149 "-" "Mozilla/5.0 (Android 9; OPPO; OPPO; PBBM00) feiyu/5.2.14"
124.116.242.218 - - [10/Jan/2023:10:41:49 +0800] "GET /v2/users/813f6ce6-a1d8-4ba4-a55f-4deaf016cced HTTP/2.0" 200 421 "-" "Mozilla/5.0 (Android 9; OPPO; OPPO; PBBM00) feiyu/5.2.14"
223.104.101.108 - - [10/Jan/2023:10:41:49 +0800] "GET /v2/lab-projects HTTP/2.0" 200 24901 "-" "Mozilla/5.0 (Android 10; HUAWEI; HONOR; HLK-AL00) feiyu/5.2.14"
223.104.101.108 - - [10/Jan/2023:10:41:49 +0800] "GET /v2/app/upgrade?version_code=65&platform=Android HTTP/2.0" 200 4 "-" "Mozilla/5.0 (Android 10; HUAWEI; HONOR; HLK-AL00) feiyu/5.2.14"
36.98.16.99 - - [10/Jan/2023:10:41:46 +0800] "GET /v2/posts/featured-v4?size=20&image_width=1080&background_width=359 HTTP/2.0" 200 71244 "-" "Mozilla/5.0 (Android 12; OPPO; OPPO; PEHM00) feiyu/5.2.14"
36.98.16.99 - - [10/Jan/2023:10:41:50 +0800] "GET /v2/ads?scene=1 HTTP/2.0" 200 2 "-" "Mozilla/5.0 (Android 12; OPPO; OPPO; PEHM00) feiyu/5.2.14"
223.104.101.108 - - [10/Jan/2023:10:41:50 +0800] "GET /v2/campaigns/newest HTTP/2.0" 200 445 "-" "Mozilla/5.0 (Android 10; HUAWEI; HONOR; HLK-AL00) feiyu/5.2.14"
223.104.101.108 - - [10/Jan/2023:10:41:50 +0800] "GET /v2/posts/followees-v5?type=0&size=20&image_width=1080&background_width=359 HTTP/2.0" 200 2 "-" "Mozilla/5.0 (Android 10; HUAWEI; HONOR; HLK-AL00) feiyu/5.2.14"
223.104.101.108 - - [10/Jan/2023:10:41:50 +0800] "GET /v2/posts/followees-v5?type=0&size=20&image_width=1080&background_width=359 HTTP/2.0" 200 2 "-" "Mozilla/5.0 (Android 10; HUAWEI; HONOR; HLK-AL00) feiyu/5.2.14"
223.104.101.108 - - [10/Jan/2023:10:41:50 +0800] "GET /v2/explore/searchHint HTTP/2.0" 200 23 "-" "Mozilla/5.0 (Android 10; HUAWEI; HONOR; HLK-AL00) feiyu/5.2.14"
223.104.101.108 - - [10/Jan/2023:10:41:50 +0800] "GET /v2/explore/banner?scene=2 HTTP/2.0" 200 443 "-" "Mozilla/5.0 (Android 10; HUAWEI; HONOR; HLK-AL00) feiyu/5.2.14"
223.104.101.108 - - [10/Jan/2023:10:41:50 +0800] "GET /v2/content-series/explore HTTP/2.0" 200 68438 "-" "Mozilla/5.0 (Android 10; HUAWEI; HONOR; HLK-AL00) feiyu/5.2.14"
223.104.101.108 - - [10/Jan/2023:10:41:50 +0800] "GET /v2/posts/followees-v5?type=0&size=20&image_width=1080&background_width=359 HTTP/2.0" 200 2 "-" "Mozilla/5.0 (Android 10; HUAWEI; HONOR; HLK-AL00) feiyu/5.2.14"
223.104.101.108 - - [10/Jan/2023:10:41:51 +0800] "GET /v2/explore/banner?scene=1 HTTP/2.0" 200 2312 "-" "Mozilla/5.0 (Android 10; HUAWEI; HONOR; HLK-AL00) feiyu/5.2.14"
112.238.4.52 - - [10/Jan/2023:10:41:51 +0800] "GET /v2/messages/unreadCount?timestamp=1970-01-01%2000%3A00%3A01 HTTP/2.0" 200 26 "-" "Mozilla/5.0 (iOS 15.4; Apple; Apple; iPhone13,2) feiyu/5.2.14"
116.142.9.80 - - [10/Jan/2023:10:41:51 +0800] "GET /v2/gallery/categories/f8a5a62e-e303-43dd-83b3-84b2d610f456/imagesV3?page=1&size=20&width=360 HTTP/2.0" 200 9510 "-" "Mozilla/5.0 (Android 10; Xiaomi; Redmi; M2006J10C) feiyu/5.2.14"
112.238.4.52 - - [10/Jan/2023:10:41:51 +0800] "GET /v2/gallery/categories/9d12f818-2191-4cf9-bae8-5e26e01b20aa/imagesV3?page=2&size=30&width=260 HTTP/2.0" 200 14444 "-" "Mozilla/5.0 (iOS 15.4; Apple; Apple; iPhone13,2) feiyu/5.2.14"
120.229.86.221 - - [10/Jan/2023:10:41:53 +0800] "GET /v2/gallery/images/c613ff99-786f-4715-b44b-291fcbb2d311?width=1228 HTTP/2.0" 200 509 "-" "Mozilla/5.0 (Android 12; HUAWEI; HUAWEI; JAD-AL00) feiyu/5.2.14"
223.104.101.108 - - [10/Jan/2023:10:41:51 +0800] "GET /v2/posts/trending-v2?page=1&size=20&image_width=1080&background_width=359 HTTP/2.0" 200 85471 "-" "Mozilla/5.0 (Android 10; HUAWEI; HONOR; HLK-AL00) feiyu/5.2.14"
124.116.242.218 - - [10/Jan/2023:10:41:56 +0800] "GET /v2/users/813f6ce6-a1d8-4ba4-a55f-4deaf016cced/likedPostsV2?timestamp=2021-05-13%2014%3A03%3A50&guest=true&size=20&image_width=1080&background_width=359 HTTP/2.0" 200 2 "-" "Mozilla/5.0 (Android 9; OPPO; OPPO; PBBM00) feiyu/5.2.14"
124.116.242.218 - - [10/Jan/2023:10:41:57 +0800] "GET /v2/messages/unreadCount?timestamp=2023-01-10%2002%3A41%3A17 HTTP/2.0" 200 26 "-" "Mozilla/5.0 (Android 9; OPPO; OPPO; PBBM00) feiyu/5.2.14"
124.116.242.218 - - [10/Jan/2023:10:41:57 +0800] "GET /v2/users/fffb5aab-50cc-4095-881f-e1f270087534/settings HTTP/2.0" 200 313 "-" "Mozilla/5.0 (Android 9; OPPO; OPPO; PBBM00) feiyu/5.2.14"
124.116.242.218 - - [10/Jan/2023:10:41:57 +0800] "GET /v2/explore/searchHint HTTP/2.0" 200 23 "-" "Mozilla/5.0 (Android 9; OPPO; OPPO; PBBM00) feiyu/5.2.14"
124.116.242.218 - - [10/Jan/2023:10:41:57 +0800] "GET /v2/campaigns/newest HTTP/2.0" 200 445 "-" "Mozilla/5.0 (Android 9; OPPO; OPPO; PBBM00) feiyu/5.2.14"
124.116.242.218 - - [10/Jan/2023:10:41:57 +0800] "GET /v2/clock-ins/stats HTTP/2.0" 200 385 "-" "Mozilla/5.0 (Android 9; OPPO; OPPO; PBBM00) feiyu/5.2.14"
124.116.242.218 - - [10/Jan/2023:10:41:57 +0800] "GET /v2/users/fffb5aab-50cc-4095-881f-e1f270087534 HTTP/2.0" 200 413 "-" "Mozilla/5.0 (Android 9; OPPO; OPPO; PBBM00) feiyu/5.2.14"
116.210.20.48 - - [10/Jan/2023:10:41:57 +0800] "GET /v2/gallery/categories/4edeb491-671b-4601-b050-ade7fdd43abe/imagesV3?page=7&size=30&width=260 HTTP/2.0" 200 14312 "-" "Mozilla/5.0 (iOS 15.5; Apple; Apple; iPhone14,5) feiyu/5.2.14"
124.116.242.218 - - [10/Jan/2023:10:41:57 +0800] "GET /v2/near/canvas-war/accounts/fffb5aab-50cc-4095-881f-e1f270087534 HTTP/2.0" 200 517 "-" "Mozilla/5.0 (Android 9; OPPO; OPPO; PBBM00) feiyu/5.2.14"
112.238.4.52 - - [10/Jan/2023:10:41:57 +0800] "GET /v2/messages/unreadCount?timestamp=1970-01-01%2000%3A00%3A01 HTTP/2.0" 200 26 "-" "Mozilla/5.0 (iOS 15.4; Apple; Apple; iPhone13,2) feiyu/5.2.14"
124.116.242.218 - - [10/Jan/2023:10:41:58 +0800] "GET /v2/gallery/categoriesV4 HTTP/2.0" 200 13184 "-" "Mozilla/5.0 (Android 9; OPPO; OPPO; PBBM00) feiyu/5.2.14"
124.116.242.218 - - [10/Jan/2023:10:41:58 +0800] "GET /v2/gallery/categories/1e3bd6cc-e816-4cec-a975-7d2c39b1a292/imagesV3?page=1&size=20&width=360 HTTP/2.0" 200 1484 "-" "Mozilla/5.0 (Android 9; OPPO; OPPO; PBBM00) feiyu/5.2.14"
124.116.242.218 - - [10/Jan/2023:10:41:59 +0800] "GET /v2/gallery/categories/1e3bd6cc-e816-4cec-a975-7d2c39b1a292/imagesV3?page=2&size=20&width=360 HTTP/2.0" 200 2 "-" "Mozilla/5.0 (Android 9; OPPO; OPPO; PBBM00) feiyu/5.2.14"
111.208.112.206 - - [10/Jan/2023:10:42:01 +0800] "POST /v2/users/oauth HTTP/2.0" 200 933 "-" "Mozilla/5.0 (Android 5.1.1; vivo; vivo; vivo Y51A) feiyu/5.2.14"
111.208.112.206 - - [10/Jan/2023:10:42:01 +0800] "GET /v2/users/069fd6f0-4910-4b1e-90f2-492c38cc462f/settings HTTP/2.0" 200 311 "-" "Mozilla/5.0 (Android 5.1.1; vivo; vivo; vivo Y51A) feiyu/5.2.14"
124.116.242.218 - - [10/Jan/2023:10:42:01 +0800] "DELETE /v2/gallery/images/d69cc8c0-3e77-4b67-b8b8-14b8117154bc/favorite HTTP/2.0" 200 - "-" "Mozilla/5.0 (Android 9; OPPO; OPPO; PBBM00) feiyu/5.2.14"
116.210.20.48 - - [10/Jan/2023:10:42:01 +0800] "GET /v2/gallery/images/533cc9d4-7a46-4877-8a1c-d1376a7ab7d7?width=1170 HTTP/2.0" 200 456 "-" "Mozilla/5.0 (iOS 15.5; Apple; Apple; iPhone14,5) feiyu/5.2.14"
116.142.9.80 - - [10/Jan/2023:10:42:02 +0800] "GET /v2/gallery/categories/f8a5a62e-e303-43dd-83b3-84b2d610f456/imagesV3?page=2&size=20&width=360 HTTP/2.0" 200 9506 "-" "Mozilla/5.0 (Android 10; Xiaomi; Redmi; M2006J10C) feiyu/5.2.14"
124.116.242.218 - - [10/Jan/2023:10:42:02 +0800] "DELETE /v2/gallery/images/15faecdf-450c-4830-b053-9df327543032/favorite HTTP/2.0" 200 - "-" "Mozilla/5.0 (Android 9; OPPO; OPPO; PBBM00) feiyu/5.2.14"
111.208.112.206 - - [10/Jan/2023:10:42:02 +0800] "GET /v2/lab-projects HTTP/2.0" 200 24933 "-" "Mozilla/5.0 (Android 5.1.1; vivo; vivo; vivo Y51A) feiyu/5.2.14"
111.208.112.206 - - [10/Jan/2023:10:42:02 +0800] "GET /v2/app/upgrade?version_code=65&platform=Android HTTP/2.0" 200 4 "-" "Mozilla/5.0 (Android 5.1.1; vivo; vivo; vivo Y51A) feiyu/5.2.14"
116.142.9.80 - - [10/Jan/2023:10:42:03 +0800] "GET /v2/gallery/categories/f8a5a62e-e303-43dd-83b3-84b2d610f456/imagesV3?page=3&size=20&width=360 HTTP/2.0" 200 9492 "-" "Mozilla/5.0 (Android 10; Xiaomi; Redmi; M2006J10C) feiyu/5.2.14"
124.116.242.218 - - [10/Jan/2023:10:42:03 +0800] "GET /v2/gallery/categories/1ab7a131-0b87-4435-a849-7b1aeaee0167/imagesV3?page=1&size=20&width=360 HTTP/2.0" 200 9467 "-" "Mozilla/5.0 (Android 9; OPPO; OPPO; PBBM00) feiyu/5.2.14"
124.116.242.218 - - [10/Jan/2023:10:42:03 +0800] "GET /v2/gallery/categories/1ab7a131-0b87-4435-a849-7b1aeaee0167/imagesV3?page=2&size=20&width=360 HTTP/2.0" 200 9464 "-" "Mozilla/5.0 (Android 9; OPPO; OPPO; PBBM00) feiyu/5.2.14"
111.208.112.206 - - [10/Jan/2023:10:42:05 +0800] "GET /v2/messages/unreadCount?timestamp=1970-01-01%2000%3A00%3A00 HTTP/2.0" 200 27 "-" "Mozilla/5.0 (Android 5.1.1; vivo; vivo; vivo Y51A) feiyu/5.2.14"
124.116.242.218 - - [10/Jan/2023:10:42:06 +0800] "GET /v2/gallery/categories/1ab7a131-0b87-4435-a849-7b1aeaee0167/imagesV3?page=3&size=20&width=360 HTTP/2.0" 200 9483 "-" "Mozilla/5.0 (Android 9; OPPO; OPPO; PBBM00) feiyu/5.2.14"
39.75.252.87 - - [10/Jan/2023:10:42:09 +0800] "GET /v2/messages/unreadCount?timestamp=1970-01-01%2000%3A00%3A00 HTTP/2.0" 200 26 "-" "Mozilla/5.0 (Android 12; HUAWEI; HUAWEI; NOH-AL00) feiyu/5.2.14"
39.75.252.87 - - [10/Jan/2023:10:42:09 +0800] "GET /v2/campaigns/newest HTTP/2.0" 200 449 "-" "Mozilla/5.0 (Android 12; HUAWEI; HUAWEI; NOH-AL00) feiyu/5.2.14"
39.75.252.87 - - [10/Jan/2023:10:42:09 +0800] "GET /v2/users/d90b0a83-4a38-4daa-bdee-193f9b120e11/settings HTTP/2.0" 200 313 "-" "Mozilla/5.0 (Android 12; HUAWEI; HUAWEI; NOH-AL00) feiyu/5.2.14"
111.208.112.206 - - [10/Jan/2023:10:42:09 +0800] "GET /v2/users/069fd6f0-4910-4b1e-90f2-492c38cc462f/settings HTTP/2.0" 200 311 "-" "Mozilla/5.0 (Android 5.1.1; vivo; vivo; vivo Y51A) feiyu/5.2.14"
111.208.112.206 - - [10/Jan/2023:10:42:09 +0800] "GET /v2/campaigns/newest HTTP/2.0" 200 443 "-" "Mozilla/5.0 (Android 5.1.1; vivo; vivo; vivo Y51A) feiyu/5.2.14"
120.229.86.221 - - [10/Jan/2023:10:42:10 +0800] "GET /v2/gallery/categories/1e3bd6cc-e816-4cec-a975-7d2c39b1a292/imagesV3?page=2&size=20&width=614 HTTP/2.0" 200 9905 "-" "Mozilla/5.0 (Android 12; HUAWEI; HUAWEI; JAD-AL00) feiyu/5.2.14"
223.104.101.108 - - [10/Jan/2023:10:42:10 +0800] "GET /v2/explore/searchHint HTTP/2.0" 200 23 "-" "Mozilla/5.0 (Android 10; HUAWEI; HONOR; HLK-AL00) feiyu/5.2.14"
223.104.101.108 - - [10/Jan/2023:10:42:10 +0800] "GET /v2/campaigns/newest HTTP/2.0" 200 443 "-" "Mozilla/5.0 (Android 10; HUAWEI; HONOR; HLK-AL00) feiyu/5.2.14"
112.238.4.52 - - [10/Jan/2023:10:42:11 +0800] "GET /v2/gallery/categories/9d12f818-2191-4cf9-bae8-5e26e01b20aa/imagesV3?page=3&size=30&width=260 HTTP/2.0" 200 14336 "-" "Mozilla/5.0 (iOS 15.4; Apple; Apple; iPhone13,2) feiyu/5.2.14"
116.142.9.80 - - [10/Jan/2023:10:42:11 +0800] "GET /v2/gallery/images/a17c4de4-5cde-4f93-a009-4b06472742b0?width=1080 HTTP/2.0" 200 459 "-" "Mozilla/5.0 (Android 10; Xiaomi; Redmi; M2006J10C) feiyu/5.2.14"
111.208.112.206 - - [10/Jan/2023:10:42:11 +0800] "GET /v2/explore/searchHint HTTP/2.0" 200 23 "-" "Mozilla/5.0 (Android 5.1.1; vivo; vivo; vivo Y51A) feiyu/5.2.14"
111.208.112.206 - - [10/Jan/2023:10:42:11 +0800] "GET /v2/explore/banner?scene=2 HTTP/2.0" 200 439 "-" "Mozilla/5.0 (Android 5.1.1; vivo; vivo; vivo Y51A) feiyu/5.2.14"
111.208.112.206 - - [10/Jan/2023:10:42:11 +0800] "GET /v2/content-series/explore HTTP/2.0" 200 68456 "-" "Mozilla/5.0 (Android 5.1.1; vivo; vivo; vivo Y51A) feiyu/5.2.14"
39.75.252.87 - - [10/Jan/2023:10:42:12 +0800] "GET /v2/users/d90b0a83-4a38-4daa-bdee-193f9b120e11 HTTP/2.0" 200 411 "-" "Mozilla/5.0 (Android 12; HUAWEI; HUAWEI; NOH-AL00) feiyu/5.2.14"
39.75.252.87 - - [10/Jan/2023:10:42:12 +0800] "GET /v2/clock-ins/stats HTTP/2.0" 200 385 "-" "Mozilla/5.0 (Android 12; HUAWEI; HUAWEI; NOH-AL00) feiyu/5.2.14"
39.75.252.87 - - [10/Jan/2023:10:42:12 +0800] "GET /v2/messages/unreadCount?timestamp=1970-01-01%2000%3A00%3A00 HTTP/2.0" 200 26 "-" "Mozilla/5.0 (Android 12; HUAWEI; HUAWEI; NOH-AL00) feiyu/5.2.14"
39.75.252.87 - - [10/Jan/2023:10:42:12 +0800] "GET /v2/users/d90b0a83-4a38-4daa-bdee-193f9b120e11 HTTP/2.0" 200 411 "-" "Mozilla/5.0 (Android 12; HUAWEI; HUAWEI; NOH-AL00) feiyu/5.2.14"
39.75.252.87 - - [10/Jan/2023:10:42:12 +0800] "GET /v2/users/d90b0a83-4a38-4daa-bdee-193f9b120e11 HTTP/2.0" 200 411 "-" "Mozilla/5.0 (Android 12; HUAWEI; HUAWEI; NOH-AL00) feiyu/5.2.14"
39.75.252.87 - - [10/Jan/2023:10:42:12 +0800] "GET /v2/users/d90b0a83-4a38-4daa-bdee-193f9b120e11/likedPostsV2?guest=false&size=20&image_width=1152&background_width=383 HTTP/2.0" 200 2 "-" "Mozilla/5.0 (Android 12; HUAWEI; HUAWEI; NOH-AL00) feiyu/5.2.14"
39.75.252.87 - - [10/Jan/2023:10:42:12 +0800] "GET /v2/users/d90b0a83-4a38-4daa-bdee-193f9b120e11/createdPostsV2?guest=false&size=20&image_width=1152&background_width=383 HTTP/2.0" 200 1118 "-" "Mozilla/5.0 (Android 12; HUAWEI; HUAWEI; NOH-AL00) feiyu/5.2.14"
39.75.252.87 - - [10/Jan/2023:10:42:12 +0800] "GET /v2/users/d90b0a83-4a38-4daa-bdee-193f9b120e11/favoritedPosts?size=20&image_width=1152&background_width=383 HTTP/2.0" 200 2 "-" "Mozilla/5.0 (Android 12; HUAWEI; HUAWEI; NOH-AL00) feiyu/5.2.14"
39.75.252.87 - - [10/Jan/2023:10:42:13 +0800] "GET /v2/users/d90b0a83-4a38-4daa-bdee-193f9b120e11/createdPostsV2?timestamp=2023-01-10%2002%3A40%3A25&guest=false&size=20&image_width=1152&background_width=383 HTTP/2.0" 200 2 "-" "Mozilla/5.0 (Android 12; HUAWEI; HUAWEI; NOH-AL00) feiyu/5.2.14"
112.238.4.52 - - [10/Jan/2023:10:42:13 +0800] "GET /v2/gallery/images/8f60efd3-74c1-4937-a13e-fc893633008c?width=1170 HTTP/2.0" 200 461 "-" "Mozilla/5.0 (iOS 15.4; Apple; Apple; iPhone13,2) feiyu/5.2.14"
111.208.112.206 - - [10/Jan/2023:10:42:11 +0800] "GET /v2/posts/followees-v5?type=0&size=20&image_width=540&background_width=179 HTTP/2.0" 200 88169 "-" "Mozilla/5.0 (Android 5.1.1; vivo; vivo; vivo Y51A) feiyu/5.2.14"
111.208.112.206 - - [10/Jan/2023:10:42:11 +0800] "GET /v2/posts/followees-v5?type=0&size=20&image_width=540&background_width=179 HTTP/2.0" 200 88169 "-" "Mozilla/5.0 (Android 5.1.1; vivo; vivo; vivo Y51A) feiyu/5.2.14"
116.210.20.48 - - [10/Jan/2023:10:42:15 +0800] "GET /v2/gallery/categories/4edeb491-671b-4601-b050-ade7fdd43abe/imagesV3?page=8&size=30&width=260 HTTP/2.0" 200 14429 "-" "Mozilla/5.0 (iOS 15.5; Apple; Apple; iPhone14,5) feiyu/5.2.14"
111.208.112.206 - - [10/Jan/2023:10:42:16 +0800] "GET /v2/posts/recommended/sticky?image_width=540&background_width=179 HTTP/2.0" 200 3850 "-" "Mozilla/5.0 (Android 5.1.1; vivo; vivo; vivo Y51A) feiyu/5.2.14"
111.208.112.206 - - [10/Jan/2023:10:42:17 +0800] "GET /v2/explore/banner?scene=1 HTTP/2.0" 200 2310 "-" "Mozilla/5.0 (Android 5.1.1; vivo; vivo; vivo Y51A) feiyu/5.2.14"
111.208.112.206 - - [10/Jan/2023:10:42:17 +0800] "GET /v2/posts/recommended?size=20&image_width=540&background_width=179 HTTP/2.0" 200 87877 "-" "Mozilla/5.0 (Android 5.1.1; vivo; vivo; vivo Y51A) feiyu/5.2.14"
114.93.197.17 - - [10/Jan/2023:10:42:18 +0800] "GET /v2/app/tiamat-info HTTP/2.0" 200 16 "-" "Mozilla/5.0 (Android 11; Xiaomi; Xiaomi; Mi9 Pro 5G) feiyu/5.2.14"
114.93.197.17 - - [10/Jan/2023:10:42:18 +0800] "GET /v2/app/ab-test-status HTTP/2.0" 200 16 "-" "Mozilla/5.0 (Android 11; Xiaomi; Xiaomi; Mi9 Pro 5G) feiyu/5.2.14"
114.93.197.17 - - [10/Jan/2023:10:42:18 +0800] "GET /v2/app/upgrade?version_code=65&platform=Android HTTP/2.0" 200 4 "-" "Mozilla/5.0 (Android 11; Xiaomi; Xiaomi; Mi9 Pro 5G) feiyu/5.2.14"
116.142.9.80 - - [10/Jan/2023:10:42:19 +0800] "POST /v2/app/upload HTTP/2.0" 200 349 "-" "Mozilla/5.0 (Android 10; Xiaomi; Redmi; M2006J10C) feiyu/5.2.14"
116.142.9.80 - - [10/Jan/2023:10:42:19 +0800] "POST /v2/posts/uploadCompleteV2 HTTP/2.0" 200 1119 "-" "Mozilla/5.0 (Android 10; Xiaomi; Redmi; M2006J10C) feiyu/5.2.14"
111.208.112.206 - - [10/Jan/2023:10:42:19 +0800] "GET /v2/ads?scene=0 HTTP/2.0" 200 2 "-" "Mozilla/5.0 (Android 5.1.1; vivo; vivo; vivo Y51A) feiyu/5.2.14"
116.142.9.80 - - [10/Jan/2023:10:42:19 +0800] "GET /v2/messages/unreadCount?timestamp=1970-01-01%2000%3A00%3A00 HTTP/2.0" 200 26 "-" "Mozilla/5.0 (Android 10; Xiaomi; Redmi; M2006J10C) feiyu/5.2.14"
116.142.9.80 - - [10/Jan/2023:10:42:20 +0800] "GET /v2/users/9f19bd2d-be1b-48cb-ad7d-d10c4b66f983/settings HTTP/2.0" 200 310 "-" "Mozilla/5.0 (Android 10; Xiaomi; Redmi; M2006J10C) feiyu/5.2.14"
116.142.9.80 - - [10/Jan/2023:10:42:20 +0800] "GET /v2/explore/searchHint HTTP/2.0" 200 23 "-" "Mozilla/5.0 (Android 10; Xiaomi; Redmi; M2006J10C) feiyu/5.2.14"
116.142.9.80 - - [10/Jan/2023:10:42:20 +0800] "GET /v2/campaigns/newest HTTP/2.0" 200 447 "-" "Mozilla/5.0 (Android 10; Xiaomi; Redmi; M2006J10C) feiyu/5.2.14"
114.93.197.17 - - [10/Jan/2023:10:42:20 +0800] "GET /v2/lab-projects HTTP/2.0" 200 24905 "-" "Mozilla/5.0 (Android 11; Xiaomi; Xiaomi; Mi9 Pro 5G) feiyu/5.2.14"
114.93.197.17 - - [10/Jan/2023:10:42:20 +0800] "GET /v2/app/upgrade?version_code=65&platform=Android HTTP/2.0" 200 4 "-" "Mozilla/5.0 (Android 11; Xiaomi; Xiaomi; Mi9 Pro 5G) feiyu/5.2.14"
114.93.197.17 - - [10/Jan/2023:10:42:20 +0800] "GET /v2/messages/unreadCount?timestamp=2022-10-13%2022%3A53%3A31 HTTP/2.0" 200 26 "-" "Mozilla/5.0 (Android 11; Xiaomi; Xiaomi; Mi9 Pro 5G) feiyu/5.2.14"
114.93.197.17 - - [10/Jan/2023:10:42:20 +0800] "GET /v2/users/2d59073b-8ef3-4488-8fb9-1ce1dcf24189/settings HTTP/2.0" 200 314 "-" "Mozilla/5.0 (Android 11; Xiaomi; Xiaomi; Mi9 Pro 5G) feiyu/5.2.14"
114.93.197.17 - - [10/Jan/2023:10:42:20 +0800] "GET /v2/campaigns/newest HTTP/2.0" 200 447 "-" "Mozilla/5.0 (Android 11; Xiaomi; Xiaomi; Mi9 Pro 5G) feiyu/5.2.14"
114.93.197.17 - - [10/Jan/2023:10:42:20 +0800] "GET /v2/explore/searchHint HTTP/2.0" 200 23 "-" "Mozilla/5.0 (Android 11; Xiaomi; Xiaomi; Mi9 Pro 5G) feiyu/5.2.14"
114.93.197.17 - - [10/Jan/2023:10:42:20 +0800] "GET /v2/posts/followees-v5?type=0&size=20&image_width=1080&background_width=359 HTTP/2.0" 200 88205 "-" "Mozilla/5.0 (Android 11; Xiaomi; Xiaomi; Mi9 Pro 5G) feiyu/5.2.14"
114.93.197.17 - - [10/Jan/2023:10:42:20 +0800] "GET /v2/explore/banner?scene=2 HTTP/2.0" 200 439 "-" "Mozilla/5.0 (Android 11; Xiaomi; Xiaomi; Mi9 Pro 5G) feiyu/5.2.14"
114.93.197.17 - - [10/Jan/2023:10:42:20 +0800] "GET /v2/content-series/explore HTTP/2.0" 200 68512 "-" "Mozilla/5.0 (Android 11; Xiaomi; Xiaomi; Mi9 Pro 5G) feiyu/5.2.14"
114.93.197.17 - - [10/Jan/2023:10:42:20 +0800] "GET /v2/posts/followees-v5?type=0&size=20&image_width=1080&background_width=359 HTTP/2.0" 200 88257 "-" "Mozilla/5.0 (Android 11; Xiaomi; Xiaomi; Mi9 Pro 5G) feiyu/5.2.14"
111.208.112.206 - - [10/Jan/2023:10:42:20 +0800] "GET /v2/users/069fd6f0-4910-4b1e-90f2-492c38cc462f HTTP/2.0" 200 419 "-" "Mozilla/5.0 (Android 5.1.1; vivo; vivo; vivo Y51A) feiyu/5.2.14"
111.208.112.206 - - [10/Jan/2023:10:42:21 +0800] "GET /v2/users/069fd6f0-4910-4b1e-90f2-492c38cc462f HTTP/2.0" 200 419 "-" "Mozilla/5.0 (Android 5.1.1; vivo; vivo; vivo Y51A) feiyu/5.2.14"
111.208.112.206 - - [10/Jan/2023:10:42:21 +0800] "GET /v2/messages/unreadCount?timestamp=1970-01-01%2000%3A00%3A00 HTTP/2.0" 200 27 "-" "Mozilla/5.0 (Android 5.1.1; vivo; vivo; vivo Y51A) feiyu/5.2.14"
111.208.112.206 - - [10/Jan/2023:10:42:21 +0800] "GET /v2/clock-ins/stats HTTP/2.0" 200 385 "-" "Mozilla/5.0 (Android 5.1.1; vivo; vivo; vivo Y51A) feiyu/5.2.14"
111.208.112.206 - - [10/Jan/2023:10:42:21 +0800] "GET /v2/users/069fd6f0-4910-4b1e-90f2-492c38cc462f HTTP/2.0" 200 419 "-" "Mozilla/5.0 (Android 5.1.1; vivo; vivo; vivo Y51A) feiyu/5.2.14"
111.208.112.206 - - [10/Jan/2023:10:42:21 +0800] "GET /v2/users/069fd6f0-4910-4b1e-90f2-492c38cc462f/createdPostsV2?guest=false&size=20&image_width=540&background_width=179 HTTP/2.0" 200 76530 "-" "Mozilla/5.0 (Android 5.1.1; vivo; vivo; vivo Y51A) feiyu/5.2.14"
111.208.112.206 - - [10/Jan/2023:10:42:21 +0800] "GET /v2/near/canvas-war/accounts/069fd6f0-4910-4b1e-90f2-492c38cc462f HTTP/2.0" 200 520 "-" "Mozilla/5.0 (Android 5.1.1; vivo; vivo; vivo Y51A) feiyu/5.2.14"
111.208.112.206 - - [10/Jan/2023:10:42:21 +0800] "GET /v2/users/069fd6f0-4910-4b1e-90f2-492c38cc462f/likedPostsV2?guest=false&size=20&image_width=540&background_width=179 HTTP/2.0" 200 45811 "-" "Mozilla/5.0 (Android 5.1.1; vivo; vivo; vivo Y51A) feiyu/5.2.14"
111.208.112.206 - - [10/Jan/2023:10:42:21 +0800] "GET /v2/users/069fd6f0-4910-4b1e-90f2-492c38cc462f/favoritedPosts?size=20&image_width=540&background_width=179 HTTP/2.0" 200 2 "-" "Mozilla/5.0 (Android 5.1.1; vivo; vivo; vivo Y51A) feiyu/5.2.14"
114.93.197.17 - - [10/Jan/2023:10:42:21 +0800] "GET /v2/posts/recommended/sticky?image_width=1080&background_width=359 HTTP/2.0" 200 3846 "-" "Mozilla/5.0 (Android 11; Xiaomi; Xiaomi; Mi9 Pro 5G) feiyu/5.2.14"
114.93.197.17 - - [10/Jan/2023:10:42:21 +0800] "GET /v2/explore/banner?scene=1 HTTP/2.0" 200 2306 "-" "Mozilla/5.0 (Android 11; Xiaomi; Xiaomi; Mi9 Pro 5G) feiyu/5.2.14"
114.93.197.17 - - [10/Jan/2023:10:42:21 +0800] "GET /v2/posts/recommended?size=20&image_width=1080&background_width=359 HTTP/2.0" 200 87930 "-" "Mozilla/5.0 (Android 11; Xiaomi; Xiaomi; Mi9 Pro 5G) feiyu/5.2.14"
114.93.197.17 - - [10/Jan/2023:10:42:21 +0800] "GET /v2/ads?scene=0 HTTP/2.0" 200 2 "-" "Mozilla/5.0 (Android 11; Xiaomi; Xiaomi; Mi9 Pro 5G) feiyu/5.2.14"
120.229.86.221 - - [10/Jan/2023:10:42:22 +0800] "GET /v2/gallery/categories/1e3bd6cc-e816-4cec-a975-7d2c39b1a292/imagesV3?page=3&size=20&width=614 HTTP/2.0" 200 9807 "-" "Mozilla/5.0 (Android 12; HUAWEI; HUAWEI; JAD-AL00) feiyu/5.2.14"
114.93.197.17 - - [10/Jan/2023:10:42:23 +0800] "GET /v2/app/randomHomeBackgroundImageV2 HTTP/2.0" 200 291 "-" "Mozilla/5.0 (Android 11; Xiaomi; Xiaomi; Mi9 Pro 5G) feiyu/5.2.14"
114.93.197.17 - - [10/Jan/2023:10:42:23 +0800] "GET /v2/campaigns/newest HTTP/2.0" 200 445 "-" "Mozilla/5.0 (Android 11; Xiaomi; Xiaomi; Mi9 Pro 5G) feiyu/5.2.14"
171.213.13.75 - - [10/Jan/2023:10:42:23 +0800] "GET /v2/campaigns/newest HTTP/2.0" 200 445 "-" "Mozilla/5.0 (Android 12; vivo; vivo; V2055A) feiyu/5.2.13"
171.213.13.75 - - [10/Jan/2023:10:42:23 +0800] "GET /v2/users/dddef800-e46a-4869-b873-2f077ea605e9/settings HTTP/2.0" 200 314 "-" "Mozilla/5.0 (Android 12; vivo; vivo; V2055A) feiyu/5.2.13"
171.213.13.75 - - [10/Jan/2023:10:42:23 +0800] "GET /v2/messages/unreadCount?timestamp=1970-01-01%2000%3A00%3A00 HTTP/2.0" 200 26 "-" "Mozilla/5.0 (Android 12; vivo; vivo; V2055A) feiyu/5.2.13"
39.75.252.87 - - [10/Jan/2023:10:42:12 +0800] "GET /v2/near/canvas-war/accounts/d90b0a83-4a38-4daa-bdee-193f9b120e11 HTTP/2.0" 200 514 "-" "Mozilla/5.0 (Android 12; HUAWEI; HUAWEI; NOH-AL00) feiyu/5.2.14"
116.142.9.80 - - [10/Jan/2023:10:42:24 +0800] "GET /v2/gallery/categories/f8a5a62e-e303-43dd-83b3-84b2d610f456/imagesV3?page=4&size=20&width=360 HTTP/2.0" 200 9497 "-" "Mozilla/5.0 (Android 10; Xiaomi; Redmi; M2006J10C) feiyu/5.2.14"
111.208.112.206 - - [10/Jan/2023:10:42:27 +0800] "GET /v2/messages/list-v2?size=20 HTTP/2.0" 200 16987 "-" "Mozilla/5.0 (Android 5.1.1; vivo; vivo; vivo Y51A) feiyu/5.2.14"
116.142.9.80 - - [10/Jan/2023:10:42:28 +0800] "GET /v2/gallery/categories/f8a5a62e-e303-43dd-83b3-84b2d610f456/imagesV3?page=5&size=20&width=360 HTTP/2.0" 200 9512 "-" "Mozilla/5.0 (Android 10; Xiaomi; Redmi; M2006J10C) feiyu/5.2.14"
116.142.9.80 - - [10/Jan/2023:10:42:29 +0800] "GET /v2/gallery/categories/f8a5a62e-e303-43dd-83b3-84b2d610f456/imagesV3?page=6&size=20&width=360 HTTP/2.0" 200 9491 "-" "Mozilla/5.0 (Android 10; Xiaomi; Redmi; M2006J10C) feiyu/5.2.14"
120.229.86.221 - - [10/Jan/2023:10:42:30 +0800] "GET /v2/gallery/categories/1e3bd6cc-e816-4cec-a975-7d2c39b1a292/imagesV3?page=4&size=20&width=614 HTTP/2.0" 200 958 "-" "Mozilla/5.0 (Android 12; HUAWEI; HUAWEI; JAD-AL00) feiyu/5.2.14"
120.229.86.221 - - [10/Jan/2023:10:42:31 +0800] "GET /v2/gallery/categories/1e3bd6cc-e816-4cec-a975-7d2c39b1a292/imagesV3?page=5&size=20&width=614 HTTP/2.0" 200 2 "-" "Mozilla/5.0 (Android 12; HUAWEI; HUAWEI; JAD-AL00) feiyu/5.2.14"
112.8.81.131 - - [10/Jan/2023:10:42:33 +0800] "GET /v2/posts/02a14bc4-02ae-408b-99c9-452b4cfa432d/likes HTTP/2.0" 200 2006 "-" "Mozilla/5.0 (Android 12; vivo; vivo; V2148A) feiyu/5.2.14"
112.8.81.131 - - [10/Jan/2023:10:42:33 +0800] "GET /v2/posts/02a14bc4-02ae-408b-99c9-452b4cfa432d/commentsV4?size=20 HTTP/2.0" 200 1300 "-" "Mozilla/5.0 (Android 12; vivo; vivo; V2148A) feiyu/5.2.14"
112.8.81.131 - - [10/Jan/2023:10:42:33 +0800] "GET /v2/posts/02a14bc4-02ae-408b-99c9-452b4cfa432d/detail?image_width=2400&background_width=2400 HTTP/2.0" 200 4311 "-" "Mozilla/5.0 (Android 12; vivo; vivo; V2148A) feiyu/5.2.14"
112.8.81.131 - - [10/Jan/2023:10:42:33 +0800] "GET /v2/posts/02a14bc4-02ae-408b-99c9-452b4cfa432d/commentsV4?timestamp=2021-04-28%2007%3A55%3A36&size=20 HTTP/2.0" 200 2 "-" "Mozilla/5.0 (Android 12; vivo; vivo; V2148A) feiyu/5.2.14"
116.142.9.80 - - [10/Jan/2023:10:42:34 +0800] "GET /v2/gallery/categories/f8a5a62e-e303-43dd-83b3-84b2d610f456/imagesV3?page=7&size=20&width=360 HTTP/2.0" 200 9558 "-" "Mozilla/5.0 (Android 10; Xiaomi; Redmi; M2006J10C) feiyu/5.2.14"
112.8.81.131 - - [10/Jan/2023:10:42:35 +0800] "GET /v2/messages/unreadCount?timestamp=2022-12-24%2001%3A02%3A01 HTTP/2.0" 200 26 "-" "Mozilla/5.0 (Android 12; vivo; vivo; V2148A) feiyu/5.2.14"
112.8.81.131 - - [10/Jan/2023:10:42:35 +0800] "GET /v2/users/c0acbf0d-86d8-4ead-9c00-d5c71363020b/settings HTTP/2.0" 200 308 "-" "Mozilla/5.0 (Android 12; vivo; vivo; V2148A) feiyu/5.2.14"
112.8.81.131 - - [10/Jan/2023:10:42:35 +0800] "GET /v2/explore/searchHint HTTP/2.0" 200 23 "-" "Mozilla/5.0 (Android 12; vivo; vivo; V2148A) feiyu/5.2.14"
112.8.81.131 - - [10/Jan/2023:10:42:35 +0800] "GET /v2/campaigns/newest HTTP/2.0" 200 443 "-" "Mozilla/5.0 (Android 12; vivo; vivo; V2148A) feiyu/5.2.14"
120.229.86.221 - - [10/Jan/2023:10:42:36 +0800] "GET /v2/gallery/images/69f82b5a-d009-48ea-a5e4-a01801592bc0?width=1228 HTTP/2.0" 200 461 "-" "Mozilla/5.0 (Android 12; HUAWEI; HUAWEI; JAD-AL00) feiyu/5.2.14"
116.142.9.80 - - [10/Jan/2023:10:42:38 +0800] "GET /v2/gallery/categories/d2a3f358-1dea-43f3-a62e-27c832e8f188/imagesV3?page=1&size=20&width=360 HTTP/2.0" 200 9473 "-" "Mozilla/5.0 (Android 10; Xiaomi; Redmi; M2006J10C) feiyu/5.2.14"
116.142.9.80 - - [10/Jan/2023:10:42:38 +0800] "GET /v2/gallery/categories/d2a3f358-1dea-43f3-a62e-27c832e8f188/imagesV3?page=2&size=20&width=360 HTTP/2.0" 200 9483 "-" "Mozilla/5.0 (Android 10; Xiaomi; Redmi; M2006J10C) feiyu/5.2.14"
116.142.9.80 - - [10/Jan/2023:10:42:39 +0800] "GET /v2/gallery/categories/1ab7a131-0b87-4435-a849-7b1aeaee0167/imagesV3?page=1&size=20&width=360 HTTP/2.0" 200 9471 "-" "Mozilla/5.0 (Android 10; Xiaomi; Redmi; M2006J10C) feiyu/5.2.14"
120.229.86.221 - - [10/Jan/2023:10:42:56 +0800] "POST /v2/app/upload HTTP/2.0" 200 351 "-" "Mozilla/5.0 (Android 12; HUAWEI; HUAWEI; JAD-AL00) feiyu/5.2.14"
59.48.62.6 - - [10/Jan/2023:10:42:56 +0800] "GET /v2/explore/searchHint HTTP/2.0" 200 23 "-" "Mozilla/5.0 (Android 12; HUAWEI; HUAWEI; JER-AN20) feiyu/5.2.14"
59.48.62.6 - - [10/Jan/2023:10:42:56 +0800] "GET /v2/campaigns/newest HTTP/2.0" 200 449 "-" "Mozilla/5.0 (Android 12; HUAWEI; HUAWEI; JER-AN20) feiyu/5.2.14"
120.229.86.221 - - [10/Jan/2023:10:42:57 +0800] "POST /v2/posts/uploadCompleteV2 HTTP/2.0" 200 1220 "-" "Mozilla/5.0 (Android 12; HUAWEI; HUAWEI; JAD-AL00) feiyu/5.2.14"
112.8.81.131 - - [10/Jan/2023:10:42:58 +0800] "GET /v2/app/upgrade?version_code=65&platform=Android HTTP/2.0" 200 4 "-" "Mozilla/5.0 (Android 12; vivo; vivo; V2148A) feiyu/5.2.14"
112.8.81.131 - - [10/Jan/2023:10:42:58 +0800] "GET /v2/lab-projects HTTP/2.0" 200 24903 "-" "Mozilla/5.0 (Android 12; vivo; vivo; V2148A) feiyu/5.2.14"
112.8.81.131 - - [10/Jan/2023:10:42:58 +0800] "GET /v2/explore/banner?scene=2 HTTP/2.0" 200 441 "-" "Mozilla/5.0 (Android 12; vivo; vivo; V2148A) feiyu/5.2.14"
112.8.81.131 - - [10/Jan/2023:10:42:58 +0800] "GET /v2/messages/unreadCount?timestamp=2022-12-24%2001%3A02%3A01 HTTP/2.0" 200 26 "-" "Mozilla/5.0 (Android 12; vivo; vivo; V2148A) feiyu/5.2.14"
112.8.81.131 - - [10/Jan/2023:10:42:58 +0800] "GET /v2/content-series/explore HTTP/2.0" 200 68460 "-" "Mozilla/5.0 (Android 12; vivo; vivo; V2148A) feiyu/5.2.14"
112.8.81.131 - - [10/Jan/2023:10:42:58 +0800] "GET /v2/explore/searchHint HTTP/2.0" 200 23 "-" "Mozilla/5.0 (Android 12; vivo; vivo; V2148A) feiyu/5.2.14"
112.8.81.131 - - [10/Jan/2023:10:42:58 +0800] "GET /v2/posts/followees-v5?type=0&size=20&image_width=2400&background_width=799 HTTP/2.0" 200 38380 "-" "Mozilla/5.0 (Android 12; vivo; vivo; V2148A) feiyu/5.2.14"
112.8.81.131 - - [10/Jan/2023:10:42:58 +0800] "GET /v2/campaigns/newest HTTP/2.0" 200 451 "-" "Mozilla/5.0 (Android 12; vivo; vivo; V2148A) feiyu/5.2.14"
112.8.81.131 - - [10/Jan/2023:10:42:58 +0800] "GET /v2/posts/followees-v5?type=0&size=20&image_width=2400&background_width=799 HTTP/2.0" 200 7935 "-" "Mozilla/5.0 (Android 12; vivo; vivo; V2148A) feiyu/5.2.14"
112.8.81.131 - - [10/Jan/2023:10:42:58 +0800] "GET /v2/explore/banner?scene=2 HTTP/2.0" 200 441 "-" "Mozilla/5.0 (Android 12; vivo; vivo; V2148A) feiyu/5.2.14"
112.8.81.131 - - [10/Jan/2023:10:42:58 +0800] "GET /v2/lab-projects HTTP/2.0" 200 24903 "-" "Mozilla/5.0 (Android 12; vivo; vivo; V2148A) feiyu/5.2.14"
112.8.81.131 - - [10/Jan/2023:10:42:58 +0800] "GET /v2/messages/unreadCount?timestamp=2022-12-24%2001%3A02%3A01 HTTP/2.0" 200 26 "-" "Mozilla/5.0 (Android 12; vivo; vivo; V2148A) feiyu/5.2.14"
112.8.81.131 - - [10/Jan/2023:10:42:58 +0800] "GET /v2/users/c0acbf0d-86d8-4ead-9c00-d5c71363020b/settings HTTP/2.0" 200 308 "-" "Mozilla/5.0 (Android 12; vivo; vivo; V2148A) feiyu/5.2.14"
112.8.81.131 - - [10/Jan/2023:10:42:58 +0800] "GET /v2/users/c0acbf0d-86d8-4ead-9c00-d5c71363020b/settings HTTP/2.0" 200 308 "-" "Mozilla/5.0 (Android 12; vivo; vivo; V2148A) feiyu/5.2.14"
112.8.81.131 - - [10/Jan/2023:10:42:58 +0800] "GET /v2/app/upgrade?version_code=65&platform=Android HTTP/2.0" 200 4 "-" "Mozilla/5.0 (Android 12; vivo; vivo; V2148A) feiyu/5.2.14"
112.8.81.131 - - [10/Jan/2023:10:42:58 +0800] "GET /v2/posts/followees-v5?type=0&size=20&image_width=1080&background_width=359 HTTP/2.0" 200 38392 "-" "Mozilla/5.0 (Android 12; vivo; vivo; V2148A) feiyu/5.2.14"
112.8.81.131 - - [10/Jan/2023:10:42:58 +0800] "GET /v2/explore/searchHint HTTP/2.0" 200 23 "-" "Mozilla/5.0 (Android 12; vivo; vivo; V2148A) feiyu/5.2.14"
112.8.81.131 - - [10/Jan/2023:10:42:58 +0800] "GET /v2/content-series/explore HTTP/2.0" 200 68460 "-" "Mozilla/5.0 (Android 12; vivo; vivo; V2148A) feiyu/5.2.14"
112.8.81.131 - - [10/Jan/2023:10:42:58 +0800] "GET /v2/posts/followees-v5?type=0&size=20&image_width=1080&background_width=359 HTTP/2.0" 200 38392 "-" "Mozilla/5.0 (Android 12; vivo; vivo; V2148A) feiyu/5.2.14"
112.8.81.131 - - [10/Jan/2023:10:42:58 +0800] "GET /v2/campaigns/newest HTTP/2.0" 200 451 "-" "Mozilla/5.0 (Android 12; vivo; vivo; V2148A) feiyu/5.2.14"
112.238.4.52 - - [10/Jan/2023:10:43:03 +0800] "GET /v2/messages/unreadCount?timestamp=1970-01-01%2000%3A00%3A01 HTTP/2.0" 200 26 "-" "Mozilla/5.0 (iOS 15.4; Apple; Apple; iPhone13,2) feiyu/5.2.14"
114.93.197.17 - - [10/Jan/2023:10:43:03 +0800] "GET /v2/gallery/randomImagesV2?size=50&width=540&content=%E5%BF%AB%E7%9C%8B%EF%BC%8C%E7%BE%8E%E7%8B%97%E5%87%BA%E6%9D%A5%E4%B8%8A%E7%8F%AD%E4%BA%86%E3%80%82%E4%BB%96%E4%BB%8A%E5%A4%A9%E7%9A%84%E7%8B%97%E7%B2%AE%E5%8F%88%E6%9C%89%E7%9D%80%E8%90%BD%E4%BA%86%E3%80%82 HTTP/2.0" 200 23872 "-" "Mozilla/5.0 (Android 11; Xiaomi; Xiaomi; Mi9 Pro 5G) feiyu/5.2.14"
114.93.197.17 - - [10/Jan/2023:10:43:04 +0800] "GET /v2/messages/unreadCount?timestamp=2022-10-13%2022%3A53%3A31 HTTP/2.0" 200 26 "-" "Mozilla/5.0 (Android 11; Xiaomi; Xiaomi; Mi9 Pro 5G) feiyu/5.2.14"
114.93.197.17 - - [10/Jan/2023:10:43:04 +0800] "GET /v2/users/2d59073b-8ef3-4488-8fb9-1ce1dcf24189/settings HTTP/2.0" 200 314 "-" "Mozilla/5.0 (Android 11; Xiaomi; Xiaomi; Mi9 Pro 5G) feiyu/5.2.14"
114.93.197.17 - - [10/Jan/2023:10:43:04 +0800] "GET /v2/explore/searchHint HTTP/2.0" 200 23 "-" "Mozilla/5.0 (Android 11; Xiaomi; Xiaomi; Mi9 Pro 5G) feiyu/5.2.14"
114.93.197.17 - - [10/Jan/2023:10:43:04 +0800] "GET /v2/campaigns/newest HTTP/2.0" 200 443 "-" "Mozilla/5.0 (Android 11; Xiaomi; Xiaomi; Mi9 Pro 5G) feiyu/5.2.14"
114.93.197.17 - - [10/Jan/2023:10:43:05 +0800] "GET /v2/gallery/randomImagesV2?size=50&width=540&category_safe_id=d1569b14-497d-474c-8c41-732c10584cb4&content=%E5%BF%AB%E7%9C%8B%EF%BC%8C%E7%BE%8E%E7%8B%97%E5%87%BA%E6%9D%A5%E4%B8%8A%E7%8F%AD%E4%BA%86%E3%80%82%E4%BB%96%E4%BB%8A%E5%A4%A9%E7%9A%84%E7%8B%97%E7%B2%AE%E5%8F%88%E6%9C%89%E7%9D%80%E8%90%BD%E4%BA%86%E3%80%82 HTTP/2.0" 200 23151 "-" "Mozilla/5.0 (Android 11; Xiaomi; Xiaomi; Mi9 Pro 5G) feiyu/5.2.14"
111.41.165.197 - - [10/Jan/2023:10:43:06 +0800] "GET /v2/explore/searchHint HTTP/2.0" 200 23 "-" "Mozilla/5.0 (Android 10; HUAWEI; HUAWEI; JNY-AL10) feiyu/5.2.14"
111.41.165.197 - - [10/Jan/2023:10:43:06 +0800] "GET /v2/campaigns/newest HTTP/2.0" 200 445 "-" "Mozilla/5.0 (Android 10; HUAWEI; HUAWEI; JNY-AL10) feiyu/5.2.14"
111.41.165.197 - - [10/Jan/2023:10:43:10 +0800] "GET /v2/campaigns/newest HTTP/2.0" 200 443 "-" "Mozilla/5.0 (Android 10; HUAWEI; HUAWEI; JNY-AL10) feiyu/5.2.14"
111.41.165.197 - - [10/Jan/2023:10:43:10 +0800] "GET /v2/explore/searchHint HTTP/2.0" 200 23 "-" "Mozilla/5.0 (Android 10; HUAWEI; HUAWEI; JNY-AL10) feiyu/5.2.14"
111.41.165.197 - - [10/Jan/2023:10:43:12 +0800] "POST /v2/users/oauth HTTP/2.0" 200 945 "-" "Mozilla/5.0 (Android 10; HUAWEI; HUAWEI; JNY-AL10) feiyu/5.2.14"
111.41.165.197 - - [10/Jan/2023:10:43:12 +0800] "GET /v2/users/e5b0297b-996b-41e8-b662-b78ec94c98c1/settings HTTP/2.0" 200 313 "-" "Mozilla/5.0 (Android 10; HUAWEI; HUAWEI; JNY-AL10) feiyu/5.2.14"
111.41.165.197 - - [10/Jan/2023:10:43:12 +0800] "GET /v2/users/e5b0297b-996b-41e8-b662-b78ec94c98c1/createdPostsV2?guest=false&size=20&image_width=1080&background_width=359 HTTP/2.0" 200 2 "-" "Mozilla/5.0 (Android 10; HUAWEI; HUAWEI; JNY-AL10) feiyu/5.2.14"
111.41.165.197 - - [10/Jan/2023:10:43:12 +0800] "GET /v2/users/e5b0297b-996b-41e8-b662-b78ec94c98c1 HTTP/2.0" 200 428 "-" "Mozilla/5.0 (Android 10; HUAWEI; HUAWEI; JNY-AL10) feiyu/5.2.14"
111.41.165.197 - - [10/Jan/2023:10:43:12 +0800] "GET /v2/users/e5b0297b-996b-41e8-b662-b78ec94c98c1 HTTP/2.0" 200 428 "-" "Mozilla/5.0 (Android 10; HUAWEI; HUAWEI; JNY-AL10) feiyu/5.2.14"
111.41.165.197 - - [10/Jan/2023:10:43:12 +0800] "GET /v2/users/e5b0297b-996b-41e8-b662-b78ec94c98c1/likedPostsV2?guest=false&size=20&image_width=1080&background_width=359 HTTP/2.0" 200 2 "-" "Mozilla/5.0 (Android 10; HUAWEI; HUAWEI; JNY-AL10) feiyu/5.2.14"
111.41.165.197 - - [10/Jan/2023:10:43:12 +0800] "GET /v2/users/e5b0297b-996b-41e8-b662-b78ec94c98c1/createdPostsV2?guest=false&size=20&image_width=1080&background_width=359 HTTP/2.0" 200 2 "-" "Mozilla/5.0 (Android 10; HUAWEI; HUAWEI; JNY-AL10) feiyu/5.2.14"
111.41.165.197 - - [10/Jan/2023:10:43:12 +0800] "GET /v2/messages/unreadCount?timestamp=1970-01-01%2000%3A00%3A00 HTTP/2.0" 200 26 "-" "Mozilla/5.0 (Android 10; HUAWEI; HUAWEI; JNY-AL10) feiyu/5.2.14"
111.41.165.197 - - [10/Jan/2023:10:43:12 +0800] "GET /v2/users/e5b0297b-996b-41e8-b662-b78ec94c98c1/likedPostsV2?guest=false&size=20&image_width=1080&background_width=359 HTTP/2.0" 200 2 "-" "Mozilla/5.0 (Android 10; HUAWEI; HUAWEI; JNY-AL10) feiyu/5.2.14"
111.41.165.197 - - [10/Jan/2023:10:43:12 +0800] "GET /v2/users/e5b0297b-996b-41e8-b662-b78ec94c98c1/favoritedPosts?size=20&image_width=1080&background_width=359 HTTP/2.0" 200 2 "-" "Mozilla/5.0 (Android 10; HUAWEI; HUAWEI; JNY-AL10) feiyu/5.2.14"
111.41.165.197 - - [10/Jan/2023:10:43:12 +0800] "GET /v2/messages/unreadCount?timestamp=1970-01-01%2000%3A00%3A00 HTTP/2.0" 200 26 "-" "Mozilla/5.0 (Android 10; HUAWEI; HUAWEI; JNY-AL10) feiyu/5.2.14"
111.41.165.197 - - [10/Jan/2023:10:43:12 +0800] "GET /v2/users/e5b0297b-996b-41e8-b662-b78ec94c98c1/favoritedPosts?size=20&image_width=1080&background_width=359 HTTP/2.0" 200 2 "-" "Mozilla/5.0 (Android 10; HUAWEI; HUAWEI; JNY-AL10) feiyu/5.2.14"
111.41.165.197 - - [10/Jan/2023:10:43:12 +0800] "GET /v2/posts/followees-v5?type=0&size=20&image_width=1080&background_width=359 HTTP/2.0" 200 88315 "-" "Mozilla/5.0 (Android 10; HUAWEI; HUAWEI; JNY-AL10) feiyu/5.2.14"
111.41.165.197 - - [10/Jan/2023:10:43:13 +0800] "GET /v2/users/e5b0297b-996b-41e8-b662-b78ec94c98c1/createdPostsV2?guest=false&size=20&image_width=1080&background_width=359 HTTP/2.0" 200 2 "-" "Mozilla/5.0 (Android 10; HUAWEI; HUAWEI; JNY-AL10) feiyu/5.2.14"
111.41.165.197 - - [10/Jan/2023:10:43:13 +0800] "GET /v2/messages/unreadCount?timestamp=1970-01-01%2000%3A00%3A00 HTTP/2.0" 200 26 "-" "Mozilla/5.0 (Android 10; HUAWEI; HUAWEI; JNY-AL10) feiyu/5.2.14"
111.41.165.197 - - [10/Jan/2023:10:43:13 +0800] "GET /v2/users/e5b0297b-996b-41e8-b662-b78ec94c98c1 HTTP/2.0" 200 428 "-" "Mozilla/5.0 (Android 10; HUAWEI; HUAWEI; JNY-AL10) feiyu/5.2.14"
111.41.165.197 - - [10/Jan/2023:10:43:13 +0800] "GET /v2/users/e5b0297b-996b-41e8-b662-b78ec94c98c1/likedPostsV2?guest=false&size=20&image_width=1080&background_width=359 HTTP/2.0" 200 2 "-" "Mozilla/5.0 (Android 10; HUAWEI; HUAWEI; JNY-AL10) feiyu/5.2.14"
111.41.165.197 - - [10/Jan/2023:10:43:13 +0800] "GET /v2/gallery/categoriesV4 HTTP/2.0" 200 13186 "-" "Mozilla/5.0 (Android 10; HUAWEI; HUAWEI; JNY-AL10) feiyu/5.2.14"
111.41.165.197 - - [10/Jan/2023:10:43:13 +0800] "GET /v2/campaigns/newest HTTP/2.0" 200 445 "-" "Mozilla/5.0 (Android 10; HUAWEI; HUAWEI; JNY-AL10) feiyu/5.2.14"
111.41.165.197 - - [10/Jan/2023:10:43:13 +0800] "GET /v2/users/e5b0297b-996b-41e8-b662-b78ec94c98c1/settings HTTP/2.0" 200 313 "-" "Mozilla/5.0 (Android 10; HUAWEI; HUAWEI; JNY-AL10) feiyu/5.2.14"
111.41.165.197 - - [10/Jan/2023:10:43:13 +0800] "GET /v2/users/e5b0297b-996b-41e8-b662-b78ec94c98c1/favoritedPosts?size=20&image_width=1080&background_width=359 HTTP/2.0" 200 2 "-" "Mozilla/5.0 (Android 10; HUAWEI; HUAWEI; JNY-AL10) feiyu/5.2.14"
111.41.165.197 - - [10/Jan/2023:10:43:13 +0800] "GET /v2/explore/searchHint HTTP/2.0" 200 23 "-" "Mozilla/5.0 (Android 10; HUAWEI; HUAWEI; JNY-AL10) feiyu/5.2.14"
111.41.165.197 - - [10/Jan/2023:10:43:13 +0800] "GET /v2/users/e5b0297b-996b-41e8-b662-b78ec94c98c1 HTTP/2.0" 200 428 "-" "Mozilla/5.0 (Android 10; HUAWEI; HUAWEI; JNY-AL10) feiyu/5.2.14"
111.41.165.197 - - [10/Jan/2023:10:43:13 +0800] "GET /v2/clock-ins/stats HTTP/2.0" 200 383 "-" "Mozilla/5.0 (Android 10; HUAWEI; HUAWEI; JNY-AL10) feiyu/5.2.14"
111.41.165.197 - - [10/Jan/2023:10:43:13 +0800] "GET /v2/near/canvas-war/accounts/e5b0297b-996b-41e8-b662-b78ec94c98c1 HTTP/2.0" 200 532 "-" "Mozilla/5.0 (Android 10; HUAWEI; HUAWEI; JNY-AL10) feiyu/5.2.14"
111.41.165.197 - - [10/Jan/2023:10:43:18 +0800] "GET /v2/lab-projects HTTP/2.0" 200 24895 "-" "Mozilla/5.0 (Android 10; HUAWEI; HUAWEI; JNY-AL10) feiyu/5.2.14"
111.41.165.197 - - [10/Jan/2023:10:43:18 +0800] "GET /v2/lab-projects/active-users-count HTTP/2.0" 200 14 "-" "Mozilla/5.0 (Android 10; HUAWEI; HUAWEI; JNY-AL10) feiyu/5.2.14"
111.41.165.197 - - [10/Jan/2023:10:43:20 +0800] "GET /v2/near/canvas-war/comments HTTP/2.0" 200 593 "-" "Mozilla/5.0 (Android 10; HUAWEI; HUAWEI; JNY-AL10) feiyu/5.2.14"
111.41.165.197 - - [10/Jan/2023:10:43:20 +0800] "GET /v2/near/canvas-war/comments HTTP/2.0" 200 593 "-" "Mozilla/5.0 (Android 10; HUAWEI; HUAWEI; JNY-AL10) feiyu/5.2.14"
111.41.165.197 - - [10/Jan/2023:10:43:20 +0800] "GET /v2/near/canvas-war/accounts/e5b0297b-996b-41e8-b662-b78ec94c98c1 HTTP/2.0" 200 532 "-" "Mozilla/5.0 (Android 10; HUAWEI; HUAWEI; JNY-AL10) feiyu/5.2.14"
111.41.165.197 - - [10/Jan/2023:10:43:20 +0800] "GET /v2/near/canvas-war/canvas HTTP/2.0" 200 18045 "-" "Mozilla/5.0 (Android 10; HUAWEI; HUAWEI; JNY-AL10) feiyu/5.2.14"
111.41.165.197 - - [10/Jan/2023:10:43:20 +0800] "GET /v2/near/canvas-war/canvas/leaderboard HTTP/2.0" 200 8540 "-" "Mozilla/5.0 (Android 10; HUAWEI; HUAWEI; JNY-AL10) feiyu/5.2.14"
114.93.197.17 - - [10/Jan/2023:10:43:20 +0800] "GET /v2/gallery/images/11e62f69-0e33-4e4c-a5f1-90756aa9c6c2?width=1080 HTTP/2.0" 200 471 "-" "Mozilla/5.0 (Android 11; Xiaomi; Xiaomi; Mi9 Pro 5G) feiyu/5.2.14"
111.41.165.197 - - [10/Jan/2023:10:43:23 +0800] "GET /v2/near/canvas-war/accounts/e5b0297b-996b-41e8-b662-b78ec94c98c1 HTTP/2.0" 200 532 "-" "Mozilla/5.0 (Android 10; HUAWEI; HUAWEI; JNY-AL10) feiyu/5.2.14"
114.93.197.17 - - [10/Jan/2023:10:43:25 +0800] "POST /v2/app/upload HTTP/2.0" 200 349 "-" "Mozilla/5.0 (Android 11; Xiaomi; Xiaomi; Mi9 Pro 5G) feiyu/5.2.14"
114.93.197.17 - - [10/Jan/2023:10:43:25 +0800] "POST /v2/posts/uploadCompleteV2 HTTP/2.0" 200 1276 "-" "Mozilla/5.0 (Android 11; Xiaomi; Xiaomi; Mi9 Pro 5G) feiyu/5.2.14"
111.41.165.197 - - [10/Jan/2023:10:43:25 +0800] "GET /v2/near/canvas-war/comments HTTP/2.0" 200 593 "-" "Mozilla/5.0 (Android 10; HUAWEI; HUAWEI; JNY-AL10) feiyu/5.2.14"
111.41.165.197 - - [10/Jan/2023:10:43:25 +0800] "GET /v2/near/canvas-war/accounts/e5b0297b-996b-41e8-b662-b78ec94c98c1 HTTP/2.0" 200 532 "-" "Mozilla/5.0 (Android 10; HUAWEI; HUAWEI; JNY-AL10) feiyu/5.2.14"
