106.6.172.216 - - [10/Jan/2023:11:00:20 +0800] "GET /v2/ads?scene=0 HTTP/2.0" 200 2 "-" "Mozilla/5.0 (iOS 16.2; Apple; Apple; iPhone14,2) feiyu/5.2.14"
106.6.172.216 - - [10/Jan/2023:11:00:20 +0800] "GET /v2/explore/banner?scene=2 HTTP/2.0" 200 439 "-" "Mozilla/5.0 (iOS 16.2; Apple; Apple; iPhone14,2) feiyu/5.2.14"
106.6.172.216 - - [10/Jan/2023:11:00:20 +0800] "GET /v2/posts/recommended/sticky?background_width=1170&image_width=1170 HTTP/2.0" 200 3846 "-" "Mozilla/5.0 (iOS 16.2; Apple; Apple; iPhone14,2) feiyu/5.2.14"
106.6.172.216 - - [10/Jan/2023:11:00:20 +0800] "GET /v2/content-series/explore HTTP/2.0" 200 68542 "-" "Mozilla/5.0 (iOS 16.2; Apple; Apple; iPhone14,2) feiyu/5.2.14"
106.6.172.216 - - [10/Jan/2023:11:00:20 +0800] "GET /v2/posts/recommended?background_width=1170&image_width=1170&size=20 HTTP/2.0" 200 94294 "-" "Mozilla/5.0 (iOS 16.2; Apple; Apple; iPhone14,2) feiyu/5.2.14"
106.6.172.216 - - [10/Jan/2023:11:00:21 +0800] "GET /v2/app/upgrade?platform=iOS&version_code=98 HTTP/2.0" 200 4 "-" "Mozilla/5.0 (iOS 16.2; Apple; Apple; iPhone14,2) feiyu/5.2.14"
106.6.172.216 - - [10/Jan/2023:11:00:21 +0800] "GET /v2/campaigns/newest HTTP/2.0" 200 445 "-" "Mozilla/5.0 (iOS 16.2; Apple; Apple; iPhone14,2) feiyu/5.2.14"
106.6.172.216 - - [10/Jan/2023:11:00:21 +0800] "GET /v2/messages/unreadCount?timestamp=1970-01-01%2000%3A00%3A01 HTTP/2.0" 200 26 "-" "Mozilla/5.0 (iOS 16.2; Apple; Apple; iPhone14,2) feiyu/5.2.14"
106.6.172.216 - - [10/Jan/2023:11:00:21 +0800] "GET /v2/app/randomHomeBackgroundImageV2 HTTP/2.0" 200 287 "-" "Mozilla/5.0 (iOS 16.2; Apple; Apple; iPhone14,2) feiyu/5.2.14"
117.36.147.102 - - [10/Jan/2023:11:00:22 +0800] "POST /v2/near/canvas-war/canvas/draw HTTP/2.0" 200 - "-" "Mozilla/5.0 (Android 8.1.0; HUAWEI; HUAWEI; DUB-AL00) feiyu/5.2.14"
221.206.141.116 - - [10/Jan/2023:11:00:35 +0800] "GET /v2/explore/tags/9701e599-e67b-4319-861f-028ace56f509/trending-v2?page=1&size=20&image_width=720&background_width=239 HTTP/2.0" 200 88959 "-" "Mozilla/5.0 (Android 10; HUAWEI; HUAWEI; ART-AL00x) feiyu/5.2.14"
106.40.21.235 - - [10/Jan/2023:11:00:36 +0800] "GET /v2/gallery/categoriesV4 HTTP/2.0" 200 12618 "-" "Mozilla/5.0 (Android 11; HUAWEI; HUAWEI; JAD-AL00) feiyu/5.2.14"
106.40.21.235 - - [10/Jan/2023:11:00:36 +0800] "GET /v2/gallery/categories/1ab7a131-0b87-4435-a849-7b1aeaee0167/imagesV3?page=1&size=20&width=409 HTTP/2.0" 200 9467 "-" "Mozilla/5.0 (Android 11; HUAWEI; HUAWEI; JAD-AL00) feiyu/5.2.14"
106.40.21.235 - - [10/Jan/2023:11:00:37 +0800] "GET /v2/gallery/categories/1ab7a131-0b87-4435-a849-7b1aeaee0167/imagesV3?page=2&size=20&width=409 HTTP/2.0" 200 9486 "-" "Mozilla/5.0 (Android 11; HUAWEI; HUAWEI; JAD-AL00) feiyu/5.2.14"
221.206.141.116 - - [10/Jan/2023:11:00:38 +0800] "GET /v2/messages/unreadCount?timestamp=1970-01-01%2000%3A00%3A00 HTTP/2.0" 200 26 "-" "Mozilla/5.0 (Android 10; HUAWEI; HUAWEI; ART-AL00x) feiyu/5.2.14"
221.206.141.116 - - [10/Jan/2023:11:00:38 +0800] "GET /v2/users/0be030f2-1e5c-42e9-8d1c-ab06ecab875b/settings HTTP/2.0" 200 313 "-" "Mozilla/5.0 (Android 10; HUAWEI; HUAWEI; ART-AL00x) feiyu/5.2.14"
221.206.141.116 - - [10/Jan/2023:11:00:38 +0800] "GET /v2/explore/searchHint HTTP/2.0" 200 23 "-" "Mozilla/5.0 (Android 10; HUAWEI; HUAWEI; ART-AL00x) feiyu/5.2.14"
221.206.141.116 - - [10/Jan/2023:11:00:38 +0800] "GET /v2/clock-ins/stats HTTP/2.0" 200 385 "-" "Mozilla/5.0 (Android 10; HUAWEI; HUAWEI; ART-AL00x) feiyu/5.2.14"
221.206.141.116 - - [10/Jan/2023:11:00:38 +0800] "GET /v2/campaigns/newest HTTP/2.0" 200 447 "-" "Mozilla/5.0 (Android 10; HUAWEI; HUAWEI; ART-AL00x) feiyu/5.2.14"
221.206.141.116 - - [10/Jan/2023:11:00:38 +0800] "GET /v2/users/0be030f2-1e5c-42e9-8d1c-ab06ecab875b HTTP/2.0" 200 420 "-" "Mozilla/5.0 (Android 10; HUAWEI; HUAWEI; ART-AL00x) feiyu/5.2.14"
106.40.21.235 - - [10/Jan/2023:11:00:39 +0800] "GET /v2/lab-projects HTTP/2.0" 200 24897 "-" "Mozilla/5.0 (Android 11; HUAWEI; HUAWEI; JAD-AL00) feiyu/5.2.14"
221.206.141.116 - - [10/Jan/2023:11:00:38 +0800] "GET /v2/near/canvas-war/accounts/0be030f2-1e5c-42e9-8d1c-ab06ecab875b HTTP/2.0" 200 524 "-" "Mozilla/5.0 (Android 10; HUAWEI; HUAWEI; ART-AL00x) feiyu/5.2.14"
106.40.21.235 - - [10/Jan/2023:11:00:39 +0800] "GET /v2/lab-projects/active-users-count HTTP/2.0" 200 14 "-" "Mozilla/5.0 (Android 11; HUAWEI; HUAWEI; JAD-AL00) feiyu/5.2.14"
117.36.147.102 - - [10/Jan/2023:11:00:29 +0800] "POST /v2/near/canvas-war/canvas/draw HTTP/2.0" 200 - "-" "Mozilla/5.0 (Android 8.1.0; HUAWEI; HUAWEI; DUB-AL00) feiyu/5.2.14"
106.40.21.235 - - [10/Jan/2023:11:00:42 +0800] "GET /v2/gallery/categories/1ab7a131-0b87-4435-a849-7b1aeaee0167/imagesV3?page=1&size=20&width=409 HTTP/2.0" 200 9485 "-" "Mozilla/5.0 (Android 11; HUAWEI; HUAWEI; JAD-AL00) feiyu/5.2.14"
106.40.21.235 - - [10/Jan/2023:11:00:44 +0800] "GET /v2/gallery/categories/1ab7a131-0b87-4435-a849-7b1aeaee0167/imagesV3?page=2&size=20&width=409 HTTP/2.0" 200 9484 "-" "Mozilla/5.0 (Android 11; HUAWEI; HUAWEI; JAD-AL00) feiyu/5.2.14"
106.40.21.235 - - [10/Jan/2023:11:00:44 +0800] "GET /v2/gallery/categories/1ab7a131-0b87-4435-a849-7b1aeaee0167/imagesV3?page=3&size=20&width=409 HTTP/2.0" 200 9493 "-" "Mozilla/5.0 (Android 11; HUAWEI; HUAWEI; JAD-AL00) feiyu/5.2.14"
221.206.141.116 - - [10/Jan/2023:11:00:54 +0800] "GET /v2/messages/unreadCount?timestamp=1970-01-01%2000%3A00%3A00 HTTP/2.0" 200 26 "-" "Mozilla/5.0 (Android 10; HUAWEI; HUAWEI; ART-AL00x) feiyu/5.2.14"
221.206.141.116 - - [10/Jan/2023:11:00:54 +0800] "GET /v2/explore/searchHint HTTP/2.0" 200 23 "-" "Mozilla/5.0 (Android 10; HUAWEI; HUAWEI; ART-AL00x) feiyu/5.2.14"
221.206.141.116 - - [10/Jan/2023:11:00:54 +0800] "GET /v2/clock-ins/stats HTTP/2.0" 200 385 "-" "Mozilla/5.0 (Android 10; HUAWEI; HUAWEI; ART-AL00x) feiyu/5.2.14"
221.206.141.116 - - [10/Jan/2023:11:00:54 +0800] "GET /v2/users/0be030f2-1e5c-42e9-8d1c-ab06ecab875b/settings HTTP/2.0" 200 313 "-" "Mozilla/5.0 (Android 10; HUAWEI; HUAWEI; ART-AL00x) feiyu/5.2.14"
221.206.141.116 - - [10/Jan/2023:11:00:54 +0800] "GET /v2/campaigns/newest HTTP/2.0" 200 443 "-" "Mozilla/5.0 (Android 10; HUAWEI; HUAWEI; ART-AL00x) feiyu/5.2.14"
221.206.141.116 - - [10/Jan/2023:11:00:54 +0800] "GET /v2/users/0be030f2-1e5c-42e9-8d1c-ab06ecab875b HTTP/2.0" 200 420 "-" "Mozilla/5.0 (Android 10; HUAWEI; HUAWEI; ART-AL00x) feiyu/5.2.14"
221.206.141.116 - - [10/Jan/2023:11:00:54 +0800] "GET /v2/near/canvas-war/accounts/0be030f2-1e5c-42e9-8d1c-ab06ecab875b HTTP/2.0" 200 524 "-" "Mozilla/5.0 (Android 10; HUAWEI; HUAWEI; ART-AL00x) feiyu/5.2.14"
221.206.141.116 - - [10/Jan/2023:11:00:55 +0800] "GET /v2/messages/unreadCount?timestamp=1970-01-01%2000%3A00%3A00 HTTP/2.0" 200 26 "-" "Mozilla/5.0 (Android 10; HUAWEI; HUAWEI; ART-AL00x) feiyu/5.2.14"
221.206.141.116 - - [10/Jan/2023:11:00:55 +0800] "GET /v2/users/0be030f2-1e5c-42e9-8d1c-ab06ecab875b HTTP/2.0" 200 420 "-" "Mozilla/5.0 (Android 10; HUAWEI; HUAWEI; ART-AL00x) feiyu/5.2.14"
221.206.141.116 - - [10/Jan/2023:11:00:57 +0800] "GET /v2/app/randomHomeBackgroundImageV2 HTTP/2.0" 200 287 "-" "Mozilla/5.0 (Android 10; HUAWEI; HUAWEI; ART-AL00x) feiyu/5.2.14"
221.206.141.116 - - [10/Jan/2023:11:00:57 +0800] "GET /v2/messages/unreadCount?timestamp=1970-01-01%2000%3A00%3A00 HTTP/2.0" 200 26 "-" "Mozilla/5.0 (Android 10; HUAWEI; HUAWEI; ART-AL00x) feiyu/5.2.14"
221.206.141.116 - - [10/Jan/2023:11:00:57 +0800] "GET /v2/campaigns/newest HTTP/2.0" 200 445 "-" "Mozilla/5.0 (Android 10; HUAWEI; HUAWEI; ART-AL00x) feiyu/5.2.14"
221.206.141.116 - - [10/Jan/2023:11:00:57 +0800] "GET /v2/users/0be030f2-1e5c-42e9-8d1c-ab06ecab875b/settings HTTP/2.0" 200 313 "-" "Mozilla/5.0 (Android 10; HUAWEI; HUAWEI; ART-AL00x) feiyu/5.2.14"
221.206.141.116 - - [10/Jan/2023:11:00:57 +0800] "GET /v2/explore/searchHint HTTP/2.0" 200 23 "-" "Mozilla/5.0 (Android 10; HUAWEI; HUAWEI; ART-AL00x) feiyu/5.2.14"
221.206.141.116 - - [10/Jan/2023:11:00:57 +0800] "GET /v2/campaigns/newest HTTP/2.0" 200 445 "-" "Mozilla/5.0 (Android 10; HUAWEI; HUAWEI; ART-AL00x) feiyu/5.2.14"
221.206.141.116 - - [10/Jan/2023:11:00:57 +0800] "GET /v2/users/0be030f2-1e5c-42e9-8d1c-ab06ecab875b HTTP/2.0" 200 420 "-" "Mozilla/5.0 (Android 10; HUAWEI; HUAWEI; ART-AL00x) feiyu/5.2.14"
221.206.141.116 - - [10/Jan/2023:11:00:57 +0800] "GET /v2/clock-ins/stats HTTP/2.0" 200 385 "-" "Mozilla/5.0 (Android 10; HUAWEI; HUAWEI; ART-AL00x) feiyu/5.2.14"
221.206.141.116 - - [10/Jan/2023:11:00:57 +0800] "GET /v2/near/canvas-war/accounts/0be030f2-1e5c-42e9-8d1c-ab06ecab875b HTTP/2.0" 200 524 "-" "Mozilla/5.0 (Android 10; HUAWEI; HUAWEI; ART-AL00x) feiyu/5.2.14"
106.6.172.216 - - [10/Jan/2023:11:00:58 +0800] "GET /v2/gallery/randomImagesV2?content=%E6%B5%B7%E4%B8%8A%E6%B1%87X161%E6%96%B0%E7%BB%8F%E6%B5%8E%E4%BA%A7%E4%B8%9A%E5%9B%AD%E6%8B%9B%E5%95%86%E4%B8%AD%0A%E8%AF%9A%E6%8B%9B%EF%BC%9A%E5%88%9B%E6%84%8F%E5%B7%A5%E4%BD%9C%E5%AE%A4%E5%8A%9E%E5%85%AC%E3%80%81%E8%89%BA%E6%9C%AF%E5%9F%B9%E8%AE%AD%E3%80%81%E7%BE%8E%E5%AE%B9%E7%BE%8E%E4%BD%93%E3%80%81%E5%A9%9A%E7%BA%B1%E6%91%84%E5%BD%B1%E3%80%81%E8%B6%B3%E6%B5%B4%E6%8C%89%E6%91%A9%E3%80%81%E4%BC%9A%E6%89%80%E5%A8%B1%E4%B9%90%E7%B1%BB%E3%80%81%E4%BD%93%E9%AA%8C%E7%B1%BB%E3%80%81%E8%8C%B6%E8%89%BA%E9%A6%86%E3%80%81%E5%B0%8F%E9%85%92%E9%A6%86%E3%80%81%E5%BF%AB%E9%A4%90%E3%80%81%E7%B2%89%E9%9D%A2%E3%80%81%E9%A5%BA%E5%AD%90%E9%BA%BB%E8%BE%A3%E7%83%AB%E7%AD%89%E5%86%99%E5%AD%97%E6%A5%BC%E9%85%8D%E5%A5%97%E7%89%B9%E8%89%B2%E5%B0%8F%E5%90%83%E9%A4%90%E9%A5%AE%EF%BC%8C%E6%8B%9B%E5%95%86%E7%83%AD%E7%BA%BF%EF%BC%9A13970014672%E5%BE%90&size=50&width=390 HTTP/2.0" 200 23511 "-" "Mozilla/5.0 (iOS 16.2; Apple; Apple; iPhone14,2) feiyu/5.2.14"
117.36.147.102 - - [10/Jan/2023:11:00:48 +0800] "POST /v2/near/canvas-war/canvas/draw HTTP/2.0" 200 - "-" "Mozilla/5.0 (Android 8.1.0; HUAWEI; HUAWEI; DUB-AL00) feiyu/5.2.14"
121.25.239.149 - - [10/Jan/2023:11:01:02 +0800] "GET /v2/app/ab-test-status HTTP/2.0" 200 16 "-" "Mozilla/5.0 (Android 12; OPPO; OPPO; PEQM00) feiyu/5.2.14"
121.25.239.149 - - [10/Jan/2023:11:01:02 +0800] "GET /v2/app/tiamat-info HTTP/2.0" 200 16 "-" "Mozilla/5.0 (Android 12; OPPO; OPPO; PEQM00) feiyu/5.2.14"
121.25.239.149 - - [10/Jan/2023:11:01:02 +0800] "GET /v2/app/upgrade?version_code=65&platform=Android HTTP/2.0" 200 4 "-" "Mozilla/5.0 (Android 12; OPPO; OPPO; PEQM00) feiyu/5.2.14"
121.25.239.149 - - [10/Jan/2023:11:01:03 +0800] "GET /v2/lab-projects HTTP/2.0" 200 24885 "-" "Mozilla/5.0 (Android 12; OPPO; OPPO; PEQM00) feiyu/5.2.14"
121.25.239.149 - - [10/Jan/2023:11:01:03 +0800] "GET /v2/app/upgrade?version_code=65&platform=Android HTTP/2.0" 200 4 "-" "Mozilla/5.0 (Android 12; OPPO; OPPO; PEQM00) feiyu/5.2.14"
121.25.239.149 - - [10/Jan/2023:11:01:04 +0800] "GET /v2/app/randomHomeBackgroundImageV2 HTTP/2.0" 200 287 "-" "Mozilla/5.0 (Android 12; OPPO; OPPO; PEQM00) feiyu/5.2.14"
121.25.239.149 - - [10/Jan/2023:11:01:04 +0800] "GET /v2/campaigns/newest HTTP/2.0" 200 447 "-" "Mozilla/5.0 (Android 12; OPPO; OPPO; PEQM00) feiyu/5.2.14"
121.25.239.149 - - [10/Jan/2023:11:01:04 +0800] "GET /v2/messages/unreadCount?timestamp=2023-01-10%2000%3A17%3A38 HTTP/2.0" 200 26 "-" "Mozilla/5.0 (Android 12; OPPO; OPPO; PEQM00) feiyu/5.2.14"
121.25.239.149 - - [10/Jan/2023:11:01:04 +0800] "GET /v2/users/7dbe26df-3dcf-416a-a535-f59d2b0a8782/settings HTTP/2.0" 200 311 "-" "Mozilla/5.0 (Android 12; OPPO; OPPO; PEQM00) feiyu/5.2.14"
121.25.239.149 - - [10/Jan/2023:11:01:04 +0800] "GET /v2/campaigns/newest HTTP/2.0" 200 447 "-" "Mozilla/5.0 (Android 12; OPPO; OPPO; PEQM00) feiyu/5.2.14"
121.25.239.149 - - [10/Jan/2023:11:01:05 +0800] "GET /v2/explore/searchHint HTTP/2.0" 200 23 "-" "Mozilla/5.0 (Android 12; OPPO; OPPO; PEQM00) feiyu/5.2.14"
121.25.239.149 - - [10/Jan/2023:11:01:05 +0800] "GET /v2/posts/followees-v5?type=0&size=20&image_width=1080&background_width=1080 HTTP/2.0" 200 62237 "-" "Mozilla/5.0 (Android 12; OPPO; OPPO; PEQM00) feiyu/5.2.14"
121.25.239.149 - - [10/Jan/2023:11:01:05 +0800] "GET /v2/explore/banner?scene=2 HTTP/2.0" 200 441 "-" "Mozilla/5.0 (Android 12; OPPO; OPPO; PEQM00) feiyu/5.2.14"
121.25.239.149 - - [10/Jan/2023:11:01:05 +0800] "GET /v2/content-series/explore HTTP/2.0" 200 68504 "-" "Mozilla/5.0 (Android 12; OPPO; OPPO; PEQM00) feiyu/5.2.14"
121.25.239.149 - - [10/Jan/2023:11:01:05 +0800] "GET /v2/posts/followees-v5?type=0&size=20&image_width=1080&background_width=1080 HTTP/2.0" 200 62237 "-" "Mozilla/5.0 (Android 12; OPPO; OPPO; PEQM00) feiyu/5.2.14"
121.25.239.149 - - [10/Jan/2023:11:01:06 +0800] "GET /v2/explore/banner?scene=1 HTTP/2.0" 200 2314 "-" "Mozilla/5.0 (Android 12; OPPO; OPPO; PEQM00) feiyu/5.2.14"
121.25.239.149 - - [10/Jan/2023:11:01:06 +0800] "GET /v2/posts/featured/sticky-v2?image_width=1080&background_width=1080 HTTP/2.0" 200 4260 "-" "Mozilla/5.0 (Android 12; OPPO; OPPO; PEQM00) feiyu/5.2.14"
121.25.239.149 - - [10/Jan/2023:11:01:06 +0800] "GET /v2/posts/featured-v4?size=20&image_width=1080&background_width=1080 HTTP/2.0" 200 71326 "-" "Mozilla/5.0 (Android 12; OPPO; OPPO; PEQM00) feiyu/5.2.14"
121.25.239.149 - - [10/Jan/2023:11:01:09 +0800] "GET /v2/ads?scene=1 HTTP/2.0" 200 2 "-" "Mozilla/5.0 (Android 12; OPPO; OPPO; PEQM00) feiyu/5.2.14"
121.25.239.149 - - [10/Jan/2023:11:01:10 +0800] "GET /v2/users/7dbe26df-3dcf-416a-a535-f59d2b0a8782 HTTP/2.0" 200 556 "-" "Mozilla/5.0 (Android 12; OPPO; OPPO; PEQM00) feiyu/5.2.14"
121.25.239.149 - - [10/Jan/2023:11:01:10 +0800] "GET /v2/clock-ins/stats HTTP/2.0" 200 385 "-" "Mozilla/5.0 (Android 12; OPPO; OPPO; PEQM00) feiyu/5.2.14"
121.25.239.149 - - [10/Jan/2023:11:01:10 +0800] "GET /v2/users/7dbe26df-3dcf-416a-a535-f59d2b0a8782 HTTP/2.0" 200 556 "-" "Mozilla/5.0 (Android 12; OPPO; OPPO; PEQM00) feiyu/5.2.14"
121.25.239.149 - - [10/Jan/2023:11:01:10 +0800] "GET /v2/users/7dbe26df-3dcf-416a-a535-f59d2b0a8782 HTTP/2.0" 200 556 "-" "Mozilla/5.0 (Android 12; OPPO; OPPO; PEQM00) feiyu/5.2.14"
121.25.239.149 - - [10/Jan/2023:11:01:10 +0800] "GET /v2/messages/unreadCount?timestamp=2023-01-10%2000%3A17%3A38 HTTP/2.0" 200 26 "-" "Mozilla/5.0 (Android 12; OPPO; OPPO; PEQM00) feiyu/5.2.14"
121.25.239.149 - - [10/Jan/2023:11:01:10 +0800] "GET /v2/users/7dbe26df-3dcf-416a-a535-f59d2b0a8782/createdPostsV2?guest=false&size=20&image_width=1080&background_width=1080 HTTP/2.0" 200 52215 "-" "Mozilla/5.0 (Android 12; OPPO; OPPO; PEQM00) feiyu/5.2.14"
121.25.239.149 - - [10/Jan/2023:11:01:10 +0800] "GET /v2/users/7dbe26df-3dcf-416a-a535-f59d2b0a8782/favoritedPosts?size=20&image_width=1080&background_width=1080 HTTP/2.0" 200 2 "-" "Mozilla/5.0 (Android 12; OPPO; OPPO; PEQM00) feiyu/5.2.14"
121.25.239.149 - - [10/Jan/2023:11:01:10 +0800] "GET /v2/users/7dbe26df-3dcf-416a-a535-f59d2b0a8782/likedPostsV2?guest=false&size=20&image_width=1080&background_width=1080 HTTP/2.0" 200 77195 "-" "Mozilla/5.0 (Android 12; OPPO; OPPO; PEQM00) feiyu/5.2.14"
121.25.239.149 - - [10/Jan/2023:11:01:10 +0800] "GET /v2/near/canvas-war/accounts/7dbe26df-3dcf-416a-a535-f59d2b0a8782 HTTP/2.0" 200 631 "-" "Mozilla/5.0 (Android 12; OPPO; OPPO; PEQM00) feiyu/5.2.14"
121.25.239.149 - - [10/Jan/2023:11:01:12 +0800] "PUT /v2/posts/80ad6674-2c38-460d-8491-93f27c29fb1c/like HTTP/2.0" 200 271 "-" "Mozilla/5.0 (Android 12; OPPO; OPPO; PEQM00) feiyu/5.2.14"
117.136.91.204 - - [10/Jan/2023:11:01:12 +0800] "GET /v2/app/ab-test-status HTTP/2.0" 200 16 "-" "Mozilla/5.0 (Android 12; OPPO; OPPO; PERM00) feiyu/5.2.12"
117.136.91.204 - - [10/Jan/2023:11:01:12 +0800] "GET /v2/app/upgrade?version_code=63&platform=Android HTTP/2.0" 200 4 "-" "Mozilla/5.0 (Android 12; OPPO; OPPO; PERM00) feiyu/5.2.12"
117.136.91.204 - - [10/Jan/2023:11:01:13 +0800] "GET /v2/lab-projects HTTP/2.0" 200 24885 "-" "Mozilla/5.0 (Android 12; OPPO; OPPO; PERM00) feiyu/5.2.12"
117.136.91.204 - - [10/Jan/2023:11:01:13 +0800] "GET /v2/app/upgrade?version_code=63&platform=Android HTTP/2.0" 200 4 "-" "Mozilla/5.0 (Android 12; OPPO; OPPO; PERM00) feiyu/5.2.12"
117.136.91.204 - - [10/Jan/2023:11:01:13 +0800] "GET /v2/campaigns/newest HTTP/2.0" 200 445 "-" "Mozilla/5.0 (Android 12; OPPO; OPPO; PERM00) feiyu/5.2.12"
117.136.91.204 - - [10/Jan/2023:11:01:13 +0800] "GET /v2/messages/unreadCount?timestamp=2023-01-06%2003%3A01%3A45 HTTP/2.0" 200 26 "-" "Mozilla/5.0 (Android 12; OPPO; OPPO; PERM00) feiyu/5.2.12"
117.136.91.204 - - [10/Jan/2023:11:01:13 +0800] "GET /v2/app/randomHomeBackgroundImageV2 HTTP/2.0" 200 288 "-" "Mozilla/5.0 (Android 12; OPPO; OPPO; PERM00) feiyu/5.2.12"
117.136.91.204 - - [10/Jan/2023:11:01:13 +0800] "GET /v2/users/50e40e16-6ff6-46d2-9d77-1111e78fb822/settings HTTP/2.0" 200 310 "-" "Mozilla/5.0 (Android 12; OPPO; OPPO; PERM00) feiyu/5.2.12"
117.136.91.204 - - [10/Jan/2023:11:01:13 +0800] "GET /v2/campaigns/newest HTTP/2.0" 200 445 "-" "Mozilla/5.0 (Android 12; OPPO; OPPO; PERM00) feiyu/5.2.12"
121.25.239.149 - - [10/Jan/2023:11:01:14 +0800] "GET /v2/posts/80ad6674-2c38-460d-8491-93f27c29fb1c/commentsV4?size=20 HTTP/2.0" 200 20446 "-" "Mozilla/5.0 (Android 12; OPPO; OPPO; PEQM00) feiyu/5.2.14"
121.25.239.149 - - [10/Jan/2023:11:01:14 +0800] "GET /v2/posts/80ad6674-2c38-460d-8491-93f27c29fb1c/likes HTTP/2.0" 200 5575 "-" "Mozilla/5.0 (Android 12; OPPO; OPPO; PEQM00) feiyu/5.2.14"
121.25.239.149 - - [10/Jan/2023:11:01:14 +0800] "GET /v2/posts/80ad6674-2c38-460d-8491-93f27c29fb1c/detail?image_width=1080&background_width=1080 HTTP/2.0" 200 2050 "-" "Mozilla/5.0 (Android 12; OPPO; OPPO; PEQM00) feiyu/5.2.14"
124.64.122.191 - - [10/Jan/2023:11:01:17 +0800] "GET /v2/users/dad3cc22-3ebe-11eb-ab22-00163e0c9607 HTTP/2.0" 200 521 "-" "Mozilla/5.0 (iOS 16.2; Apple; Apple; iPhone13,2) feiyu/5.2.14"
124.64.122.191 - - [10/Jan/2023:11:01:17 +0800] "GET /v2/users/dad3cc22-3ebe-11eb-ab22-00163e0c9607/favoritedPosts?background_width=1170&image_width=1170&size=20 HTTP/2.0" 200 4611 "-" "Mozilla/5.0 (iOS 16.2; Apple; Apple; iPhone13,2) feiyu/5.2.14"
124.64.122.191 - - [10/Jan/2023:11:01:17 +0800] "GET /v2/users/dad3cc22-3ebe-11eb-ab22-00163e0c9607/createdPostsV2?background_width=1170&image_width=1170&size=20 HTTP/2.0" 200 50880 "-" "Mozilla/5.0 (iOS 16.2; Apple; Apple; iPhone13,2) feiyu/5.2.14"
124.64.122.191 - - [10/Jan/2023:11:01:17 +0800] "GET /v2/clock-ins/stats HTTP/2.0" 200 385 "-" "Mozilla/5.0 (iOS 16.2; Apple; Apple; iPhone13,2) feiyu/5.2.14"
124.64.122.191 - - [10/Jan/2023:11:01:17 +0800] "GET /v2/messages/list-v2 HTTP/2.0" 200 18707 "-" "Mozilla/5.0 (iOS 16.2; Apple; Apple; iPhone13,2) feiyu/5.2.14"
124.64.122.191 - - [10/Jan/2023:11:01:17 +0800] "GET /v2/users/dad3cc22-3ebe-11eb-ab22-00163e0c9607/likedPostsV2?background_width=1170&image_width=1170&size=20 HTTP/2.0" 200 78431 "-" "Mozilla/5.0 (iOS 16.2; Apple; Apple; iPhone13,2) feiyu/5.2.14"
124.64.122.191 - - [10/Jan/2023:11:01:17 +0800] "GET /v2/messages/unreadCount?timestamp=1970-01-01%2000%3A00%3A01 HTTP/2.0" 200 30 "-" "Mozilla/5.0 (iOS 16.2; Apple; Apple; iPhone13,2) feiyu/5.2.14"
124.64.122.191 - - [10/Jan/2023:11:01:17 +0800] "GET /v2/near/canvas-war/accounts/dad3cc22-3ebe-11eb-ab22-00163e0c9607 HTTP/2.0" 200 616 "-" "Mozilla/5.0 (iOS 16.2; Apple; Apple; iPhone13,2) feiyu/5.2.14"
117.36.147.102 - - [10/Jan/2023:11:01:18 +0800] "GET /v2/messages/unreadCount?timestamp=1970-01-01%2000%3A00%3A00 HTTP/2.0" 200 26 "-" "Mozilla/5.0 (Android 8.1.0; HUAWEI; HUAWEI; DUB-AL00) feiyu/5.2.14"
117.36.147.102 - - [10/Jan/2023:11:01:18 +0800] "GET /v2/explore/searchHint HTTP/2.0" 200 23 "-" "Mozilla/5.0 (Android 8.1.0; HUAWEI; HUAWEI; DUB-AL00) feiyu/5.2.14"
117.36.147.102 - - [10/Jan/2023:11:01:18 +0800] "GET /v2/campaigns/newest HTTP/2.0" 200 447 "-" "Mozilla/5.0 (Android 8.1.0; HUAWEI; HUAWEI; DUB-AL00) feiyu/5.2.14"
117.36.147.102 - - [10/Jan/2023:11:01:18 +0800] "GET /v2/users/ac0146be-fca3-48da-a0ba-1f64402df119/settings HTTP/2.0" 200 313 "-" "Mozilla/5.0 (Android 8.1.0; HUAWEI; HUAWEI; DUB-AL00) feiyu/5.2.14"
124.64.122.191 - - [10/Jan/2023:11:01:20 +0800] "GET /v2/posts/e7f82370-1ec1-419c-88c3-c7729c74eafc/detail?width=1170 HTTP/2.0" 200 2503 "-" "Mozilla/5.0 (iOS 16.2; Apple; Apple; iPhone13,2) feiyu/5.2.14"
124.64.122.191 - - [10/Jan/2023:11:01:20 +0800] "GET /v2/posts/e7f82370-1ec1-419c-88c3-c7729c74eafc/likes HTTP/2.0" 200 733 "-" "Mozilla/5.0 (iOS 16.2; Apple; Apple; iPhone13,2) feiyu/5.2.14"
124.64.122.191 - - [10/Jan/2023:11:01:20 +0800] "GET /v2/posts/e7f82370-1ec1-419c-88c3-c7729c74eafc/commentsV4 HTTP/2.0" 200 1006 "-" "Mozilla/5.0 (iOS 16.2; Apple; Apple; iPhone13,2) feiyu/5.2.14"
117.136.91.204 - - [10/Jan/2023:11:01:22 +0800] "GET /v2/gallery/randomImagesV2?size=50&width=540&content=%E8%BF%90%E5%8A%A8%E2%80%A2%E6%8A%A4%E8%82%A4 HTTP/2.0" 200 24230 "-" "Mozilla/5.0 (Android 12; OPPO; OPPO; PERM00) feiyu/5.2.12"
124.64.122.191 - - [10/Jan/2023:11:01:24 +0800] "GET /v2/clock-ins/stats HTTP/2.0" 200 385 "-" "Mozilla/5.0 (iOS 16.2; Apple; Apple; iPhone13,2) feiyu/5.2.14"
124.64.122.191 - - [10/Jan/2023:11:01:24 +0800] "GET /v2/users/dad3cc22-3ebe-11eb-ab22-00163e0c9607 HTTP/2.0" 200 517 "-" "Mozilla/5.0 (iOS 16.2; Apple; Apple; iPhone13,2) feiyu/5.2.14"
124.64.122.191 - - [10/Jan/2023:11:01:24 +0800] "GET /v2/messages/unreadCount?timestamp=1970-01-01%2000%3A00%3A01 HTTP/2.0" 200 30 "-" "Mozilla/5.0 (iOS 16.2; Apple; Apple; iPhone13,2) feiyu/5.2.14"
106.6.172.216 - - [10/Jan/2023:11:01:24 +0800] "GET /v2/gallery/categoriesV4 HTTP/2.0" 200 13190 "-" "Mozilla/5.0 (iOS 16.2; Apple; Apple; iPhone14,2) feiyu/5.2.14"
106.6.172.216 - - [10/Jan/2023:11:01:24 +0800] "GET /v2/gallery/categories/1e3bd6cc-e816-4cec-a975-7d2c39b1a292/imagesV3?page=1&size=30&width=390 HTTP/2.0" 200 14442 "-" "Mozilla/5.0 (iOS 16.2; Apple; Apple; iPhone14,2) feiyu/5.2.14"
124.64.122.191 - - [10/Jan/2023:11:01:24 +0800] "GET /v2/near/canvas-war/accounts/dad3cc22-3ebe-11eb-ab22-00163e0c9607 HTTP/2.0" 200 616 "-" "Mozilla/5.0 (iOS 16.2; Apple; Apple; iPhone13,2) feiyu/5.2.14"
124.64.122.191 - - [10/Jan/2023:11:01:24 +0800] "GET /v2/users/listAdminUnicorn HTTP/2.0" 200 19509 "-" "Mozilla/5.0 (iOS 16.2; Apple; Apple; iPhone13,2) feiyu/5.2.14"
121.25.239.149 - - [10/Jan/2023:11:01:25 +0800] "GET /v2/messages/unreadCount?timestamp=2023-01-10%2000%3A17%3A38 HTTP/2.0" 200 26 "-" "Mozilla/5.0 (Android 12; OPPO; OPPO; PEQM00) feiyu/5.2.14"
121.25.239.149 - - [10/Jan/2023:11:01:25 +0800] "GET /v2/explore/searchHint HTTP/2.0" 200 23 "-" "Mozilla/5.0 (Android 12; OPPO; OPPO; PEQM00) feiyu/5.2.14"
121.25.239.149 - - [10/Jan/2023:11:01:25 +0800] "GET /v2/campaigns/newest HTTP/2.0" 200 445 "-" "Mozilla/5.0 (Android 12; OPPO; OPPO; PEQM00) feiyu/5.2.14"
121.25.239.149 - - [10/Jan/2023:11:01:25 +0800] "GET /v2/clock-ins/stats HTTP/2.0" 200 385 "-" "Mozilla/5.0 (Android 12; OPPO; OPPO; PEQM00) feiyu/5.2.14"
121.25.239.149 - - [10/Jan/2023:11:01:25 +0800] "GET /v2/users/7dbe26df-3dcf-416a-a535-f59d2b0a8782/settings HTTP/2.0" 200 311 "-" "Mozilla/5.0 (Android 12; OPPO; OPPO; PEQM00) feiyu/5.2.14"
121.25.239.149 - - [10/Jan/2023:11:01:25 +0800] "GET /v2/users/7dbe26df-3dcf-416a-a535-f59d2b0a8782 HTTP/2.0" 200 556 "-" "Mozilla/5.0 (Android 12; OPPO; OPPO; PEQM00) feiyu/5.2.14"
121.25.239.149 - - [10/Jan/2023:11:01:25 +0800] "GET /v2/near/canvas-war/accounts/7dbe26df-3dcf-416a-a535-f59d2b0a8782 HTTP/2.0" 200 631 "-" "Mozilla/5.0 (Android 12; OPPO; OPPO; PEQM00) feiyu/5.2.14"
117.136.91.204 - - [10/Jan/2023:11:01:27 +0800] "GET /v2/gallery/images/18e3d3e2-a5ff-4378-9209-5a19326e9707?width=1080 HTTP/2.0" 200 511 "-" "Mozilla/5.0 (Android 12; OPPO; OPPO; PERM00) feiyu/5.2.12"
124.64.122.191 - - [10/Jan/2023:11:01:28 +0800] "POST /v2/users/login HTTP/2.0" 200 1078 "-" "Mozilla/5.0 (iOS 16.2; Apple; Apple; iPhone13,2) feiyu/5.2.14"
124.64.122.191 - - [10/Jan/2023:11:01:28 +0800] "GET /v2/messages/list-v2 HTTP/2.0" 200 20656 "-" "Mozilla/5.0 (iOS 16.2; Apple; Apple; iPhone13,2) feiyu/5.2.14"
124.64.122.191 - - [10/Jan/2023:11:01:28 +0800] "GET /v2/users/6eb00709-9557-43c0-acc5-0c1c5aab43ad/createdPostsV2?background_width=1170&image_width=1170&size=20 HTTP/2.0" 200 43749 "-" "Mozilla/5.0 (iOS 16.2; Apple; Apple; iPhone13,2) feiyu/5.2.14"
124.64.122.191 - - [10/Jan/2023:11:01:28 +0800] "GET /v2/clock-ins/stats HTTP/2.0" 200 385 "-" "Mozilla/5.0 (iOS 16.2; Apple; Apple; iPhone13,2) feiyu/5.2.14"
124.64.122.191 - - [10/Jan/2023:11:01:28 +0800] "GET /v2/users/6eb00709-9557-43c0-acc5-0c1c5aab43ad HTTP/2.0" 200 572 "-" "Mozilla/5.0 (iOS 16.2; Apple; Apple; iPhone13,2) feiyu/5.2.14"
124.64.122.191 - - [10/Jan/2023:11:01:28 +0800] "GET /v2/users/6eb00709-9557-43c0-acc5-0c1c5aab43ad/settings HTTP/2.0" 200 315 "-" "Mozilla/5.0 (iOS 16.2; Apple; Apple; iPhone13,2) feiyu/5.2.14"
124.64.122.191 - - [10/Jan/2023:11:01:28 +0800] "GET /v2/messages/unreadCount?timestamp=2023-01-07%2017%3A35%3A12 HTTP/2.0" 200 27 "-" "Mozilla/5.0 (iOS 16.2; Apple; Apple; iPhone13,2) feiyu/5.2.14"
124.64.122.191 - - [10/Jan/2023:11:01:28 +0800] "GET /v2/users/6eb00709-9557-43c0-acc5-0c1c5aab43ad/likedPostsV2?background_width=1170&image_width=1170&size=20 HTTP/2.0" 200 77976 "-" "Mozilla/5.0 (iOS 16.2; Apple; Apple; iPhone13,2) feiyu/5.2.14"
124.64.122.191 - - [10/Jan/2023:11:01:28 +0800] "GET /v2/users/6eb00709-9557-43c0-acc5-0c1c5aab43ad/favoritedPosts?background_width=1170&image_width=1170&size=20 HTTP/2.0" 200 3701 "-" "Mozilla/5.0 (iOS 16.2; Apple; Apple; iPhone13,2) feiyu/5.2.14"
124.64.122.191 - - [10/Jan/2023:11:01:28 +0800] "GET /v2/messages/unreadCount?timestamp=2023-01-07%2017%3A35%3A12 HTTP/2.0" 200 27 "-" "Mozilla/5.0 (iOS 16.2; Apple; Apple; iPhone13,2) feiyu/5.2.14"
124.64.122.191 - - [10/Jan/2023:11:01:28 +0800] "GET /v2/users/6eb00709-9557-43c0-acc5-0c1c5aab43ad HTTP/2.0" 200 572 "-" "Mozilla/5.0 (iOS 16.2; Apple; Apple; iPhone13,2) feiyu/5.2.14"
124.64.122.191 - - [10/Jan/2023:11:01:28 +0800] "GET /v2/clock-ins/stats HTTP/2.0" 200 385 "-" "Mozilla/5.0 (iOS 16.2; Apple; Apple; iPhone13,2) feiyu/5.2.14"
124.64.122.191 - - [10/Jan/2023:11:01:28 +0800] "GET /v2/near/canvas-war/accounts/6eb00709-9557-43c0-acc5-0c1c5aab43ad HTTP/2.0" 200 677 "-" "Mozilla/5.0 (iOS 16.2; Apple; Apple; iPhone13,2) feiyu/5.2.14"
124.64.122.191 - - [10/Jan/2023:11:01:28 +0800] "GET /v2/near/canvas-war/accounts/6eb00709-9557-43c0-acc5-0c1c5aab43ad HTTP/2.0" 200 677 "-" "Mozilla/5.0 (iOS 16.2; Apple; Apple; iPhone13,2) feiyu/5.2.14"
124.64.122.191 - - [10/Jan/2023:11:01:29 +0800] "GET /v2/campaigns/newest HTTP/2.0" 200 445 "-" "Mozilla/5.0 (iOS 16.2; Apple; Apple; iPhone13,2) feiyu/5.2.14"
124.64.122.191 - - [10/Jan/2023:11:01:29 +0800] "GET /v2/app/upgrade?platform=iOS&version_code=98 HTTP/2.0" 200 4 "-" "Mozilla/5.0 (iOS 16.2; Apple; Apple; iPhone13,2) feiyu/5.2.14"
124.64.122.191 - - [10/Jan/2023:11:01:29 +0800] "GET /v2/app/randomHomeBackgroundImageV2 HTTP/2.0" 200 289 "-" "Mozilla/5.0 (iOS 16.2; Apple; Apple; iPhone13,2) feiyu/5.2.14"
117.36.147.102 - - [10/Jan/2023:11:01:18 +0800] "POST /v2/near/canvas-war/canvas/draw HTTP/2.0" 200 - "-" "Mozilla/5.0 (Android 8.1.0; HUAWEI; HUAWEI; DUB-AL00) feiyu/5.2.14"
117.136.91.204 - - [10/Jan/2023:11:01:29 +0800] "POST /v2/app/upload HTTP/2.0" 200 349 "-" "Mozilla/5.0 (Android 12; OPPO; OPPO; PERM00) feiyu/5.2.12"
117.136.91.204 - - [10/Jan/2023:11:01:30 +0800] "POST /v2/posts/uploadCompleteV2 HTTP/2.0" 200 1280 "-" "Mozilla/5.0 (Android 12; OPPO; OPPO; PERM00) feiyu/5.2.12"
106.6.172.216 - - [10/Jan/2023:11:01:31 +0800] "GET /v2/gallery/categories/1ab7a131-0b87-4435-a849-7b1aeaee0167/imagesV3?page=1&size=30&width=390 HTTP/2.0" 200 14212 "-" "Mozilla/5.0 (iOS 16.2; Apple; Apple; iPhone14,2) feiyu/5.2.14"
121.25.239.149 - - [10/Jan/2023:11:01:31 +0800] "GET /v2/lab-projects HTTP/2.0" 200 24923 "-" "Mozilla/5.0 (Android 12; OPPO; OPPO; PEQM00) feiyu/5.2.14"
121.25.239.149 - - [10/Jan/2023:11:01:31 +0800] "GET /v2/lab-projects/active-users-count HTTP/2.0" 200 14 "-" "Mozilla/5.0 (Android 12; OPPO; OPPO; PEQM00) feiyu/5.2.14"
106.6.172.216 - - [10/Jan/2023:11:01:33 +0800] "GET /v2/gallery/categories/d2a3f358-1dea-43f3-a62e-27c832e8f188/imagesV3?page=1&size=30&width=390 HTTP/2.0" 200 14201 "-" "Mozilla/5.0 (iOS 16.2; Apple; Apple; iPhone14,2) feiyu/5.2.14"
175.1.123.245 - - [10/Jan/2023:11:01:35 +0800] "GET /v2/app/tiamat-info HTTP/2.0" 200 16 "-" "Mozilla/5.0 (Android 10; HUAWEI; HONOR; KKG-AN00) feiyu/5.2.14"
175.1.123.245 - - [10/Jan/2023:11:01:35 +0800] "GET /v2/app/ab-test-status HTTP/2.0" 200 16 "-" "Mozilla/5.0 (Android 10; HUAWEI; HONOR; KKG-AN00) feiyu/5.2.14"
175.1.123.245 - - [10/Jan/2023:11:01:35 +0800] "GET /v2/app/upgrade?version_code=65&platform=Android HTTP/2.0" 200 4 "-" "Mozilla/5.0 (Android 10; HUAWEI; HONOR; KKG-AN00) feiyu/5.2.14"
175.1.123.245 - - [10/Jan/2023:11:01:36 +0800] "GET /v2/lab-projects HTTP/2.0" 200 24923 "-" "Mozilla/5.0 (Android 10; HUAWEI; HONOR; KKG-AN00) feiyu/5.2.14"
175.1.123.245 - - [10/Jan/2023:11:01:36 +0800] "GET /v2/app/upgrade?version_code=65&platform=Android HTTP/2.0" 200 4 "-" "Mozilla/5.0 (Android 10; HUAWEI; HONOR; KKG-AN00) feiyu/5.2.14"
218.74.250.250 - - [10/Jan/2023:11:01:36 +0800] "GET /v2/gallery/images/query?key=%E6%96%99%E5%8A%A0%E5%A4%9A%E7%9A%84%E5%A5%B6%E8%8C%B6%E6%98%AF%E7%B2%A5&page=1&size=20&show_favorite_status=true HTTP/2.0" 200 9726 "-" "Mozilla/5.0 (Android 12; OPPO; OPPO; PFDM00) feiyu/5.2.14"
175.1.123.245 - - [10/Jan/2023:11:01:37 +0800] "GET /v2/app/randomHomeBackgroundImageV2 HTTP/2.0" 200 287 "-" "Mozilla/5.0 (Android 10; HUAWEI; HONOR; KKG-AN00) feiyu/5.2.14"
175.1.123.245 - - [10/Jan/2023:11:01:37 +0800] "GET /v2/messages/unreadCount?timestamp=1970-01-01%2000%3A00%3A00 HTTP/2.0" 401 54 "-" "Mozilla/5.0 (Android 10; HUAWEI; HONOR; KKG-AN00) feiyu/5.2.14"
175.1.123.245 - - [10/Jan/2023:11:01:37 +0800] "GET /v2/campaigns/newest HTTP/2.0" 200 443 "-" "Mozilla/5.0 (Android 10; HUAWEI; HONOR; KKG-AN00) feiyu/5.2.14"
175.1.123.245 - - [10/Jan/2023:11:01:37 +0800] "GET /v2/users/73aa9e21-7e13-4552-8e9d-b0b8b427574e/settings HTTP/2.0" 401 54 "-" "Mozilla/5.0 (Android 10; HUAWEI; HONOR; KKG-AN00) feiyu/5.2.14"
175.1.123.245 - - [10/Jan/2023:11:01:37 +0800] "GET /v2/campaigns/newest HTTP/2.0" 200 443 "-" "Mozilla/5.0 (Android 10; HUAWEI; HONOR; KKG-AN00) feiyu/5.2.14"
175.1.123.245 - - [10/Jan/2023:11:01:37 +0800] "POST /v2/users/73aa9e21-7e13-4552-8e9d-b0b8b427574e/token HTTP/2.0" 200 642 "-" "Mozilla/5.0 (Android 10; HUAWEI; HONOR; KKG-AN00) feiyu/5.2.14"
175.1.123.245 - - [10/Jan/2023:11:01:37 +0800] "POST /v2/users/73aa9e21-7e13-4552-8e9d-b0b8b427574e/token HTTP/2.0" 200 642 "-" "Mozilla/5.0 (Android 10; HUAWEI; HONOR; KKG-AN00) feiyu/5.2.14"
218.74.250.250 - - [10/Jan/2023:11:01:37 +0800] "GET /v2/gallery/images/query?key=%E6%96%99%E5%8A%A0%E5%A4%9A%E7%9A%84%E5%A5%B6%E8%8C%B6%E6%98%AF%E7%B2%A5&page=2&size=20&show_favorite_status=true HTTP/2.0" 200 9912 "-" "Mozilla/5.0 (Android 12; OPPO; OPPO; PFDM00) feiyu/5.2.14"
175.1.123.245 - - [10/Jan/2023:11:01:37 +0800] "GET /v2/messages/unreadCount?timestamp=1970-01-01%2000%3A00%3A00 HTTP/2.0" 200 26 "-" "Mozilla/5.0 (Android 10; HUAWEI; HONOR; KKG-AN00) feiyu/5.2.14"
175.1.123.245 - - [10/Jan/2023:11:01:37 +0800] "GET /v2/users/73aa9e21-7e13-4552-8e9d-b0b8b427574e/settings HTTP/2.0" 200 313 "-" "Mozilla/5.0 (Android 10; HUAWEI; HONOR; KKG-AN00) feiyu/5.2.14"
39.144.104.3 - - [10/Jan/2023:11:01:38 +0800] "GET /v2/explore/searchHint HTTP/2.0" 200 23 "-" "Mozilla/5.0 (Android 13; vivo; vivo; V2183A) feiyu/5.2.14"
39.144.104.3 - - [10/Jan/2023:11:01:38 +0800] "GET /v2/campaigns/newest HTTP/2.0" 200 443 "-" "Mozilla/5.0 (Android 13; vivo; vivo; V2183A) feiyu/5.2.14"
39.144.104.3 - - [10/Jan/2023:11:01:38 +0800] "GET /v2/messages/unreadCount?timestamp=1970-01-01%2000%3A00%3A00 HTTP/2.0" 200 26 "-" "Mozilla/5.0 (Android 13; vivo; vivo; V2183A) feiyu/5.2.14"
39.144.104.3 - - [10/Jan/2023:11:01:38 +0800] "GET /v2/users/3a29e4d4-bf89-457c-b932-8c8fb7e225f8/settings HTTP/2.0" 200 313 "-" "Mozilla/5.0 (Android 13; vivo; vivo; V2183A) feiyu/5.2.14"
106.6.172.216 - - [10/Jan/2023:11:01:39 +0800] "GET /v2/gallery/images/9e79e332-f7d7-433e-92cb-b8fc086e457b?width=1170 HTTP/2.0" 200 457 "-" "Mozilla/5.0 (iOS 16.2; Apple; Apple; iPhone14,2) feiyu/5.2.14"
175.1.123.245 - - [10/Jan/2023:11:01:40 +0800] "GET /v2/users/73aa9e21-7e13-4552-8e9d-b0b8b427574e HTTP/2.0" 200 413 "-" "Mozilla/5.0 (Android 10; HUAWEI; HONOR; KKG-AN00) feiyu/5.2.14"
175.1.123.245 - - [10/Jan/2023:11:01:40 +0800] "GET /v2/messages/unreadCount?timestamp=1970-01-01%2000%3A00%3A00 HTTP/2.0" 200 26 "-" "Mozilla/5.0 (Android 10; HUAWEI; HONOR; KKG-AN00) feiyu/5.2.14"
175.1.123.245 - - [10/Jan/2023:11:01:40 +0800] "GET /v2/users/73aa9e21-7e13-4552-8e9d-b0b8b427574e HTTP/2.0" 200 413 "-" "Mozilla/5.0 (Android 10; HUAWEI; HONOR; KKG-AN00) feiyu/5.2.14"
175.1.123.245 - - [10/Jan/2023:11:01:40 +0800] "GET /v2/users/73aa9e21-7e13-4552-8e9d-b0b8b427574e HTTP/2.0" 200 413 "-" "Mozilla/5.0 (Android 10; HUAWEI; HONOR; KKG-AN00) feiyu/5.2.14"
175.1.123.245 - - [10/Jan/2023:11:01:40 +0800] "GET /v2/clock-ins/stats HTTP/2.0" 200 385 "-" "Mozilla/5.0 (Android 10; HUAWEI; HONOR; KKG-AN00) feiyu/5.2.14"
175.1.123.245 - - [10/Jan/2023:11:01:40 +0800] "GET /v2/users/73aa9e21-7e13-4552-8e9d-b0b8b427574e/createdPostsV2?guest=false&size=20&image_width=1080&background_width=359 HTTP/2.0" 200 2 "-" "Mozilla/5.0 (Android 10; HUAWEI; HONOR; KKG-AN00) feiyu/5.2.14"
175.1.123.245 - - [10/Jan/2023:11:01:40 +0800] "GET /v2/users/73aa9e21-7e13-4552-8e9d-b0b8b427574e/likedPostsV2?guest=false&size=20&image_width=1080&background_width=359 HTTP/2.0" 200 2 "-" "Mozilla/5.0 (Android 10; HUAWEI; HONOR; KKG-AN00) feiyu/5.2.14"
175.1.123.245 - - [10/Jan/2023:11:01:40 +0800] "GET /v2/users/73aa9e21-7e13-4552-8e9d-b0b8b427574e/favoritedPosts?size=20&image_width=1080&background_width=359 HTTP/2.0" 200 2 "-" "Mozilla/5.0 (Android 10; HUAWEI; HONOR; KKG-AN00) feiyu/5.2.14"
106.6.172.216 - - [10/Jan/2023:11:01:43 +0800] "POST /v2/app/upload HTTP/2.0" 200 353 "-" "Mozilla/5.0 (iOS 16.2; Apple; Apple; iPhone14,2) feiyu/5.2.14"
175.1.123.245 - - [10/Jan/2023:11:01:43 +0800] "GET /v2/app/randomHomeBackgroundImageV2 HTTP/2.0" 200 287 "-" "Mozilla/5.0 (Android 10; HUAWEI; HONOR; KKG-AN00) feiyu/5.2.14"
175.1.123.245 - - [10/Jan/2023:11:01:43 +0800] "GET /v2/campaigns/newest HTTP/2.0" 200 447 "-" "Mozilla/5.0 (Android 10; HUAWEI; HONOR; KKG-AN00) feiyu/5.2.14"
175.1.123.245 - - [10/Jan/2023:11:01:43 +0800] "GET /v2/messages/unreadCount?timestamp=1970-01-01%2000%3A00%3A00 HTTP/2.0" 200 26 "-" "Mozilla/5.0 (Android 10; HUAWEI; HONOR; KKG-AN00) feiyu/5.2.14"
175.1.123.245 - - [10/Jan/2023:11:01:43 +0800] "GET /v2/campaigns/newest HTTP/2.0" 200 447 "-" "Mozilla/5.0 (Android 10; HUAWEI; HONOR; KKG-AN00) feiyu/5.2.14"
175.1.123.245 - - [10/Jan/2023:11:01:43 +0800] "GET /v2/users/73aa9e21-7e13-4552-8e9d-b0b8b427574e/settings HTTP/2.0" 200 313 "-" "Mozilla/5.0 (Android 10; HUAWEI; HONOR; KKG-AN00) feiyu/5.2.14"
175.1.123.245 - - [10/Jan/2023:11:01:43 +0800] "GET /v2/clock-ins/stats HTTP/2.0" 200 385 "-" "Mozilla/5.0 (Android 10; HUAWEI; HONOR; KKG-AN00) feiyu/5.2.14"
175.1.123.245 - - [10/Jan/2023:11:01:43 +0800] "GET /v2/users/73aa9e21-7e13-4552-8e9d-b0b8b427574e HTTP/2.0" 200 413 "-" "Mozilla/5.0 (Android 10; HUAWEI; HONOR; KKG-AN00) feiyu/5.2.14"
106.6.172.216 - - [10/Jan/2023:11:01:43 +0800] "POST /v2/posts/uploadCompleteV2 HTTP/2.0" 200 1410 "-" "Mozilla/5.0 (iOS 16.2; Apple; Apple; iPhone14,2) feiyu/5.2.14"
175.1.123.245 - - [10/Jan/2023:11:01:44 +0800] "GET /v2/gallery/randomImagesV2?size=50&width=540&category_safe_id=d1569b14-497d-474c-8c41-732c10584cb4&content=%E4%BC%A4%E5%BF%83 HTTP/2.0" 200 23070 "-" "Mozilla/5.0 (Android 10; HUAWEI; HONOR; KKG-AN00) feiyu/5.2.14"
218.74.250.250 - - [10/Jan/2023:11:01:45 +0800] "GET /v2/gallery/images/query?key=%E6%96%99%E5%8A%A0%E5%A4%9A%E7%9A%84%E5%A5%B6%E8%8C%B6%E6%98%AF%E7%B2%A5&page=3&size=20&show_favorite_status=true HTTP/2.0" 200 9956 "-" "Mozilla/5.0 (Android 12; OPPO; OPPO; PFDM00) feiyu/5.2.14"
175.1.123.245 - - [10/Jan/2023:11:01:43 +0800] "GET /v2/near/canvas-war/accounts/73aa9e21-7e13-4552-8e9d-b0b8b427574e HTTP/2.0" 500 53 "-" "Mozilla/5.0 (Android 10; HUAWEI; HONOR; KKG-AN00) feiyu/5.2.14"
106.6.172.216 - - [10/Jan/2023:11:01:49 +0800] "GET /v2/gallery/images/04a67968-8d3a-4b7f-b0d0-9f126a7cda37?width=1170 HTTP/2.0" 200 454 "-" "Mozilla/5.0 (iOS 16.2; Apple; Apple; iPhone14,2) feiyu/5.2.14"
175.1.123.245 - - [10/Jan/2023:11:01:40 +0800] "GET /v2/near/canvas-war/accounts/73aa9e21-7e13-4552-8e9d-b0b8b427574e HTTP/2.0" 200 516 "-" "Mozilla/5.0 (Android 10; HUAWEI; HONOR; KKG-AN00) feiyu/5.2.14"
218.74.250.250 - - [10/Jan/2023:11:01:54 +0800] "GET /v2/gallery/images/query?key=%E6%96%99%E5%8A%A0%E5%A4%9A%E7%9A%84%E5%A5%B6%E8%8C%B6%E6%98%AF%E7%B2%A5&page=4&size=20&show_favorite_status=true HTTP/2.0" 200 10094 "-" "Mozilla/5.0 (Android 12; OPPO; OPPO; PFDM00) feiyu/5.2.14"
124.64.122.191 - - [10/Jan/2023:11:01:54 +0800] "GET /v2/gallery/randomImagesV2?content=%E4%BB%8A%E5%B9%B4%E8%BF%87%E5%B9%B4%E6%89%93%E7%AE%97%E8%B5%B0%E5%A4%8D%E5%8F%A4%E9%A3%8E%EF%BC%8C%E5%A4%A7%E6%A6%82%E5%B0%B1%E6%98%AF%E7%A9%BF%E5%8E%BB%E5%B9%B4%E7%9A%84%E8%A1%A3%E6%9C%8D%E3%80%82%20&size=50&width=390 HTTP/2.0" 200 23390 "-" "Mozilla/5.0 (iOS 16.2; Apple; Apple; iPhone13,2) feiyu/5.2.14"
106.6.172.216 - - [10/Jan/2023:11:01:57 +0800] "POST /v2/app/upload HTTP/2.0" 200 353 "-" "Mozilla/5.0 (iOS 16.2; Apple; Apple; iPhone14,2) feiyu/5.2.14"
106.6.172.216 - - [10/Jan/2023:11:01:57 +0800] "POST /v2/posts/uploadCompleteV2 HTTP/2.0" 200 1406 "-" "Mozilla/5.0 (iOS 16.2; Apple; Apple; iPhone14,2) feiyu/5.2.14"
106.6.172.216 - - [10/Jan/2023:11:02:02 +0800] "GET /v2/gallery/images/79fa0a66-e71c-4984-9d83-8d9dbe9bade8?width=1170 HTTP/2.0" 200 455 "-" "Mozilla/5.0 (iOS 16.2; Apple; Apple; iPhone14,2) feiyu/5.2.14"
106.6.172.216 - - [10/Jan/2023:11:02:06 +0800] "POST /v2/app/upload HTTP/2.0" 200 351 "-" "Mozilla/5.0 (iOS 16.2; Apple; Apple; iPhone14,2) feiyu/5.2.14"
106.6.172.216 - - [10/Jan/2023:11:02:06 +0800] "POST /v2/posts/uploadCompleteV2 HTTP/2.0" 200 1408 "-" "Mozilla/5.0 (iOS 16.2; Apple; Apple; iPhone14,2) feiyu/5.2.14"
115.60.47.126 - - [10/Jan/2023:11:02:17 +0800] "GET /v2/app/ab-test-status HTTP/2.0" 200 16 "-" "Mozilla/5.0 (Android 12; vivo; vivo; V2148A) feiyu/5.2.11"
115.60.47.126 - - [10/Jan/2023:11:02:17 +0800] "GET /v2/app/upgrade?version_code=62&platform=Android HTTP/2.0" 200 4 "-" "Mozilla/5.0 (Android 12; vivo; vivo; V2148A) feiyu/5.2.11"
221.206.141.116 - - [10/Jan/2023:11:02:19 +0800] "GET /v2/gallery/randomImagesV2?size=50&width=360&category_safe_id=d1569b14-497d-474c-8c41-732c10584cb4&content=%E5%B7%B4%E6%AF%94Q%E4%BA%86%E5%85%84%E5%BC%9F%E8%90%8C HTTP/2.0" 200 23234 "-" "Mozilla/5.0 (Android 10; HUAWEI; HUAWEI; ART-AL00x) feiyu/5.2.14"
218.74.250.250 - - [10/Jan/2023:11:02:20 +0800] "GET /v2/gallery/images/query?key=%E6%96%99%E5%8A%A0%E5%A4%9A%E7%9A%84%E5%A5%B6%E8%8C%B6%E6%98%AF%E7%B2%A5&page=5&size=20&show_favorite_status=true HTTP/2.0" 200 9927 "-" "Mozilla/5.0 (Android 12; OPPO; OPPO; PFDM00) feiyu/5.2.14"
223.115.88.75 - - [10/Jan/2023:11:02:22 +0800] "GET /v2/app/ab-test-status HTTP/2.0" 200 16 "-" "Mozilla/5.0 (Android 10; HUAWEI; HONOR; YAL-AL00) feiyu/5.2.14"
223.115.88.75 - - [10/Jan/2023:11:02:22 +0800] "GET /v2/app/tiamat-info HTTP/2.0" 200 16 "-" "Mozilla/5.0 (Android 10; HUAWEI; HONOR; YAL-AL00) feiyu/5.2.14"
223.115.88.75 - - [10/Jan/2023:11:02:22 +0800] "GET /v2/app/upgrade?version_code=65&platform=Android HTTP/2.0" 200 4 "-" "Mozilla/5.0 (Android 10; HUAWEI; HONOR; YAL-AL00) feiyu/5.2.14"
112.238.4.52 - - [10/Jan/2023:11:02:23 +0800] "GET /v2/app/tiamat-info HTTP/2.0" 200 16 "-" "Mozilla/5.0 (Android 10; HUAWEI; HUAWEI; JER-AN20) feiyu/5.2.14"
112.238.4.52 - - [10/Jan/2023:11:02:23 +0800] "GET /v2/app/upgrade?version_code=65&platform=Android HTTP/2.0" 200 4 "-" "Mozilla/5.0 (Android 10; HUAWEI; HUAWEI; JER-AN20) feiyu/5.2.14"
112.238.4.52 - - [10/Jan/2023:11:02:23 +0800] "GET /v2/app/ab-test-status HTTP/2.0" 200 16 "-" "Mozilla/5.0 (Android 10; HUAWEI; HUAWEI; JER-AN20) feiyu/5.2.14"
39.171.223.16 - - [10/Jan/2023:11:02:25 +0800] "GET /v2/messages/unreadCount?timestamp=1970-01-01%2000%3A00%3A00 HTTP/2.0" 200 26 "-" "Mozilla/5.0 (Android 11; PTAC; Hinova; Hera-BD00) feiyu/5.2.14"
39.171.223.16 - - [10/Jan/2023:11:02:25 +0800] "GET /v2/users/1719b33f-4627-4e1e-8e7e-6da45efef366/settings HTTP/2.0" 200 313 "-" "Mozilla/5.0 (Android 11; PTAC; Hinova; Hera-BD00) feiyu/5.2.14"
39.171.223.16 - - [10/Jan/2023:11:02:25 +0800] "GET /v2/campaigns/newest HTTP/2.0" 200 447 "-" "Mozilla/5.0 (Android 11; PTAC; Hinova; Hera-BD00) feiyu/5.2.14"
218.74.250.250 - - [10/Jan/2023:11:02:26 +0800] "GET /v2/gallery/images/query?key=%E6%96%99%E5%8A%A0%E5%A4%9A%E7%9A%84%E5%A5%B6%E8%8C%B6%E6%98%AF%E7%B2%A5&page=6&size=20&show_favorite_status=true HTTP/2.0" 200 9828 "-" "Mozilla/5.0 (Android 12; OPPO; OPPO; PFDM00) feiyu/5.2.14"
223.115.88.75 - - [10/Jan/2023:11:02:31 +0800] "GET /v2/app/upgrade?version_code=65&platform=Android HTTP/2.0" 200 4 "-" "Mozilla/5.0 (Android 10; HUAWEI; HONOR; YAL-AL00) feiyu/5.2.14"
223.115.88.75 - - [10/Jan/2023:11:02:31 +0800] "GET /v2/lab-projects HTTP/2.0" 200 24935 "-" "Mozilla/5.0 (Android 10; HUAWEI; HONOR; YAL-AL00) feiyu/5.2.14"
218.74.250.250 - - [10/Jan/2023:11:02:31 +0800] "GET /v2/gallery/images/query?key=%E6%96%99%E5%8A%A0%E5%A4%9A%E7%9A%84%E5%A5%B6%E8%8C%B6%E6%98%AF%E7%B2%A5&page=7&size=20&show_favorite_status=true HTTP/2.0" 200 9631 "-" "Mozilla/5.0 (Android 12; OPPO; OPPO; PFDM00) feiyu/5.2.14"
223.115.88.75 - - [10/Jan/2023:11:02:31 +0800] "GET /v2/campaigns/newest HTTP/2.0" 200 447 "-" "Mozilla/5.0 (Android 10; HUAWEI; HONOR; YAL-AL00) feiyu/5.2.14"
223.115.88.75 - - [10/Jan/2023:11:02:31 +0800] "GET /v2/explore/searchHint HTTP/2.0" 200 23 "-" "Mozilla/5.0 (Android 10; HUAWEI; HONOR; YAL-AL00) feiyu/5.2.14"
223.115.88.75 - - [10/Jan/2023:11:02:31 +0800] "GET /v2/explore/banner?scene=2 HTTP/2.0" 200 441 "-" "Mozilla/5.0 (Android 10; HUAWEI; HONOR; YAL-AL00) feiyu/5.2.14"
223.115.88.75 - - [10/Jan/2023:11:02:31 +0800] "GET /v2/posts/followees-v5?type=0&size=20&image_width=1080&background_width=359 HTTP/2.0" 200 2 "-" "Mozilla/5.0 (Android 10; HUAWEI; HONOR; YAL-AL00) feiyu/5.2.14"
223.115.88.75 - - [10/Jan/2023:11:02:31 +0800] "GET /v2/posts/followees-v5?type=0&size=20&image_width=1080&background_width=359 HTTP/2.0" 200 2 "-" "Mozilla/5.0 (Android 10; HUAWEI; HONOR; YAL-AL00) feiyu/5.2.14"
223.115.88.75 - - [10/Jan/2023:11:02:31 +0800] "GET /v2/content-series/explore HTTP/2.0" 200 68484 "-" "Mozilla/5.0 (Android 10; HUAWEI; HONOR; YAL-AL00) feiyu/5.2.14"
223.115.88.75 - - [10/Jan/2023:11:02:32 +0800] "GET /v2/posts/followees-v5?type=0&size=20&image_width=1080&background_width=359 HTTP/2.0" 200 2 "-" "Mozilla/5.0 (Android 10; HUAWEI; HONOR; YAL-AL00) feiyu/5.2.14"
223.115.88.75 - - [10/Jan/2023:11:02:32 +0800] "GET /v2/explore/banner?scene=1 HTTP/2.0" 200 2312 "-" "Mozilla/5.0 (Android 10; HUAWEI; HONOR; YAL-AL00) feiyu/5.2.14"
218.74.250.250 - - [10/Jan/2023:11:02:34 +0800] "GET /v2/gallery/images/query?key=%E6%96%99%E5%8A%A0%E5%A4%9A%E7%9A%84%E5%A5%B6%E8%8C%B6%E6%98%AF%E7%B2%A5&page=8&size=20&show_favorite_status=true HTTP/2.0" 200 9840 "-" "Mozilla/5.0 (Android 12; OPPO; OPPO; PFDM00) feiyu/5.2.14"
223.115.88.75 - - [10/Jan/2023:11:02:32 +0800] "GET /v2/posts/trending-v2?page=1&size=20&image_width=1080&background_width=359 HTTP/2.0" 200 85403 "-" "Mozilla/5.0 (Android 10; HUAWEI; HONOR; YAL-AL00) feiyu/5.2.14"
39.144.153.147 - - [10/Jan/2023:11:02:36 +0800] "GET /v2/app/tiamat-info HTTP/2.0" 200 16 "-" "Mozilla/5.0 (Android 11; vivo; vivo; V2163A) feiyu/5.2.14"
39.144.153.147 - - [10/Jan/2023:11:02:36 +0800] "GET /v2/app/ab-test-status HTTP/2.0" 200 16 "-" "Mozilla/5.0 (Android 11; vivo; vivo; V2163A) feiyu/5.2.14"
39.144.153.147 - - [10/Jan/2023:11:02:36 +0800] "GET /v2/app/upgrade?version_code=65&platform=Android HTTP/2.0" 200 4 "-" "Mozilla/5.0 (Android 11; vivo; vivo; V2163A) feiyu/5.2.14"
39.144.153.147 - - [10/Jan/2023:11:02:36 +0800] "GET /v2/lab-projects HTTP/2.0" 200 24891 "-" "Mozilla/5.0 (Android 11; vivo; vivo; V2163A) feiyu/5.2.14"
39.144.153.147 - - [10/Jan/2023:11:02:36 +0800] "GET /v2/app/upgrade?version_code=65&platform=Android HTTP/2.0" 200 4 "-" "Mozilla/5.0 (Android 11; vivo; vivo; V2163A) feiyu/5.2.14"
39.144.153.147 - - [10/Jan/2023:11:02:36 +0800] "GET /v2/app/randomHomeBackgroundImageV2 HTTP/2.0" 200 289 "-" "Mozilla/5.0 (Android 11; vivo; vivo; V2163A) feiyu/5.2.14"
39.144.153.147 - - [10/Jan/2023:11:02:36 +0800] "GET /v2/campaigns/newest HTTP/2.0" 200 443 "-" "Mozilla/5.0 (Android 11; vivo; vivo; V2163A) feiyu/5.2.14"
39.144.153.147 - - [10/Jan/2023:11:02:36 +0800] "GET /v2/messages/unreadCount?timestamp=1970-01-01%2000%3A00%3A00 HTTP/2.0" 401 54 "-" "Mozilla/5.0 (Android 11; vivo; vivo; V2163A) feiyu/5.2.14"
39.144.153.147 - - [10/Jan/2023:11:02:36 +0800] "GET /v2/campaigns/newest HTTP/2.0" 200 443 "-" "Mozilla/5.0 (Android 11; vivo; vivo; V2163A) feiyu/5.2.14"
39.144.153.147 - - [10/Jan/2023:11:02:36 +0800] "GET /v2/users/576fdce0-e350-40c7-ba74-d2e1b0ffdffa/settings HTTP/2.0" 401 54 "-" "Mozilla/5.0 (Android 11; vivo; vivo; V2163A) feiyu/5.2.14"
39.144.153.147 - - [10/Jan/2023:11:02:37 +0800] "POST /v2/users/576fdce0-e350-40c7-ba74-d2e1b0ffdffa/token HTTP/2.0" 200 642 "-" "Mozilla/5.0 (Android 11; vivo; vivo; V2163A) feiyu/5.2.14"
39.144.153.147 - - [10/Jan/2023:11:02:37 +0800] "POST /v2/users/576fdce0-e350-40c7-ba74-d2e1b0ffdffa/token HTTP/2.0" 200 642 "-" "Mozilla/5.0 (Android 11; vivo; vivo; V2163A) feiyu/5.2.14"
39.144.153.147 - - [10/Jan/2023:11:02:37 +0800] "GET /v2/messages/unreadCount?timestamp=1970-01-01%2000%3A00%3A00 HTTP/2.0" 200 26 "-" "Mozilla/5.0 (Android 11; vivo; vivo; V2163A) feiyu/5.2.14"
39.144.153.147 - - [10/Jan/2023:11:02:37 +0800] "GET /v2/users/576fdce0-e350-40c7-ba74-d2e1b0ffdffa/settings HTTP/2.0" 200 313 "-" "Mozilla/5.0 (Android 11; vivo; vivo; V2163A) feiyu/5.2.14"
117.36.147.102 - - [10/Jan/2023:11:02:38 +0800] "GET /v2/messages/unreadCount?timestamp=1970-01-01%2000%3A00%3A00 HTTP/2.0" 200 26 "-" "Mozilla/5.0 (Android 8.1.0; HUAWEI; HUAWEI; DUB-AL00) feiyu/5.2.14"
117.36.147.102 - - [10/Jan/2023:11:02:38 +0800] "GET /v2/campaigns/newest HTTP/2.0" 200 443 "-" "Mozilla/5.0 (Android 8.1.0; HUAWEI; HUAWEI; DUB-AL00) feiyu/5.2.14"
117.36.147.102 - - [10/Jan/2023:11:02:38 +0800] "GET /v2/explore/searchHint HTTP/2.0" 200 23 "-" "Mozilla/5.0 (Android 8.1.0; HUAWEI; HUAWEI; DUB-AL00) feiyu/5.2.14"
117.36.147.102 - - [10/Jan/2023:11:02:38 +0800] "GET /v2/users/ac0146be-fca3-48da-a0ba-1f64402df119/settings HTTP/2.0" 200 313 "-" "Mozilla/5.0 (Android 8.1.0; HUAWEI; HUAWEI; DUB-AL00) feiyu/5.2.14"
39.144.153.147 - - [10/Jan/2023:11:02:40 +0800] "GET /v2/users/576fdce0-e350-40c7-ba74-d2e1b0ffdffa HTTP/2.0" 200 425 "-" "Mozilla/5.0 (Android 11; vivo; vivo; V2163A) feiyu/5.2.14"
39.144.153.147 - - [10/Jan/2023:11:02:40 +0800] "GET /v2/messages/unreadCount?timestamp=1970-01-01%2000%3A00%3A00 HTTP/2.0" 200 26 "-" "Mozilla/5.0 (Android 11; vivo; vivo; V2163A) feiyu/5.2.14"
39.144.153.147 - - [10/Jan/2023:11:02:40 +0800] "GET /v2/users/576fdce0-e350-40c7-ba74-d2e1b0ffdffa HTTP/2.0" 200 425 "-" "Mozilla/5.0 (Android 11; vivo; vivo; V2163A) feiyu/5.2.14"
39.144.153.147 - - [10/Jan/2023:11:02:40 +0800] "GET /v2/clock-ins/stats HTTP/2.0" 200 385 "-" "Mozilla/5.0 (Android 11; vivo; vivo; V2163A) feiyu/5.2.14"
39.144.153.147 - - [10/Jan/2023:11:02:40 +0800] "GET /v2/users/576fdce0-e350-40c7-ba74-d2e1b0ffdffa HTTP/2.0" 200 425 "-" "Mozilla/5.0 (Android 11; vivo; vivo; V2163A) feiyu/5.2.14"
39.144.153.147 - - [10/Jan/2023:11:02:40 +0800] "GET /v2/users/576fdce0-e350-40c7-ba74-d2e1b0ffdffa/likedPostsV2?guest=false&size=20&image_width=1080&background_width=359 HTTP/2.0" 200 2 "-" "Mozilla/5.0 (Android 11; vivo; vivo; V2163A) feiyu/5.2.14"
39.144.153.147 - - [10/Jan/2023:11:02:40 +0800] "GET /v2/users/576fdce0-e350-40c7-ba74-d2e1b0ffdffa/createdPostsV2?guest=false&size=20&image_width=1080&background_width=359 HTTP/2.0" 200 12039 "-" "Mozilla/5.0 (Android 11; vivo; vivo; V2163A) feiyu/5.2.14"
39.144.153.147 - - [10/Jan/2023:11:02:40 +0800] "GET /v2/users/576fdce0-e350-40c7-ba74-d2e1b0ffdffa/favoritedPosts?size=20&image_width=1080&background_width=359 HTTP/2.0" 200 2 "-" "Mozilla/5.0 (Android 11; vivo; vivo; V2163A) feiyu/5.2.14"
221.206.141.116 - - [10/Jan/2023:11:02:41 +0800] "GET /v2/gallery/images/752bdc95-0731-4ae6-b42f-48a378f85984?width=720 HTTP/2.0" 200 462 "-" "Mozilla/5.0 (Android 10; HUAWEI; HUAWEI; ART-AL00x) feiyu/5.2.14"
218.74.250.250 - - [10/Jan/2023:11:02:41 +0800] "GET /v2/gallery/images/query?key=%E6%96%99%E5%8A%A0%E5%A4%9A%E7%9A%84%E5%A5%B6%E8%8C%B6%E6%98%AF%E7%B2%A5&page=9&size=20&show_favorite_status=true HTTP/2.0" 200 9821 "-" "Mozilla/5.0 (Android 12; OPPO; OPPO; PFDM00) feiyu/5.2.14"
218.74.250.250 - - [10/Jan/2023:11:02:42 +0800] "GET /v2/gallery/images/query?key=%E6%96%99%E5%8A%A0%E5%A4%9A%E7%9A%84%E5%A5%B6%E8%8C%B6%E6%98%AF%E7%B2%A5&page=10&size=20&show_favorite_status=true HTTP/2.0" 200 9961 "-" "Mozilla/5.0 (Android 12; OPPO; OPPO; PFDM00) feiyu/5.2.14"
218.74.250.250 - - [10/Jan/2023:11:02:42 +0800] "GET /v2/gallery/images/6da354c5-6bab-4c29-a13d-7105fae0503f?width=1080 HTTP/2.0" 200 460 "-" "Mozilla/5.0 (Android 12; OPPO; OPPO; PFDM00) feiyu/5.2.14"
221.206.141.116 - - [10/Jan/2023:11:02:45 +0800] "GET /v2/music?page=1&size=100 HTTP/2.0" 200 6284 "-" "Mozilla/5.0 (Android 10; HUAWEI; HUAWEI; ART-AL00x) feiyu/5.2.14"
124.64.122.191 - - [10/Jan/2023:11:02:47 +0800] "GET /v2/gallery/images/3fb906ab-5251-4236-aef1-0be57527a884?width=1170 HTTP/2.0" 200 504 "-" "Mozilla/5.0 (iOS 16.2; Apple; Apple; iPhone13,2) feiyu/5.2.14"
218.74.250.250 - - [10/Jan/2023:11:02:50 +0800] "GET /v2/gallery/categoriesV4 HTTP/2.0" 200 13202 "-" "Mozilla/5.0 (Android 12; OPPO; OPPO; PFDM00) feiyu/5.2.14"
218.74.250.250 - - [10/Jan/2023:11:02:50 +0800] "GET /v2/gallery/categories/1e3bd6cc-e816-4cec-a975-7d2c39b1a292/imagesV3?page=1&size=20&width=540 HTTP/2.0" 200 9487 "-" "Mozilla/5.0 (Android 12; OPPO; OPPO; PFDM00) feiyu/5.2.14"
218.74.250.250 - - [10/Jan/2023:11:02:50 +0800] "GET /v2/gallery/images/query?key=%E6%96%99%E5%8A%A0%E5%A4%9A%E7%9A%84%E5%A5%B6%E8%8C%B6%E6%98%AF%E7%B2%A5&page=1&size=20&show_favorite_status=true HTTP/2.0" 200 9714 "-" "Mozilla/5.0 (Android 12; OPPO; OPPO; PFDM00) feiyu/5.2.14"
