124.64.122.191 - - [10/Jan/2023:12:07:49 +0800] "OPTIONS /v2/crm/posts/51a655bb-11d2-4818-b4fb-11d7ae44b6a0/edit HTTP/2.0" 200 - "https://crm.fygtapp.com/" "Mozilla/5.0 (Macintosh; Intel Mac OS X 10_15_7) AppleWebKit/537.36 (KHTML, like Gecko) Chrome/108.0.0.0 Safari/537.36"
124.64.122.191 - - [10/Jan/2023:12:07:49 +0800] "PUT /v2/crm/posts/51a655bb-11d2-4818-b4fb-11d7ae44b6a0/edit HTTP/2.0" 200 1615 "https://crm.fygtapp.com/" "Mozilla/5.0 (Macintosh; Intel Mac OS X 10_15_7) AppleWebKit/537.36 (KHTML, like Gecko) Chrome/108.0.0.0 Safari/537.36"
27.9.197.138 - - [10/Jan/2023:12:07:39 +0800] "GET /v2/near/canvas-war/accounts/0d430650-99b4-491d-9cd8-9d0996e4a0c2 HTTP/2.0" 200 473 "-" "Mozilla/5.0 (Android 9; HUAWEI; HUAWEI; JKM-AL00b) feiyu/5.2.14"
114.241.21.87 - - [10/Jan/2023:12:07:40 +0800] "GET /v2/near/canvas-war/accounts/1fffee2f-a4a0-495c-9083-09f9a8abc3ff HTTP/2.0" 200 612 "-" "Mozilla/5.0 (Android 10; HUAWEI; HUAWEI; AGS3-AL00) feiyu/5.2.14"
124.64.122.191 - - [10/Jan/2023:12:07:51 +0800] "OPTIONS /v2/crm/posts/6e58e063-a26f-42f3-a730-88f2c3b2f652/edit HTTP/2.0" 200 - "https://crm.fygtapp.com/" "Mozilla/5.0 (Macintosh; Intel Mac OS X 10_15_7) AppleWebKit/537.36 (KHTML, like Gecko) Chrome/108.0.0.0 Safari/537.36"
124.64.122.191 - - [10/Jan/2023:12:07:51 +0800] "PUT /v2/crm/posts/6e58e063-a26f-42f3-a730-88f2c3b2f652/edit HTTP/2.0" 200 1301 "https://crm.fygtapp.com/" "Mozilla/5.0 (Macintosh; Intel Mac OS X 10_15_7) AppleWebKit/537.36 (KHTML, like Gecko) Chrome/108.0.0.0 Safari/537.36"
119.34.179.249 - - [10/Jan/2023:12:07:51 +0800] "GET /v2/messages/unreadCount?timestamp=1970-01-01%2000%3A00%3A01 HTTP/2.0" 200 26 "-" "Mozilla/5.0 (iOS 15.4.1; Apple; Apple; iPhone11,6) feiyu/5.2.14"
119.34.179.249 - - [10/Jan/2023:12:07:51 +0800] "GET /v2/messages/unreadCount?timestamp=1970-01-01%2000%3A00%3A01 HTTP/2.0" 200 26 "-" "Mozilla/5.0 (iOS 15.4.1; Apple; Apple; iPhone11,6) feiyu/5.2.14"
119.34.179.249 - - [10/Jan/2023:12:07:51 +0800] "GET /v2/lab-projects HTTP/2.0" 200 24921 "-" "Mozilla/5.0 (iOS 15.4.1; Apple; Apple; iPhone11,6) feiyu/5.2.14"
124.64.122.191 - - [10/Jan/2023:12:07:51 +0800] "OPTIONS /v2/crm/posts/547f18fa-14ae-4d6d-bd65-4d1a7c186596/edit HTTP/2.0" 200 - "https://crm.fygtapp.com/" "Mozilla/5.0 (Macintosh; Intel Mac OS X 10_15_7) AppleWebKit/537.36 (KHTML, like Gecko) Chrome/108.0.0.0 Safari/537.36"
124.64.122.191 - - [10/Jan/2023:12:07:51 +0800] "PUT /v2/crm/posts/547f18fa-14ae-4d6d-bd65-4d1a7c186596/edit HTTP/2.0" 200 1297 "https://crm.fygtapp.com/" "Mozilla/5.0 (Macintosh; Intel Mac OS X 10_15_7) AppleWebKit/537.36 (KHTML, like Gecko) Chrome/108.0.0.0 Safari/537.36"
42.49.27.71 - - [10/Jan/2023:12:07:51 +0800] "GET /v2/gallery/images/4c69369f-90a7-4462-92fd-9cbd98de35b2?width=1080 HTTP/2.0" 200 486 "-" "Mozilla/5.0 (Android 9; vivo; vivo; V1816A) feiyu/5.2.11"
124.64.122.191 - - [10/Jan/2023:12:07:52 +0800] "OPTIONS /v2/crm/posts/877c0058-3d22-44fa-af1f-a43ca7e0744f/edit HTTP/2.0" 200 - "https://crm.fygtapp.com/" "Mozilla/5.0 (Macintosh; Intel Mac OS X 10_15_7) AppleWebKit/537.36 (KHTML, like Gecko) Chrome/108.0.0.0 Safari/537.36"
124.64.122.191 - - [10/Jan/2023:12:07:52 +0800] "PUT /v2/crm/posts/877c0058-3d22-44fa-af1f-a43ca7e0744f/edit HTTP/2.0" 200 2316 "https://crm.fygtapp.com/" "Mozilla/5.0 (Macintosh; Intel Mac OS X 10_15_7) AppleWebKit/537.36 (KHTML, like Gecko) Chrome/108.0.0.0 Safari/537.36"
124.64.122.191 - - [10/Jan/2023:12:07:53 +0800] "OPTIONS /v2/crm/posts/852c876e-9064-4e36-b363-bcf045627867/edit HTTP/2.0" 200 - "https://crm.fygtapp.com/" "Mozilla/5.0 (Macintosh; Intel Mac OS X 10_15_7) AppleWebKit/537.36 (KHTML, like Gecko) Chrome/108.0.0.0 Safari/537.36"
124.64.122.191 - - [10/Jan/2023:12:07:53 +0800] "PUT /v2/crm/posts/852c876e-9064-4e36-b363-bcf045627867/edit HTTP/2.0" 200 1297 "https://crm.fygtapp.com/" "Mozilla/5.0 (Macintosh; Intel Mac OS X 10_15_7) AppleWebKit/537.36 (KHTML, like Gecko) Chrome/108.0.0.0 Safari/537.36"
112.32.59.9 - - [10/Jan/2023:12:07:54 +0800] "GET /v2/gallery/randomImagesV2?size=50&width=540&content=JUST2-3%E5%88%86%E9%92%9F HTTP/2.0" 200 23882 "-" "Mozilla/5.0 (Android 10; HUAWEI; HUAWEI; LYA-AL00) feiyu/5.2.14"
119.34.179.249 - - [10/Jan/2023:12:07:54 +0800] "GET /v2/posts/followeesV4?background_width=1242&image_width=1242&type=0 HTTP/2.0" 200 87367 "-" "Mozilla/5.0 (iOS 15.4.1; Apple; Apple; iPhone11,6) feiyu/5.2.14"
119.34.179.249 - - [10/Jan/2023:12:07:54 +0800] "GET /v2/explore/banner?scene=2 HTTP/2.0" 200 441 "-" "Mozilla/5.0 (iOS 15.4.1; Apple; Apple; iPhone11,6) feiyu/5.2.14"
119.34.179.249 - - [10/Jan/2023:12:07:54 +0800] "GET /v2/explore/searchHint HTTP/2.0" 200 23 "-" "Mozilla/5.0 (iOS 15.4.1; Apple; Apple; iPhone11,6) feiyu/5.2.14"
119.34.179.249 - - [10/Jan/2023:12:07:54 +0800] "GET /v2/explore/banner?scene=1 HTTP/2.0" 200 2308 "-" "Mozilla/5.0 (iOS 15.4.1; Apple; Apple; iPhone11,6) feiyu/5.2.14"
119.34.179.249 - - [10/Jan/2023:12:07:54 +0800] "GET /v2/ads?scene=0 HTTP/2.0" 200 2 "-" "Mozilla/5.0 (iOS 15.4.1; Apple; Apple; iPhone11,6) feiyu/5.2.14"
119.34.179.249 - - [10/Jan/2023:12:07:54 +0800] "GET /v2/posts/recommended/sticky?background_width=1242&image_width=1242 HTTP/2.0" 200 3844 "-" "Mozilla/5.0 (iOS 15.4.1; Apple; Apple; iPhone11,6) feiyu/5.2.14"
119.34.179.249 - - [10/Jan/2023:12:07:54 +0800] "GET /v2/content-series/explore HTTP/2.0" 200 68454 "-" "Mozilla/5.0 (iOS 15.4.1; Apple; Apple; iPhone11,6) feiyu/5.2.14"
114.241.21.87 - - [10/Jan/2023:12:07:54 +0800] "GET /v2/messages/list-v2?timestamp=2021-05-01%2009%3A48%3A31&size=20 HTTP/2.0" 200 19744 "-" "Mozilla/5.0 (Android 10; HUAWEI; HUAWEI; AGS3-AL00) feiyu/5.2.14"
119.34.179.249 - - [10/Jan/2023:12:07:54 +0800] "GET /v2/posts/recommended?background_width=1242&image_width=1242&size=20 HTTP/2.0" 200 60402 "-" "Mozilla/5.0 (iOS 15.4.1; Apple; Apple; iPhone11,6) feiyu/5.2.14"
124.64.122.191 - - [10/Jan/2023:12:07:55 +0800] "OPTIONS /v2/crm/posts/117eac00-ed53-4022-a5d2-23afac6a2c0c/edit HTTP/2.0" 200 - "https://crm.fygtapp.com/" "Mozilla/5.0 (Macintosh; Intel Mac OS X 10_15_7) AppleWebKit/537.36 (KHTML, like Gecko) Chrome/108.0.0.0 Safari/537.36"
124.64.122.191 - - [10/Jan/2023:12:07:55 +0800] "PUT /v2/crm/posts/117eac00-ed53-4022-a5d2-23afac6a2c0c/edit HTTP/2.0" 200 1299 "https://crm.fygtapp.com/" "Mozilla/5.0 (Macintosh; Intel Mac OS X 10_15_7) AppleWebKit/537.36 (KHTML, like Gecko) Chrome/108.0.0.0 Safari/537.36"
124.64.122.191 - - [10/Jan/2023:12:07:55 +0800] "OPTIONS /v2/crm/posts/4a950646-a560-4a6e-8efd-9050541e9fc9/edit HTTP/2.0" 200 - "https://crm.fygtapp.com/" "Mozilla/5.0 (Macintosh; Intel Mac OS X 10_15_7) AppleWebKit/537.36 (KHTML, like Gecko) Chrome/108.0.0.0 Safari/537.36"
124.64.122.191 - - [10/Jan/2023:12:07:55 +0800] "PUT /v2/crm/posts/4a950646-a560-4a6e-8efd-9050541e9fc9/edit HTTP/2.0" 200 1297 "https://crm.fygtapp.com/" "Mozilla/5.0 (Macintosh; Intel Mac OS X 10_15_7) AppleWebKit/537.36 (KHTML, like Gecko) Chrome/108.0.0.0 Safari/537.36"
42.49.27.71 - - [10/Jan/2023:12:07:55 +0800] "POST /v2/app/upload HTTP/2.0" 200 351 "-" "Mozilla/5.0 (Android 9; vivo; vivo; V1816A) feiyu/5.2.11"
42.49.27.71 - - [10/Jan/2023:12:07:55 +0800] "POST /v2/posts/uploadCompleteV2 HTTP/2.0" 200 1123 "-" "Mozilla/5.0 (Android 9; vivo; vivo; V1816A) feiyu/5.2.11"
124.64.122.191 - - [10/Jan/2023:12:07:55 +0800] "OPTIONS /v2/crm/posts/query?sorting=createdAt&desc=true×tamp=2023-01-10+00%3A15%3A34.000&size=20&show_deleted=false&show_private=false HTTP/2.0" 200 - "https://crm.fygtapp.com/" "Mozilla/5.0 (Macintosh; Intel Mac OS X 10_15_7) AppleWebKit/537.36 (KHTML, like Gecko) Chrome/108.0.0.0 Safari/537.36"
119.34.179.249 - - [10/Jan/2023:12:07:56 +0800] "GET /v2/app/upgrade?platform=iOS&version_code=98 HTTP/2.0" 200 4 "-" "Mozilla/5.0 (iOS 15.4.1; Apple; Apple; iPhone11,6) feiyu/5.2.14"
119.34.179.249 - - [10/Jan/2023:12:07:56 +0800] "GET /v2/campaigns/newest HTTP/2.0" 200 443 "-" "Mozilla/5.0 (iOS 15.4.1; Apple; Apple; iPhone11,6) feiyu/5.2.14"
119.34.179.249 - - [10/Jan/2023:12:07:56 +0800] "GET /v2/messages/unreadCount?timestamp=1970-01-01%2000%3A00%3A01 HTTP/2.0" 200 26 "-" "Mozilla/5.0 (iOS 15.4.1; Apple; Apple; iPhone11,6) feiyu/5.2.14"
119.34.179.249 - - [10/Jan/2023:12:07:56 +0800] "GET /v2/app/randomHomeBackgroundImageV2 HTTP/2.0" 200 289 "-" "Mozilla/5.0 (iOS 15.4.1; Apple; Apple; iPhone11,6) feiyu/5.2.14"
124.64.122.191 - - [10/Jan/2023:12:07:56 +0800] "OPTIONS /v2/crm/posts/67da2789-b199-42f0-9490-0cd71a6a3225/edit HTTP/2.0" 200 - "https://crm.fygtapp.com/" "Mozilla/5.0 (Macintosh; Intel Mac OS X 10_15_7) AppleWebKit/537.36 (KHTML, like Gecko) Chrome/108.0.0.0 Safari/537.36"
124.64.122.191 - - [10/Jan/2023:12:07:56 +0800] "PUT /v2/crm/posts/67da2789-b199-42f0-9490-0cd71a6a3225/edit HTTP/2.0" 200 1299 "https://crm.fygtapp.com/" "Mozilla/5.0 (Macintosh; Intel Mac OS X 10_15_7) AppleWebKit/537.36 (KHTML, like Gecko) Chrome/108.0.0.0 Safari/537.36"
112.32.59.9 - - [10/Jan/2023:12:07:57 +0800] "GET /v2/messages/unreadCount?timestamp=1970-01-01%2000%3A00%3A00 HTTP/2.0" 200 26 "-" "Mozilla/5.0 (Android 10; HUAWEI; HUAWEI; LYA-AL00) feiyu/5.2.14"
112.32.59.9 - - [10/Jan/2023:12:07:57 +0800] "GET /v2/users/196f353e-94bd-46be-a1e1-6b3b90100540/settings HTTP/2.0" 200 313 "-" "Mozilla/5.0 (Android 10; HUAWEI; HUAWEI; LYA-AL00) feiyu/5.2.14"
112.32.59.9 - - [10/Jan/2023:12:07:57 +0800] "GET /v2/explore/searchHint HTTP/2.0" 200 23 "-" "Mozilla/5.0 (Android 10; HUAWEI; HUAWEI; LYA-AL00) feiyu/5.2.14"
112.32.59.9 - - [10/Jan/2023:12:07:57 +0800] "GET /v2/campaigns/newest HTTP/2.0" 200 445 "-" "Mozilla/5.0 (Android 10; HUAWEI; HUAWEI; LYA-AL00) feiyu/5.2.14"
124.64.122.191 - - [10/Jan/2023:12:07:57 +0800] "OPTIONS /v2/crm/posts/0d7b9fba-035c-4c0f-b31b-2d678e1fe88d/edit HTTP/2.0" 200 - "https://crm.fygtapp.com/" "Mozilla/5.0 (Macintosh; Intel Mac OS X 10_15_7) AppleWebKit/537.36 (KHTML, like Gecko) Chrome/108.0.0.0 Safari/537.36"
124.64.122.191 - - [10/Jan/2023:12:07:57 +0800] "PUT /v2/crm/posts/0d7b9fba-035c-4c0f-b31b-2d678e1fe88d/edit HTTP/2.0" 200 1772 "https://crm.fygtapp.com/" "Mozilla/5.0 (Macintosh; Intel Mac OS X 10_15_7) AppleWebKit/537.36 (KHTML, like Gecko) Chrome/108.0.0.0 Safari/537.36"
114.241.21.87 - - [10/Jan/2023:12:07:58 +0800] "GET /v2/messages/list-v2?size=20 HTTP/2.0" 200 18320 "-" "Mozilla/5.0 (Android 10; HUAWEI; HUAWEI; AGS3-AL00) feiyu/5.2.14"
112.32.59.9 - - [10/Jan/2023:12:07:59 +0800] "GET /v2/gallery/randomImagesV2?size=50&width=540&category_safe_id=d1569b14-497d-474c-8c41-732c10584cb4&content=JUST%202-3%E5%88%86%E9%92%9F HTTP/2.0" 200 23212 "-" "Mozilla/5.0 (Android 10; HUAWEI; HUAWEI; LYA-AL00) feiyu/5.2.14"
123.169.39.21 - - [10/Jan/2023:12:07:59 +0800] "GET /v2/lab-projects HTTP/2.0" 200 24911 "-" "Mozilla/5.0 (Android 9; HUAWEI; HONOR; KSA-AL10) feiyu/5.2.14"
123.169.39.21 - - [10/Jan/2023:12:07:59 +0800] "GET /v2/app/upgrade?version_code=65&platform=Android HTTP/2.0" 200 4 "-" "Mozilla/5.0 (Android 9; HUAWEI; HONOR; KSA-AL10) feiyu/5.2.14"
123.169.39.21 - - [10/Jan/2023:12:08:00 +0800] "GET /v2/app/randomHomeBackgroundImageV2 HTTP/2.0" 200 288 "-" "Mozilla/5.0 (Android 9; HUAWEI; HONOR; KSA-AL10) feiyu/5.2.14"
123.169.39.21 - - [10/Jan/2023:12:08:00 +0800] "GET /v2/campaigns/newest HTTP/2.0" 200 447 "-" "Mozilla/5.0 (Android 9; HUAWEI; HONOR; KSA-AL10) feiyu/5.2.14"
124.64.122.191 - - [10/Jan/2023:12:07:55 +0800] "GET /v2/crm/posts/query?sorting=createdAt&desc=true×tamp=2023-01-10+00%3A15%3A34.000&size=20&show_deleted=false&show_private=false HTTP/2.0" 200 33662 "https://crm.fygtapp.com/" "Mozilla/5.0 (Macintosh; Intel Mac OS X 10_15_7) AppleWebKit/537.36 (KHTML, like Gecko) Chrome/108.0.0.0 Safari/537.36"
123.169.39.21 - - [10/Jan/2023:12:08:01 +0800] "GET /v2/campaigns/newest HTTP/2.0" 200 445 "-" "Mozilla/5.0 (Android 9; HUAWEI; HONOR; KSA-AL10) feiyu/5.2.14"
112.32.59.9 - - [10/Jan/2023:12:08:01 +0800] "GET /v2/gallery/randomImagesV2?size=50&width=540&category_safe_id=d1569b14-497d-474c-8c41-732c10584cb4&content=JUST%202-3%E5%88%86%E9%92%9F HTTP/2.0" 200 23283 "-" "Mozilla/5.0 (Android 10; HUAWEI; HUAWEI; LYA-AL00) feiyu/5.2.14"
112.32.59.9 - - [10/Jan/2023:12:08:02 +0800] "GET /v2/messages/unreadCount?timestamp=1970-01-01%2000%3A00%3A00 HTTP/2.0" 200 26 "-" "Mozilla/5.0 (Android 10; HUAWEI; HUAWEI; LYA-AL00) feiyu/5.2.14"
112.32.59.9 - - [10/Jan/2023:12:08:02 +0800] "GET /v2/users/196f353e-94bd-46be-a1e1-6b3b90100540/settings HTTP/2.0" 200 313 "-" "Mozilla/5.0 (Android 10; HUAWEI; HUAWEI; LYA-AL00) feiyu/5.2.14"
112.32.59.9 - - [10/Jan/2023:12:08:02 +0800] "GET /v2/explore/searchHint HTTP/2.0" 200 23 "-" "Mozilla/5.0 (Android 10; HUAWEI; HUAWEI; LYA-AL00) feiyu/5.2.14"
112.32.59.9 - - [10/Jan/2023:12:08:02 +0800] "GET /v2/campaigns/newest HTTP/2.0" 200 443 "-" "Mozilla/5.0 (Android 10; HUAWEI; HUAWEI; LYA-AL00) feiyu/5.2.14"
124.64.122.191 - - [10/Jan/2023:12:08:02 +0800] "OPTIONS /v2/crm/posts/4e51e1c4-30ee-4c3b-965a-9031423aa9b6/edit HTTP/2.0" 200 - "https://crm.fygtapp.com/" "Mozilla/5.0 (Macintosh; Intel Mac OS X 10_15_7) AppleWebKit/537.36 (KHTML, like Gecko) Chrome/108.0.0.0 Safari/537.36"
124.64.122.191 - - [10/Jan/2023:12:08:02 +0800] "PUT /v2/crm/posts/4e51e1c4-30ee-4c3b-965a-9031423aa9b6/edit HTTP/2.0" 200 1620 "https://crm.fygtapp.com/" "Mozilla/5.0 (Macintosh; Intel Mac OS X 10_15_7) AppleWebKit/537.36 (KHTML, like Gecko) Chrome/108.0.0.0 Safari/537.36"
42.49.27.71 - - [10/Jan/2023:12:08:04 +0800] "GET /v2/gallery/images/query?key=%E6%B0%94&page=1&size=20&show_favorite_status=true HTTP/2.0" 200 10064 "-" "Mozilla/5.0 (Android 9; vivo; vivo; V1816A) feiyu/5.2.11"
124.64.122.191 - - [10/Jan/2023:12:08:04 +0800] "OPTIONS /v2/crm/posts/831a7a79-eff1-4fc1-9f53-c057fbfc228f/edit HTTP/2.0" 200 - "https://crm.fygtapp.com/" "Mozilla/5.0 (Macintosh; Intel Mac OS X 10_15_7) AppleWebKit/537.36 (KHTML, like Gecko) Chrome/108.0.0.0 Safari/537.36"
124.64.122.191 - - [10/Jan/2023:12:08:04 +0800] "PUT /v2/crm/posts/831a7a79-eff1-4fc1-9f53-c057fbfc228f/edit HTTP/2.0" 200 1628 "https://crm.fygtapp.com/" "Mozilla/5.0 (Macintosh; Intel Mac OS X 10_15_7) AppleWebKit/537.36 (KHTML, like Gecko) Chrome/108.0.0.0 Safari/537.36"
124.64.122.191 - - [10/Jan/2023:12:08:05 +0800] "OPTIONS /v2/crm/posts/cfccc37f-fd6e-49fa-82d4-d6d722e0ea7f/edit HTTP/2.0" 200 - "https://crm.fygtapp.com/" "Mozilla/5.0 (Macintosh; Intel Mac OS X 10_15_7) AppleWebKit/537.36 (KHTML, like Gecko) Chrome/108.0.0.0 Safari/537.36"
124.64.122.191 - - [10/Jan/2023:12:08:05 +0800] "PUT /v2/crm/posts/cfccc37f-fd6e-49fa-82d4-d6d722e0ea7f/edit HTTP/2.0" 200 1622 "https://crm.fygtapp.com/" "Mozilla/5.0 (Macintosh; Intel Mac OS X 10_15_7) AppleWebKit/537.36 (KHTML, like Gecko) Chrome/108.0.0.0 Safari/537.36"
124.64.122.191 - - [10/Jan/2023:12:08:05 +0800] "OPTIONS /v2/crm/posts/89a93d57-38b3-4aa5-a543-016b531c8d77/edit HTTP/2.0" 200 - "https://crm.fygtapp.com/" "Mozilla/5.0 (Macintosh; Intel Mac OS X 10_15_7) AppleWebKit/537.36 (KHTML, like Gecko) Chrome/108.0.0.0 Safari/537.36"
124.64.122.191 - - [10/Jan/2023:12:08:05 +0800] "PUT /v2/crm/posts/89a93d57-38b3-4aa5-a543-016b531c8d77/edit HTTP/2.0" 200 1626 "https://crm.fygtapp.com/" "Mozilla/5.0 (Macintosh; Intel Mac OS X 10_15_7) AppleWebKit/537.36 (KHTML, like Gecko) Chrome/108.0.0.0 Safari/537.36"
124.64.122.191 - - [10/Jan/2023:12:08:09 +0800] "OPTIONS /v2/crm/posts/764a8dfc-1736-4ad8-b8e1-549d8bfd616c/edit HTTP/2.0" 200 - "https://crm.fygtapp.com/" "Mozilla/5.0 (Macintosh; Intel Mac OS X 10_15_7) AppleWebKit/537.36 (KHTML, like Gecko) Chrome/108.0.0.0 Safari/537.36"
124.64.122.191 - - [10/Jan/2023:12:08:09 +0800] "PUT /v2/crm/posts/764a8dfc-1736-4ad8-b8e1-549d8bfd616c/edit HTTP/2.0" 200 1622 "https://crm.fygtapp.com/" "Mozilla/5.0 (Macintosh; Intel Mac OS X 10_15_7) AppleWebKit/537.36 (KHTML, like Gecko) Chrome/108.0.0.0 Safari/537.36"
111.44.170.109 - - [10/Jan/2023:12:08:09 +0800] "GET /v2/posts/recommended?timestamp=2023-01-10%2003%3A09%3A27&size=20&image_width=1080&background_width=359 HTTP/2.0" 200 88301 "-" "Mozilla/5.0 (Android 13; Xiaomi; Xiaomi; 2201123C) feiyu/5.2.14"
124.64.122.191 - - [10/Jan/2023:12:08:10 +0800] "OPTIONS /v2/crm/posts/e9efa4b1-c00a-408a-9635-0da9950d19f7/edit HTTP/2.0" 200 - "https://crm.fygtapp.com/" "Mozilla/5.0 (Macintosh; Intel Mac OS X 10_15_7) AppleWebKit/537.36 (KHTML, like Gecko) Chrome/108.0.0.0 Safari/537.36"
124.64.122.191 - - [10/Jan/2023:12:08:10 +0800] "PUT /v2/crm/posts/e9efa4b1-c00a-408a-9635-0da9950d19f7/edit HTTP/2.0" 200 1622 "https://crm.fygtapp.com/" "Mozilla/5.0 (Macintosh; Intel Mac OS X 10_15_7) AppleWebKit/537.36 (KHTML, like Gecko) Chrome/108.0.0.0 Safari/537.36"
112.32.59.9 - - [10/Jan/2023:12:08:10 +0800] "GET /v2/gallery/randomImagesV2?size=50&width=540&category_safe_id=d1569b14-497d-474c-8c41-732c10584cb4&content=JUST%0A2-3%E5%88%86%E9%92%9F HTTP/2.0" 200 23060 "-" "Mozilla/5.0 (Android 10; HUAWEI; HUAWEI; LYA-AL00) feiyu/5.2.14"
124.64.122.191 - - [10/Jan/2023:12:08:11 +0800] "OPTIONS /v2/crm/posts/4210631b-0c84-4b51-a7ad-e05dd4c083dc/edit HTTP/2.0" 200 - "https://crm.fygtapp.com/" "Mozilla/5.0 (Macintosh; Intel Mac OS X 10_15_7) AppleWebKit/537.36 (KHTML, like Gecko) Chrome/108.0.0.0 Safari/537.36"
124.64.122.191 - - [10/Jan/2023:12:08:11 +0800] "PUT /v2/crm/posts/4210631b-0c84-4b51-a7ad-e05dd4c083dc/edit HTTP/2.0" 200 1706 "https://crm.fygtapp.com/" "Mozilla/5.0 (Macintosh; Intel Mac OS X 10_15_7) AppleWebKit/537.36 (KHTML, like Gecko) Chrome/108.0.0.0 Safari/537.36"
112.97.85.103 - - [10/Jan/2023:12:08:14 +0800] "GET /v2/messages/unreadCount?timestamp=2023-01-04%2015%3A14%3A33 HTTP/2.0" 200 26 "-" "Mozilla/5.0 (iOS 16.1.2; Apple; Apple; iPhone13,2) feiyu/5.2.13"
112.97.85.103 - - [10/Jan/2023:12:08:14 +0800] "GET /v2/users/d769b235-26d0-47cb-991e-b19cf939adcc/likedPostsV2?background_width=1170&image_width=1170&size=20 HTTP/2.0" 200 2 "-" "Mozilla/5.0 (iOS 16.1.2; Apple; Apple; iPhone13,2) feiyu/5.2.13"
112.97.85.103 - - [10/Jan/2023:12:08:14 +0800] "GET /v2/users/d769b235-26d0-47cb-991e-b19cf939adcc/favoritedPosts?background_width=1170&image_width=1170&size=20 HTTP/2.0" 200 2 "-" "Mozilla/5.0 (iOS 16.1.2; Apple; Apple; iPhone13,2) feiyu/5.2.13"
112.97.85.103 - - [10/Jan/2023:12:08:14 +0800] "GET /v2/messages/list-v2 HTTP/2.0" 200 19533 "-" "Mozilla/5.0 (iOS 16.1.2; Apple; Apple; iPhone13,2) feiyu/5.2.13"
112.97.85.103 - - [10/Jan/2023:12:08:14 +0800] "GET /v2/users/d769b235-26d0-47cb-991e-b19cf939adcc/createdPostsV2?background_width=1170&image_width=1170&size=20 HTTP/2.0" 200 30249 "-" "Mozilla/5.0 (iOS 16.1.2; Apple; Apple; iPhone13,2) feiyu/5.2.13"
124.64.122.191 - - [10/Jan/2023:12:08:15 +0800] "OPTIONS /v2/crm/posts/15921594-9e21-4028-9ab1-a6092cd56140/edit HTTP/2.0" 200 - "https://crm.fygtapp.com/" "Mozilla/5.0 (Macintosh; Intel Mac OS X 10_15_7) AppleWebKit/537.36 (KHTML, like Gecko) Chrome/108.0.0.0 Safari/537.36"
124.64.122.191 - - [10/Jan/2023:12:08:15 +0800] "PUT /v2/crm/posts/15921594-9e21-4028-9ab1-a6092cd56140/edit HTTP/2.0" 200 2050 "https://crm.fygtapp.com/" "Mozilla/5.0 (Macintosh; Intel Mac OS X 10_15_7) AppleWebKit/537.36 (KHTML, like Gecko) Chrome/108.0.0.0 Safari/537.36"
42.49.27.71 - - [10/Jan/2023:12:08:16 +0800] "GET /v2/gallery/images/842a8660-7935-4dfd-976c-ef8d5b78fa1e?width=1080 HTTP/2.0" 200 462 "-" "Mozilla/5.0 (Android 9; vivo; vivo; V1816A) feiyu/5.2.11"
124.64.122.191 - - [10/Jan/2023:12:08:19 +0800] "OPTIONS /v2/crm/posts/f2491cce-a841-4aee-a8fb-ee33a7d7f5bd/edit HTTP/2.0" 200 - "https://crm.fygtapp.com/" "Mozilla/5.0 (Macintosh; Intel Mac OS X 10_15_7) AppleWebKit/537.36 (KHTML, like Gecko) Chrome/108.0.0.0 Safari/537.36"
124.64.122.191 - - [10/Jan/2023:12:08:19 +0800] "PUT /v2/crm/posts/f2491cce-a841-4aee-a8fb-ee33a7d7f5bd/edit HTTP/2.0" 200 1655 "https://crm.fygtapp.com/" "Mozilla/5.0 (Macintosh; Intel Mac OS X 10_15_7) AppleWebKit/537.36 (KHTML, like Gecko) Chrome/108.0.0.0 Safari/537.36"
124.64.122.191 - - [10/Jan/2023:12:08:20 +0800] "OPTIONS /v2/crm/posts/5126e3ba-c564-4e4f-8963-1695d5febb4d/edit HTTP/2.0" 200 - "https://crm.fygtapp.com/" "Mozilla/5.0 (Macintosh; Intel Mac OS X 10_15_7) AppleWebKit/537.36 (KHTML, like Gecko) Chrome/108.0.0.0 Safari/537.36"
124.64.122.191 - - [10/Jan/2023:12:08:20 +0800] "PUT /v2/crm/posts/5126e3ba-c564-4e4f-8963-1695d5febb4d/edit HTTP/2.0" 200 1412 "https://crm.fygtapp.com/" "Mozilla/5.0 (Macintosh; Intel Mac OS X 10_15_7) AppleWebKit/537.36 (KHTML, like Gecko) Chrome/108.0.0.0 Safari/537.36"
42.49.27.71 - - [10/Jan/2023:12:08:20 +0800] "POST /v2/app/upload HTTP/2.0" 200 349 "-" "Mozilla/5.0 (Android 9; vivo; vivo; V1816A) feiyu/5.2.11"
42.49.27.71 - - [10/Jan/2023:12:08:20 +0800] "POST /v2/posts/uploadCompleteV2 HTTP/2.0" 200 1120 "-" "Mozilla/5.0 (Android 9; vivo; vivo; V1816A) feiyu/5.2.11"
124.64.122.191 - - [10/Jan/2023:12:08:21 +0800] "OPTIONS /v2/crm/posts/62b76211-70e5-4a02-b57c-5e4895348f02/edit HTTP/2.0" 200 - "https://crm.fygtapp.com/" "Mozilla/5.0 (Macintosh; Intel Mac OS X 10_15_7) AppleWebKit/537.36 (KHTML, like Gecko) Chrome/108.0.0.0 Safari/537.36"
124.64.122.191 - - [10/Jan/2023:12:08:21 +0800] "PUT /v2/crm/posts/62b76211-70e5-4a02-b57c-5e4895348f02/edit HTTP/2.0" 200 1530 "https://crm.fygtapp.com/" "Mozilla/5.0 (Macintosh; Intel Mac OS X 10_15_7) AppleWebKit/537.36 (KHTML, like Gecko) Chrome/108.0.0.0 Safari/537.36"
124.64.122.191 - - [10/Jan/2023:12:08:22 +0800] "OPTIONS /v2/crm/posts/49cb7b85-1f01-434d-8ee1-eb133580ccac/edit HTTP/2.0" 200 - "https://crm.fygtapp.com/" "Mozilla/5.0 (Macintosh; Intel Mac OS X 10_15_7) AppleWebKit/537.36 (KHTML, like Gecko) Chrome/108.0.0.0 Safari/537.36"
124.133.136.201 - - [10/Jan/2023:12:08:22 +0800] "GET /v2/messages/unreadCount?timestamp=1970-01-01%2000%3A00%3A00 HTTP/2.0" 200 26 "-" "Mozilla/5.0 (Android 9; samsung; samsung; SM-G9550) feiyu/5.2.14"
124.64.122.191 - - [10/Jan/2023:12:08:22 +0800] "PUT /v2/crm/posts/49cb7b85-1f01-434d-8ee1-eb133580ccac/edit HTTP/2.0" 200 1519 "https://crm.fygtapp.com/" "Mozilla/5.0 (Macintosh; Intel Mac OS X 10_15_7) AppleWebKit/537.36 (KHTML, like Gecko) Chrome/108.0.0.0 Safari/537.36"
124.133.136.201 - - [10/Jan/2023:12:08:22 +0800] "GET /v2/campaigns/newest HTTP/2.0" 200 447 "-" "Mozilla/5.0 (Android 9; samsung; samsung; SM-G9550) feiyu/5.2.14"
124.133.136.201 - - [10/Jan/2023:12:08:22 +0800] "GET /v2/explore/searchHint HTTP/2.0" 200 23 "-" "Mozilla/5.0 (Android 9; samsung; samsung; SM-G9550) feiyu/5.2.14"
124.133.136.201 - - [10/Jan/2023:12:08:22 +0800] "GET /v2/users/d7d88fd1-5340-49d3-83e1-85a8752ff7ec/settings HTTP/2.0" 200 313 "-" "Mozilla/5.0 (Android 9; samsung; samsung; SM-G9550) feiyu/5.2.14"
124.64.122.191 - - [10/Jan/2023:12:08:23 +0800] "OPTIONS /v2/crm/posts/137c769a-4d0c-4892-8f17-4c4b52b5a31c/edit HTTP/2.0" 200 - "https://crm.fygtapp.com/" "Mozilla/5.0 (Macintosh; Intel Mac OS X 10_15_7) AppleWebKit/537.36 (KHTML, like Gecko) Chrome/108.0.0.0 Safari/537.36"
124.64.122.191 - - [10/Jan/2023:12:08:23 +0800] "PUT /v2/crm/posts/137c769a-4d0c-4892-8f17-4c4b52b5a31c/edit HTTP/2.0" 200 1690 "https://crm.fygtapp.com/" "Mozilla/5.0 (Macintosh; Intel Mac OS X 10_15_7) AppleWebKit/537.36 (KHTML, like Gecko) Chrome/108.0.0.0 Safari/537.36"
42.49.27.71 - - [10/Jan/2023:12:08:23 +0800] "GET /v2/gallery/images/d1919dfb-b956-43ba-88fc-123734b72f19?width=1080 HTTP/2.0" 200 523 "-" "Mozilla/5.0 (Android 9; vivo; vivo; V1816A) feiyu/5.2.11"
42.49.27.71 - - [10/Jan/2023:12:08:23 +0800] "GET /v2/gallery/images/d1919dfb-b956-43ba-88fc-123734b72f19?width=1080 HTTP/2.0" 200 523 "-" "Mozilla/5.0 (Android 9; vivo; vivo; V1816A) feiyu/5.2.11"
124.64.122.191 - - [10/Jan/2023:12:08:24 +0800] "OPTIONS /v2/crm/posts/5e15ed4a-7b8f-43cb-bc55-12ab266f5a9b/edit HTTP/2.0" 200 - "https://crm.fygtapp.com/" "Mozilla/5.0 (Macintosh; Intel Mac OS X 10_15_7) AppleWebKit/537.36 (KHTML, like Gecko) Chrome/108.0.0.0 Safari/537.36"
124.64.122.191 - - [10/Jan/2023:12:08:24 +0800] "PUT /v2/crm/posts/5e15ed4a-7b8f-43cb-bc55-12ab266f5a9b/edit HTTP/2.0" 200 2410 "https://crm.fygtapp.com/" "Mozilla/5.0 (Macintosh; Intel Mac OS X 10_15_7) AppleWebKit/537.36 (KHTML, like Gecko) Chrome/108.0.0.0 Safari/537.36"
124.64.122.191 - - [10/Jan/2023:12:08:27 +0800] "PUT /v2/crm/posts/5e15ed4a-7b8f-43cb-bc55-12ab266f5a9b/edit HTTP/2.0" 200 1782 "https://crm.fygtapp.com/" "Mozilla/5.0 (Macintosh; Intel Mac OS X 10_15_7) AppleWebKit/537.36 (KHTML, like Gecko) Chrome/108.0.0.0 Safari/537.36"
112.32.59.9 - - [10/Jan/2023:12:08:28 +0800] "GET /v2/gallery/images/02bf37a3-7e33-4b5b-851e-f70b38b87507?width=1080 HTTP/2.0" 200 461 "-" "Mozilla/5.0 (Android 10; HUAWEI; HUAWEI; LYA-AL00) feiyu/5.2.14"
124.64.122.191 - - [10/Jan/2023:12:08:28 +0800] "OPTIONS /v2/crm/posts/f89a8558-7c83-4b4a-8925-26cfb8fb6d3b/edit HTTP/2.0" 200 - "https://crm.fygtapp.com/" "Mozilla/5.0 (Macintosh; Intel Mac OS X 10_15_7) AppleWebKit/537.36 (KHTML, like Gecko) Chrome/108.0.0.0 Safari/537.36"
124.64.122.191 - - [10/Jan/2023:12:08:28 +0800] "PUT /v2/crm/posts/f89a8558-7c83-4b4a-8925-26cfb8fb6d3b/edit HTTP/2.0" 200 1689 "https://crm.fygtapp.com/" "Mozilla/5.0 (Macintosh; Intel Mac OS X 10_15_7) AppleWebKit/537.36 (KHTML, like Gecko) Chrome/108.0.0.0 Safari/537.36"
112.32.59.9 - - [10/Jan/2023:12:08:30 +0800] "POST /v2/app/upload HTTP/2.0" 200 349 "-" "Mozilla/5.0 (Android 10; HUAWEI; HUAWEI; LYA-AL00) feiyu/5.2.14"
112.32.59.9 - - [10/Jan/2023:12:08:30 +0800] "POST /v2/posts/uploadCompleteV2 HTTP/2.0" 200 1131 "-" "Mozilla/5.0 (Android 10; HUAWEI; HUAWEI; LYA-AL00) feiyu/5.2.14"
124.64.122.191 - - [10/Jan/2023:12:08:31 +0800] "OPTIONS /v2/crm/posts/b4223b7b-b549-4c89-962b-0ed8b0d89dae/edit HTTP/2.0" 200 - "https://crm.fygtapp.com/" "Mozilla/5.0 (Macintosh; Intel Mac OS X 10_15_7) AppleWebKit/537.36 (KHTML, like Gecko) Chrome/108.0.0.0 Safari/537.36"
124.64.122.191 - - [10/Jan/2023:12:08:31 +0800] "PUT /v2/crm/posts/b4223b7b-b549-4c89-962b-0ed8b0d89dae/edit HTTP/2.0" 200 1653 "https://crm.fygtapp.com/" "Mozilla/5.0 (Macintosh; Intel Mac OS X 10_15_7) AppleWebKit/537.36 (KHTML, like Gecko) Chrome/108.0.0.0 Safari/537.36"
120.207.232.174 - - [10/Jan/2023:12:08:31 +0800] "GET /v2/app/tiamat-info HTTP/2.0" 200 16 "-" "Mozilla/5.0 (Android 12; Xiaomi; Redmi; M2012K11AC) feiyu/5.2.14"
120.207.232.174 - - [10/Jan/2023:12:08:31 +0800] "GET /v2/app/ab-test-status HTTP/2.0" 200 16 "-" "Mozilla/5.0 (Android 12; Xiaomi; Redmi; M2012K11AC) feiyu/5.2.14"
120.207.232.174 - - [10/Jan/2023:12:08:31 +0800] "GET /v2/app/upgrade?version_code=65&platform=Android HTTP/2.0" 200 4 "-" "Mozilla/5.0 (Android 12; Xiaomi; Redmi; M2012K11AC) feiyu/5.2.14"
124.64.122.191 - - [10/Jan/2023:12:08:31 +0800] "OPTIONS /v2/crm/posts/3dbd4d4b-dccc-4c78-b78e-3a2cbfe88a7f/edit HTTP/2.0" 200 - "https://crm.fygtapp.com/" "Mozilla/5.0 (Macintosh; Intel Mac OS X 10_15_7) AppleWebKit/537.36 (KHTML, like Gecko) Chrome/108.0.0.0 Safari/537.36"
124.64.122.191 - - [10/Jan/2023:12:08:31 +0800] "PUT /v2/crm/posts/3dbd4d4b-dccc-4c78-b78e-3a2cbfe88a7f/edit HTTP/2.0" 200 1724 "https://crm.fygtapp.com/" "Mozilla/5.0 (Macintosh; Intel Mac OS X 10_15_7) AppleWebKit/537.36 (KHTML, like Gecko) Chrome/108.0.0.0 Safari/537.36"
112.32.59.9 - - [10/Jan/2023:12:08:32 +0800] "GET /v2/messages/unreadCount?timestamp=1970-01-01%2000%3A00%3A00 HTTP/2.0" 200 26 "-" "Mozilla/5.0 (Android 10; HUAWEI; HUAWEI; LYA-AL00) feiyu/5.2.14"
124.64.122.191 - - [10/Jan/2023:12:08:32 +0800] "OPTIONS /v2/crm/posts/query?sorting=createdAt&desc=true×tamp=2023-01-09+23%3A20%3A32.000&size=20&show_deleted=false&show_private=false HTTP/2.0" 200 - "https://crm.fygtapp.com/" "Mozilla/5.0 (Macintosh; Intel Mac OS X 10_15_7) AppleWebKit/537.36 (KHTML, like Gecko) Chrome/108.0.0.0 Safari/537.36"
112.32.59.9 - - [10/Jan/2023:12:08:32 +0800] "GET /v2/users/196f353e-94bd-46be-a1e1-6b3b90100540/settings HTTP/2.0" 200 313 "-" "Mozilla/5.0 (Android 10; HUAWEI; HUAWEI; LYA-AL00) feiyu/5.2.14"
112.32.59.9 - - [10/Jan/2023:12:08:32 +0800] "GET /v2/explore/searchHint HTTP/2.0" 200 23 "-" "Mozilla/5.0 (Android 10; HUAWEI; HUAWEI; LYA-AL00) feiyu/5.2.14"
112.32.59.9 - - [10/Jan/2023:12:08:32 +0800] "GET /v2/campaigns/newest HTTP/2.0" 200 443 "-" "Mozilla/5.0 (Android 10; HUAWEI; HUAWEI; LYA-AL00) feiyu/5.2.14"
124.64.122.191 - - [10/Jan/2023:12:08:33 +0800] "OPTIONS /v2/crm/posts/ad1de0b3-1e18-4d17-bda6-b114d8a4648a/edit HTTP/2.0" 200 - "https://crm.fygtapp.com/" "Mozilla/5.0 (Macintosh; Intel Mac OS X 10_15_7) AppleWebKit/537.36 (KHTML, like Gecko) Chrome/108.0.0.0 Safari/537.36"
124.64.122.191 - - [10/Jan/2023:12:08:33 +0800] "PUT /v2/crm/posts/ad1de0b3-1e18-4d17-bda6-b114d8a4648a/edit HTTP/2.0" 200 1535 "https://crm.fygtapp.com/" "Mozilla/5.0 (Macintosh; Intel Mac OS X 10_15_7) AppleWebKit/537.36 (KHTML, like Gecko) Chrome/108.0.0.0 Safari/537.36"
124.64.122.191 - - [10/Jan/2023:12:08:32 +0800] "GET /v2/crm/posts/query?sorting=createdAt&desc=true×tamp=2023-01-09+23%3A20%3A32.000&size=20&show_deleted=false&show_private=false HTTP/2.0" 200 36901 "https://crm.fygtapp.com/" "Mozilla/5.0 (Macintosh; Intel Mac OS X 10_15_7) AppleWebKit/537.36 (KHTML, like Gecko) Chrome/108.0.0.0 Safari/537.36"
120.207.232.174 - - [10/Jan/2023:12:08:38 +0800] "POST /v2/users/oauth HTTP/2.0" 200 929 "-" "Mozilla/5.0 (Android 12; Xiaomi; Redmi; M2012K11AC) feiyu/5.2.14"
120.207.232.174 - - [10/Jan/2023:12:08:39 +0800] "GET /v2/users/0e92141d-4e7f-4ff7-a882-c36bf4190dd3/settings HTTP/2.0" 200 313 "-" "Mozilla/5.0 (Android 12; Xiaomi; Redmi; M2012K11AC) feiyu/5.2.14"
120.207.232.174 - - [10/Jan/2023:12:08:40 +0800] "GET /v2/lab-projects HTTP/2.0" 200 24875 "-" "Mozilla/5.0 (Android 12; Xiaomi; Redmi; M2012K11AC) feiyu/5.2.14"
120.207.232.174 - - [10/Jan/2023:12:08:40 +0800] "GET /v2/app/upgrade?version_code=65&platform=Android HTTP/2.0" 200 4 "-" "Mozilla/5.0 (Android 12; Xiaomi; Redmi; M2012K11AC) feiyu/5.2.14"
120.207.232.174 - - [10/Jan/2023:12:08:40 +0800] "GET /v2/app/randomHomeBackgroundImageV2 HTTP/2.0" 200 289 "-" "Mozilla/5.0 (Android 12; Xiaomi; Redmi; M2012K11AC) feiyu/5.2.14"
120.207.232.174 - - [10/Jan/2023:12:08:40 +0800] "GET /v2/campaigns/newest HTTP/2.0" 200 445 "-" "Mozilla/5.0 (Android 12; Xiaomi; Redmi; M2012K11AC) feiyu/5.2.14"
120.207.232.174 - - [10/Jan/2023:12:08:40 +0800] "GET /v2/messages/unreadCount?timestamp=1970-01-01%2000%3A00%3A00 HTTP/2.0" 200 26 "-" "Mozilla/5.0 (Android 12; Xiaomi; Redmi; M2012K11AC) feiyu/5.2.14"
120.207.232.174 - - [10/Jan/2023:12:08:40 +0800] "GET /v2/campaigns/newest HTTP/2.0" 200 445 "-" "Mozilla/5.0 (Android 12; Xiaomi; Redmi; M2012K11AC) feiyu/5.2.14"
120.207.232.174 - - [10/Jan/2023:12:08:40 +0800] "GET /v2/users/0e92141d-4e7f-4ff7-a882-c36bf4190dd3/settings HTTP/2.0" 200 313 "-" "Mozilla/5.0 (Android 12; Xiaomi; Redmi; M2012K11AC) feiyu/5.2.14"
112.32.59.9 - - [10/Jan/2023:12:08:41 +0800] "GET /v2/gallery/randomImagesV2?size=50&width=540&category_safe_id=d1569b14-497d-474c-8c41-732c10584cb4&content= HTTP/2.0" 200 23244 "-" "Mozilla/5.0 (Android 10; HUAWEI; HUAWEI; LYA-AL00) feiyu/5.2.14"
42.49.27.71 - - [10/Jan/2023:12:08:43 +0800] "GET /v2/gallery/images/query?key=%E6%98%9F%E6%9C%9F%E4%BA%94&page=1&size=20&show_favorite_status=true HTTP/2.0" 200 9633 "-" "Mozilla/5.0 (Android 9; vivo; vivo; V1816A) feiyu/5.2.11"
60.180.5.101 - - [10/Jan/2023:12:08:45 +0800] "GET /v2/app/tiamat-info HTTP/2.0" 200 16 "-" "Mozilla/5.0 (Android 10; HONOR; HONOR; AGM3-W09HN) feiyu/5.2.14"
60.180.5.101 - - [10/Jan/2023:12:08:45 +0800] "GET /v2/app/ab-test-status HTTP/2.0" 200 16 "-" "Mozilla/5.0 (Android 10; HONOR; HONOR; AGM3-W09HN) feiyu/5.2.14"
60.180.5.101 - - [10/Jan/2023:12:08:45 +0800] "GET /v2/app/upgrade?version_code=65&platform=Android HTTP/2.0" 200 4 "-" "Mozilla/5.0 (Android 10; HONOR; HONOR; AGM3-W09HN) feiyu/5.2.14"
60.180.5.101 - - [10/Jan/2023:12:08:47 +0800] "GET /v2/lab-projects HTTP/2.0" 200 24909 "-" "Mozilla/5.0 (Android 10; HONOR; HONOR; AGM3-W09HN) feiyu/5.2.14"
60.180.5.101 - - [10/Jan/2023:12:08:47 +0800] "GET /v2/app/upgrade?version_code=65&platform=Android HTTP/2.0" 200 4 "-" "Mozilla/5.0 (Android 10; HONOR; HONOR; AGM3-W09HN) feiyu/5.2.14"
60.180.5.101 - - [10/Jan/2023:12:08:47 +0800] "GET /v2/campaigns/newest HTTP/2.0" 200 447 "-" "Mozilla/5.0 (Android 10; HONOR; HONOR; AGM3-W09HN) feiyu/5.2.14"
60.180.5.101 - - [10/Jan/2023:12:08:48 +0800] "GET /v2/posts/followees-v5?type=0&size=20&image_width=1200&background_width=399 HTTP/2.0" 200 2 "-" "Mozilla/5.0 (Android 10; HONOR; HONOR; AGM3-W09HN) feiyu/5.2.14"
60.180.5.101 - - [10/Jan/2023:12:08:48 +0800] "GET /v2/content-series/explore HTTP/2.0" 200 68464 "-" "Mozilla/5.0 (Android 10; HONOR; HONOR; AGM3-W09HN) feiyu/5.2.14"
60.180.5.101 - - [10/Jan/2023:12:08:48 +0800] "GET /v2/explore/searchHint HTTP/2.0" 200 23 "-" "Mozilla/5.0 (Android 10; HONOR; HONOR; AGM3-W09HN) feiyu/5.2.14"
60.180.5.101 - - [10/Jan/2023:12:08:48 +0800] "GET /v2/posts/followees-v5?type=0&size=20&image_width=1200&background_width=399 HTTP/2.0" 200 2 "-" "Mozilla/5.0 (Android 10; HONOR; HONOR; AGM3-W09HN) feiyu/5.2.14"
60.180.5.101 - - [10/Jan/2023:12:08:48 +0800] "GET /v2/explore/banner?scene=2 HTTP/2.0" 200 441 "-" "Mozilla/5.0 (Android 10; HONOR; HONOR; AGM3-W09HN) feiyu/5.2.14"
60.180.5.101 - - [10/Jan/2023:12:08:49 +0800] "GET /v2/posts/followees-v5?type=0&size=20&image_width=1200&background_width=399 HTTP/2.0" 200 2 "-" "Mozilla/5.0 (Android 10; HONOR; HONOR; AGM3-W09HN) feiyu/5.2.14"
60.180.5.101 - - [10/Jan/2023:12:08:49 +0800] "GET /v2/explore/banner?scene=1 HTTP/2.0" 200 2320 "-" "Mozilla/5.0 (Android 10; HONOR; HONOR; AGM3-W09HN) feiyu/5.2.14"
42.49.27.71 - - [10/Jan/2023:12:08:50 +0800] "GET /v2/messages/unreadCount?timestamp=2022-12-18%2011%3A16%3A20 HTTP/2.0" 200 26 "-" "Mozilla/5.0 (Android 9; vivo; vivo; V1816A) feiyu/5.2.11"
42.49.27.71 - - [10/Jan/2023:12:08:50 +0800] "GET /v2/campaigns/newest HTTP/2.0" 200 445 "-" "Mozilla/5.0 (Android 9; vivo; vivo; V1816A) feiyu/5.2.11"
42.49.27.71 - - [10/Jan/2023:12:08:50 +0800] "GET /v2/users/57321e70-6b2b-4cf8-b28f-f88e17fbda41/settings HTTP/2.0" 200 310 "-" "Mozilla/5.0 (Android 9; vivo; vivo; V1816A) feiyu/5.2.11"
124.64.122.191 - - [10/Jan/2023:12:08:51 +0800] "OPTIONS /v2/crm/posts/5898d2ac-c3e7-4528-a5ae-d0226d126f3b/edit HTTP/2.0" 200 - "https://crm.fygtapp.com/" "Mozilla/5.0 (Macintosh; Intel Mac OS X 10_15_7) AppleWebKit/537.36 (KHTML, like Gecko) Chrome/108.0.0.0 Safari/537.36"
124.64.122.191 - - [10/Jan/2023:12:08:51 +0800] "PUT /v2/crm/posts/5898d2ac-c3e7-4528-a5ae-d0226d126f3b/edit HTTP/2.0" 200 4336 "https://crm.fygtapp.com/" "Mozilla/5.0 (Macintosh; Intel Mac OS X 10_15_7) AppleWebKit/537.36 (KHTML, like Gecko) Chrome/108.0.0.0 Safari/537.36"
124.64.122.191 - - [10/Jan/2023:12:08:52 +0800] "OPTIONS /v2/crm/posts/findByContent HTTP/2.0" 200 - "https://crm.fygtapp.com/" "Mozilla/5.0 (Macintosh; Intel Mac OS X 10_15_7) AppleWebKit/537.36 (KHTML, like Gecko) Chrome/108.0.0.0 Safari/537.36"
171.10.64.165 - - [10/Jan/2023:12:08:52 +0800] "GET /v2/posts/recommended?timestamp=2023-01-10%2000%3A44%3A11&size=20&image_width=1080&background_width=359 HTTP/2.0" 200 74259 "-" "Mozilla/5.0 (Android 12; Xiaomi; Xiaomi; Mi 10 Pro) feiyu/5.2.12"
60.180.5.101 - - [10/Jan/2023:12:08:49 +0800] "GET /v2/posts/trending-v2?page=1&size=20&image_width=1200&background_width=399 HTTP/2.0" 200 85432 "-" "Mozilla/5.0 (Android 10; HONOR; HONOR; AGM3-W09HN) feiyu/5.2.14"
60.180.5.101 - - [10/Jan/2023:12:08:54 +0800] "GET /v2/gallery/categoriesV4 HTTP/2.0" 200 12620 "-" "Mozilla/5.0 (Android 10; HONOR; HONOR; AGM3-W09HN) feiyu/5.2.14"
60.180.5.101 - - [10/Jan/2023:12:08:54 +0800] "GET /v2/gallery/categories/1ab7a131-0b87-4435-a849-7b1aeaee0167/imagesV3?page=1&size=20&width=400 HTTP/2.0" 200 9463 "-" "Mozilla/5.0 (Android 10; HONOR; HONOR; AGM3-W09HN) feiyu/5.2.14"
124.64.122.191 - - [10/Jan/2023:12:08:52 +0800] "POST /v2/crm/posts/findByContent HTTP/2.0" 200 2 "https://crm.fygtapp.com/" "Mozilla/5.0 (Macintosh; Intel Mac OS X 10_15_7) AppleWebKit/537.36 (KHTML, like Gecko) Chrome/108.0.0.0 Safari/537.36"
124.64.122.191 - - [10/Jan/2023:12:08:54 +0800] "PUT /v2/crm/posts/5898d2ac-c3e7-4528-a5ae-d0226d126f3b/edit HTTP/2.0" 200 4332 "https://crm.fygtapp.com/" "Mozilla/5.0 (Macintosh; Intel Mac OS X 10_15_7) AppleWebKit/537.36 (KHTML, like Gecko) Chrome/108.0.0.0 Safari/537.36"
124.64.122.191 - - [10/Jan/2023:12:08:54 +0800] "PUT /v2/crm/posts/5898d2ac-c3e7-4528-a5ae-d0226d126f3b/edit HTTP/2.0" 200 4332 "https://crm.fygtapp.com/" "Mozilla/5.0 (Macintosh; Intel Mac OS X 10_15_7) AppleWebKit/537.36 (KHTML, like Gecko) Chrome/108.0.0.0 Safari/537.36"
60.180.5.101 - - [10/Jan/2023:12:08:55 +0800] "GET /v2/gallery/categories/1ab7a131-0b87-4435-a849-7b1aeaee0167/imagesV3?page=2&size=20&width=400 HTTP/2.0" 200 9476 "-" "Mozilla/5.0 (Android 10; HONOR; HONOR; AGM3-W09HN) feiyu/5.2.14"
124.64.122.191 - - [10/Jan/2023:12:08:56 +0800] "OPTIONS /v2/crm/posts/ba4601d9-3c5f-4e3c-966a-5e52bafa8a1f/edit HTTP/2.0" 200 - "https://crm.fygtapp.com/" "Mozilla/5.0 (Macintosh; Intel Mac OS X 10_15_7) AppleWebKit/537.36 (KHTML, like Gecko) Chrome/108.0.0.0 Safari/537.36"
124.64.122.191 - - [10/Jan/2023:12:08:56 +0800] "PUT /v2/crm/posts/ba4601d9-3c5f-4e3c-966a-5e52bafa8a1f/edit HTTP/2.0" 200 1315 "https://crm.fygtapp.com/" "Mozilla/5.0 (Macintosh; Intel Mac OS X 10_15_7) AppleWebKit/537.36 (KHTML, like Gecko) Chrome/108.0.0.0 Safari/537.36"
124.64.122.191 - - [10/Jan/2023:12:08:57 +0800] "OPTIONS /v2/crm/posts/1760e52f-bc18-41f2-a74f-41f0315d4f74/edit HTTP/2.0" 200 - "https://crm.fygtapp.com/" "Mozilla/5.0 (Macintosh; Intel Mac OS X 10_15_7) AppleWebKit/537.36 (KHTML, like Gecko) Chrome/108.0.0.0 Safari/537.36"
124.64.122.191 - - [10/Jan/2023:12:08:57 +0800] "PUT /v2/crm/posts/1760e52f-bc18-41f2-a74f-41f0315d4f74/edit HTTP/2.0" 200 1760 "https://crm.fygtapp.com/" "Mozilla/5.0 (Macintosh; Intel Mac OS X 10_15_7) AppleWebKit/537.36 (KHTML, like Gecko) Chrome/108.0.0.0 Safari/537.36"
124.64.122.191 - - [10/Jan/2023:12:08:58 +0800] "OPTIONS /v2/crm/posts/be50a4c3-fb94-4627-aeb6-bee0f35c5ecc/edit HTTP/2.0" 200 - "https://crm.fygtapp.com/" "Mozilla/5.0 (Macintosh; Intel Mac OS X 10_15_7) AppleWebKit/537.36 (KHTML, like Gecko) Chrome/108.0.0.0 Safari/537.36"
124.64.122.191 - - [10/Jan/2023:12:08:58 +0800] "PUT /v2/crm/posts/be50a4c3-fb94-4627-aeb6-bee0f35c5ecc/edit HTTP/2.0" 200 2320 "https://crm.fygtapp.com/" "Mozilla/5.0 (Macintosh; Intel Mac OS X 10_15_7) AppleWebKit/537.36 (KHTML, like Gecko) Chrome/108.0.0.0 Safari/537.36"
124.64.122.191 - - [10/Jan/2023:12:08:59 +0800] "OPTIONS /v2/crm/posts/9598bb2a-0dab-431d-8827-515d8c9c338b/edit HTTP/2.0" 200 - "https://crm.fygtapp.com/" "Mozilla/5.0 (Macintosh; Intel Mac OS X 10_15_7) AppleWebKit/537.36 (KHTML, like Gecko) Chrome/108.0.0.0 Safari/537.36"
124.64.122.191 - - [10/Jan/2023:12:08:59 +0800] "PUT /v2/crm/posts/9598bb2a-0dab-431d-8827-515d8c9c338b/edit HTTP/2.0" 200 1681 "https://crm.fygtapp.com/" "Mozilla/5.0 (Macintosh; Intel Mac OS X 10_15_7) AppleWebKit/537.36 (KHTML, like Gecko) Chrome/108.0.0.0 Safari/537.36"
60.180.5.101 - - [10/Jan/2023:12:09:00 +0800] "GET /v2/explore/searchHint HTTP/2.0" 200 23 "-" "Mozilla/5.0 (Android 10; HONOR; HONOR; AGM3-W09HN) feiyu/5.2.14"
60.180.5.101 - - [10/Jan/2023:12:09:00 +0800] "GET /v2/campaigns/newest HTTP/2.0" 200 445 "-" "Mozilla/5.0 (Android 10; HONOR; HONOR; AGM3-W09HN) feiyu/5.2.14"
124.64.122.191 - - [10/Jan/2023:12:09:01 +0800] "OPTIONS /v2/crm/posts/2a6204a9-78c9-41b4-b3cc-33e973ef1e44/edit HTTP/2.0" 200 - "https://crm.fygtapp.com/" "Mozilla/5.0 (Macintosh; Intel Mac OS X 10_15_7) AppleWebKit/537.36 (KHTML, like Gecko) Chrome/108.0.0.0 Safari/537.36"
124.64.122.191 - - [10/Jan/2023:12:09:01 +0800] "PUT /v2/crm/posts/2a6204a9-78c9-41b4-b3cc-33e973ef1e44/edit HTTP/2.0" 200 1321 "https://crm.fygtapp.com/" "Mozilla/5.0 (Macintosh; Intel Mac OS X 10_15_7) AppleWebKit/537.36 (KHTML, like Gecko) Chrome/108.0.0.0 Safari/537.36"
124.64.122.191 - - [10/Jan/2023:12:09:01 +0800] "OPTIONS /v2/crm/posts/58a16523-1d58-4a97-88d9-2468641a690d/edit HTTP/2.0" 200 - "https://crm.fygtapp.com/" "Mozilla/5.0 (Macintosh; Intel Mac OS X 10_15_7) AppleWebKit/537.36 (KHTML, like Gecko) Chrome/108.0.0.0 Safari/537.36"
124.64.122.191 - - [10/Jan/2023:12:09:01 +0800] "PUT /v2/crm/posts/58a16523-1d58-4a97-88d9-2468641a690d/edit HTTP/2.0" 200 1786 "https://crm.fygtapp.com/" "Mozilla/5.0 (Macintosh; Intel Mac OS X 10_15_7) AppleWebKit/537.36 (KHTML, like Gecko) Chrome/108.0.0.0 Safari/537.36"
120.207.232.174 - - [10/Jan/2023:12:09:02 +0800] "GET /v2/messages/unreadCount?timestamp=1970-01-01%2000%3A00%3A00 HTTP/2.0" 200 26 "-" "Mozilla/5.0 (Android 12; Xiaomi; Redmi; M2012K11AC) feiyu/5.2.14"
120.207.232.174 - - [10/Jan/2023:12:09:02 +0800] "GET /v2/campaigns/newest HTTP/2.0" 200 449 "-" "Mozilla/5.0 (Android 12; Xiaomi; Redmi; M2012K11AC) feiyu/5.2.14"
120.207.232.174 - - [10/Jan/2023:12:09:02 +0800] "GET /v2/users/0e92141d-4e7f-4ff7-a882-c36bf4190dd3/settings HTTP/2.0" 200 313 "-" "Mozilla/5.0 (Android 12; Xiaomi; Redmi; M2012K11AC) feiyu/5.2.14"
124.64.122.191 - - [10/Jan/2023:12:09:03 +0800] "OPTIONS /v2/crm/posts/1475f01b-d8b4-4f31-afcc-08c6848aecb2/edit HTTP/2.0" 200 - "https://crm.fygtapp.com/" "Mozilla/5.0 (Macintosh; Intel Mac OS X 10_15_7) AppleWebKit/537.36 (KHTML, like Gecko) Chrome/108.0.0.0 Safari/537.36"
124.64.122.191 - - [10/Jan/2023:12:09:03 +0800] "PUT /v2/crm/posts/1475f01b-d8b4-4f31-afcc-08c6848aecb2/edit HTTP/2.0" 200 1318 "https://crm.fygtapp.com/" "Mozilla/5.0 (Macintosh; Intel Mac OS X 10_15_7) AppleWebKit/537.36 (KHTML, like Gecko) Chrome/108.0.0.0 Safari/537.36"
124.64.122.191 - - [10/Jan/2023:12:09:04 +0800] "OPTIONS /v2/crm/posts/f03ecb2e-bd11-4452-9a4e-3509d98abd37/edit HTTP/2.0" 200 - "https://crm.fygtapp.com/" "Mozilla/5.0 (Macintosh; Intel Mac OS X 10_15_7) AppleWebKit/537.36 (KHTML, like Gecko) Chrome/108.0.0.0 Safari/537.36"
124.64.122.191 - - [10/Jan/2023:12:09:04 +0800] "PUT /v2/crm/posts/f03ecb2e-bd11-4452-9a4e-3509d98abd37/edit HTTP/2.0" 200 1301 "https://crm.fygtapp.com/" "Mozilla/5.0 (Macintosh; Intel Mac OS X 10_15_7) AppleWebKit/537.36 (KHTML, like Gecko) Chrome/108.0.0.0 Safari/537.36"
120.207.232.174 - - [10/Jan/2023:12:09:05 +0800] "GET /v2/gallery/randomImagesV2?size=50&width=540&category_safe_id=d1569b14-497d-474c-8c41-732c10584cb4&content=6%E3%80%81%E6%9C%89%E5%8F%91%E7%83%AD%E3%80%81%E5%B9%B2%E5%92%B3%E3%80%81%E4%B9%8F%E5%8A%9B%E3%80%81%E5%92%BD%E7%97%9B%E7%AD%89%E7%97%87%E7%8A%B6%E7%9A%84%E5%B8%88%E7%94%9F%EF%BC%8C%E4%B8%8D%E5%BE%97%E5%B8%A6%E7%97%85%E5%88%B0%E6%A0%A1%E5%B7%A5%E4%BD%9C%E5%92%8C%E5%AD%A6%E4%B9%A0%E3%80%82%0A7%E3%80%81%E4%B8%AD%E5%B0%8F%E5%AD%A6%E6%A0%A1%E5%92%8C%E5%B9%BC%E5%84%BF%E5%9B%AD%E8%90%BD%E5%AE%9E%E6%99%A8%E5%8D%88%E6%A3%80%E7%AD%89%E5%88%B6%E5%BA%A6%EF%BC%8C%E6%8F%90%E9%AB%98%E7%96%BE%E7%97%85%E7%9B%91%E6%B5%8B%E9%A2%84%E8%AD%A6%E3%80%82%0A8%E3%80%81%E6%B2%A1%E6%9C%89%E7%96%AB%E6%83%85%E7%9A%84%E5%AD%A6%E6%A0%A1%E5%BC%80%E5%B1%95%E6%AD%A3%E5%B8%B8%E7%9A%84%E7%BA%BF%E4%B8%8B%E6%95%99%E5%AD%A6%E6%B4%BB%E5%8A%A8%E3%80%82%0A9%E3%80%81%E7%96%AB%E6%83%85%E6%B5%81%E8%A1%8C%E6%9C%9F%E9%97%B4%EF%BC%8C%E4%B8%AD%E5%B0%8F%E5%AD%A6%E6%A0%A1%E5%92%8C%E5%B9%BC%E5%84%BF%E5%9B%AD%E9%87%87%E5%8F%96%E4%B8%A5%E6%A0%BC%E7%9A%84%E5%B0%81%E9%97%AD%E7%AE%A1%E7%90%86%EF%BC%8C%E9%AB%98%E7%AD%89%E5%AD%A6%E6%A0%A1%E5%8F%AF%E5%AE%9E%E6%96%BD%E5%88%86%E5%8C%BA%E7%AE%A1%E7%90%86%E3%80%82%0A10%E3%80%81%E4%B8%AD%E5%B0%8F%E5%AD%A6%E6%A0%A1%E4%BB%A5%E7%8F%AD%E7%BA%A7%E4%B8%BA%E5%8D%95%E4%BD%8D%EF%BC%8C%E5%87%BA%E7%8E%B0%E6%84%9F%E6%9F%93%E8%80%85%E5%90%8E%EF%BC%8C%E7%94%B1%E7%9B%B8%E5%85%B3%E9%83%A8 HTTP/2.0" 200 23121 "-" "Mozilla/5.0 (Android 12; Xiaomi; Redmi; M2012K11AC) feiyu/5.2.14"
124.64.122.191 - - [10/Jan/2023:12:09:08 +0800] "OPTIONS /v2/crm/posts/findByContent HTTP/2.0" 200 - "https://crm.fygtapp.com/" "Mozilla/5.0 (Macintosh; Intel Mac OS X 10_15_7) AppleWebKit/537.36 (KHTML, like Gecko) Chrome/108.0.0.0 Safari/537.36"
124.64.122.191 - - [10/Jan/2023:12:09:08 +0800] "POST /v2/crm/posts/findByContent HTTP/2.0" 200 2 "https://crm.fygtapp.com/" "Mozilla/5.0 (Macintosh; Intel Mac OS X 10_15_7) AppleWebKit/537.36 (KHTML, like Gecko) Chrome/108.0.0.0 Safari/537.36"
124.64.122.191 - - [10/Jan/2023:12:09:10 +0800] "OPTIONS /v2/crm/posts/8edf2cf3-b2f2-4ad4-bb59-e9c200445f81/edit HTTP/2.0" 200 - "https://crm.fygtapp.com/" "Mozilla/5.0 (Macintosh; Intel Mac OS X 10_15_7) AppleWebKit/537.36 (KHTML, like Gecko) Chrome/108.0.0.0 Safari/537.36"
124.64.122.191 - - [10/Jan/2023:12:09:10 +0800] "PUT /v2/crm/posts/8edf2cf3-b2f2-4ad4-bb59-e9c200445f81/edit HTTP/2.0" 200 3786 "https://crm.fygtapp.com/" "Mozilla/5.0 (Macintosh; Intel Mac OS X 10_15_7) AppleWebKit/537.36 (KHTML, like Gecko) Chrome/108.0.0.0 Safari/537.36"
124.64.122.191 - - [10/Jan/2023:12:09:11 +0800] "PUT /v2/crm/posts/8edf2cf3-b2f2-4ad4-bb59-e9c200445f81/edit HTTP/2.0" 200 3798 "https://crm.fygtapp.com/" "Mozilla/5.0 (Macintosh; Intel Mac OS X 10_15_7) AppleWebKit/537.36 (KHTML, like Gecko) Chrome/108.0.0.0 Safari/537.36"
113.73.228.31 - - [10/Jan/2023:12:09:11 +0800] "GET /v2/messages/unreadCount?timestamp=1970-01-01%2000%3A00%3A01 HTTP/2.0" 200 26 "-" "Mozilla/5.0 (iOS 16.2; Apple; Apple; iPhone13,2) feiyu/5.2.14"
113.73.228.31 - - [10/Jan/2023:12:09:11 +0800] "GET /v2/messages/unreadCount?timestamp=1970-01-01%2000%3A00%3A01 HTTP/2.0" 200 26 "-" "Mozilla/5.0 (iOS 16.2; Apple; Apple; iPhone13,2) feiyu/5.2.14"
113.73.228.31 - - [10/Jan/2023:12:09:11 +0800] "GET /v2/lab-projects HTTP/2.0" 200 24905 "-" "Mozilla/5.0 (iOS 16.2; Apple; Apple; iPhone13,2) feiyu/5.2.14"
124.64.122.191 - - [10/Jan/2023:12:09:12 +0800] "OPTIONS /v2/crm/posts/80e78e7e-2936-4738-ae50-a366e951d0ec/edit HTTP/2.0" 200 - "https://crm.fygtapp.com/" "Mozilla/5.0 (Macintosh; Intel Mac OS X 10_15_7) AppleWebKit/537.36 (KHTML, like Gecko) Chrome/108.0.0.0 Safari/537.36"
124.64.122.191 - - [10/Jan/2023:12:09:12 +0800] "PUT /v2/crm/posts/80e78e7e-2936-4738-ae50-a366e951d0ec/edit HTTP/2.0" 200 1536 "https://crm.fygtapp.com/" "Mozilla/5.0 (Macintosh; Intel Mac OS X 10_15_7) AppleWebKit/537.36 (KHTML, like Gecko) Chrome/108.0.0.0 Safari/537.36"
124.64.122.191 - - [10/Jan/2023:12:09:13 +0800] "OPTIONS /v2/crm/posts/51fa6c42-1a47-4c89-9e1e-a172ccf1775a/edit HTTP/2.0" 200 - "https://crm.fygtapp.com/" "Mozilla/5.0 (Macintosh; Intel Mac OS X 10_15_7) AppleWebKit/537.36 (KHTML, like Gecko) Chrome/108.0.0.0 Safari/537.36"
124.64.122.191 - - [10/Jan/2023:12:09:13 +0800] "PUT /v2/crm/posts/51fa6c42-1a47-4c89-9e1e-a172ccf1775a/edit HTTP/2.0" 200 1801 "https://crm.fygtapp.com/" "Mozilla/5.0 (Macintosh; Intel Mac OS X 10_15_7) AppleWebKit/537.36 (KHTML, like Gecko) Chrome/108.0.0.0 Safari/537.36"
124.64.122.191 - - [10/Jan/2023:12:09:14 +0800] "OPTIONS /v2/crm/posts/778955f3-f875-47c1-8ee4-d406e8c10dce/edit HTTP/2.0" 200 - "https://crm.fygtapp.com/" "Mozilla/5.0 (Macintosh; Intel Mac OS X 10_15_7) AppleWebKit/537.36 (KHTML, like Gecko) Chrome/108.0.0.0 Safari/537.36"
124.64.122.191 - - [10/Jan/2023:12:09:14 +0800] "PUT /v2/crm/posts/778955f3-f875-47c1-8ee4-d406e8c10dce/edit HTTP/2.0" 200 1537 "https://crm.fygtapp.com/" "Mozilla/5.0 (Macintosh; Intel Mac OS X 10_15_7) AppleWebKit/537.36 (KHTML, like Gecko) Chrome/108.0.0.0 Safari/537.36"
113.73.228.31 - - [10/Jan/2023:12:09:14 +0800] "GET /v2/posts/followeesV4?background_width=1170&image_width=1170&type=0 HTTP/2.0" 200 87335 "-" "Mozilla/5.0 (iOS 16.2; Apple; Apple; iPhone13,2) feiyu/5.2.14"
113.73.228.31 - - [10/Jan/2023:12:09:14 +0800] "GET /v2/explore/searchHint HTTP/2.0" 200 23 "-" "Mozilla/5.0 (iOS 16.2; Apple; Apple; iPhone13,2) feiyu/5.2.14"
113.73.228.31 - - [10/Jan/2023:12:09:14 +0800] "GET /v2/ads?scene=0 HTTP/2.0" 200 2 "-" "Mozilla/5.0 (iOS 16.2; Apple; Apple; iPhone13,2) feiyu/5.2.14"
113.73.228.31 - - [10/Jan/2023:12:09:14 +0800] "GET /v2/explore/banner?scene=1 HTTP/2.0" 200 2308 "-" "Mozilla/5.0 (iOS 16.2; Apple; Apple; iPhone13,2) feiyu/5.2.14"
113.73.228.31 - - [10/Jan/2023:12:09:14 +0800] "GET /v2/explore/banner?scene=2 HTTP/2.0" 200 441 "-" "Mozilla/5.0 (iOS 16.2; Apple; Apple; iPhone13,2) feiyu/5.2.14"
113.73.228.31 - - [10/Jan/2023:12:09:14 +0800] "GET /v2/posts/recommended/sticky?background_width=1170&image_width=1170 HTTP/2.0" 200 3848 "-" "Mozilla/5.0 (iOS 16.2; Apple; Apple; iPhone13,2) feiyu/5.2.14"
113.73.228.31 - - [10/Jan/2023:12:09:14 +0800] "GET /v2/content-series/explore HTTP/2.0" 200 68462 "-" "Mozilla/5.0 (iOS 16.2; Apple; Apple; iPhone13,2) feiyu/5.2.14"
113.73.228.31 - - [10/Jan/2023:12:09:14 +0800] "GET /v2/posts/recommended?background_width=1170&image_width=1170&size=20 HTTP/2.0" 200 61626 "-" "Mozilla/5.0 (iOS 16.2; Apple; Apple; iPhone13,2) feiyu/5.2.14"
113.73.228.31 - - [10/Jan/2023:12:09:16 +0800] "GET /v2/messages/unreadCount?timestamp=1970-01-01%2000%3A00%3A01 HTTP/2.0" 200 26 "-" "Mozilla/5.0 (iOS 16.2; Apple; Apple; iPhone13,2) feiyu/5.2.14"
113.73.228.31 - - [10/Jan/2023:12:09:16 +0800] "GET /v2/gallery/categoriesV4 HTTP/2.0" 200 13168 "-" "Mozilla/5.0 (iOS 16.2; Apple; Apple; iPhone13,2) feiyu/5.2.14"
113.73.228.31 - - [10/Jan/2023:12:09:17 +0800] "GET /v2/gallery/categories/1e3bd6cc-e816-4cec-a975-7d2c39b1a292/imagesV3?page=1&size=30&width=260 HTTP/2.0" 200 1955 "-" "Mozilla/5.0 (iOS 16.2; Apple; Apple; iPhone13,2) feiyu/5.2.14"
124.133.136.201 - - [10/Jan/2023:12:09:17 +0800] "GET /v2/campaigns/newest HTTP/2.0" 200 447 "-" "Mozilla/5.0 (Android 9; samsung; samsung; SM-G9550) feiyu/5.2.14"
124.133.136.201 - - [10/Jan/2023:12:09:17 +0800] "GET /v2/explore/searchHint HTTP/2.0" 200 23 "-" "Mozilla/5.0 (Android 9; samsung; samsung; SM-G9550) feiyu/5.2.14"
124.133.136.201 - - [10/Jan/2023:12:09:17 +0800] "GET /v2/messages/unreadCount?timestamp=1970-01-01%2000%3A00%3A00 HTTP/2.0" 200 26 "-" "Mozilla/5.0 (Android 9; samsung; samsung; SM-G9550) feiyu/5.2.14"
124.133.136.201 - - [10/Jan/2023:12:09:17 +0800] "GET /v2/users/d7d88fd1-5340-49d3-83e1-85a8752ff7ec/settings HTTP/2.0" 200 313 "-" "Mozilla/5.0 (Android 9; samsung; samsung; SM-G9550) feiyu/5.2.14"
113.73.228.31 - - [10/Jan/2023:12:09:20 +0800] "GET /v2/messages/unreadCount?timestamp=1970-01-01%2000%3A00%3A01 HTTP/2.0" 200 26 "-" "Mozilla/5.0 (iOS 16.2; Apple; Apple; iPhone13,2) feiyu/5.2.14"
