218.92.240.34 - - [10/Jan/2023:11:21:26 +0800] "GET /v2/gallery/categories/1ab7a131-0b87-4435-a849-7b1aeaee0167/imagesV3?page=3&size=20&width=360 HTTP/2.0" 200 9483 "-" "Mozilla/5.0 (Android 12; Xiaomi; Redmi; M2012K11AC) feiyu/5.2.12"
223.77.128.114 - - [10/Jan/2023:11:21:28 +0800] "GET /v2/messages/unreadCount?timestamp=2023-01-10%2003%3A18%3A48 HTTP/2.0" 200 26 "-" "Mozilla/5.0 (Android 7.1.2; vivo; vivo; vivo X9Plus) feiyu/5.2.14"
223.77.128.114 - - [10/Jan/2023:11:21:28 +0800] "GET /v2/campaigns/newest HTTP/2.0" 200 443 "-" "Mozilla/5.0 (Android 7.1.2; vivo; vivo; vivo X9Plus) feiyu/5.2.14"
223.77.128.114 - - [10/Jan/2023:11:21:28 +0800] "GET /v2/users/670eb3b1-a0f7-4013-b472-64236262fa5c/settings HTTP/2.0" 200 310 "-" "Mozilla/5.0 (Android 7.1.2; vivo; vivo; vivo X9Plus) feiyu/5.2.14"
223.77.128.114 - - [10/Jan/2023:11:21:28 +0800] "GET /v2/clock-ins/stats HTTP/2.0" 200 385 "-" "Mozilla/5.0 (Android 7.1.2; vivo; vivo; vivo X9Plus) feiyu/5.2.14"
223.77.128.114 - - [10/Jan/2023:11:21:28 +0800] "GET /v2/users/670eb3b1-a0f7-4013-b472-64236262fa5c HTTP/2.0" 200 426 "-" "Mozilla/5.0 (Android 7.1.2; vivo; vivo; vivo X9Plus) feiyu/5.2.14"
223.77.128.114 - - [10/Jan/2023:11:21:28 +0800] "GET /v2/near/canvas-war/accounts/670eb3b1-a0f7-4013-b472-64236262fa5c HTTP/2.0" 200 527 "-" "Mozilla/5.0 (Android 7.1.2; vivo; vivo; vivo X9Plus) feiyu/5.2.14"
223.77.128.114 - - [10/Jan/2023:11:21:32 +0800] "GET /v2/gallery/categories/1ab7a131-0b87-4435-a849-7b1aeaee0167/imagesV3?page=23&size=20&width=360 HTTP/2.0" 200 9502 "-" "Mozilla/5.0 (Android 7.1.2; vivo; vivo; vivo X9Plus) feiyu/5.2.14"
223.77.128.114 - - [10/Jan/2023:11:21:35 +0800] "GET /v2/gallery/categories/1ab7a131-0b87-4435-a849-7b1aeaee0167/imagesV3?page=24&size=20&width=360 HTTP/2.0" 200 9510 "-" "Mozilla/5.0 (Android 7.1.2; vivo; vivo; vivo X9Plus) feiyu/5.2.14"
223.77.128.114 - - [10/Jan/2023:11:21:38 +0800] "GET /v2/gallery/categories/1ab7a131-0b87-4435-a849-7b1aeaee0167/imagesV3?page=25&size=20&width=360 HTTP/2.0" 200 9528 "-" "Mozilla/5.0 (Android 7.1.2; vivo; vivo; vivo X9Plus) feiyu/5.2.14"
223.77.128.114 - - [10/Jan/2023:11:21:40 +0800] "GET /v2/gallery/categories/1ab7a131-0b87-4435-a849-7b1aeaee0167/imagesV3?page=26&size=20&width=360 HTTP/2.0" 200 9515 "-" "Mozilla/5.0 (Android 7.1.2; vivo; vivo; vivo X9Plus) feiyu/5.2.14"
223.77.128.114 - - [10/Jan/2023:11:21:43 +0800] "GET /v2/gallery/categories/1ab7a131-0b87-4435-a849-7b1aeaee0167/imagesV3?page=27&size=20&width=360 HTTP/2.0" 200 9537 "-" "Mozilla/5.0 (Android 7.1.2; vivo; vivo; vivo X9Plus) feiyu/5.2.14"
223.77.128.114 - - [10/Jan/2023:11:21:46 +0800] "GET /v2/gallery/categories/1ab7a131-0b87-4435-a849-7b1aeaee0167/imagesV3?page=28&size=20&width=360 HTTP/2.0" 200 9508 "-" "Mozilla/5.0 (Android 7.1.2; vivo; vivo; vivo X9Plus) feiyu/5.2.14"
223.77.128.114 - - [10/Jan/2023:11:21:49 +0800] "GET /v2/gallery/categories/1ab7a131-0b87-4435-a849-7b1aeaee0167/imagesV3?page=29&size=20&width=360 HTTP/2.0" 200 9533 "-" "Mozilla/5.0 (Android 7.1.2; vivo; vivo; vivo X9Plus) feiyu/5.2.14"
223.77.128.114 - - [10/Jan/2023:11:21:52 +0800] "GET /v2/gallery/categories/1ab7a131-0b87-4435-a849-7b1aeaee0167/imagesV3?page=30&size=20&width=360 HTTP/2.0" 200 9533 "-" "Mozilla/5.0 (Android 7.1.2; vivo; vivo; vivo X9Plus) feiyu/5.2.14"
183.196.236.174 - - [10/Jan/2023:11:21:54 +0800] "GET /v2/app/ab-test-status HTTP/2.0" 200 16 "-" "Mozilla/5.0 (Android 10; HUAWEI; HUAWEI; SEA-AL00) feiyu/5.2.14"
183.196.236.174 - - [10/Jan/2023:11:21:54 +0800] "GET /v2/app/tiamat-info HTTP/2.0" 200 16 "-" "Mozilla/5.0 (Android 10; HUAWEI; HUAWEI; SEA-AL00) feiyu/5.2.14"
183.196.236.174 - - [10/Jan/2023:11:21:54 +0800] "GET /v2/app/upgrade?version_code=65&platform=Android HTTP/2.0" 200 4 "-" "Mozilla/5.0 (Android 10; HUAWEI; HUAWEI; SEA-AL00) feiyu/5.2.14"
223.77.128.114 - - [10/Jan/2023:11:21:54 +0800] "GET /v2/gallery/categories/1ab7a131-0b87-4435-a849-7b1aeaee0167/imagesV3?page=31&size=20&width=360 HTTP/2.0" 200 9495 "-" "Mozilla/5.0 (Android 7.1.2; vivo; vivo; vivo X9Plus) feiyu/5.2.14"
183.196.236.174 - - [10/Jan/2023:11:21:55 +0800] "GET /v2/lab-projects HTTP/2.0" 200 24899 "-" "Mozilla/5.0 (Android 10; HUAWEI; HUAWEI; SEA-AL00) feiyu/5.2.14"
183.196.236.174 - - [10/Jan/2023:11:21:55 +0800] "GET /v2/app/upgrade?version_code=65&platform=Android HTTP/2.0" 200 4 "-" "Mozilla/5.0 (Android 10; HUAWEI; HUAWEI; SEA-AL00) feiyu/5.2.14"
183.196.236.174 - - [10/Jan/2023:11:21:56 +0800] "GET /v2/messages/unreadCount?timestamp=1970-01-01%2000%3A00%3A00 HTTP/2.0" 401 54 "-" "Mozilla/5.0 (Android 10; HUAWEI; HUAWEI; SEA-AL00) feiyu/5.2.14"
223.77.128.114 - - [10/Jan/2023:11:21:56 +0800] "GET /v2/gallery/categories/1ab7a131-0b87-4435-a849-7b1aeaee0167/imagesV3?page=32&size=20&width=360 HTTP/2.0" 200 9547 "-" "Mozilla/5.0 (Android 7.1.2; vivo; vivo; vivo X9Plus) feiyu/5.2.14"
183.196.236.174 - - [10/Jan/2023:11:21:56 +0800] "GET /v2/users/4ebdbc3d-6c55-4652-9ec5-7a0954a39f52/settings HTTP/2.0" 401 54 "-" "Mozilla/5.0 (Android 10; HUAWEI; HUAWEI; SEA-AL00) feiyu/5.2.14"
183.196.236.174 - - [10/Jan/2023:11:21:56 +0800] "GET /v2/campaigns/newest HTTP/2.0" 200 443 "-" "Mozilla/5.0 (Android 10; HUAWEI; HUAWEI; SEA-AL00) feiyu/5.2.14"
183.196.236.174 - - [10/Jan/2023:11:21:56 +0800] "POST /v2/users/4ebdbc3d-6c55-4652-9ec5-7a0954a39f52/token HTTP/2.0" 200 642 "-" "Mozilla/5.0 (Android 10; HUAWEI; HUAWEI; SEA-AL00) feiyu/5.2.14"
183.196.236.174 - - [10/Jan/2023:11:21:56 +0800] "GET /v2/posts/followees-v5?type=0&size=20&image_width=1080&background_width=359 HTTP/2.0" 401 54 "-" "Mozilla/5.0 (Android 10; HUAWEI; HUAWEI; SEA-AL00) feiyu/5.2.14"
183.196.236.174 - - [10/Jan/2023:11:21:56 +0800] "GET /v2/content-series/explore HTTP/2.0" 401 54 "-" "Mozilla/5.0 (Android 10; HUAWEI; HUAWEI; SEA-AL00) feiyu/5.2.14"
183.196.236.174 - - [10/Jan/2023:11:21:56 +0800] "GET /v2/explore/banner?scene=2 HTTP/2.0" 401 54 "-" "Mozilla/5.0 (Android 10; HUAWEI; HUAWEI; SEA-AL00) feiyu/5.2.14"
183.196.236.174 - - [10/Jan/2023:11:21:56 +0800] "GET /v2/posts/followees-v5?type=0&size=20&image_width=1080&background_width=359 HTTP/2.0" 401 54 "-" "Mozilla/5.0 (Android 10; HUAWEI; HUAWEI; SEA-AL00) feiyu/5.2.14"
183.196.236.174 - - [10/Jan/2023:11:21:56 +0800] "GET /v2/explore/searchHint HTTP/2.0" 200 23 "-" "Mozilla/5.0 (Android 10; HUAWEI; HUAWEI; SEA-AL00) feiyu/5.2.14"
183.196.236.174 - - [10/Jan/2023:11:21:56 +0800] "GET /v2/messages/unreadCount?timestamp=1970-01-01%2000%3A00%3A00 HTTP/2.0" 200 26 "-" "Mozilla/5.0 (Android 10; HUAWEI; HUAWEI; SEA-AL00) feiyu/5.2.14"
183.196.236.174 - - [10/Jan/2023:11:21:56 +0800] "POST /v2/users/4ebdbc3d-6c55-4652-9ec5-7a0954a39f52/token HTTP/2.0" 200 642 "-" "Mozilla/5.0 (Android 10; HUAWEI; HUAWEI; SEA-AL00) feiyu/5.2.14"
183.196.236.174 - - [10/Jan/2023:11:21:56 +0800] "POST /v2/users/4ebdbc3d-6c55-4652-9ec5-7a0954a39f52/token HTTP/2.0" 200 642 "-" "Mozilla/5.0 (Android 10; HUAWEI; HUAWEI; SEA-AL00) feiyu/5.2.14"
183.196.236.174 - - [10/Jan/2023:11:21:56 +0800] "POST /v2/users/4ebdbc3d-6c55-4652-9ec5-7a0954a39f52/token HTTP/2.0" 200 642 "-" "Mozilla/5.0 (Android 10; HUAWEI; HUAWEI; SEA-AL00) feiyu/5.2.14"
183.196.236.174 - - [10/Jan/2023:11:21:56 +0800] "POST /v2/users/4ebdbc3d-6c55-4652-9ec5-7a0954a39f52/token HTTP/2.0" 200 642 "-" "Mozilla/5.0 (Android 10; HUAWEI; HUAWEI; SEA-AL00) feiyu/5.2.14"
183.196.236.174 - - [10/Jan/2023:11:21:56 +0800] "POST /v2/users/4ebdbc3d-6c55-4652-9ec5-7a0954a39f52/token HTTP/2.0" 200 642 "-" "Mozilla/5.0 (Android 10; HUAWEI; HUAWEI; SEA-AL00) feiyu/5.2.14"
183.196.236.174 - - [10/Jan/2023:11:21:56 +0800] "GET /v2/explore/banner?scene=2 HTTP/2.0" 200 441 "-" "Mozilla/5.0 (Android 10; HUAWEI; HUAWEI; SEA-AL00) feiyu/5.2.14"
183.196.236.174 - - [10/Jan/2023:11:21:56 +0800] "GET /v2/users/4ebdbc3d-6c55-4652-9ec5-7a0954a39f52/settings HTTP/2.0" 200 313 "-" "Mozilla/5.0 (Android 10; HUAWEI; HUAWEI; SEA-AL00) feiyu/5.2.14"
183.196.236.174 - - [10/Jan/2023:11:21:56 +0800] "GET /v2/posts/followees-v5?type=0&size=20&image_width=1080&background_width=359 HTTP/2.0" 200 88311 "-" "Mozilla/5.0 (Android 10; HUAWEI; HUAWEI; SEA-AL00) feiyu/5.2.14"
183.196.236.174 - - [10/Jan/2023:11:21:56 +0800] "GET /v2/content-series/explore HTTP/2.0" 200 68518 "-" "Mozilla/5.0 (Android 10; HUAWEI; HUAWEI; SEA-AL00) feiyu/5.2.14"
183.196.236.174 - - [10/Jan/2023:11:21:56 +0800] "GET /v2/posts/followees-v5?type=0&size=20&image_width=1080&background_width=359 HTTP/2.0" 200 88289 "-" "Mozilla/5.0 (Android 10; HUAWEI; HUAWEI; SEA-AL00) feiyu/5.2.14"
183.196.236.174 - - [10/Jan/2023:11:21:57 +0800] "GET /v2/posts/recommended/sticky?image_width=1080&background_width=359 HTTP/2.0" 200 3848 "-" "Mozilla/5.0 (Android 10; HUAWEI; HUAWEI; SEA-AL00) feiyu/5.2.14"
183.196.236.174 - - [10/Jan/2023:11:21:57 +0800] "GET /v2/explore/banner?scene=1 HTTP/2.0" 200 2310 "-" "Mozilla/5.0 (Android 10; HUAWEI; HUAWEI; SEA-AL00) feiyu/5.2.14"
183.196.236.174 - - [10/Jan/2023:11:21:57 +0800] "GET /v2/posts/recommended?size=20&image_width=1080&background_width=359 HTTP/2.0" 200 77379 "-" "Mozilla/5.0 (Android 10; HUAWEI; HUAWEI; SEA-AL00) feiyu/5.2.14"
183.196.236.174 - - [10/Jan/2023:11:21:57 +0800] "GET /v2/ads?scene=0 HTTP/2.0" 200 2 "-" "Mozilla/5.0 (Android 10; HUAWEI; HUAWEI; SEA-AL00) feiyu/5.2.14"
223.77.128.114 - - [10/Jan/2023:11:21:58 +0800] "GET /v2/gallery/categories/1ab7a131-0b87-4435-a849-7b1aeaee0167/imagesV3?page=33&size=20&width=360 HTTP/2.0" 200 9501 "-" "Mozilla/5.0 (Android 7.1.2; vivo; vivo; vivo X9Plus) feiyu/5.2.14"
223.77.128.114 - - [10/Jan/2023:11:22:00 +0800] "GET /v2/gallery/categories/1ab7a131-0b87-4435-a849-7b1aeaee0167/imagesV3?page=34&size=20&width=360 HTTP/2.0" 200 9518 "-" "Mozilla/5.0 (Android 7.1.2; vivo; vivo; vivo X9Plus) feiyu/5.2.14"
223.77.128.114 - - [10/Jan/2023:11:22:02 +0800] "GET /v2/gallery/categories/1ab7a131-0b87-4435-a849-7b1aeaee0167/imagesV3?page=35&size=20&width=360 HTTP/2.0" 200 9522 "-" "Mozilla/5.0 (Android 7.1.2; vivo; vivo; vivo X9Plus) feiyu/5.2.14"
39.171.223.16 - - [10/Jan/2023:11:22:02 +0800] "GET /v2/gallery/randomImagesV2?size=50&width=540&category_safe_id=d1569b14-497d-474c-8c41-732c10584cb4&content=%E9%87%91%E5%8F%A5%EF%BC%9A%0A%E8%AF%9A%E4%BF%A1%EF%BC%9A%E6%83%B3%E8%A6%81%E6%94%B9%E5%8F%98%E8%87%AA%E5%B7%B1%E6%8B%A5%E6%9C%89%E6%9B%B4%E5%A4%9A%E5%BF%85%E9%A1%BB%E4%BB%98%E5%87%BA%E4%B8%8D%E6%96%AD%E7%A7%8D%E5%96%84%E7%A7%8D%E5%AD%90%E3%80%82%0A%E7%8E%8B%E7%A6%A7%E6%B0%91%EF%BC%9A%E5%88%A9%E4%BB%96%E5%B0%B1%E6%9C%89%E6%84%9F%E5%8F%AC%E7%9A%84%E5%8A%9B%E9%87%8F%E3%80%82%0A%E9%87%91%E7%8E%B2%EF%BC%9A%E8%87%AA%E5%B7%B1%E8%A6%81%E8%B5%9A%E9%92%B1%E5%85%88%E8%AE%A9%E5%88%AB%E4%BA%BA%E8%B5%9A%E5%88%B0%E9%92%B1%E5%85%88%E8%AE%A9%E5%88%AB%E4%BA%BA%E8%B5%9A%E5%88%B0%E9%92%B1%EF%BC%8C%E5%BF%83%E9%87%8C%E5%85%85%E6%BB%A1%E6%AC%A2%E5%96%9C%E4%B8%8E%E5%8A%9B%E9%87%8F%E7%9B%AE%E6%A0%87%E7%AC%83%E5%AE%9A%E5%8E%BB%E6%84%9F%E5%8F%AC%E4%BB%96%E4%BA%BA%E6%89%8D%E6%9C%89%E5%8A%9B%E9%87%8F%E3%80%82%0A%E5%BC%A0%E5%88%A9%E6%95%8F%EF%BC%9A%E5%B8%AE%E5%8A%A9%E5%88%AB%E4%BA%BA%E4%B9%9F%E6%98%AF%E5%B8%AE%E5%8A%A9%E8%87%AA%E5%B7%B1%EF%BC%8C%E8%AE%A9%E5%88%AB%E4%BA%BA%E8%B5%9A%E5%88%B0%E9%92%B1%E5%88%AB%E4%BA%BA%E4%B9%9F%E4%BC%9A%E5%B8%AE%E4%BD%A0%E4%BB%8B%E7%BB%8D%E7%94%9F%E6%84%8F%E3%80%82 HTTP/2.0" 200 23441 "-" "Mozilla/5.0 (Android 11; PTAC; Hinova; Hera-BD00) feiyu/5.2.14"
223.77.128.114 - - [10/Jan/2023:11:22:03 +0800] "GET /v2/gallery/categories/d2a3f358-1dea-43f3-a62e-27c832e8f188/imagesV3?page=1&size=20&width=360 HTTP/2.0" 200 9473 "-" "Mozilla/5.0 (Android 7.1.2; vivo; vivo; vivo X9Plus) feiyu/5.2.14"
223.77.128.114 - - [10/Jan/2023:11:22:03 +0800] "GET /v2/gallery/categories/d2a3f358-1dea-43f3-a62e-27c832e8f188/imagesV3?page=2&size=20&width=360 HTTP/2.0" 200 9471 "-" "Mozilla/5.0 (Android 7.1.2; vivo; vivo; vivo X9Plus) feiyu/5.2.14"
223.77.128.114 - - [10/Jan/2023:11:22:09 +0800] "GET /v2/gallery/categories/d2a3f358-1dea-43f3-a62e-27c832e8f188/imagesV3?page=3&size=20&width=360 HTTP/2.0" 200 9485 "-" "Mozilla/5.0 (Android 7.1.2; vivo; vivo; vivo X9Plus) feiyu/5.2.14"
223.77.128.114 - - [10/Jan/2023:11:22:12 +0800] "GET /v2/gallery/images/7bfcdc39-732d-4c8d-87e3-4e15eaa381e3?width=1080 HTTP/2.0" 200 457 "-" "Mozilla/5.0 (Android 7.1.2; vivo; vivo; vivo X9Plus) feiyu/5.2.14"
223.77.128.114 - - [10/Jan/2023:11:22:16 +0800] "GET /v2/messages/unreadCount?timestamp=2023-01-10%2003%3A18%3A48 HTTP/2.0" 200 26 "-" "Mozilla/5.0 (Android 7.1.2; vivo; vivo; vivo X9Plus) feiyu/5.2.14"
223.77.128.114 - - [10/Jan/2023:11:22:16 +0800] "GET /v2/users/670eb3b1-a0f7-4013-b472-64236262fa5c/settings HTTP/2.0" 200 310 "-" "Mozilla/5.0 (Android 7.1.2; vivo; vivo; vivo X9Plus) feiyu/5.2.14"
223.77.128.114 - - [10/Jan/2023:11:22:16 +0800] "GET /v2/campaigns/newest HTTP/2.0" 200 445 "-" "Mozilla/5.0 (Android 7.1.2; vivo; vivo; vivo X9Plus) feiyu/5.2.14"
223.77.128.114 - - [10/Jan/2023:11:22:16 +0800] "GET /v2/users/670eb3b1-a0f7-4013-b472-64236262fa5c HTTP/2.0" 200 426 "-" "Mozilla/5.0 (Android 7.1.2; vivo; vivo; vivo X9Plus) feiyu/5.2.14"
223.77.128.114 - - [10/Jan/2023:11:22:16 +0800] "GET /v2/clock-ins/stats HTTP/2.0" 200 385 "-" "Mozilla/5.0 (Android 7.1.2; vivo; vivo; vivo X9Plus) feiyu/5.2.14"
223.77.128.114 - - [10/Jan/2023:11:22:16 +0800] "GET /v2/near/canvas-war/accounts/670eb3b1-a0f7-4013-b472-64236262fa5c HTTP/2.0" 200 527 "-" "Mozilla/5.0 (Android 7.1.2; vivo; vivo; vivo X9Plus) feiyu/5.2.14"
39.171.223.16 - - [10/Jan/2023:11:22:18 +0800] "GET /v2/campaigns/newest HTTP/2.0" 200 447 "-" "Mozilla/5.0 (Android 11; PTAC; Hinova; Hera-BD00) feiyu/5.2.14"
39.171.223.16 - - [10/Jan/2023:11:22:18 +0800] "GET /v2/messages/unreadCount?timestamp=1970-01-01%2000%3A00%3A00 HTTP/2.0" 200 26 "-" "Mozilla/5.0 (Android 11; PTAC; Hinova; Hera-BD00) feiyu/5.2.14"
39.171.223.16 - - [10/Jan/2023:11:22:18 +0800] "GET /v2/users/1719b33f-4627-4e1e-8e7e-6da45efef366/settings HTTP/2.0" 200 313 "-" "Mozilla/5.0 (Android 11; PTAC; Hinova; Hera-BD00) feiyu/5.2.14"
218.92.240.34 - - [10/Jan/2023:11:22:18 +0800] "GET /v2/messages/unreadCount?timestamp=1970-01-01%2000%3A00%3A00 HTTP/2.0" 200 26 "-" "Mozilla/5.0 (Android 12; Xiaomi; Redmi; M2012K11AC) feiyu/5.2.12"
218.92.240.34 - - [10/Jan/2023:11:22:18 +0800] "GET /v2/campaigns/newest HTTP/2.0" 200 447 "-" "Mozilla/5.0 (Android 12; Xiaomi; Redmi; M2012K11AC) feiyu/5.2.12"
218.92.240.34 - - [10/Jan/2023:11:22:18 +0800] "GET /v2/users/8a116a3d-0029-4b0d-8f0f-dca45236fa10/settings HTTP/2.0" 200 313 "-" "Mozilla/5.0 (Android 12; Xiaomi; Redmi; M2012K11AC) feiyu/5.2.12"
223.77.128.114 - - [10/Jan/2023:11:22:19 +0800] "GET /v2/gallery/images/9e79e332-f7d7-433e-92cb-b8fc086e457b?width=1080 HTTP/2.0" 200 459 "-" "Mozilla/5.0 (Android 7.1.2; vivo; vivo; vivo X9Plus) feiyu/5.2.14"
223.77.128.114 - - [10/Jan/2023:11:22:21 +0800] "GET /v2/messages/unreadCount?timestamp=2023-01-10%2003%3A18%3A48 HTTP/2.0" 200 26 "-" "Mozilla/5.0 (Android 7.1.2; vivo; vivo; vivo X9Plus) feiyu/5.2.14"
223.77.128.114 - - [10/Jan/2023:11:22:21 +0800] "GET /v2/users/670eb3b1-a0f7-4013-b472-64236262fa5c HTTP/2.0" 200 426 "-" "Mozilla/5.0 (Android 7.1.2; vivo; vivo; vivo X9Plus) feiyu/5.2.14"
223.77.128.114 - - [10/Jan/2023:11:22:21 +0800] "GET /v2/campaigns/newest HTTP/2.0" 200 445 "-" "Mozilla/5.0 (Android 7.1.2; vivo; vivo; vivo X9Plus) feiyu/5.2.14"
223.77.128.114 - - [10/Jan/2023:11:22:21 +0800] "GET /v2/users/670eb3b1-a0f7-4013-b472-64236262fa5c/settings HTTP/2.0" 200 310 "-" "Mozilla/5.0 (Android 7.1.2; vivo; vivo; vivo X9Plus) feiyu/5.2.14"
223.77.128.114 - - [10/Jan/2023:11:22:21 +0800] "GET /v2/clock-ins/stats HTTP/2.0" 200 385 "-" "Mozilla/5.0 (Android 7.1.2; vivo; vivo; vivo X9Plus) feiyu/5.2.14"
223.77.128.114 - - [10/Jan/2023:11:22:21 +0800] "GET /v2/near/canvas-war/accounts/670eb3b1-a0f7-4013-b472-64236262fa5c HTTP/2.0" 200 527 "-" "Mozilla/5.0 (Android 7.1.2; vivo; vivo; vivo X9Plus) feiyu/5.2.14"
1.49.106.151 - - [10/Jan/2023:11:22:27 +0800] "GET /v2/app/ab-test-status HTTP/2.0" 200 16 "-" "Mozilla/5.0 (Android 12; HUAWEI; HUAWEI; LIO-AN00) feiyu/5.2.14"
1.49.106.151 - - [10/Jan/2023:11:22:27 +0800] "GET /v2/app/tiamat-info HTTP/2.0" 200 16 "-" "Mozilla/5.0 (Android 12; HUAWEI; HUAWEI; LIO-AN00) feiyu/5.2.14"
1.49.106.151 - - [10/Jan/2023:11:22:27 +0800] "GET /v2/app/upgrade?version_code=65&platform=Android HTTP/2.0" 200 4 "-" "Mozilla/5.0 (Android 12; HUAWEI; HUAWEI; LIO-AN00) feiyu/5.2.14"
1.49.106.151 - - [10/Jan/2023:11:22:27 +0800] "GET /v2/lab-projects HTTP/2.0" 200 24905 "-" "Mozilla/5.0 (Android 12; HUAWEI; HUAWEI; LIO-AN00) feiyu/5.2.14"
1.49.106.151 - - [10/Jan/2023:11:22:27 +0800] "GET /v2/app/upgrade?version_code=65&platform=Android HTTP/2.0" 200 4 "-" "Mozilla/5.0 (Android 12; HUAWEI; HUAWEI; LIO-AN00) feiyu/5.2.14"
1.49.106.151 - - [10/Jan/2023:11:22:28 +0800] "GET /v2/campaigns/newest HTTP/2.0" 200 447 "-" "Mozilla/5.0 (Android 12; HUAWEI; HUAWEI; LIO-AN00) feiyu/5.2.14"
1.49.106.151 - - [10/Jan/2023:11:22:28 +0800] "GET /v2/posts/followees-v5?type=0&size=20&image_width=1176&background_width=391 HTTP/2.0" 200 2 "-" "Mozilla/5.0 (Android 12; HUAWEI; HUAWEI; LIO-AN00) feiyu/5.2.14"
1.49.106.151 - - [10/Jan/2023:11:22:28 +0800] "GET /v2/posts/followees-v5?type=0&size=20&image_width=1176&background_width=391 HTTP/2.0" 200 2 "-" "Mozilla/5.0 (Android 12; HUAWEI; HUAWEI; LIO-AN00) feiyu/5.2.14"
1.49.106.151 - - [10/Jan/2023:11:22:28 +0800] "GET /v2/explore/searchHint HTTP/2.0" 200 23 "-" "Mozilla/5.0 (Android 12; HUAWEI; HUAWEI; LIO-AN00) feiyu/5.2.14"
1.49.106.151 - - [10/Jan/2023:11:22:28 +0800] "GET /v2/explore/banner?scene=2 HTTP/2.0" 200 439 "-" "Mozilla/5.0 (Android 12; HUAWEI; HUAWEI; LIO-AN00) feiyu/5.2.14"
1.49.106.151 - - [10/Jan/2023:11:22:28 +0800] "GET /v2/content-series/explore HTTP/2.0" 200 68486 "-" "Mozilla/5.0 (Android 12; HUAWEI; HUAWEI; LIO-AN00) feiyu/5.2.14"
1.49.106.151 - - [10/Jan/2023:11:22:28 +0800] "GET /v2/posts/followees-v5?type=0&size=20&image_width=1176&background_width=391 HTTP/2.0" 200 2 "-" "Mozilla/5.0 (Android 12; HUAWEI; HUAWEI; LIO-AN00) feiyu/5.2.14"
1.49.106.151 - - [10/Jan/2023:11:22:29 +0800] "GET /v2/explore/banner?scene=1 HTTP/2.0" 200 2318 "-" "Mozilla/5.0 (Android 12; HUAWEI; HUAWEI; LIO-AN00) feiyu/5.2.14"
1.49.106.151 - - [10/Jan/2023:11:22:29 +0800] "GET /v2/posts/trending-v2?page=1&size=20&image_width=1176&background_width=391 HTTP/2.0" 200 85435 "-" "Mozilla/5.0 (Android 12; HUAWEI; HUAWEI; LIO-AN00) feiyu/5.2.14"
218.92.240.34 - - [10/Jan/2023:11:22:33 +0800] "GET /v2/gallery/images/77d0e978-6142-4d64-9dce-d62bb7f88a2a?width=1080 HTTP/2.0" 200 457 "-" "Mozilla/5.0 (Android 12; Xiaomi; Redmi; M2012K11AC) feiyu/5.2.12"
218.92.240.34 - - [10/Jan/2023:11:22:39 +0800] "GET /v2/campaigns/newest HTTP/2.0" 200 443 "-" "Mozilla/5.0 (Android 12; Xiaomi; Redmi; M2012K11AC) feiyu/5.2.12"
218.92.240.34 - - [10/Jan/2023:11:22:39 +0800] "GET /v2/messages/unreadCount?timestamp=1970-01-01%2000%3A00%3A00 HTTP/2.0" 200 26 "-" "Mozilla/5.0 (Android 12; Xiaomi; Redmi; M2012K11AC) feiyu/5.2.12"
218.92.240.34 - - [10/Jan/2023:11:22:39 +0800] "GET /v2/users/8a116a3d-0029-4b0d-8f0f-dca45236fa10/settings HTTP/2.0" 200 313 "-" "Mozilla/5.0 (Android 12; Xiaomi; Redmi; M2012K11AC) feiyu/5.2.12"
218.92.240.34 - - [10/Jan/2023:11:22:40 +0800] "GET /v2/gallery/categories/1ab7a131-0b87-4435-a849-7b1aeaee0167/imagesV3?page=4&size=20&width=360 HTTP/2.0" 200 9512 "-" "Mozilla/5.0 (Android 12; Xiaomi; Redmi; M2012K11AC) feiyu/5.2.12"
218.92.240.34 - - [10/Jan/2023:11:22:43 +0800] "GET /v2/gallery/images/4b45d16e-8f80-420c-ab22-b60a20440916?width=1080 HTTP/2.0" 200 457 "-" "Mozilla/5.0 (Android 12; Xiaomi; Redmi; M2012K11AC) feiyu/5.2.12"
1.49.106.151 - - [10/Jan/2023:11:22:47 +0800] "GET /v2/explore/banner?scene=1 HTTP/2.0" 200 2306 "-" "Mozilla/5.0 (Android 12; HUAWEI; HUAWEI; LIO-AN00) feiyu/5.2.14"
1.49.106.151 - - [10/Jan/2023:11:22:47 +0800] "GET /v2/posts/recommended/sticky?image_width=1176&background_width=391 HTTP/2.0" 200 3841 "-" "Mozilla/5.0 (Android 12; HUAWEI; HUAWEI; LIO-AN00) feiyu/5.2.14"
1.49.106.151 - - [10/Jan/2023:11:22:47 +0800] "GET /v2/posts/recommended?size=20&image_width=1176&background_width=391 HTTP/2.0" 200 77329 "-" "Mozilla/5.0 (Android 12; HUAWEI; HUAWEI; LIO-AN00) feiyu/5.2.14"
1.49.106.151 - - [10/Jan/2023:11:22:47 +0800] "GET /v2/ads?scene=0 HTTP/2.0" 200 2 "-" "Mozilla/5.0 (Android 12; HUAWEI; HUAWEI; LIO-AN00) feiyu/5.2.14"
67.243.139.116 - - [10/Jan/2023:11:22:49 +0800] "GET /v2/app/ab-test-status HTTP/2.0" 200 16 "-" "Mozilla/5.0 (Android 12; HUAWEI; HUAWEI; NOH-AN00) feiyu/5.2.14"
67.243.139.116 - - [10/Jan/2023:11:22:49 +0800] "GET /v2/app/tiamat-info HTTP/2.0" 200 16 "-" "Mozilla/5.0 (Android 12; HUAWEI; HUAWEI; NOH-AN00) feiyu/5.2.14"
67.243.139.116 - - [10/Jan/2023:11:22:49 +0800] "GET /v2/app/upgrade?version_code=65&platform=Android HTTP/2.0" 200 4 "-" "Mozilla/5.0 (Android 12; HUAWEI; HUAWEI; NOH-AN00) feiyu/5.2.14"
67.243.139.116 - - [10/Jan/2023:11:22:50 +0800] "GET /v2/app/upgrade?version_code=65&platform=Android HTTP/2.0" 200 4 "-" "Mozilla/5.0 (Android 12; HUAWEI; HUAWEI; NOH-AN00) feiyu/5.2.14"
67.243.139.116 - - [10/Jan/2023:11:22:50 +0800] "GET /v2/lab-projects HTTP/2.0" 200 24911 "-" "Mozilla/5.0 (Android 12; HUAWEI; HUAWEI; NOH-AN00) feiyu/5.2.14"
67.243.139.116 - - [10/Jan/2023:11:22:50 +0800] "GET /v2/campaigns/newest HTTP/2.0" 200 445 "-" "Mozilla/5.0 (Android 12; HUAWEI; HUAWEI; NOH-AN00) feiyu/5.2.14"
67.243.139.116 - - [10/Jan/2023:11:22:50 +0800] "GET /v2/explore/searchHint HTTP/2.0" 200 23 "-" "Mozilla/5.0 (Android 12; HUAWEI; HUAWEI; NOH-AN00) feiyu/5.2.14"
67.243.139.116 - - [10/Jan/2023:11:22:50 +0800] "GET /v2/messages/unreadCount?timestamp=2023-01-09%2016%3A10%3A53 HTTP/2.0" 200 26 "-" "Mozilla/5.0 (Android 12; HUAWEI; HUAWEI; NOH-AN00) feiyu/5.2.14"
67.243.139.116 - - [10/Jan/2023:11:22:50 +0800] "GET /v2/users/c82c4ea2-e2ad-498d-9d14-1e8a2b2e44a0/settings HTTP/2.0" 200 310 "-" "Mozilla/5.0 (Android 12; HUAWEI; HUAWEI; NOH-AN00) feiyu/5.2.14"
67.243.139.116 - - [10/Jan/2023:11:22:50 +0800] "GET /v2/explore/banner?scene=2 HTTP/2.0" 200 441 "-" "Mozilla/5.0 (Android 12; HUAWEI; HUAWEI; NOH-AN00) feiyu/5.2.14"
67.243.139.116 - - [10/Jan/2023:11:22:50 +0800] "GET /v2/posts/followees-v5?type=0&size=20&image_width=1152&background_width=383 HTTP/2.0" 200 2 "-" "Mozilla/5.0 (Android 12; HUAWEI; HUAWEI; NOH-AN00) feiyu/5.2.14"
67.243.139.116 - - [10/Jan/2023:11:22:50 +0800] "GET /v2/posts/followees-v5?type=0&size=20&image_width=1152&background_width=383 HTTP/2.0" 200 2 "-" "Mozilla/5.0 (Android 12; HUAWEI; HUAWEI; NOH-AN00) feiyu/5.2.14"
67.243.139.116 - - [10/Jan/2023:11:22:50 +0800] "GET /v2/content-series/explore HTTP/2.0" 200 68614 "-" "Mozilla/5.0 (Android 12; HUAWEI; HUAWEI; NOH-AN00) feiyu/5.2.14"
67.243.139.116 - - [10/Jan/2023:11:22:50 +0800] "GET /v2/posts/followees-v5?type=0&size=20&image_width=1152&background_width=383 HTTP/2.0" 200 2 "-" "Mozilla/5.0 (Android 12; HUAWEI; HUAWEI; NOH-AN00) feiyu/5.2.14"
67.243.139.116 - - [10/Jan/2023:11:22:51 +0800] "GET /v2/posts/featured/sticky-v2?image_width=1152&background_width=383 HTTP/2.0" 200 4263 "-" "Mozilla/5.0 (Android 12; HUAWEI; HUAWEI; NOH-AN00) feiyu/5.2.14"
67.243.139.116 - - [10/Jan/2023:11:22:51 +0800] "GET /v2/explore/banner?scene=1 HTTP/2.0" 200 2302 "-" "Mozilla/5.0 (Android 12; HUAWEI; HUAWEI; NOH-AN00) feiyu/5.2.14"
106.110.235.14 - - [10/Jan/2023:11:22:53 +0800] "GET /v2/app/tiamat-info HTTP/2.0" 200 16 "-" "Mozilla/5.0 (Android 10; HUAWEI; HUAWEI; ART-AL00x) feiyu/5.2.14"
106.110.235.14 - - [10/Jan/2023:11:22:53 +0800] "GET /v2/app/upgrade?version_code=65&platform=Android HTTP/2.0" 200 4 "-" "Mozilla/5.0 (Android 10; HUAWEI; HUAWEI; ART-AL00x) feiyu/5.2.14"
106.110.235.14 - - [10/Jan/2023:11:22:53 +0800] "GET /v2/app/ab-test-status HTTP/2.0" 200 16 "-" "Mozilla/5.0 (Android 10; HUAWEI; HUAWEI; ART-AL00x) feiyu/5.2.14"
218.92.240.34 - - [10/Jan/2023:11:22:54 +0800] "GET /v2/messages/unreadCount?timestamp=1970-01-01%2000%3A00%3A00 HTTP/2.0" 200 26 "-" "Mozilla/5.0 (Android 12; Xiaomi; Redmi; M2012K11AC) feiyu/5.2.12"
218.92.240.34 - - [10/Jan/2023:11:22:54 +0800] "GET /v2/campaigns/newest HTTP/2.0" 200 449 "-" "Mozilla/5.0 (Android 12; Xiaomi; Redmi; M2012K11AC) feiyu/5.2.12"
218.92.240.34 - - [10/Jan/2023:11:22:54 +0800] "GET /v2/users/8a116a3d-0029-4b0d-8f0f-dca45236fa10/settings HTTP/2.0" 200 313 "-" "Mozilla/5.0 (Android 12; Xiaomi; Redmi; M2012K11AC) feiyu/5.2.12"
67.243.139.116 - - [10/Jan/2023:11:22:54 +0800] "GET /v2/users/c82c4ea2-e2ad-498d-9d14-1e8a2b2e44a0 HTTP/2.0" 200 513 "-" "Mozilla/5.0 (Android 12; HUAWEI; HUAWEI; NOH-AN00) feiyu/5.2.14"
67.243.139.116 - - [10/Jan/2023:11:22:54 +0800] "GET /v2/messages/unreadCount?timestamp=2023-01-09%2016%3A10%3A53 HTTP/2.0" 200 26 "-" "Mozilla/5.0 (Android 12; HUAWEI; HUAWEI; NOH-AN00) feiyu/5.2.14"
67.243.139.116 - - [10/Jan/2023:11:22:54 +0800] "GET /v2/clock-ins/stats HTTP/2.0" 200 382 "-" "Mozilla/5.0 (Android 12; HUAWEI; HUAWEI; NOH-AN00) feiyu/5.2.14"
67.243.139.116 - - [10/Jan/2023:11:22:54 +0800] "GET /v2/users/c82c4ea2-e2ad-498d-9d14-1e8a2b2e44a0 HTTP/2.0" 200 513 "-" "Mozilla/5.0 (Android 12; HUAWEI; HUAWEI; NOH-AN00) feiyu/5.2.14"
67.243.139.116 - - [10/Jan/2023:11:22:54 +0800] "GET /v2/users/c82c4ea2-e2ad-498d-9d14-1e8a2b2e44a0 HTTP/2.0" 200 513 "-" "Mozilla/5.0 (Android 12; HUAWEI; HUAWEI; NOH-AN00) feiyu/5.2.14"
67.243.139.116 - - [10/Jan/2023:11:22:54 +0800] "GET /v2/users/c82c4ea2-e2ad-498d-9d14-1e8a2b2e44a0/favoritedPosts?size=20&image_width=1152&background_width=383 HTTP/2.0" 200 2 "-" "Mozilla/5.0 (Android 12; HUAWEI; HUAWEI; NOH-AN00) feiyu/5.2.14"
67.243.139.116 - - [10/Jan/2023:11:22:54 +0800] "GET /v2/users/c82c4ea2-e2ad-498d-9d14-1e8a2b2e44a0/createdPostsV2?guest=false&size=20&image_width=1152&background_width=383 HTTP/2.0" 200 45595 "-" "Mozilla/5.0 (Android 12; HUAWEI; HUAWEI; NOH-AN00) feiyu/5.2.14"
67.243.139.116 - - [10/Jan/2023:11:22:54 +0800] "GET /v2/users/c82c4ea2-e2ad-498d-9d14-1e8a2b2e44a0/likedPostsV2?guest=false&size=20&image_width=1152&background_width=383 HTTP/2.0" 200 58177 "-" "Mozilla/5.0 (Android 12; HUAWEI; HUAWEI; NOH-AN00) feiyu/5.2.14"
106.110.235.14 - - [10/Jan/2023:11:22:54 +0800] "GET /v2/lab-projects HTTP/2.0" 200 24895 "-" "Mozilla/5.0 (Android 10; HUAWEI; HUAWEI; ART-AL00x) feiyu/5.2.14"
106.110.235.14 - - [10/Jan/2023:11:22:54 +0800] "GET /v2/app/upgrade?version_code=65&platform=Android HTTP/2.0" 200 4 "-" "Mozilla/5.0 (Android 10; HUAWEI; HUAWEI; ART-AL00x) feiyu/5.2.14"
67.243.139.116 - - [10/Jan/2023:11:22:54 +0800] "GET /v2/near/canvas-war/accounts/c82c4ea2-e2ad-498d-9d14-1e8a2b2e44a0 HTTP/2.0" 200 620 "-" "Mozilla/5.0 (Android 12; HUAWEI; HUAWEI; NOH-AN00) feiyu/5.2.14"
67.243.139.116 - - [10/Jan/2023:11:22:51 +0800] "GET /v2/posts/featured-v4?size=20&image_width=1152&background_width=383 HTTP/2.0" 200 71782 "-" "Mozilla/5.0 (Android 12; HUAWEI; HUAWEI; NOH-AN00) feiyu/5.2.14"
106.110.235.14 - - [10/Jan/2023:11:22:55 +0800] "GET /v2/app/randomHomeBackgroundImageV2 HTTP/2.0" 200 289 "-" "Mozilla/5.0 (Android 10; HUAWEI; HUAWEI; ART-AL00x) feiyu/5.2.14"
106.110.235.14 - - [10/Jan/2023:11:22:55 +0800] "GET /v2/campaigns/newest HTTP/2.0" 200 447 "-" "Mozilla/5.0 (Android 10; HUAWEI; HUAWEI; ART-AL00x) feiyu/5.2.14"
106.110.235.14 - - [10/Jan/2023:11:22:55 +0800] "GET /v2/messages/unreadCount?timestamp=1970-01-01%2000%3A00%3A00 HTTP/2.0" 200 26 "-" "Mozilla/5.0 (Android 10; HUAWEI; HUAWEI; ART-AL00x) feiyu/5.2.14"
106.110.235.14 - - [10/Jan/2023:11:22:55 +0800] "GET /v2/users/63eb39cd-bbdd-43d1-b046-2502c97384d3/settings HTTP/2.0" 200 313 "-" "Mozilla/5.0 (Android 10; HUAWEI; HUAWEI; ART-AL00x) feiyu/5.2.14"
106.110.235.14 - - [10/Jan/2023:11:22:55 +0800] "GET /v2/campaigns/newest HTTP/2.0" 200 447 "-" "Mozilla/5.0 (Android 10; HUAWEI; HUAWEI; ART-AL00x) feiyu/5.2.14"
67.243.139.116 - - [10/Jan/2023:11:22:55 +0800] "GET /v2/ads?scene=1 HTTP/2.0" 200 2 "-" "Mozilla/5.0 (Android 12; HUAWEI; HUAWEI; NOH-AN00) feiyu/5.2.14"
1.49.106.151 - - [10/Jan/2023:11:22:56 +0800] "GET /v2/gallery/categoriesV4 HTTP/2.0" 200 12608 "-" "Mozilla/5.0 (Android 12; HUAWEI; HUAWEI; LIO-AN00) feiyu/5.2.14"
1.49.106.151 - - [10/Jan/2023:11:22:56 +0800] "GET /v2/gallery/categories/1ab7a131-0b87-4435-a849-7b1aeaee0167/imagesV3?page=1&size=20&width=392 HTTP/2.0" 200 9483 "-" "Mozilla/5.0 (Android 12; HUAWEI; HUAWEI; LIO-AN00) feiyu/5.2.14"
218.92.240.34 - - [10/Jan/2023:11:22:57 +0800] "GET /v2/gallery/images/652ccc85-9348-4657-a567-052abb108c66?width=1080 HTTP/2.0" 200 456 "-" "Mozilla/5.0 (Android 12; Xiaomi; Redmi; M2012K11AC) feiyu/5.2.12"
1.49.106.151 - - [10/Jan/2023:11:22:57 +0800] "GET /v2/gallery/categories/1ab7a131-0b87-4435-a849-7b1aeaee0167/imagesV3?page=2&size=20&width=392 HTTP/2.0" 200 9482 "-" "Mozilla/5.0 (Android 12; HUAWEI; HUAWEI; LIO-AN00) feiyu/5.2.14"
106.110.235.14 - - [10/Jan/2023:11:22:57 +0800] "GET /v2/gallery/categoriesV4 HTTP/2.0" 200 13196 "-" "Mozilla/5.0 (Android 10; HUAWEI; HUAWEI; ART-AL00x) feiyu/5.2.14"
106.110.235.14 - - [10/Jan/2023:11:22:57 +0800] "GET /v2/gallery/categories/1e3bd6cc-e816-4cec-a975-7d2c39b1a292/imagesV3?page=1&size=20&width=240 HTTP/2.0" 200 474 "-" "Mozilla/5.0 (Android 10; HUAWEI; HUAWEI; ART-AL00x) feiyu/5.2.14"
106.110.235.14 - - [10/Jan/2023:11:22:58 +0800] "GET /v2/gallery/categories/1e3bd6cc-e816-4cec-a975-7d2c39b1a292/imagesV3?page=2&size=20&width=240 HTTP/2.0" 200 2 "-" "Mozilla/5.0 (Android 10; HUAWEI; HUAWEI; ART-AL00x) feiyu/5.2.14"
218.92.240.34 - - [10/Jan/2023:11:22:59 +0800] "GET /v2/messages/unreadCount?timestamp=1970-01-01%2000%3A00%3A00 HTTP/2.0" 200 26 "-" "Mozilla/5.0 (Android 12; Xiaomi; Redmi; M2012K11AC) feiyu/5.2.12"
218.92.240.34 - - [10/Jan/2023:11:22:59 +0800] "GET /v2/users/8a116a3d-0029-4b0d-8f0f-dca45236fa10/settings HTTP/2.0" 200 313 "-" "Mozilla/5.0 (Android 12; Xiaomi; Redmi; M2012K11AC) feiyu/5.2.12"
218.92.240.34 - - [10/Jan/2023:11:22:59 +0800] "GET /v2/campaigns/newest HTTP/2.0" 200 445 "-" "Mozilla/5.0 (Android 12; Xiaomi; Redmi; M2012K11AC) feiyu/5.2.12"
106.110.235.14 - - [10/Jan/2023:11:22:59 +0800] "GET /v2/gallery/categories/1e3bd6cc-e816-4cec-a975-7d2c39b1a292/imagesV3?page=1&size=20&width=240 HTTP/2.0" 200 472 "-" "Mozilla/5.0 (Android 10; HUAWEI; HUAWEI; ART-AL00x) feiyu/5.2.14"
106.110.235.14 - - [10/Jan/2023:11:23:00 +0800] "GET /v2/gallery/categories/1ab7a131-0b87-4435-a849-7b1aeaee0167/imagesV3?page=1&size=20&width=240 HTTP/2.0" 200 9463 "-" "Mozilla/5.0 (Android 10; HUAWEI; HUAWEI; ART-AL00x) feiyu/5.2.14"
106.110.235.14 - - [10/Jan/2023:11:23:01 +0800] "GET /v2/gallery/categories/1ab7a131-0b87-4435-a849-7b1aeaee0167/imagesV3?page=2&size=20&width=240 HTTP/2.0" 200 9474 "-" "Mozilla/5.0 (Android 10; HUAWEI; HUAWEI; ART-AL00x) feiyu/5.2.14"
218.92.240.34 - - [10/Jan/2023:11:23:02 +0800] "GET /v2/gallery/categories/1ab7a131-0b87-4435-a849-7b1aeaee0167/imagesV3?page=5&size=20&width=360 HTTP/2.0" 200 9504 "-" "Mozilla/5.0 (Android 12; Xiaomi; Redmi; M2012K11AC) feiyu/5.2.12"
106.110.235.14 - - [10/Jan/2023:11:23:04 +0800] "GET /v2/gallery/categories/1ab7a131-0b87-4435-a849-7b1aeaee0167/imagesV3?page=3&size=20&width=240 HTTP/2.0" 200 9471 "-" "Mozilla/5.0 (Android 10; HUAWEI; HUAWEI; ART-AL00x) feiyu/5.2.14"
218.92.240.34 - - [10/Jan/2023:11:23:05 +0800] "GET /v2/gallery/categories/1ab7a131-0b87-4435-a849-7b1aeaee0167/imagesV3?page=6&size=20&width=360 HTTP/2.0" 200 9493 "-" "Mozilla/5.0 (Android 12; Xiaomi; Redmi; M2012K11AC) feiyu/5.2.12"
1.49.106.151 - - [10/Jan/2023:11:23:06 +0800] "GET /v2/gallery/images/query?key=%E8%AD%A6%E5%AF%9F%E8%8A%82&page=1&size=20&show_favorite_status=true HTTP/2.0" 200 9741 "-" "Mozilla/5.0 (Android 12; HUAWEI; HUAWEI; LIO-AN00) feiyu/5.2.14"
1.49.106.151 - - [10/Jan/2023:11:23:07 +0800] "GET /v2/gallery/images/query?key=%E8%AD%A6%E5%AF%9F%E8%8A%82&page=2&size=20&show_favorite_status=true HTTP/2.0" 200 9953 "-" "Mozilla/5.0 (Android 12; HUAWEI; HUAWEI; LIO-AN00) feiyu/5.2.14"
106.110.235.14 - - [10/Jan/2023:11:23:07 +0800] "GET /v2/gallery/categories/1ab7a131-0b87-4435-a849-7b1aeaee0167/imagesV3?page=4&size=20&width=240 HTTP/2.0" 200 9510 "-" "Mozilla/5.0 (Android 10; HUAWEI; HUAWEI; ART-AL00x) feiyu/5.2.14"
106.110.235.14 - - [10/Jan/2023:11:23:10 +0800] "GET /v2/lab-projects HTTP/2.0" 200 24911 "-" "Mozilla/5.0 (Android 10; HUAWEI; HUAWEI; ART-AL00x) feiyu/5.2.14"
106.110.235.14 - - [10/Jan/2023:11:23:10 +0800] "GET /v2/lab-projects/active-users-count HTTP/2.0" 200 14 "-" "Mozilla/5.0 (Android 10; HUAWEI; HUAWEI; ART-AL00x) feiyu/5.2.14"
1.49.106.151 - - [10/Jan/2023:11:23:11 +0800] "GET /v2/gallery/images/query?key=%E8%AD%A6%E5%AF%9F%E8%8A%82&page=3&size=20&show_favorite_status=true HTTP/2.0" 200 9889 "-" "Mozilla/5.0 (Android 12; HUAWEI; HUAWEI; LIO-AN00) feiyu/5.2.14"
106.110.235.14 - - [10/Jan/2023:11:23:12 +0800] "GET /v2/explore/searchHint HTTP/2.0" 200 23 "-" "Mozilla/5.0 (Android 10; HUAWEI; HUAWEI; ART-AL00x) feiyu/5.2.14"
106.110.235.14 - - [10/Jan/2023:11:23:12 +0800] "GET /v2/explore/banner?scene=2 HTTP/2.0" 200 441 "-" "Mozilla/5.0 (Android 10; HUAWEI; HUAWEI; ART-AL00x) feiyu/5.2.14"
106.110.235.14 - - [10/Jan/2023:11:23:12 +0800] "GET /v2/posts/followees-v5?type=0&size=20&image_width=720&background_width=239 HTTP/2.0" 200 88159 "-" "Mozilla/5.0 (Android 10; HUAWEI; HUAWEI; ART-AL00x) feiyu/5.2.14"
106.110.235.14 - - [10/Jan/2023:11:23:12 +0800] "GET /v2/content-series/explore HTTP/2.0" 200 68460 "-" "Mozilla/5.0 (Android 10; HUAWEI; HUAWEI; ART-AL00x) feiyu/5.2.14"
106.110.235.14 - - [10/Jan/2023:11:23:12 +0800] "GET /v2/posts/followees-v5?type=0&size=20&image_width=720&background_width=239 HTTP/2.0" 200 88159 "-" "Mozilla/5.0 (Android 10; HUAWEI; HUAWEI; ART-AL00x) feiyu/5.2.14"
106.110.235.14 - - [10/Jan/2023:11:23:12 +0800] "GET /v2/users/63eb39cd-bbdd-43d1-b046-2502c97384d3 HTTP/2.0" 200 407 "-" "Mozilla/5.0 (Android 10; HUAWEI; HUAWEI; ART-AL00x) feiyu/5.2.14"
106.110.235.14 - - [10/Jan/2023:11:23:12 +0800] "GET /v2/messages/unreadCount?timestamp=1970-01-01%2000%3A00%3A00 HTTP/2.0" 200 26 "-" "Mozilla/5.0 (Android 10; HUAWEI; HUAWEI; ART-AL00x) feiyu/5.2.14"
106.110.235.14 - - [10/Jan/2023:11:23:12 +0800] "GET /v2/users/63eb39cd-bbdd-43d1-b046-2502c97384d3 HTTP/2.0" 200 407 "-" "Mozilla/5.0 (Android 10; HUAWEI; HUAWEI; ART-AL00x) feiyu/5.2.14"
106.110.235.14 - - [10/Jan/2023:11:23:12 +0800] "GET /v2/users/63eb39cd-bbdd-43d1-b046-2502c97384d3 HTTP/2.0" 200 407 "-" "Mozilla/5.0 (Android 10; HUAWEI; HUAWEI; ART-AL00x) feiyu/5.2.14"
106.110.235.14 - - [10/Jan/2023:11:23:12 +0800] "GET /v2/clock-ins/stats HTTP/2.0" 200 385 "-" "Mozilla/5.0 (Android 10; HUAWEI; HUAWEI; ART-AL00x) feiyu/5.2.14"
106.110.235.14 - - [10/Jan/2023:11:23:12 +0800] "GET /v2/users/63eb39cd-bbdd-43d1-b046-2502c97384d3/likedPostsV2?guest=false&size=20&image_width=720&background_width=239 HTTP/2.0" 200 2 "-" "Mozilla/5.0 (Android 10; HUAWEI; HUAWEI; ART-AL00x) feiyu/5.2.14"
106.110.235.14 - - [10/Jan/2023:11:23:12 +0800] "GET /v2/users/63eb39cd-bbdd-43d1-b046-2502c97384d3/createdPostsV2?guest=false&size=20&image_width=720&background_width=239 HTTP/2.0" 200 1128 "-" "Mozilla/5.0 (Android 10; HUAWEI; HUAWEI; ART-AL00x) feiyu/5.2.14"
106.110.235.14 - - [10/Jan/2023:11:23:12 +0800] "GET /v2/users/63eb39cd-bbdd-43d1-b046-2502c97384d3/favoritedPosts?size=20&image_width=720&background_width=239 HTTP/2.0" 200 2 "-" "Mozilla/5.0 (Android 10; HUAWEI; HUAWEI; ART-AL00x) feiyu/5.2.14"
106.110.235.14 - - [10/Jan/2023:11:23:12 +0800] "GET /v2/near/canvas-war/accounts/63eb39cd-bbdd-43d1-b046-2502c97384d3 HTTP/2.0" 200 511 "-" "Mozilla/5.0 (Android 10; HUAWEI; HUAWEI; ART-AL00x) feiyu/5.2.14"
106.110.235.14 - - [10/Jan/2023:11:23:13 +0800] "GET /v2/users/63eb39cd-bbdd-43d1-b046-2502c97384d3/createdPostsV2?timestamp=2023-01-09%2012%3A03%3A41&guest=false&size=20&image_width=720&background_width=239 HTTP/2.0" 200 2 "-" "Mozilla/5.0 (Android 10; HUAWEI; HUAWEI; ART-AL00x) feiyu/5.2.14"
1.49.106.151 - - [10/Jan/2023:11:23:14 +0800] "GET /v2/gallery/images/query?key=%E8%AD%A6%E5%AF%9F%E8%8A%82&page=4&size=20&show_favorite_status=true HTTP/2.0" 200 9732 "-" "Mozilla/5.0 (Android 12; HUAWEI; HUAWEI; LIO-AN00) feiyu/5.2.14"
1.49.106.151 - - [10/Jan/2023:11:23:16 +0800] "GET /v2/gallery/images/query?key=%E8%AD%A6%E5%AF%9F%E8%8A%82&page=5&size=20&show_favorite_status=true HTTP/2.0" 200 9650 "-" "Mozilla/5.0 (Android 12; HUAWEI; HUAWEI; LIO-AN00) feiyu/5.2.14"
1.49.106.151 - - [10/Jan/2023:11:23:18 +0800] "GET /v2/gallery/images/query?key=%E8%AD%A6%E5%AF%9F%E8%8A%82&page=6&size=20&show_favorite_status=true HTTP/2.0" 200 9668 "-" "Mozilla/5.0 (Android 12; HUAWEI; HUAWEI; LIO-AN00) feiyu/5.2.14"
1.49.106.151 - - [10/Jan/2023:11:23:20 +0800] "GET /v2/gallery/images/query?key=%E8%AD%A6%E5%AF%9F%E8%8A%82&page=7&size=20&show_favorite_status=true HTTP/2.0" 200 9664 "-" "Mozilla/5.0 (Android 12; HUAWEI; HUAWEI; LIO-AN00) feiyu/5.2.14"
1.49.106.151 - - [10/Jan/2023:11:23:22 +0800] "GET /v2/gallery/images/query?key=%E8%AD%A6%E5%AF%9F%E8%8A%82&page=8&size=20&show_favorite_status=true HTTP/2.0" 200 9584 "-" "Mozilla/5.0 (Android 12; HUAWEI; HUAWEI; LIO-AN00) feiyu/5.2.14"
1.49.106.151 - - [10/Jan/2023:11:23:24 +0800] "GET /v2/gallery/images/query?key=%E8%AD%A6%E5%AF%9F%E8%8A%82&page=9&size=20&show_favorite_status=true HTTP/2.0" 200 9654 "-" "Mozilla/5.0 (Android 12; HUAWEI; HUAWEI; LIO-AN00) feiyu/5.2.14"
1.49.106.151 - - [10/Jan/2023:11:23:26 +0800] "GET /v2/gallery/images/query?key=%E8%AD%A6%E5%AF%9F%E8%8A%82&page=10&size=20&show_favorite_status=true HTTP/2.0" 200 9594 "-" "Mozilla/5.0 (Android 12; HUAWEI; HUAWEI; LIO-AN00) feiyu/5.2.14"
1.49.106.151 - - [10/Jan/2023:11:23:29 +0800] "GET /v2/gallery/images/query?key=%E8%AD%A6%E5%AF%9F%E8%8A%82&page=11&size=20&show_favorite_status=true HTTP/2.0" 200 9540 "-" "Mozilla/5.0 (Android 12; HUAWEI; HUAWEI; LIO-AN00) feiyu/5.2.14"
1.49.106.151 - - [10/Jan/2023:11:23:37 +0800] "GET /v2/gallery/images/c356adb1-9681-4252-8d71-985373ecf959?width=1176 HTTP/2.0" 200 456 "-" "Mozilla/5.0 (Android 12; HUAWEI; HUAWEI; LIO-AN00) feiyu/5.2.14"
1.49.106.151 - - [10/Jan/2023:11:23:49 +0800] "GET /v2/gallery/images/query?key=%E8%AD%A6%E5%AF%9F&page=1&size=20&show_favorite_status=true HTTP/2.0" 200 9800 "-" "Mozilla/5.0 (Android 12; HUAWEI; HUAWEI; LIO-AN00) feiyu/5.2.14"
1.49.106.151 - - [10/Jan/2023:11:23:51 +0800] "GET /v2/campaigns/newest HTTP/2.0" 200 445 "-" "Mozilla/5.0 (Android 12; HUAWEI; HUAWEI; LIO-AN00) feiyu/5.2.14"
1.49.106.151 - - [10/Jan/2023:11:23:51 +0800] "GET /v2/explore/searchHint HTTP/2.0" 200 23 "-" "Mozilla/5.0 (Android 12; HUAWEI; HUAWEI; LIO-AN00) feiyu/5.2.14"
111.25.209.227 - - [10/Jan/2023:11:24:03 +0800] "GET /v2/app/ab-test-status HTTP/2.0" 200 16 "-" "Mozilla/5.0 (Android 12; HUAWEI; HUAWEI; ELS-AN00) feiyu/5.2.14"
111.25.209.227 - - [10/Jan/2023:11:24:03 +0800] "GET /v2/app/tiamat-info HTTP/2.0" 200 16 "-" "Mozilla/5.0 (Android 12; HUAWEI; HUAWEI; ELS-AN00) feiyu/5.2.14"
111.25.209.227 - - [10/Jan/2023:11:24:03 +0800] "GET /v2/app/upgrade?version_code=65&platform=Android HTTP/2.0" 200 4 "-" "Mozilla/5.0 (Android 12; HUAWEI; HUAWEI; ELS-AN00) feiyu/5.2.14"
1.86.60.207 - - [10/Jan/2023:11:24:04 +0800] "GET /v2/messages/unreadCount?timestamp=2022-12-15%2010%3A13%3A52 HTTP/2.0" 401 54 "-" "Mozilla/5.0 (iOS 15.6.1; Apple; Apple; iPhone12,1) feiyu/5.2.14"
1.86.60.207 - - [10/Jan/2023:11:24:04 +0800] "GET /v2/lab-projects HTTP/2.0" 200 24881 "-" "Mozilla/5.0 (iOS 15.6.1; Apple; Apple; iPhone12,1) feiyu/5.2.14"
1.86.60.207 - - [10/Jan/2023:11:24:04 +0800] "GET /v2/posts/followeesV4?background_width=828&image_width=828&type=0 HTTP/2.0" 401 54 "-" "Mozilla/5.0 (iOS 15.6.1; Apple; Apple; iPhone12,1) feiyu/5.2.14"
1.86.60.207 - - [10/Jan/2023:11:24:04 +0800] "GET /v2/content-series/explore HTTP/2.0" 401 54 "-" "Mozilla/5.0 (iOS 15.6.1; Apple; Apple; iPhone12,1) feiyu/5.2.14"
1.86.60.207 - - [10/Jan/2023:11:24:04 +0800] "GET /v2/explore/banner?scene=2 HTTP/2.0" 401 54 "-" "Mozilla/5.0 (iOS 15.6.1; Apple; Apple; iPhone12,1) feiyu/5.2.14"
1.86.60.207 - - [10/Jan/2023:11:24:04 +0800] "GET /v2/explore/searchHint HTTP/2.0" 200 23 "-" "Mozilla/5.0 (iOS 15.6.1; Apple; Apple; iPhone12,1) feiyu/5.2.14"
1.86.60.207 - - [10/Jan/2023:11:24:04 +0800] "GET /v2/posts/recommended?background_width=828&image_width=828&size=20 HTTP/2.0" 401 54 "-" "Mozilla/5.0 (iOS 15.6.1; Apple; Apple; iPhone12,1) feiyu/5.2.14"
1.86.60.207 - - [10/Jan/2023:11:24:04 +0800] "GET /v2/ads?scene=0 HTTP/2.0" 401 54 "-" "Mozilla/5.0 (iOS 15.6.1; Apple; Apple; iPhone12,1) feiyu/5.2.14"
1.86.60.207 - - [10/Jan/2023:11:24:04 +0800] "GET /v2/posts/recommended/sticky?background_width=828&image_width=828 HTTP/2.0" 401 54 "-" "Mozilla/5.0 (iOS 15.6.1; Apple; Apple; iPhone12,1) feiyu/5.2.14"
1.86.60.207 - - [10/Jan/2023:11:24:04 +0800] "GET /v2/explore/banner?scene=1 HTTP/2.0" 401 54 "-" "Mozilla/5.0 (iOS 15.6.1; Apple; Apple; iPhone12,1) feiyu/5.2.14"
111.25.209.227 - - [10/Jan/2023:11:24:04 +0800] "GET /v2/lab-projects HTTP/2.0" 200 24881 "-" "Mozilla/5.0 (Android 12; HUAWEI; HUAWEI; ELS-AN00) feiyu/5.2.14"
1.86.60.207 - - [10/Jan/2023:11:24:04 +0800] "POST /v2/users/0a281b67-56f3-4a88-8b19-e21ae3ffa193/token HTTP/2.0" 200 642 "-" "surstromming/5.2.14 (cn.logicdesign.quotepic; build:98; iOS 15.6.1) Alamofire/5.4.4"
1.86.60.207 - - [10/Jan/2023:11:24:04 +0800] "POST /v2/users/0a281b67-56f3-4a88-8b19-e21ae3ffa193/token HTTP/2.0" 200 642 "-" "surstromming/5.2.14 (cn.logicdesign.quotepic; build:98; iOS 15.6.1) Alamofire/5.4.4"
1.86.60.207 - - [10/Jan/2023:11:24:04 +0800] "POST /v2/users/0a281b67-56f3-4a88-8b19-e21ae3ffa193/token HTTP/2.0" 200 642 "-" "surstromming/5.2.14 (cn.logicdesign.quotepic; build:98; iOS 15.6.1) Alamofire/5.4.4"
1.86.60.207 - - [10/Jan/2023:11:24:04 +0800] "POST /v2/users/0a281b67-56f3-4a88-8b19-e21ae3ffa193/token HTTP/2.0" 200 642 "-" "surstromming/5.2.14 (cn.logicdesign.quotepic; build:98; iOS 15.6.1) Alamofire/5.4.4"
1.86.60.207 - - [10/Jan/2023:11:24:04 +0800] "POST /v2/users/0a281b67-56f3-4a88-8b19-e21ae3ffa193/token HTTP/2.0" 200 642 "-" "surstromming/5.2.14 (cn.logicdesign.quotepic; build:98; iOS 15.6.1) Alamofire/5.4.4"
1.86.60.207 - - [10/Jan/2023:11:24:04 +0800] "POST /v2/users/0a281b67-56f3-4a88-8b19-e21ae3ffa193/token HTTP/2.0" 200 642 "-" "surstromming/5.2.14 (cn.logicdesign.quotepic; build:98; iOS 15.6.1) Alamofire/5.4.4"
1.86.60.207 - - [10/Jan/2023:11:24:04 +0800] "POST /v2/users/0a281b67-56f3-4a88-8b19-e21ae3ffa193/token HTTP/2.0" 200 642 "-" "surstromming/5.2.14 (cn.logicdesign.quotepic; build:98; iOS 15.6.1) Alamofire/5.4.4"
111.25.209.227 - - [10/Jan/2023:11:24:04 +0800] "GET /v2/app/upgrade?version_code=65&platform=Android HTTP/2.0" 200 4 "-" "Mozilla/5.0 (Android 12; HUAWEI; HUAWEI; ELS-AN00) feiyu/5.2.14"
1.86.60.207 - - [10/Jan/2023:11:24:04 +0800] "POST /v2/users/0a281b67-56f3-4a88-8b19-e21ae3ffa193/token HTTP/2.0" 200 642 "-" "surstromming/5.2.14 (cn.logicdesign.quotepic; build:98; iOS 15.6.1) Alamofire/5.4.4"
111.25.209.227 - - [10/Jan/2023:11:24:05 +0800] "GET /v2/messages/unreadCount?timestamp=1970-01-01%2000%3A00%3A00 HTTP/2.0" 200 26 "-" "Mozilla/5.0 (Android 12; HUAWEI; HUAWEI; ELS-AN00) feiyu/5.2.14"
111.25.209.227 - - [10/Jan/2023:11:24:05 +0800] "GET /v2/users/6f8ad601-69df-45e0-8905-d181e1cc97e1/settings HTTP/2.0" 200 310 "-" "Mozilla/5.0 (Android 12; HUAWEI; HUAWEI; ELS-AN00) feiyu/5.2.14"
111.25.209.227 - - [10/Jan/2023:11:24:05 +0800] "GET /v2/campaigns/newest HTTP/2.0" 200 445 "-" "Mozilla/5.0 (Android 12; HUAWEI; HUAWEI; ELS-AN00) feiyu/5.2.14"
111.25.209.227 - - [10/Jan/2023:11:24:05 +0800] "GET /v2/explore/searchHint HTTP/2.0" 200 23 "-" "Mozilla/5.0 (Android 12; HUAWEI; HUAWEI; ELS-AN00) feiyu/5.2.14"
111.25.209.227 - - [10/Jan/2023:11:24:05 +0800] "GET /v2/explore/banner?scene=2 HTTP/2.0" 200 439 "-" "Mozilla/5.0 (Android 12; HUAWEI; HUAWEI; ELS-AN00) feiyu/5.2.14"
111.25.209.227 - - [10/Jan/2023:11:24:05 +0800] "GET /v2/content-series/explore HTTP/2.0" 200 68504 "-" "Mozilla/5.0 (Android 12; HUAWEI; HUAWEI; ELS-AN00) feiyu/5.2.14"
111.25.209.227 - - [10/Jan/2023:11:24:05 +0800] "GET /v2/posts/followees-v5?type=0&size=20&image_width=1200&background_width=399 HTTP/2.0" 200 50699 "-" "Mozilla/5.0 (Android 12; HUAWEI; HUAWEI; ELS-AN00) feiyu/5.2.14"
111.25.209.227 - - [10/Jan/2023:11:24:05 +0800] "GET /v2/posts/followees-v5?type=0&size=20&image_width=1200&background_width=399 HTTP/2.0" 200 50699 "-" "Mozilla/5.0 (Android 12; HUAWEI; HUAWEI; ELS-AN00) feiyu/5.2.14"
111.25.209.227 - - [10/Jan/2023:11:24:06 +0800] "GET /v2/explore/banner?scene=1 HTTP/2.0" 200 2312 "-" "Mozilla/5.0 (Android 12; HUAWEI; HUAWEI; ELS-AN00) feiyu/5.2.14"
111.25.209.227 - - [10/Jan/2023:11:24:06 +0800] "GET /v2/posts/featured/sticky-v2?image_width=1200&background_width=399 HTTP/2.0" 200 4261 "-" "Mozilla/5.0 (Android 12; HUAWEI; HUAWEI; ELS-AN00) feiyu/5.2.14"
1.86.60.207 - - [10/Jan/2023:11:24:07 +0800] "GET /v2/messages/unreadCount?timestamp=2022-12-15%2010%3A13%3A52 HTTP/2.0" 200 26 "-" "Mozilla/5.0 (iOS 15.6.1; Apple; Apple; iPhone12,1) feiyu/5.2.14"
1.86.60.207 - - [10/Jan/2023:11:24:07 +0800] "GET /v2/ads?scene=0 HTTP/2.0" 200 2 "-" "Mozilla/5.0 (iOS 15.6.1; Apple; Apple; iPhone12,1) feiyu/5.2.14"
1.86.60.207 - - [10/Jan/2023:11:24:07 +0800] "GET /v2/posts/followeesV4?background_width=828&image_width=828&type=0 HTTP/2.0" 200 75389 "-" "Mozilla/5.0 (iOS 15.6.1; Apple; Apple; iPhone12,1) feiyu/5.2.14"
1.86.60.207 - - [10/Jan/2023:11:24:07 +0800] "GET /v2/posts/recommended/sticky?background_width=828&image_width=828 HTTP/2.0" 200 3846 "-" "Mozilla/5.0 (iOS 15.6.1; Apple; Apple; iPhone12,1) feiyu/5.2.14"
1.86.60.207 - - [10/Jan/2023:11:24:07 +0800] "GET /v2/explore/banner?scene=1 HTTP/2.0" 200 2308 "-" "Mozilla/5.0 (iOS 15.6.1; Apple; Apple; iPhone12,1) feiyu/5.2.14"
1.86.60.207 - - [10/Jan/2023:11:24:07 +0800] "GET /v2/explore/banner?scene=2 HTTP/2.0" 200 443 "-" "Mozilla/5.0 (iOS 15.6.1; Apple; Apple; iPhone12,1) feiyu/5.2.14"
1.86.60.207 - - [10/Jan/2023:11:24:07 +0800] "GET /v2/content-series/explore HTTP/2.0" 200 68534 "-" "Mozilla/5.0 (iOS 15.6.1; Apple; Apple; iPhone12,1) feiyu/5.2.14"
1.86.60.207 - - [10/Jan/2023:11:24:07 +0800] "GET /v2/posts/recommended?background_width=828&image_width=828&size=20 HTTP/2.0" 200 77291 "-" "Mozilla/5.0 (iOS 15.6.1; Apple; Apple; iPhone12,1) feiyu/5.2.14"
1.86.60.207 - - [10/Jan/2023:11:24:08 +0800] "GET /v2/messages/unreadCount?timestamp=2022-12-15%2010%3A13%3A52 HTTP/2.0" 200 26 "-" "Mozilla/5.0 (iOS 15.6.1; Apple; Apple; iPhone12,1) feiyu/5.2.14"
1.86.60.207 - - [10/Jan/2023:11:24:08 +0800] "GET /v2/users/0a281b67-56f3-4a88-8b19-e21ae3ffa193 HTTP/2.0" 200 524 "-" "Mozilla/5.0 (iOS 15.6.1; Apple; Apple; iPhone12,1) feiyu/5.2.14"
1.86.60.207 - - [10/Jan/2023:11:24:08 +0800] "GET /v2/users/0a281b67-56f3-4a88-8b19-e21ae3ffa193/likedPostsV2?background_width=828&image_width=828&size=20 HTTP/2.0" 200 2 "-" "Mozilla/5.0 (iOS 15.6.1; Apple; Apple; iPhone12,1) feiyu/5.2.14"
1.86.60.207 - - [10/Jan/2023:11:24:08 +0800] "GET /v2/users/0a281b67-56f3-4a88-8b19-e21ae3ffa193/createdPostsV2?background_width=828&image_width=828&size=20 HTTP/2.0" 200 25101 "-" "Mozilla/5.0 (iOS 15.6.1; Apple; Apple; iPhone12,1) feiyu/5.2.14"
1.86.60.207 - - [10/Jan/2023:11:24:08 +0800] "GET /v2/messages/list-v2 HTTP/2.0" 200 13256 "-" "Mozilla/5.0 (iOS 15.6.1; Apple; Apple; iPhone12,1) feiyu/5.2.14"
1.86.60.207 - - [10/Jan/2023:11:24:08 +0800] "GET /v2/users/0a281b67-56f3-4a88-8b19-e21ae3ffa193/favoritedPosts?background_width=828&image_width=828&size=20 HTTP/2.0" 200 2 "-" "Mozilla/5.0 (iOS 15.6.1; Apple; Apple; iPhone12,1) feiyu/5.2.14"
1.86.60.207 - - [10/Jan/2023:11:24:08 +0800] "GET /v2/clock-ins/stats HTTP/2.0" 200 385 "-" "Mozilla/5.0 (iOS 15.6.1; Apple; Apple; iPhone12,1) feiyu/5.2.14"
1.86.60.207 - - [10/Jan/2023:11:24:08 +0800] "GET /v2/near/canvas-war/accounts/0a281b67-56f3-4a88-8b19-e21ae3ffa193 HTTP/2.0" 200 597 "-" "Mozilla/5.0 (iOS 15.6.1; Apple; Apple; iPhone12,1) feiyu/5.2.14"
111.25.209.227 - - [10/Jan/2023:11:24:06 +0800] "GET /v2/posts/featured-v4?size=20&image_width=1200&background_width=399 HTTP/2.0" 200 71837 "-" "Mozilla/5.0 (Android 12; HUAWEI; HUAWEI; ELS-AN00) feiyu/5.2.14"
111.25.209.227 - - [10/Jan/2023:11:24:09 +0800] "GET /v2/ads?scene=1 HTTP/2.0" 200 2 "-" "Mozilla/5.0 (Android 12; HUAWEI; HUAWEI; ELS-AN00) feiyu/5.2.14"
111.25.209.227 - - [10/Jan/2023:11:24:09 +0800] "GET /v2/lab-projects HTTP/2.0" 200 24907 "-" "Mozilla/5.0 (Android 12; HUAWEI; HUAWEI; ELS-AN00) feiyu/5.2.14"
111.25.209.227 - - [10/Jan/2023:11:24:09 +0800] "GET /v2/lab-projects/active-users-count HTTP/2.0" 200 14 "-" "Mozilla/5.0 (Android 12; HUAWEI; HUAWEI; ELS-AN00) feiyu/5.2.14"
183.167.220.157 - - [10/Jan/2023:11:24:15 +0800] "GET /v2/app/ab-test-status HTTP/2.0" 200 16 "-" "Mozilla/5.0 (Android 12; HUAWEI; HUAWEI; JAD-AL50) feiyu/5.2.14"
183.167.220.157 - - [10/Jan/2023:11:24:15 +0800] "GET /v2/app/tiamat-info HTTP/2.0" 200 16 "-" "Mozilla/5.0 (Android 12; HUAWEI; HUAWEI; JAD-AL50) feiyu/5.2.14"
183.167.220.157 - - [10/Jan/2023:11:24:15 +0800] "GET /v2/app/upgrade?version_code=65&platform=Android HTTP/2.0" 200 4 "-" "Mozilla/5.0 (Android 12; HUAWEI; HUAWEI; JAD-AL50) feiyu/5.2.14"
120.229.207.23 - - [10/Jan/2023:11:24:16 +0800] "GET /v2/app/ab-test-status HTTP/2.0" 200 16 "-" "Mozilla/5.0 (Android 12; HUAWEI; HUAWEI; MRX-W09) feiyu/5.2.14"
120.229.207.23 - - [10/Jan/2023:11:24:16 +0800] "GET /v2/app/tiamat-info HTTP/2.0" 200 16 "-" "Mozilla/5.0 (Android 12; HUAWEI; HUAWEI; MRX-W09) feiyu/5.2.14"
120.229.207.23 - - [10/Jan/2023:11:24:16 +0800] "GET /v2/app/upgrade?version_code=65&platform=Android HTTP/2.0" 200 4 "-" "Mozilla/5.0 (Android 12; HUAWEI; HUAWEI; MRX-W09) feiyu/5.2.14"
183.167.220.157 - - [10/Jan/2023:11:24:17 +0800] "GET /v2/lab-projects HTTP/2.0" 200 24897 "-" "Mozilla/5.0 (Android 12; HUAWEI; HUAWEI; JAD-AL50) feiyu/5.2.14"
183.167.220.157 - - [10/Jan/2023:11:24:17 +0800] "GET /v2/app/upgrade?version_code=65&platform=Android HTTP/2.0" 200 4 "-" "Mozilla/5.0 (Android 12; HUAWEI; HUAWEI; JAD-AL50) feiyu/5.2.14"
183.167.220.157 - - [10/Jan/2023:11:24:17 +0800] "GET /v2/app/randomHomeBackgroundImageV2 HTTP/2.0" 200 287 "-" "Mozilla/5.0 (Android 12; HUAWEI; HUAWEI; JAD-AL50) feiyu/5.2.14"
