180.122.228.250 - - [10/Jan/2023:11:12:57 +0800] "GET /v2/gallery/categories/1e3bd6cc-e816-4cec-a975-7d2c39b1a292/imagesV3?page=2&size=20&width=360 HTTP/2.0" 200 2 "-" "Mozilla/5.0 (Android 12; Xiaomi; Redmi; 21091116C) feiyu/5.2.12"
180.122.228.250 - - [10/Jan/2023:11:13:00 +0800] "GET /v2/lab-projects HTTP/2.0" 200 24915 "-" "Mozilla/5.0 (Android 12; Xiaomi; Redmi; 21091116C) feiyu/5.2.12"
180.122.228.250 - - [10/Jan/2023:11:13:00 +0800] "GET /v2/lab-projects/active-users-count HTTP/2.0" 200 14 "-" "Mozilla/5.0 (Android 12; Xiaomi; Redmi; 21091116C) feiyu/5.2.12"
1.50.128.196 - - [10/Jan/2023:11:13:00 +0800] "GET /v2/gallery/categories/d2a3f358-1dea-43f3-a62e-27c832e8f188/imagesV3?page=1&size=20&width=566 HTTP/2.0" 200 9481 "-" "Mozilla/5.0 (Android 10; HUAWEI; HUAWEI; BRQ-AN00) feiyu/5.2.14"
117.136.41.73 - - [10/Jan/2023:11:13:02 +0800] "GET /v2/gallery/categories/d1569b14-497d-474c-8c41-732c10584cb4/imagesV3?page=6&size=30&width=260 HTTP/2.0" 200 14275 "-" "Mozilla/5.0 (iOS 16.0.3; Apple; Apple; iPhone14,7) feiyu/5.2.14"
1.50.128.196 - - [10/Jan/2023:11:13:03 +0800] "GET /v2/gallery/images/6f39fda0-119a-434c-ac03-a15a4b08ca52?width=1133 HTTP/2.0" 200 454 "-" "Mozilla/5.0 (Android 10; HUAWEI; HUAWEI; BRQ-AN00) feiyu/5.2.14"
223.88.46.149 - - [10/Jan/2023:11:13:03 +0800] "POST /v2/app/upload HTTP/2.0" 200 353 "-" "Mozilla/5.0 (Android 12; HUAWEI; HUAWEI; NAM-AL00) feiyu/5.2.14"
223.88.46.149 - - [10/Jan/2023:11:13:03 +0800] "POST /v2/posts/uploadCompleteV2 HTTP/2.0" 200 1142 "-" "Mozilla/5.0 (Android 12; HUAWEI; HUAWEI; NAM-AL00) feiyu/5.2.14"
111.112.137.208 - - [10/Jan/2023:11:13:02 +0800] "POST /v2/users/oauth HTTP/2.0" 200 940 "-" "Mozilla/5.0 (Android 13; OPPO; OPPO; PEEM00) feiyu/5.2.14"
111.112.137.208 - - [10/Jan/2023:11:13:04 +0800] "GET /v2/users/d67c30d0-0fdd-4085-881d-43dd02e76226/settings HTTP/2.0" 200 313 "-" "Mozilla/5.0 (Android 13; OPPO; OPPO; PEEM00) feiyu/5.2.14"
111.112.137.208 - - [10/Jan/2023:11:13:04 +0800] "GET /v2/lab-projects HTTP/2.0" 200 24911 "-" "Mozilla/5.0 (Android 13; OPPO; OPPO; PEEM00) feiyu/5.2.14"
111.112.137.208 - - [10/Jan/2023:11:13:04 +0800] "GET /v2/app/upgrade?version_code=65&platform=Android HTTP/2.0" 200 4 "-" "Mozilla/5.0 (Android 13; OPPO; OPPO; PEEM00) feiyu/5.2.14"
111.112.137.208 - - [10/Jan/2023:11:13:04 +0800] "GET /v2/app/randomHomeBackgroundImageV2 HTTP/2.0" 200 287 "-" "Mozilla/5.0 (Android 13; OPPO; OPPO; PEEM00) feiyu/5.2.14"
111.112.137.208 - - [10/Jan/2023:11:13:04 +0800] "GET /v2/campaigns/newest HTTP/2.0" 200 445 "-" "Mozilla/5.0 (Android 13; OPPO; OPPO; PEEM00) feiyu/5.2.14"
111.112.137.208 - - [10/Jan/2023:11:13:04 +0800] "GET /v2/messages/unreadCount?timestamp=1970-01-01%2000%3A00%3A00 HTTP/2.0" 200 26 "-" "Mozilla/5.0 (Android 13; OPPO; OPPO; PEEM00) feiyu/5.2.14"
111.112.137.208 - - [10/Jan/2023:11:13:04 +0800] "GET /v2/users/d67c30d0-0fdd-4085-881d-43dd02e76226/settings HTTP/2.0" 200 313 "-" "Mozilla/5.0 (Android 13; OPPO; OPPO; PEEM00) feiyu/5.2.14"
111.112.137.208 - - [10/Jan/2023:11:13:04 +0800] "GET /v2/campaigns/newest HTTP/2.0" 200 445 "-" "Mozilla/5.0 (Android 13; OPPO; OPPO; PEEM00) feiyu/5.2.14"
221.206.141.116 - - [10/Jan/2023:11:13:04 +0800] "GET /v2/messages/unreadCount?timestamp=2023-01-10%2003%3A11%3A52 HTTP/2.0" 200 26 "-" "Mozilla/5.0 (Android 10; HUAWEI; HUAWEI; ART-AL00x) feiyu/5.2.14"
221.206.141.116 - - [10/Jan/2023:11:13:04 +0800] "GET /v2/explore/searchHint HTTP/2.0" 200 23 "-" "Mozilla/5.0 (Android 10; HUAWEI; HUAWEI; ART-AL00x) feiyu/5.2.14"
221.206.141.116 - - [10/Jan/2023:11:13:04 +0800] "GET /v2/users/0be030f2-1e5c-42e9-8d1c-ab06ecab875b HTTP/2.0" 200 420 "-" "Mozilla/5.0 (Android 10; HUAWEI; HUAWEI; ART-AL00x) feiyu/5.2.14"
221.206.141.116 - - [10/Jan/2023:11:13:04 +0800] "GET /v2/users/0be030f2-1e5c-42e9-8d1c-ab06ecab875b/settings HTTP/2.0" 200 313 "-" "Mozilla/5.0 (Android 10; HUAWEI; HUAWEI; ART-AL00x) feiyu/5.2.14"
221.206.141.116 - - [10/Jan/2023:11:13:04 +0800] "GET /v2/campaigns/newest HTTP/2.0" 200 445 "-" "Mozilla/5.0 (Android 10; HUAWEI; HUAWEI; ART-AL00x) feiyu/5.2.14"
221.206.141.116 - - [10/Jan/2023:11:13:04 +0800] "GET /v2/clock-ins/stats HTTP/2.0" 200 383 "-" "Mozilla/5.0 (Android 10; HUAWEI; HUAWEI; ART-AL00x) feiyu/5.2.14"
221.206.141.116 - - [10/Jan/2023:11:13:04 +0800] "GET /v2/near/canvas-war/accounts/0be030f2-1e5c-42e9-8d1c-ab06ecab875b HTTP/2.0" 200 524 "-" "Mozilla/5.0 (Android 10; HUAWEI; HUAWEI; ART-AL00x) feiyu/5.2.14"
60.233.16.177 - - [10/Jan/2023:11:12:54 +0800] "POST /v2/near/canvas-war/canvas/draw HTTP/2.0" 200 - "-" "Mozilla/5.0 (Android 11; HONOR; HONOR; CMA-AN00) feiyu/5.2.14"
111.112.137.208 - - [10/Jan/2023:11:13:09 +0800] "GET /v2/gallery/categoriesV4 HTTP/2.0" 200 13184 "-" "Mozilla/5.0 (Android 13; OPPO; OPPO; PEEM00) feiyu/5.2.14"
111.112.137.208 - - [10/Jan/2023:11:13:10 +0800] "GET /v2/gallery/categories/1e3bd6cc-e816-4cec-a975-7d2c39b1a292/imagesV3?page=1&size=20&width=360 HTTP/2.0" 200 2 "-" "Mozilla/5.0 (Android 13; OPPO; OPPO; PEEM00) feiyu/5.2.14"
60.233.16.177 - - [10/Jan/2023:11:13:00 +0800] "POST /v2/near/canvas-war/canvas/draw HTTP/2.0" 200 - "-" "Mozilla/5.0 (Android 11; HONOR; HONOR; CMA-AN00) feiyu/5.2.14"
111.112.137.208 - - [10/Jan/2023:11:13:14 +0800] "GET /v2/gallery/categories/1ab7a131-0b87-4435-a849-7b1aeaee0167/imagesV3?page=1&size=20&width=360 HTTP/2.0" 200 9467 "-" "Mozilla/5.0 (Android 13; OPPO; OPPO; PEEM00) feiyu/5.2.14"
111.112.137.208 - - [10/Jan/2023:11:13:14 +0800] "GET /v2/gallery/categories/1ab7a131-0b87-4435-a849-7b1aeaee0167/imagesV3?page=2&size=20&width=360 HTTP/2.0" 200 9472 "-" "Mozilla/5.0 (Android 13; OPPO; OPPO; PEEM00) feiyu/5.2.14"
111.112.137.208 - - [10/Jan/2023:11:13:17 +0800] "GET /v2/gallery/categories/1ab7a131-0b87-4435-a849-7b1aeaee0167/imagesV3?page=3&size=20&width=360 HTTP/2.0" 200 9493 "-" "Mozilla/5.0 (Android 13; OPPO; OPPO; PEEM00) feiyu/5.2.14"
111.112.137.208 - - [10/Jan/2023:11:13:21 +0800] "PUT /v2/gallery/images/462bd1cc-a6a3-4c71-aa01-0b40bbd8e597/favorite HTTP/2.0" 200 - "-" "Mozilla/5.0 (Android 13; OPPO; OPPO; PEEM00) feiyu/5.2.14"
111.112.137.208 - - [10/Jan/2023:11:13:22 +0800] "GET /v2/gallery/images/462bd1cc-a6a3-4c71-aa01-0b40bbd8e597?width=1080 HTTP/2.0" 200 454 "-" "Mozilla/5.0 (Android 13; OPPO; OPPO; PEEM00) feiyu/5.2.14"
111.112.137.208 - - [10/Jan/2023:11:13:25 +0800] "GET /v2/messages/unreadCount?timestamp=1970-01-01%2000%3A00%3A00 HTTP/2.0" 200 26 "-" "Mozilla/5.0 (Android 13; OPPO; OPPO; PEEM00) feiyu/5.2.14"
111.112.137.208 - - [10/Jan/2023:11:13:25 +0800] "GET /v2/users/d67c30d0-0fdd-4085-881d-43dd02e76226/settings HTTP/2.0" 200 313 "-" "Mozilla/5.0 (Android 13; OPPO; OPPO; PEEM00) feiyu/5.2.14"
111.112.137.208 - - [10/Jan/2023:11:13:25 +0800] "GET /v2/campaigns/newest HTTP/2.0" 200 443 "-" "Mozilla/5.0 (Android 13; OPPO; OPPO; PEEM00) feiyu/5.2.14"
221.206.141.116 - - [10/Jan/2023:11:13:25 +0800] "GET /v2/gallery/randomImagesV2?size=50&width=360&category_safe_id=d1569b14-497d-474c-8c41-732c10584cb4&content=%E5%BC%80%E5%BF%83%E5%88%B0%E6%A8%A1%E7%B3%8A HTTP/2.0" 200 23340 "-" "Mozilla/5.0 (Android 10; HUAWEI; HUAWEI; ART-AL00x) feiyu/5.2.14"
111.112.137.208 - - [10/Jan/2023:11:13:28 +0800] "PUT /v2/gallery/images/c78c16fb-4cd7-4bc1-8d9f-320e54963210/favorite HTTP/2.0" 200 - "-" "Mozilla/5.0 (Android 13; OPPO; OPPO; PEEM00) feiyu/5.2.14"
111.112.137.208 - - [10/Jan/2023:11:13:30 +0800] "PUT /v2/gallery/images/78b6d24f-b05e-4f28-bc8a-a2a2651e97ea/favorite HTTP/2.0" 200 - "-" "Mozilla/5.0 (Android 13; OPPO; OPPO; PEEM00) feiyu/5.2.14"
111.112.137.208 - - [10/Jan/2023:11:13:33 +0800] "GET /v2/gallery/images/78b6d24f-b05e-4f28-bc8a-a2a2651e97ea?width=1080 HTTP/2.0" 200 461 "-" "Mozilla/5.0 (Android 13; OPPO; OPPO; PEEM00) feiyu/5.2.14"
60.233.16.177 - - [10/Jan/2023:11:13:43 +0800] "GET /v2/near/canvas-war/comments HTTP/2.0" 200 597 "-" "Mozilla/5.0 (Android 11; HONOR; HONOR; CMA-AN00) feiyu/5.2.14"
111.112.137.208 - - [10/Jan/2023:11:13:43 +0800] "GET /v2/messages/unreadCount?timestamp=1970-01-01%2000%3A00%3A00 HTTP/2.0" 200 26 "-" "Mozilla/5.0 (Android 13; OPPO; OPPO; PEEM00) feiyu/5.2.14"
111.112.137.208 - - [10/Jan/2023:11:13:43 +0800] "GET /v2/campaigns/newest HTTP/2.0" 200 443 "-" "Mozilla/5.0 (Android 13; OPPO; OPPO; PEEM00) feiyu/5.2.14"
111.112.137.208 - - [10/Jan/2023:11:13:43 +0800] "GET /v2/users/d67c30d0-0fdd-4085-881d-43dd02e76226/settings HTTP/2.0" 200 313 "-" "Mozilla/5.0 (Android 13; OPPO; OPPO; PEEM00) feiyu/5.2.14"
111.112.137.208 - - [10/Jan/2023:11:13:45 +0800] "GET /v2/gallery/categories/1ab7a131-0b87-4435-a849-7b1aeaee0167/imagesV3?page=4&size=20&width=360 HTTP/2.0" 200 9510 "-" "Mozilla/5.0 (Android 13; OPPO; OPPO; PEEM00) feiyu/5.2.14"
111.112.137.208 - - [10/Jan/2023:11:13:50 +0800] "GET /v2/gallery/categories/1ab7a131-0b87-4435-a849-7b1aeaee0167/imagesV3?page=5&size=20&width=360 HTTP/2.0" 200 9494 "-" "Mozilla/5.0 (Android 13; OPPO; OPPO; PEEM00) feiyu/5.2.14"
223.116.192.56 - - [10/Jan/2023:11:13:50 +0800] "GET /v2/app/tiamat-info HTTP/2.0" 200 16 "-" "Mozilla/5.0 (Android 12; HUAWEI; HUAWEI; NOH-AN00) feiyu/5.2.14"
223.116.192.56 - - [10/Jan/2023:11:13:50 +0800] "GET /v2/app/ab-test-status HTTP/2.0" 200 16 "-" "Mozilla/5.0 (Android 12; HUAWEI; HUAWEI; NOH-AN00) feiyu/5.2.14"
223.116.192.56 - - [10/Jan/2023:11:13:50 +0800] "GET /v2/app/upgrade?version_code=65&platform=Android HTTP/2.0" 200 4 "-" "Mozilla/5.0 (Android 12; HUAWEI; HUAWEI; NOH-AN00) feiyu/5.2.14"
223.116.192.56 - - [10/Jan/2023:11:13:51 +0800] "GET /v2/lab-projects HTTP/2.0" 200 24915 "-" "Mozilla/5.0 (Android 12; HUAWEI; HUAWEI; NOH-AN00) feiyu/5.2.14"
223.116.192.56 - - [10/Jan/2023:11:13:51 +0800] "GET /v2/app/upgrade?version_code=65&platform=Android HTTP/2.0" 200 4 "-" "Mozilla/5.0 (Android 12; HUAWEI; HUAWEI; NOH-AN00) feiyu/5.2.14"
223.116.192.56 - - [10/Jan/2023:11:13:51 +0800] "GET /v2/app/randomHomeBackgroundImageV2 HTTP/2.0" 200 287 "-" "Mozilla/5.0 (Android 12; HUAWEI; HUAWEI; NOH-AN00) feiyu/5.2.14"
223.116.192.56 - - [10/Jan/2023:11:13:52 +0800] "GET /v2/campaigns/newest HTTP/2.0" 200 447 "-" "Mozilla/5.0 (Android 12; HUAWEI; HUAWEI; NOH-AN00) feiyu/5.2.14"
223.116.192.56 - - [10/Jan/2023:11:13:52 +0800] "GET /v2/campaigns/newest HTTP/2.0" 200 447 "-" "Mozilla/5.0 (Android 12; HUAWEI; HUAWEI; NOH-AN00) feiyu/5.2.14"
223.116.192.56 - - [10/Jan/2023:11:13:55 +0800] "GET /v2/lab-projects HTTP/2.0" 200 24911 "-" "Mozilla/5.0 (Android 12; HUAWEI; HUAWEI; NOH-AN00) feiyu/5.2.14"
223.116.192.56 - - [10/Jan/2023:11:13:55 +0800] "GET /v2/lab-projects/active-users-count HTTP/2.0" 200 14 "-" "Mozilla/5.0 (Android 12; HUAWEI; HUAWEI; NOH-AN00) feiyu/5.2.14"
39.144.192.126 - - [10/Jan/2023:11:13:55 +0800] "GET /v2/messages/unreadCount?timestamp=1970-01-01%2000%3A00%3A01 HTTP/2.0" 401 54 "-" "Mozilla/5.0 (iOS 16.0; Apple; Apple; iPhone14,5) feiyu/5.2.14"
39.144.192.126 - - [10/Jan/2023:11:13:55 +0800] "GET /v2/lab-projects HTTP/2.0" 200 24911 "-" "Mozilla/5.0 (iOS 16.0; Apple; Apple; iPhone14,5) feiyu/5.2.14"
39.144.192.126 - - [10/Jan/2023:11:13:55 +0800] "POST /v2/users/ae0771c6-1677-4ce8-91e2-9819c415c04b/token HTTP/2.0" 200 642 "-" "surstromming/5.2.14 (cn.logicdesign.quotepic; build:98; iOS 16.0.0) Alamofire/5.4.4"
111.112.137.208 - - [10/Jan/2023:11:13:56 +0800] "GET /v2/gallery/categories/1ab7a131-0b87-4435-a849-7b1aeaee0167/imagesV3?page=6&size=20&width=360 HTTP/2.0" 200 9495 "-" "Mozilla/5.0 (Android 13; OPPO; OPPO; PEEM00) feiyu/5.2.14"
39.144.192.126 - - [10/Jan/2023:11:13:57 +0800] "GET /v2/messages/unreadCount?timestamp=1970-01-01%2000%3A00%3A01 HTTP/2.0" 200 26 "-" "Mozilla/5.0 (iOS 16.0; Apple; Apple; iPhone14,5) feiyu/5.2.14"
223.116.192.56 - - [10/Jan/2023:11:13:57 +0800] "GET /v2/gallery/categoriesV4 HTTP/2.0" 200 12604 "-" "Mozilla/5.0 (Android 12; HUAWEI; HUAWEI; NOH-AN00) feiyu/5.2.14"
223.116.192.56 - - [10/Jan/2023:11:13:57 +0800] "GET /v2/gallery/categories/1ab7a131-0b87-4435-a849-7b1aeaee0167/imagesV3?page=1&size=20&width=384 HTTP/2.0" 200 9477 "-" "Mozilla/5.0 (Android 12; HUAWEI; HUAWEI; NOH-AN00) feiyu/5.2.14"
39.144.192.126 - - [10/Jan/2023:11:13:58 +0800] "GET /v2/posts/followeesV4?background_width=1170&image_width=1170&type=0 HTTP/2.0" 200 87313 "-" "Mozilla/5.0 (iOS 16.0; Apple; Apple; iPhone14,5) feiyu/5.2.14"
223.116.192.56 - - [10/Jan/2023:11:13:58 +0800] "GET /v2/gallery/categories/1ab7a131-0b87-4435-a849-7b1aeaee0167/imagesV3?page=2&size=20&width=384 HTTP/2.0" 200 9480 "-" "Mozilla/5.0 (Android 12; HUAWEI; HUAWEI; NOH-AN00) feiyu/5.2.14"
39.144.192.126 - - [10/Jan/2023:11:13:58 +0800] "GET /v2/explore/banner?scene=2 HTTP/2.0" 200 441 "-" "Mozilla/5.0 (iOS 16.0; Apple; Apple; iPhone14,5) feiyu/5.2.14"
39.144.192.126 - - [10/Jan/2023:11:13:58 +0800] "GET /v2/explore/banner?scene=1 HTTP/2.0" 200 2308 "-" "Mozilla/5.0 (iOS 16.0; Apple; Apple; iPhone14,5) feiyu/5.2.14"
39.144.192.126 - - [10/Jan/2023:11:13:58 +0800] "GET /v2/ads?scene=0 HTTP/2.0" 200 2 "-" "Mozilla/5.0 (iOS 16.0; Apple; Apple; iPhone14,5) feiyu/5.2.14"
39.144.192.126 - - [10/Jan/2023:11:13:58 +0800] "GET /v2/explore/searchHint HTTP/2.0" 200 23 "-" "Mozilla/5.0 (iOS 16.0; Apple; Apple; iPhone14,5) feiyu/5.2.14"
39.144.192.126 - - [10/Jan/2023:11:13:58 +0800] "GET /v2/posts/recommended/sticky?background_width=1170&image_width=1170 HTTP/2.0" 200 3848 "-" "Mozilla/5.0 (iOS 16.0; Apple; Apple; iPhone14,5) feiyu/5.2.14"
39.144.192.126 - - [10/Jan/2023:11:13:58 +0800] "GET /v2/content-series/explore HTTP/2.0" 200 68484 "-" "Mozilla/5.0 (iOS 16.0; Apple; Apple; iPhone14,5) feiyu/5.2.14"
39.144.192.126 - - [10/Jan/2023:11:13:58 +0800] "GET /v2/posts/recommended?background_width=1170&image_width=1170&size=20 HTTP/2.0" 200 86658 "-" "Mozilla/5.0 (iOS 16.0; Apple; Apple; iPhone14,5) feiyu/5.2.14"
111.112.137.208 - - [10/Jan/2023:11:13:59 +0800] "GET /v2/gallery/categories/1ab7a131-0b87-4435-a849-7b1aeaee0167/imagesV3?page=7&size=20&width=360 HTTP/2.0" 200 9479 "-" "Mozilla/5.0 (Android 13; OPPO; OPPO; PEEM00) feiyu/5.2.14"
223.116.192.56 - - [10/Jan/2023:11:14:00 +0800] "GET /v2/gallery/images/3003d8e1-d971-42b7-8079-bc63c67a17ba?width=1152 HTTP/2.0" 200 456 "-" "Mozilla/5.0 (Android 12; HUAWEI; HUAWEI; NOH-AN00) feiyu/5.2.14"
111.14.21.118 - - [10/Jan/2023:11:14:01 +0800] "GET /v2/app/ab-test-status HTTP/2.0" 200 16 "-" "Mozilla/5.0 (Android 12; OPPO; OPPO; PDYM20) feiyu/5.2.14"
111.14.21.118 - - [10/Jan/2023:11:14:01 +0800] "GET /v2/app/tiamat-info HTTP/2.0" 200 16 "-" "Mozilla/5.0 (Android 12; OPPO; OPPO; PDYM20) feiyu/5.2.14"
111.14.21.118 - - [10/Jan/2023:11:14:01 +0800] "GET /v2/app/upgrade?version_code=65&platform=Android HTTP/2.0" 200 4 "-" "Mozilla/5.0 (Android 12; OPPO; OPPO; PDYM20) feiyu/5.2.14"
221.206.141.116 - - [10/Jan/2023:11:14:03 +0800] "GET /v2/gallery/images/d918efad-9c53-439a-888b-8e4e301068f8?width=720 HTTP/2.0" 200 458 "-" "Mozilla/5.0 (Android 10; HUAWEI; HUAWEI; ART-AL00x) feiyu/5.2.14"
111.112.137.208 - - [10/Jan/2023:11:14:03 +0800] "GET /v2/lab-projects HTTP/2.0" 200 24905 "-" "Mozilla/5.0 (Android 13; OPPO; OPPO; PEEM00) feiyu/5.2.14"
111.112.137.208 - - [10/Jan/2023:11:14:03 +0800] "GET /v2/lab-projects/active-users-count HTTP/2.0" 200 14 "-" "Mozilla/5.0 (Android 13; OPPO; OPPO; PEEM00) feiyu/5.2.14"
117.36.147.102 - - [10/Jan/2023:11:14:04 +0800] "GET /v2/messages/unreadCount?timestamp=1970-01-01%2000%3A00%3A00 HTTP/2.0" 200 26 "-" "Mozilla/5.0 (Android 8.1.0; HUAWEI; HUAWEI; DUB-AL00) feiyu/5.2.14"
117.36.147.102 - - [10/Jan/2023:11:14:04 +0800] "GET /v2/users/ac0146be-fca3-48da-a0ba-1f64402df119/settings HTTP/2.0" 200 313 "-" "Mozilla/5.0 (Android 8.1.0; HUAWEI; HUAWEI; DUB-AL00) feiyu/5.2.14"
117.36.147.102 - - [10/Jan/2023:11:14:04 +0800] "GET /v2/explore/searchHint HTTP/2.0" 200 23 "-" "Mozilla/5.0 (Android 8.1.0; HUAWEI; HUAWEI; DUB-AL00) feiyu/5.2.14"
117.36.147.102 - - [10/Jan/2023:11:14:04 +0800] "GET /v2/campaigns/newest HTTP/2.0" 200 445 "-" "Mozilla/5.0 (Android 8.1.0; HUAWEI; HUAWEI; DUB-AL00) feiyu/5.2.14"
1.50.128.196 - - [10/Jan/2023:11:14:04 +0800] "POST /v2/app/upload HTTP/2.0" 200 349 "-" "Mozilla/5.0 (Android 10; HUAWEI; HUAWEI; BRQ-AN00) feiyu/5.2.14"
1.50.128.196 - - [10/Jan/2023:11:14:05 +0800] "POST /v2/posts/uploadCompleteV2 HTTP/2.0" 200 1139 "-" "Mozilla/5.0 (Android 10; HUAWEI; HUAWEI; BRQ-AN00) feiyu/5.2.14"
223.116.192.56 - - [10/Jan/2023:11:14:06 +0800] "GET /v2/campaigns/newest HTTP/2.0" 200 443 "-" "Mozilla/5.0 (Android 12; HUAWEI; HUAWEI; NOH-AN00) feiyu/5.2.14"
221.206.141.116 - - [10/Jan/2023:11:14:10 +0800] "GET /v2/music?page=1&size=100 HTTP/2.0" 200 6298 "-" "Mozilla/5.0 (Android 10; HUAWEI; HUAWEI; ART-AL00x) feiyu/5.2.14"
113.251.16.119 - - [10/Jan/2023:11:14:16 +0800] "GET /v2/app/tiamat-info HTTP/2.0" 200 16 "-" "Mozilla/5.0 (Android 12; vivo; vivo; V2148A) feiyu/5.2.14"
113.251.16.119 - - [10/Jan/2023:11:14:16 +0800] "GET /v2/app/ab-test-status HTTP/2.0" 200 16 "-" "Mozilla/5.0 (Android 12; vivo; vivo; V2148A) feiyu/5.2.14"
113.251.16.119 - - [10/Jan/2023:11:14:16 +0800] "GET /v2/app/upgrade?version_code=65&platform=Android HTTP/2.0" 200 4 "-" "Mozilla/5.0 (Android 12; vivo; vivo; V2148A) feiyu/5.2.14"
60.233.16.177 - - [10/Jan/2023:11:14:07 +0800] "POST /v2/near/canvas-war/canvas/draw HTTP/2.0" 200 - "-" "Mozilla/5.0 (Android 11; HONOR; HONOR; CMA-AN00) feiyu/5.2.14"
113.251.16.119 - - [10/Jan/2023:11:14:18 +0800] "GET /v2/lab-projects HTTP/2.0" 200 24897 "-" "Mozilla/5.0 (Android 12; vivo; vivo; V2148A) feiyu/5.2.14"
113.251.16.119 - - [10/Jan/2023:11:14:18 +0800] "GET /v2/app/upgrade?version_code=65&platform=Android HTTP/2.0" 200 4 "-" "Mozilla/5.0 (Android 12; vivo; vivo; V2148A) feiyu/5.2.14"
113.251.16.119 - - [10/Jan/2023:11:14:18 +0800] "GET /v2/messages/unreadCount?timestamp=2022-11-24%2009%3A07%3A05 HTTP/2.0" 200 26 "-" "Mozilla/5.0 (Android 12; vivo; vivo; V2148A) feiyu/5.2.14"
113.251.16.119 - - [10/Jan/2023:11:14:18 +0800] "GET /v2/users/0a55685d-8e86-46c7-879e-6494591ad30a/settings HTTP/2.0" 200 313 "-" "Mozilla/5.0 (Android 12; vivo; vivo; V2148A) feiyu/5.2.14"
113.251.16.119 - - [10/Jan/2023:11:14:18 +0800] "GET /v2/campaigns/newest HTTP/2.0" 200 447 "-" "Mozilla/5.0 (Android 12; vivo; vivo; V2148A) feiyu/5.2.14"
113.251.16.119 - - [10/Jan/2023:11:14:19 +0800] "GET /v2/explore/searchHint HTTP/2.0" 200 23 "-" "Mozilla/5.0 (Android 12; vivo; vivo; V2148A) feiyu/5.2.14"
113.251.16.119 - - [10/Jan/2023:11:14:19 +0800] "GET /v2/explore/banner?scene=2 HTTP/2.0" 200 441 "-" "Mozilla/5.0 (Android 12; vivo; vivo; V2148A) feiyu/5.2.14"
113.251.16.119 - - [10/Jan/2023:11:14:18 +0800] "GET /v2/posts/followees-v5?type=0&size=20&image_width=1080&background_width=359 HTTP/2.0" 200 88297 "-" "Mozilla/5.0 (Android 12; vivo; vivo; V2148A) feiyu/5.2.14"
113.251.16.119 - - [10/Jan/2023:11:14:19 +0800] "GET /v2/content-series/explore HTTP/2.0" 200 68486 "-" "Mozilla/5.0 (Android 12; vivo; vivo; V2148A) feiyu/5.2.14"
113.251.16.119 - - [10/Jan/2023:11:14:19 +0800] "GET /v2/posts/followees-v5?type=0&size=20&image_width=1080&background_width=359 HTTP/2.0" 200 88297 "-" "Mozilla/5.0 (Android 12; vivo; vivo; V2148A) feiyu/5.2.14"
113.251.16.119 - - [10/Jan/2023:11:14:19 +0800] "GET /v2/posts/recommended/sticky?image_width=1080&background_width=359 HTTP/2.0" 200 3850 "-" "Mozilla/5.0 (Android 12; vivo; vivo; V2148A) feiyu/5.2.14"
113.251.16.119 - - [10/Jan/2023:11:14:19 +0800] "GET /v2/explore/banner?scene=1 HTTP/2.0" 200 2312 "-" "Mozilla/5.0 (Android 12; vivo; vivo; V2148A) feiyu/5.2.14"
113.251.16.119 - - [10/Jan/2023:11:14:19 +0800] "GET /v2/posts/recommended?size=20&image_width=1080&background_width=359 HTTP/2.0" 200 86639 "-" "Mozilla/5.0 (Android 12; vivo; vivo; V2148A) feiyu/5.2.14"
113.251.16.119 - - [10/Jan/2023:11:14:19 +0800] "GET /v2/ads?scene=0 HTTP/2.0" 200 2 "-" "Mozilla/5.0 (Android 12; vivo; vivo; V2148A) feiyu/5.2.14"
221.206.141.116 - - [10/Jan/2023:11:14:20 +0800] "POST /v2/app/upload HTTP/2.0" 200 351 "-" "Mozilla/5.0 (Android 10; HUAWEI; HUAWEI; ART-AL00x) feiyu/5.2.14"
221.206.141.116 - - [10/Jan/2023:11:14:21 +0800] "POST /v2/posts/uploadCompleteV2 HTTP/2.0" 200 1652 "-" "Mozilla/5.0 (Android 10; HUAWEI; HUAWEI; ART-AL00x) feiyu/5.2.14"
117.36.147.102 - - [10/Jan/2023:11:14:22 +0800] "GET /v2/messages/unreadCount?timestamp=1970-01-01%2000%3A00%3A00 HTTP/2.0" 200 26 "-" "Mozilla/5.0 (Android 8.1.0; HUAWEI; HUAWEI; DUB-AL00) feiyu/5.2.14"
117.36.147.102 - - [10/Jan/2023:11:14:22 +0800] "GET /v2/explore/searchHint HTTP/2.0" 200 23 "-" "Mozilla/5.0 (Android 8.1.0; HUAWEI; HUAWEI; DUB-AL00) feiyu/5.2.14"
117.36.147.102 - - [10/Jan/2023:11:14:22 +0800] "GET /v2/campaigns/newest HTTP/2.0" 200 445 "-" "Mozilla/5.0 (Android 8.1.0; HUAWEI; HUAWEI; DUB-AL00) feiyu/5.2.14"
117.36.147.102 - - [10/Jan/2023:11:14:22 +0800] "GET /v2/users/ac0146be-fca3-48da-a0ba-1f64402df119/settings HTTP/2.0" 200 313 "-" "Mozilla/5.0 (Android 8.1.0; HUAWEI; HUAWEI; DUB-AL00) feiyu/5.2.14"
113.251.16.119 - - [10/Jan/2023:11:14:22 +0800] "GET /v2/app/randomHomeBackgroundImageV2 HTTP/2.0" 200 289 "-" "Mozilla/5.0 (Android 12; vivo; vivo; V2148A) feiyu/5.2.14"
113.251.16.119 - - [10/Jan/2023:11:14:23 +0800] "GET /v2/campaigns/newest HTTP/2.0" 200 445 "-" "Mozilla/5.0 (Android 12; vivo; vivo; V2148A) feiyu/5.2.14"
60.233.16.177 - - [10/Jan/2023:11:14:15 +0800] "POST /v2/near/canvas-war/canvas/draw HTTP/2.0" 200 - "-" "Mozilla/5.0 (Android 11; HONOR; HONOR; CMA-AN00) feiyu/5.2.14"
221.206.141.116 - - [10/Jan/2023:11:14:28 +0800] "GET /v2/explore/searchHint HTTP/2.0" 200 23 "-" "Mozilla/5.0 (Android 10; HUAWEI; HUAWEI; ART-AL00x) feiyu/5.2.14"
221.206.141.116 - - [10/Jan/2023:11:14:28 +0800] "GET /v2/users/0be030f2-1e5c-42e9-8d1c-ab06ecab875b/settings HTTP/2.0" 200 313 "-" "Mozilla/5.0 (Android 10; HUAWEI; HUAWEI; ART-AL00x) feiyu/5.2.14"
221.206.141.116 - - [10/Jan/2023:11:14:28 +0800] "GET /v2/campaigns/newest HTTP/2.0" 200 445 "-" "Mozilla/5.0 (Android 10; HUAWEI; HUAWEI; ART-AL00x) feiyu/5.2.14"
221.206.141.116 - - [10/Jan/2023:11:14:28 +0800] "GET /v2/messages/unreadCount?timestamp=2023-01-10%2003%3A11%3A52 HTTP/2.0" 200 26 "-" "Mozilla/5.0 (Android 10; HUAWEI; HUAWEI; ART-AL00x) feiyu/5.2.14"
221.206.141.116 - - [10/Jan/2023:11:14:28 +0800] "GET /v2/users/0be030f2-1e5c-42e9-8d1c-ab06ecab875b HTTP/2.0" 200 420 "-" "Mozilla/5.0 (Android 10; HUAWEI; HUAWEI; ART-AL00x) feiyu/5.2.14"
221.206.141.116 - - [10/Jan/2023:11:14:28 +0800] "GET /v2/clock-ins/stats HTTP/2.0" 200 383 "-" "Mozilla/5.0 (Android 10; HUAWEI; HUAWEI; ART-AL00x) feiyu/5.2.14"
221.206.141.116 - - [10/Jan/2023:11:14:28 +0800] "GET /v2/near/canvas-war/accounts/0be030f2-1e5c-42e9-8d1c-ab06ecab875b HTTP/2.0" 200 524 "-" "Mozilla/5.0 (Android 10; HUAWEI; HUAWEI; ART-AL00x) feiyu/5.2.14"
60.233.16.177 - - [10/Jan/2023:11:14:21 +0800] "POST /v2/near/canvas-war/canvas/draw HTTP/2.0" 200 - "-" "Mozilla/5.0 (Android 11; HONOR; HONOR; CMA-AN00) feiyu/5.2.14"
221.206.141.116 - - [10/Jan/2023:11:14:34 +0800] "GET /v2/messages/unreadCount?timestamp=2023-01-10%2003%3A11%3A52 HTTP/2.0" 200 26 "-" "Mozilla/5.0 (Android 10; HUAWEI; HUAWEI; ART-AL00x) feiyu/5.2.14"
221.206.141.116 - - [10/Jan/2023:11:14:34 +0800] "GET /v2/users/0be030f2-1e5c-42e9-8d1c-ab06ecab875b HTTP/2.0" 200 420 "-" "Mozilla/5.0 (Android 10; HUAWEI; HUAWEI; ART-AL00x) feiyu/5.2.14"
111.112.137.208 - - [10/Jan/2023:11:14:36 +0800] "GET /v2/messages/unreadCount?timestamp=1970-01-01%2000%3A00%3A00 HTTP/2.0" 200 26 "-" "Mozilla/5.0 (Android 13; OPPO; OPPO; PEEM00) feiyu/5.2.14"
111.112.137.208 - - [10/Jan/2023:11:14:36 +0800] "GET /v2/campaigns/newest HTTP/2.0" 200 443 "-" "Mozilla/5.0 (Android 13; OPPO; OPPO; PEEM00) feiyu/5.2.14"
111.112.137.208 - - [10/Jan/2023:11:14:36 +0800] "GET /v2/users/d67c30d0-0fdd-4085-881d-43dd02e76226/settings HTTP/2.0" 200 313 "-" "Mozilla/5.0 (Android 13; OPPO; OPPO; PEEM00) feiyu/5.2.14"
117.36.147.102 - - [10/Jan/2023:11:14:40 +0800] "GET /v2/messages/unreadCount?timestamp=1970-01-01%2000%3A00%3A00 HTTP/2.0" 200 26 "-" "Mozilla/5.0 (Android 8.1.0; HUAWEI; HUAWEI; DUB-AL00) feiyu/5.2.14"
117.36.147.102 - - [10/Jan/2023:11:14:40 +0800] "GET /v2/campaigns/newest HTTP/2.0" 200 445 "-" "Mozilla/5.0 (Android 8.1.0; HUAWEI; HUAWEI; DUB-AL00) feiyu/5.2.14"
117.36.147.102 - - [10/Jan/2023:11:14:40 +0800] "GET /v2/explore/searchHint HTTP/2.0" 200 23 "-" "Mozilla/5.0 (Android 8.1.0; HUAWEI; HUAWEI; DUB-AL00) feiyu/5.2.14"
117.36.147.102 - - [10/Jan/2023:11:14:40 +0800] "GET /v2/users/ac0146be-fca3-48da-a0ba-1f64402df119/settings HTTP/2.0" 200 313 "-" "Mozilla/5.0 (Android 8.1.0; HUAWEI; HUAWEI; DUB-AL00) feiyu/5.2.14"
221.206.141.116 - - [10/Jan/2023:11:14:48 +0800] "GET /v2/campaigns/newest HTTP/2.0" 200 443 "-" "Mozilla/5.0 (Android 10; HUAWEI; HUAWEI; ART-AL00x) feiyu/5.2.14"
221.206.141.116 - - [10/Jan/2023:11:14:48 +0800] "GET /v2/app/randomHomeBackgroundImageV2 HTTP/2.0" 200 289 "-" "Mozilla/5.0 (Android 10; HUAWEI; HUAWEI; ART-AL00x) feiyu/5.2.14"
221.206.141.116 - - [10/Jan/2023:11:14:48 +0800] "GET /v2/campaigns/newest HTTP/2.0" 200 443 "-" "Mozilla/5.0 (Android 10; HUAWEI; HUAWEI; ART-AL00x) feiyu/5.2.14"
221.206.141.116 - - [10/Jan/2023:11:14:48 +0800] "GET /v2/explore/searchHint HTTP/2.0" 200 23 "-" "Mozilla/5.0 (Android 10; HUAWEI; HUAWEI; ART-AL00x) feiyu/5.2.14"
221.206.141.116 - - [10/Jan/2023:11:14:48 +0800] "GET /v2/clock-ins/stats HTTP/2.0" 200 383 "-" "Mozilla/5.0 (Android 10; HUAWEI; HUAWEI; ART-AL00x) feiyu/5.2.14"
221.206.141.116 - - [10/Jan/2023:11:14:48 +0800] "GET /v2/users/0be030f2-1e5c-42e9-8d1c-ab06ecab875b/settings HTTP/2.0" 200 313 "-" "Mozilla/5.0 (Android 10; HUAWEI; HUAWEI; ART-AL00x) feiyu/5.2.14"
221.206.141.116 - - [10/Jan/2023:11:14:48 +0800] "GET /v2/messages/unreadCount?timestamp=2023-01-10%2003%3A11%3A52 HTTP/2.0" 200 26 "-" "Mozilla/5.0 (Android 10; HUAWEI; HUAWEI; ART-AL00x) feiyu/5.2.14"
221.206.141.116 - - [10/Jan/2023:11:14:48 +0800] "GET /v2/users/0be030f2-1e5c-42e9-8d1c-ab06ecab875b HTTP/2.0" 200 420 "-" "Mozilla/5.0 (Android 10; HUAWEI; HUAWEI; ART-AL00x) feiyu/5.2.14"
221.206.141.116 - - [10/Jan/2023:11:14:48 +0800] "GET /v2/near/canvas-war/accounts/0be030f2-1e5c-42e9-8d1c-ab06ecab875b HTTP/2.0" 200 524 "-" "Mozilla/5.0 (Android 10; HUAWEI; HUAWEI; ART-AL00x) feiyu/5.2.14"
60.233.16.177 - - [10/Jan/2023:11:14:37 +0800] "POST /v2/near/canvas-war/canvas/draw HTTP/2.0" 200 - "-" "Mozilla/5.0 (Android 11; HONOR; HONOR; CMA-AN00) feiyu/5.2.14"
221.206.141.116 - - [10/Jan/2023:11:14:51 +0800] "GET /v2/gallery/randomImagesV2?size=50&width=360&category_safe_id=d1569b14-497d-474c-8c41-732c10584cb4&content= HTTP/2.0" 200 23162 "-" "Mozilla/5.0 (Android 10; HUAWEI; HUAWEI; ART-AL00x) feiyu/5.2.14"
221.206.141.116 - - [10/Jan/2023:11:14:55 +0800] "GET /v2/gallery/images/8cf8e966-d281-4f83-962e-1b7c2c798da4?width=720 HTTP/2.0" 200 463 "-" "Mozilla/5.0 (Android 10; HUAWEI; HUAWEI; ART-AL00x) feiyu/5.2.14"
221.206.141.116 - - [10/Jan/2023:11:15:02 +0800] "POST /v2/app/upload HTTP/2.0" 200 349 "-" "Mozilla/5.0 (Android 10; HUAWEI; HUAWEI; ART-AL00x) feiyu/5.2.14"
221.206.141.116 - - [10/Jan/2023:11:15:02 +0800] "POST /v2/posts/uploadCompleteV2 HTTP/2.0" 200 1120 "-" "Mozilla/5.0 (Android 10; HUAWEI; HUAWEI; ART-AL00x) feiyu/5.2.14"
221.206.141.116 - - [10/Jan/2023:11:15:10 +0800] "GET /v2/messages/unreadCount?timestamp=2023-01-10%2003%3A11%3A52 HTTP/2.0" 200 26 "-" "Mozilla/5.0 (Android 10; HUAWEI; HUAWEI; ART-AL00x) feiyu/5.2.14"
221.206.141.116 - - [10/Jan/2023:11:15:10 +0800] "GET /v2/explore/searchHint HTTP/2.0" 200 23 "-" "Mozilla/5.0 (Android 10; HUAWEI; HUAWEI; ART-AL00x) feiyu/5.2.14"
221.206.141.116 - - [10/Jan/2023:11:15:10 +0800] "GET /v2/campaigns/newest HTTP/2.0" 200 445 "-" "Mozilla/5.0 (Android 10; HUAWEI; HUAWEI; ART-AL00x) feiyu/5.2.14"
221.206.141.116 - - [10/Jan/2023:11:15:10 +0800] "GET /v2/clock-ins/stats HTTP/2.0" 200 383 "-" "Mozilla/5.0 (Android 10; HUAWEI; HUAWEI; ART-AL00x) feiyu/5.2.14"
221.206.141.116 - - [10/Jan/2023:11:15:10 +0800] "GET /v2/users/0be030f2-1e5c-42e9-8d1c-ab06ecab875b HTTP/2.0" 200 420 "-" "Mozilla/5.0 (Android 10; HUAWEI; HUAWEI; ART-AL00x) feiyu/5.2.14"
221.206.141.116 - - [10/Jan/2023:11:15:10 +0800] "GET /v2/users/0be030f2-1e5c-42e9-8d1c-ab06ecab875b/settings HTTP/2.0" 200 313 "-" "Mozilla/5.0 (Android 10; HUAWEI; HUAWEI; ART-AL00x) feiyu/5.2.14"
117.136.41.73 - - [10/Jan/2023:11:15:10 +0800] "GET /v2/messages/unreadCount?timestamp=1970-01-01%2000%3A00%3A01 HTTP/2.0" 200 26 "-" "Mozilla/5.0 (iOS 16.0.3; Apple; Apple; iPhone14,7) feiyu/5.2.14"
221.206.141.116 - - [10/Jan/2023:11:15:10 +0800] "GET /v2/near/canvas-war/accounts/0be030f2-1e5c-42e9-8d1c-ab06ecab875b HTTP/2.0" 200 524 "-" "Mozilla/5.0 (Android 10; HUAWEI; HUAWEI; ART-AL00x) feiyu/5.2.14"
221.206.141.116 - - [10/Jan/2023:11:15:12 +0800] "GET /v2/messages/unreadCount?timestamp=2023-01-10%2003%3A11%3A52 HTTP/2.0" 200 26 "-" "Mozilla/5.0 (Android 10; HUAWEI; HUAWEI; ART-AL00x) feiyu/5.2.14"
221.206.141.116 - - [10/Jan/2023:11:15:12 +0800] "GET /v2/users/0be030f2-1e5c-42e9-8d1c-ab06ecab875b HTTP/2.0" 200 420 "-" "Mozilla/5.0 (Android 10; HUAWEI; HUAWEI; ART-AL00x) feiyu/5.2.14"
221.206.141.116 - - [10/Jan/2023:11:15:18 +0800] "GET /v2/gallery/categoriesV4 HTTP/2.0" 200 13192 "-" "Mozilla/5.0 (Android 10; HUAWEI; HUAWEI; ART-AL00x) feiyu/5.2.14"
221.206.141.116 - - [10/Jan/2023:11:15:18 +0800] "GET /v2/gallery/categories/1e3bd6cc-e816-4cec-a975-7d2c39b1a292/imagesV3?page=1&size=20&width=240 HTTP/2.0" 200 1924 "-" "Mozilla/5.0 (Android 10; HUAWEI; HUAWEI; ART-AL00x) feiyu/5.2.14"
221.206.141.116 - - [10/Jan/2023:11:15:19 +0800] "GET /v2/gallery/categories/1e3bd6cc-e816-4cec-a975-7d2c39b1a292/imagesV3?page=2&size=20&width=240 HTTP/2.0" 200 2 "-" "Mozilla/5.0 (Android 10; HUAWEI; HUAWEI; ART-AL00x) feiyu/5.2.14"
221.206.141.116 - - [10/Jan/2023:11:15:24 +0800] "GET /v2/campaigns/newest HTTP/2.0" 200 443 "-" "Mozilla/5.0 (Android 10; HUAWEI; HUAWEI; ART-AL00x) feiyu/5.2.14"
221.206.141.116 - - [10/Jan/2023:11:15:24 +0800] "GET /v2/app/randomHomeBackgroundImageV2 HTTP/2.0" 200 289 "-" "Mozilla/5.0 (Android 10; HUAWEI; HUAWEI; ART-AL00x) feiyu/5.2.14"
60.233.16.177 - - [10/Jan/2023:11:15:31 +0800] "POST /v2/near/canvas-war/canvas/draw HTTP/2.0" 200 - "-" "Mozilla/5.0 (Android 11; HONOR; HONOR; CMA-AN00) feiyu/5.2.14"
59.49.13.186 - - [10/Jan/2023:11:15:44 +0800] "GET /v2/app/upgrade?version_code=57&platform=Android HTTP/2.0" 200 4 "-" "Mozilla/5.0 (Android 10; Xiaomi; Redmi; M2006J10C) feiyu/5.2.6"
39.171.223.16 - - [10/Jan/2023:11:15:45 +0800] "GET /v2/messages/unreadCount?timestamp=1970-01-01%2000%3A00%3A00 HTTP/2.0" 200 26 "-" "Mozilla/5.0 (Android 11; PTAC; Hinova; Hera-BD00) feiyu/5.2.14"
39.171.223.16 - - [10/Jan/2023:11:15:45 +0800] "GET /v2/campaigns/newest HTTP/2.0" 200 447 "-" "Mozilla/5.0 (Android 11; PTAC; Hinova; Hera-BD00) feiyu/5.2.14"
39.171.223.16 - - [10/Jan/2023:11:15:45 +0800] "GET /v2/users/1719b33f-4627-4e1e-8e7e-6da45efef366/settings HTTP/2.0" 200 313 "-" "Mozilla/5.0 (Android 11; PTAC; Hinova; Hera-BD00) feiyu/5.2.14"
59.49.13.186 - - [10/Jan/2023:11:15:46 +0800] "GET /v2/lab-projects HTTP/2.0" 200 24877 "-" "Mozilla/5.0 (Android 10; Xiaomi; Redmi; M2006J10C) feiyu/5.2.6"
59.49.13.186 - - [10/Jan/2023:11:15:46 +0800] "GET /v2/app/upgrade?version_code=57&platform=Android HTTP/2.0" 200 4 "-" "Mozilla/5.0 (Android 10; Xiaomi; Redmi; M2006J10C) feiyu/5.2.6"
59.49.13.186 - - [10/Jan/2023:11:15:46 +0800] "GET /v2/campaigns/newest HTTP/2.0" 200 445 "-" "Mozilla/5.0 (Android 10; Xiaomi; Redmi; M2006J10C) feiyu/5.2.6"
59.49.13.186 - - [10/Jan/2023:11:15:46 +0800] "GET /v2/messages/unreadCount?timestamp=2022-08-03%2003%3A33%3A47 HTTP/2.0" 401 54 "-" "Mozilla/5.0 (Android 10; Xiaomi; Redmi; M2006J10C) feiyu/5.2.6"
59.49.13.186 - - [10/Jan/2023:11:15:46 +0800] "GET /v2/campaigns/newest HTTP/2.0" 200 445 "-" "Mozilla/5.0 (Android 10; Xiaomi; Redmi; M2006J10C) feiyu/5.2.6"
59.49.13.186 - - [10/Jan/2023:11:15:46 +0800] "GET /v2/users/1492db05-8409-4904-ab97-4a55438e9caa/settings HTTP/2.0" 401 54 "-" "Mozilla/5.0 (Android 10; Xiaomi; Redmi; M2006J10C) feiyu/5.2.6"
59.49.13.186 - - [10/Jan/2023:11:15:46 +0800] "GET /v2/app/randomHomeBackgroundImageV2 HTTP/2.0" 200 287 "-" "Mozilla/5.0 (Android 10; Xiaomi; Redmi; M2006J10C) feiyu/5.2.6"
59.49.13.186 - - [10/Jan/2023:11:15:47 +0800] "POST /v2/users/1492db05-8409-4904-ab97-4a55438e9caa/token HTTP/2.0" 401 55 "-" "Mozilla/5.0 (Android 10; Xiaomi; Redmi; M2006J10C) feiyu/5.2.6"
59.49.13.186 - - [10/Jan/2023:11:15:47 +0800] "POST /v2/users/1492db05-8409-4904-ab97-4a55438e9caa/token HTTP/2.0" 401 55 "-" "Mozilla/5.0 (Android 10; Xiaomi; Redmi; M2006J10C) feiyu/5.2.6"
59.49.13.186 - - [10/Jan/2023:11:15:47 +0800] "POST /v2/users/1492db05-8409-4904-ab97-4a55438e9caa/token HTTP/2.0" 401 55 "-" "Mozilla/5.0 (Android 10; Xiaomi; Redmi; M2006J10C) feiyu/5.2.6"
59.49.13.186 - - [10/Jan/2023:11:15:47 +0800] "POST /v2/users/1492db05-8409-4904-ab97-4a55438e9caa/token HTTP/2.0" 401 55 "-" "Mozilla/5.0 (Android 10; Xiaomi; Redmi; M2006J10C) feiyu/5.2.6"
59.49.13.186 - - [10/Jan/2023:11:15:47 +0800] "GET /v2/campaigns/newest HTTP/2.0" 200 443 "-" "Mozilla/5.0 (Android 10; Xiaomi; Redmi; M2006J10C) feiyu/5.2.6"
59.49.13.186 - - [10/Jan/2023:11:15:47 +0800] "GET /v2/campaigns/newest HTTP/2.0" 200 443 "-" "Mozilla/5.0 (Android 10; Xiaomi; Redmi; M2006J10C) feiyu/5.2.6"
60.233.16.177 - - [10/Jan/2023:11:15:42 +0800] "POST /v2/near/canvas-war/canvas/draw HTTP/2.0" 200 - "-" "Mozilla/5.0 (Android 11; HONOR; HONOR; CMA-AN00) feiyu/5.2.14"
113.248.164.118 - - [10/Jan/2023:11:16:03 +0800] "GET /v2/gallery/images/e23fb402-136f-47c3-a990-18a9f8967392?width=1080 HTTP/2.0" 200 463 "-" "Mozilla/5.0 (Android 12; Xiaomi; Redmi; M2012K11AC) feiyu/5.2.14"
60.233.16.177 - - [10/Jan/2023:11:15:52 +0800] "POST /v2/near/canvas-war/canvas/draw HTTP/2.0" 200 - "-" "Mozilla/5.0 (Android 11; HONOR; HONOR; CMA-AN00) feiyu/5.2.14"
113.248.164.118 - - [10/Jan/2023:11:16:07 +0800] "POST /v2/app/upload HTTP/2.0" 200 351 "-" "Mozilla/5.0 (Android 12; Xiaomi; Redmi; M2012K11AC) feiyu/5.2.14"
113.248.164.118 - - [10/Jan/2023:11:16:07 +0800] "POST /v2/posts/uploadCompleteV2 HTTP/2.0" 200 1145 "-" "Mozilla/5.0 (Android 12; Xiaomi; Redmi; M2012K11AC) feiyu/5.2.14"
117.36.147.102 - - [10/Jan/2023:11:16:13 +0800] "GET /v2/messages/unreadCount?timestamp=1970-01-01%2000%3A00%3A00 HTTP/2.0" 200 26 "-" "Mozilla/5.0 (Android 8.1.0; HUAWEI; HUAWEI; DUB-AL00) feiyu/5.2.14"
117.36.147.102 - - [10/Jan/2023:11:16:13 +0800] "GET /v2/campaigns/newest HTTP/2.0" 200 445 "-" "Mozilla/5.0 (Android 8.1.0; HUAWEI; HUAWEI; DUB-AL00) feiyu/5.2.14"
117.36.147.102 - - [10/Jan/2023:11:16:13 +0800] "GET /v2/users/ac0146be-fca3-48da-a0ba-1f64402df119/settings HTTP/2.0" 200 313 "-" "Mozilla/5.0 (Android 8.1.0; HUAWEI; HUAWEI; DUB-AL00) feiyu/5.2.14"
117.36.147.102 - - [10/Jan/2023:11:16:13 +0800] "GET /v2/explore/searchHint HTTP/2.0" 200 23 "-" "Mozilla/5.0 (Android 8.1.0; HUAWEI; HUAWEI; DUB-AL00) feiyu/5.2.14"
60.233.16.177 - - [10/Jan/2023:11:15:57 +0800] "POST /v2/near/canvas-war/canvas/draw HTTP/2.0" 200 - "-" "Mozilla/5.0 (Android 11; HONOR; HONOR; CMA-AN00) feiyu/5.2.14"
59.49.13.186 - - [10/Jan/2023:11:16:22 +0800] "POST /v2/users/oauth HTTP/2.0" 200 937 "-" "Mozilla/5.0 (Android 10; Xiaomi; Redmi; M2006J10C) feiyu/5.2.6"
60.233.16.177 - - [10/Jan/2023:11:16:12 +0800] "POST /v2/near/canvas-war/canvas/draw HTTP/2.0" 200 - "-" "Mozilla/5.0 (Android 11; HONOR; HONOR; CMA-AN00) feiyu/5.2.14"
59.49.13.186 - - [10/Jan/2023:11:16:22 +0800] "GET /v2/users/1492db05-8409-4904-ab97-4a55438e9caa/settings HTTP/2.0" 200 314 "-" "Mozilla/5.0 (Android 10; Xiaomi; Redmi; M2006J10C) feiyu/5.2.6"
59.49.13.186 - - [10/Jan/2023:11:16:22 +0800] "GET /v2/users/1492db05-8409-4904-ab97-4a55438e9caa HTTP/2.0" 200 422 "-" "Mozilla/5.0 (Android 10; Xiaomi; Redmi; M2006J10C) feiyu/5.2.6"
59.49.13.186 - - [10/Jan/2023:11:16:22 +0800] "GET /v2/users/1492db05-8409-4904-ab97-4a55438e9caa HTTP/2.0" 200 422 "-" "Mozilla/5.0 (Android 10; Xiaomi; Redmi; M2006J10C) feiyu/5.2.6"
59.49.13.186 - - [10/Jan/2023:11:16:22 +0800] "GET /v2/messages/unreadCount?timestamp=1970-01-01%2000%3A00%3A00 HTTP/2.0" 200 26 "-" "Mozilla/5.0 (Android 10; Xiaomi; Redmi; M2006J10C) feiyu/5.2.6"
59.49.13.186 - - [10/Jan/2023:11:16:22 +0800] "GET /v2/messages/unreadCount?timestamp=1970-01-01%2000%3A00%3A00 HTTP/2.0" 200 26 "-" "Mozilla/5.0 (Android 10; Xiaomi; Redmi; M2006J10C) feiyu/5.2.6"
59.49.13.186 - - [10/Jan/2023:11:16:22 +0800] "GET /v2/campaigns/newest HTTP/2.0" 200 443 "-" "Mozilla/5.0 (Android 10; Xiaomi; Redmi; M2006J10C) feiyu/5.2.6"
59.49.13.186 - - [10/Jan/2023:11:16:22 +0800] "GET /v2/users/1492db05-8409-4904-ab97-4a55438e9caa/settings HTTP/2.0" 200 314 "-" "Mozilla/5.0 (Android 10; Xiaomi; Redmi; M2006J10C) feiyu/5.2.6"
59.49.13.186 - - [10/Jan/2023:11:16:22 +0800] "GET /v2/users/1492db05-8409-4904-ab97-4a55438e9caa HTTP/2.0" 200 422 "-" "Mozilla/5.0 (Android 10; Xiaomi; Redmi; M2006J10C) feiyu/5.2.6"
59.49.13.186 - - [10/Jan/2023:11:16:22 +0800] "GET /v2/users/1492db05-8409-4904-ab97-4a55438e9caa/createdPostsV2?guest=false&size=20&image_width=1080&background_width=359 HTTP/2.0" 200 15457 "-" "Mozilla/5.0 (Android 10; Xiaomi; Redmi; M2006J10C) feiyu/5.2.6"
59.49.13.186 - - [10/Jan/2023:11:16:22 +0800] "GET /v2/users/1492db05-8409-4904-ab97-4a55438e9caa/likedPostsV2?guest=false&size=20&image_width=1080&background_width=359 HTTP/2.0" 200 2 "-" "Mozilla/5.0 (Android 10; Xiaomi; Redmi; M2006J10C) feiyu/5.2.6"
59.49.13.186 - - [10/Jan/2023:11:16:23 +0800] "GET /v2/users/1492db05-8409-4904-ab97-4a55438e9caa/favoritedPosts?size=20&image_width=1080&background_width=359 HTTP/2.0" 200 2 "-" "Mozilla/5.0 (Android 10; Xiaomi; Redmi; M2006J10C) feiyu/5.2.6"
59.49.13.186 - - [10/Jan/2023:11:16:30 +0800] "GET /v2/messages/list?size=20 HTTP/2.0" 200 6162 "-" "Mozilla/5.0 (Android 10; Xiaomi; Redmi; M2006J10C) feiyu/5.2.6"
59.49.13.186 - - [10/Jan/2023:11:16:30 +0800] "GET /v2/messages/list?timestamp=2021-12-21%2005%3A21%3A52&size=20 HTTP/2.0" 200 2 "-" "Mozilla/5.0 (Android 10; Xiaomi; Redmi; M2006J10C) feiyu/5.2.6"
60.233.16.177 - - [10/Jan/2023:11:16:24 +0800] "POST /v2/near/canvas-war/canvas/draw HTTP/2.0" 200 - "-" "Mozilla/5.0 (Android 11; HONOR; HONOR; CMA-AN00) feiyu/5.2.14"
59.49.13.186 - - [10/Jan/2023:11:16:37 +0800] "GET /v2/campaigns/newest HTTP/2.0" 200 445 "-" "Mozilla/5.0 (Android 10; Xiaomi; Redmi; M2006J10C) feiyu/5.2.6"
59.49.13.186 - - [10/Jan/2023:11:16:37 +0800] "GET /v2/app/randomHomeBackgroundImageV2 HTTP/2.0" 200 289 "-" "Mozilla/5.0 (Android 10; Xiaomi; Redmi; M2006J10C) feiyu/5.2.6"
60.233.16.177 - - [10/Jan/2023:11:16:35 +0800] "POST /v2/near/canvas-war/canvas/draw HTTP/2.0" 200 - "-" "Mozilla/5.0 (Android 11; HONOR; HONOR; CMA-AN00) feiyu/5.2.14"
124.163.174.249 - - [10/Jan/2023:11:16:50 +0800] "GET /v2/lab-projects HTTP/2.0" 200 24913 "-" "Mozilla/5.0 (iOS 16.2; Apple; Apple; iPhone15,3) feiyu/5.2.14"
124.163.174.249 - - [10/Jan/2023:11:16:50 +0800] "GET /v2/messages/unreadCount?timestamp=1970-01-01%2000%3A00%3A01 HTTP/2.0" 200 26 "-" "Mozilla/5.0 (iOS 16.2; Apple; Apple; iPhone15,3) feiyu/5.2.14"
124.163.174.249 - - [10/Jan/2023:11:16:53 +0800] "GET /v2/posts/followeesV4?background_width=1284&image_width=1284&type=0 HTTP/2.0" 200 87293 "-" "Mozilla/5.0 (iOS 16.2; Apple; Apple; iPhone15,3) feiyu/5.2.14"
124.163.174.249 - - [10/Jan/2023:11:16:53 +0800] "GET /v2/explore/searchHint HTTP/2.0" 200 23 "-" "Mozilla/5.0 (iOS 16.2; Apple; Apple; iPhone15,3) feiyu/5.2.14"
124.163.174.249 - - [10/Jan/2023:11:16:53 +0800] "GET /v2/explore/banner?scene=2 HTTP/2.0" 200 439 "-" "Mozilla/5.0 (iOS 16.2; Apple; Apple; iPhone15,3) feiyu/5.2.14"
124.163.174.249 - - [10/Jan/2023:11:16:53 +0800] "GET /v2/ads?scene=0 HTTP/2.0" 200 2 "-" "Mozilla/5.0 (iOS 16.2; Apple; Apple; iPhone15,3) feiyu/5.2.14"
124.163.174.249 - - [10/Jan/2023:11:16:53 +0800] "GET /v2/explore/banner?scene=1 HTTP/2.0" 200 2304 "-" "Mozilla/5.0 (iOS 16.2; Apple; Apple; iPhone15,3) feiyu/5.2.14"
124.163.174.249 - - [10/Jan/2023:11:16:53 +0800] "GET /v2/posts/recommended/sticky?background_width=1284&image_width=1284 HTTP/2.0" 200 3844 "-" "Mozilla/5.0 (iOS 16.2; Apple; Apple; iPhone15,3) feiyu/5.2.14"
124.163.174.249 - - [10/Jan/2023:11:16:53 +0800] "GET /v2/content-series/explore HTTP/2.0" 200 68496 "-" "Mozilla/5.0 (iOS 16.2; Apple; Apple; iPhone15,3) feiyu/5.2.14"
124.163.174.249 - - [10/Jan/2023:11:16:53 +0800] "GET /v2/posts/recommended?background_width=1284&image_width=1284&size=20 HTTP/2.0" 200 87016 "-" "Mozilla/5.0 (iOS 16.2; Apple; Apple; iPhone15,3) feiyu/5.2.14"
59.49.13.186 - - [10/Jan/2023:11:16:54 +0800] "GET /v2/gallery/randomImagesV2?size=50&width=540&content=2023%EF%BC%8C%E4%B8%8E%E6%88%91%E5%BC%80%E5%A7%8B%E4%B8%80%E5%9C%BA%E5%AE%9A%E6%8A%95%E5%90%A7%0A HTTP/2.0" 200 23250 "-" "Mozilla/5.0 (Android 10; Xiaomi; Redmi; M2006J10C) feiyu/5.2.6"
124.163.174.249 - - [10/Jan/2023:11:16:55 +0800] "GET /v2/app/upgrade?platform=iOS&version_code=98 HTTP/2.0" 200 4 "-" "Mozilla/5.0 (iOS 16.2; Apple; Apple; iPhone15,3) feiyu/5.2.14"
124.163.174.249 - - [10/Jan/2023:11:16:55 +0800] "GET /v2/campaigns/newest HTTP/2.0" 200 445 "-" "Mozilla/5.0 (iOS 16.2; Apple; Apple; iPhone15,3) feiyu/5.2.14"
124.163.174.249 - - [10/Jan/2023:11:16:55 +0800] "GET /v2/messages/unreadCount?timestamp=1970-01-01%2000%3A00%3A01 HTTP/2.0" 200 26 "-" "Mozilla/5.0 (iOS 16.2; Apple; Apple; iPhone15,3) feiyu/5.2.14"
124.163.174.249 - - [10/Jan/2023:11:16:55 +0800] "GET /v2/app/randomHomeBackgroundImageV2 HTTP/2.0" 200 289 "-" "Mozilla/5.0 (iOS 16.2; Apple; Apple; iPhone15,3) feiyu/5.2.14"
60.233.16.177 - - [10/Jan/2023:11:16:47 +0800] "POST /v2/near/canvas-war/canvas/draw HTTP/2.0" 200 - "-" "Mozilla/5.0 (Android 11; HONOR; HONOR; CMA-AN00) feiyu/5.2.14"
59.49.13.186 - - [10/Jan/2023:11:16:58 +0800] "GET /v2/gallery/images/7bfcdc39-732d-4c8d-87e3-4e15eaa381e3?width=1080 HTTP/2.0" 200 459 "-" "Mozilla/5.0 (Android 10; Xiaomi; Redmi; M2006J10C) feiyu/5.2.6"
59.49.13.186 - - [10/Jan/2023:11:17:02 +0800] "GET /v2/messages/unreadCount?timestamp=2023-01-10%2003%3A16%3A29 HTTP/2.0" 200 26 "-" "Mozilla/5.0 (Android 10; Xiaomi; Redmi; M2006J10C) feiyu/5.2.6"
59.49.13.186 - - [10/Jan/2023:11:17:02 +0800] "GET /v2/campaigns/newest HTTP/2.0" 200 447 "-" "Mozilla/5.0 (Android 10; Xiaomi; Redmi; M2006J10C) feiyu/5.2.6"
59.49.13.186 - - [10/Jan/2023:11:17:02 +0800] "GET /v2/users/1492db05-8409-4904-ab97-4a55438e9caa/settings HTTP/2.0" 200 314 "-" "Mozilla/5.0 (Android 10; Xiaomi; Redmi; M2006J10C) feiyu/5.2.6"
59.49.13.186 - - [10/Jan/2023:11:17:02 +0800] "GET /v2/users/1492db05-8409-4904-ab97-4a55438e9caa HTTP/2.0" 200 422 "-" "Mozilla/5.0 (Android 10; Xiaomi; Redmi; M2006J10C) feiyu/5.2.6"
113.248.164.118 - - [10/Jan/2023:11:17:06 +0800] "GET /v2/gallery/images/154aa1a0-6bfb-4ba0-acb0-c1c54d3467c1?width=1080 HTTP/2.0" 200 466 "-" "Mozilla/5.0 (Android 12; Xiaomi; Redmi; M2012K11AC) feiyu/5.2.14"
113.248.164.118 - - [10/Jan/2023:11:17:07 +0800] "POST /v2/app/upload HTTP/2.0" 200 353 "-" "Mozilla/5.0 (Android 12; Xiaomi; Redmi; M2012K11AC) feiyu/5.2.14"
113.248.164.118 - - [10/Jan/2023:11:17:08 +0800] "POST /v2/posts/uploadCompleteV2 HTTP/2.0" 200 1143 "-" "Mozilla/5.0 (Android 12; Xiaomi; Redmi; M2012K11AC) feiyu/5.2.14"
60.233.16.177 - - [10/Jan/2023:11:16:56 +0800] "POST /v2/near/canvas-war/canvas/draw HTTP/2.0" 200 - "-" "Mozilla/5.0 (Android 11; HONOR; HONOR; CMA-AN00) feiyu/5.2.14"
116.237.130.18 - - [10/Jan/2023:11:17:09 +0800] "GET /v2/messages/unreadCount?timestamp=1970-01-01%2000%3A00%3A00 HTTP/2.0" 200 26 "-" "Mozilla/5.0 (Android 12; Xiaomi; Redmi; 22081212C) feiyu/5.2.14"
116.237.130.18 - - [10/Jan/2023:11:17:09 +0800] "GET /v2/campaigns/newest HTTP/2.0" 200 447 "-" "Mozilla/5.0 (Android 12; Xiaomi; Redmi; 22081212C) feiyu/5.2.14"
116.237.130.18 - - [10/Jan/2023:11:17:09 +0800] "GET /v2/users/a88d12a3-c0a0-4ddb-8db4-88fc1a91ba47/settings HTTP/2.0" 200 310 "-" "Mozilla/5.0 (Android 12; Xiaomi; Redmi; 22081212C) feiyu/5.2.14"
116.237.130.18 - - [10/Jan/2023:11:17:11 +0800] "GET /v2/gallery/categories/1ab7a131-0b87-4435-a849-7b1aeaee0167/imagesV3?page=3&size=20&width=406 HTTP/2.0" 200 9475 "-" "Mozilla/5.0 (Android 12; Xiaomi; Redmi; 22081212C) feiyu/5.2.14"
59.49.13.186 - - [10/Jan/2023:11:17:12 +0800] "GET /v2/gallery/randomImagesV2?size=50&width=540&content=2023%EF%BC%8C%E5%BC%80%E5%A7%8B%E5%AE%9A%E6%8A%95%E5%90%A7%0A HTTP/2.0" 200 23738 "-" "Mozilla/5.0 (Android 10; Xiaomi; Redmi; M2006J10C) feiyu/5.2.6"
39.171.223.16 - - [10/Jan/2023:11:17:14 +0800] "GET /v2/messages/unreadCount?timestamp=1970-01-01%2000%3A00%3A00 HTTP/2.0" 200 26 "-" "Mozilla/5.0 (Android 11; PTAC; Hinova; Hera-BD00) feiyu/5.2.14"
39.171.223.16 - - [10/Jan/2023:11:17:15 +0800] "GET /v2/users/1719b33f-4627-4e1e-8e7e-6da45efef366/settings HTTP/2.0" 200 313 "-" "Mozilla/5.0 (Android 11; PTAC; Hinova; Hera-BD00) feiyu/5.2.14"
39.171.223.16 - - [10/Jan/2023:11:17:15 +0800] "GET /v2/campaigns/newest HTTP/2.0" 200 445 "-" "Mozilla/5.0 (Android 11; PTAC; Hinova; Hera-BD00) feiyu/5.2.14"
59.49.13.186 - - [10/Jan/2023:11:17:16 +0800] "GET /v2/gallery/images/7bfcdc39-732d-4c8d-87e3-4e15eaa381e3?width=1080 HTTP/2.0" 200 457 "-" "Mozilla/5.0 (Android 10; Xiaomi; Redmi; M2006J10C) feiyu/5.2.6"
60.233.16.177 - - [10/Jan/2023:11:17:05 +0800] "POST /v2/near/canvas-war/canvas/draw HTTP/2.0" 200 - "-" "Mozilla/5.0 (Android 11; HONOR; HONOR; CMA-AN00) feiyu/5.2.14"
59.49.13.186 - - [10/Jan/2023:11:17:18 +0800] "POST /v2/app/upload HTTP/2.0" 200 351 "-" "Mozilla/5.0 (Android 10; Xiaomi; Redmi; M2006J10C) feiyu/5.2.6"
59.49.13.186 - - [10/Jan/2023:11:17:19 +0800] "POST /v2/posts/uploadCompleteV2 HTTP/2.0" 200 1144 "-" "Mozilla/5.0 (Android 10; Xiaomi; Redmi; M2006J10C) feiyu/5.2.6"
116.237.130.18 - - [10/Jan/2023:11:17:22 +0800] "GET /v2/messages/unreadCount?timestamp=1970-01-01%2000%3A00%3A00 HTTP/2.0" 200 26 "-" "Mozilla/5.0 (Android 12; Xiaomi; Redmi; 22081212C) feiyu/5.2.14"
116.237.130.18 - - [10/Jan/2023:11:17:22 +0800] "GET /v2/campaigns/newest HTTP/2.0" 200 445 "-" "Mozilla/5.0 (Android 12; Xiaomi; Redmi; 22081212C) feiyu/5.2.14"
116.237.130.18 - - [10/Jan/2023:11:17:22 +0800] "GET /v2/users/a88d12a3-c0a0-4ddb-8db4-88fc1a91ba47/settings HTTP/2.0" 200 310 "-" "Mozilla/5.0 (Android 12; Xiaomi; Redmi; 22081212C) feiyu/5.2.14"
116.237.130.18 - - [10/Jan/2023:11:17:23 +0800] "GET /v2/gallery/categories/1ab7a131-0b87-4435-a849-7b1aeaee0167/imagesV3?page=4&size=20&width=406 HTTP/2.0" 200 9506 "-" "Mozilla/5.0 (Android 12; Xiaomi; Redmi; 22081212C) feiyu/5.2.14"
218.92.240.34 - - [10/Jan/2023:11:17:26 +0800] "PUT /v2/users/8a116a3d-0029-4b0d-8f0f-dca45236fa10 HTTP/2.0" 200 264 "-" "Mozilla/5.0 (Android 12; Xiaomi; Redmi; M2012K11AC) feiyu/5.2.12"
218.92.240.34 - - [10/Jan/2023:11:17:26 +0800] "GET /v2/users/8a116a3d-0029-4b0d-8f0f-dca45236fa10/settings HTTP/2.0" 200 313 "-" "Mozilla/5.0 (Android 12; Xiaomi; Redmi; M2012K11AC) feiyu/5.2.12"
120.227.188.96 - - [10/Jan/2023:11:17:27 +0800] "GET /v2/lab-projects HTTP/2.0" 200 24911 "-" "Mozilla/5.0 (iOS 14.6; Apple; Apple; iPhone13,3) feiyu/5.2.14"
117.36.147.102 - - [10/Jan/2023:11:17:28 +0800] "GET /v2/messages/unreadCount?timestamp=1970-01-01%2000%3A00%3A00 HTTP/2.0" 200 26 "-" "Mozilla/5.0 (Android 8.1.0; HUAWEI; HUAWEI; DUB-AL00) feiyu/5.2.14"
117.36.147.102 - - [10/Jan/2023:11:17:28 +0800] "GET /v2/users/ac0146be-fca3-48da-a0ba-1f64402df119/settings HTTP/2.0" 200 313 "-" "Mozilla/5.0 (Android 8.1.0; HUAWEI; HUAWEI; DUB-AL00) feiyu/5.2.14"
117.36.147.102 - - [10/Jan/2023:11:17:28 +0800] "GET /v2/campaigns/newest HTTP/2.0" 200 445 "-" "Mozilla/5.0 (Android 8.1.0; HUAWEI; HUAWEI; DUB-AL00) feiyu/5.2.14"
117.36.147.102 - - [10/Jan/2023:11:17:28 +0800] "GET /v2/explore/searchHint HTTP/2.0" 200 23 "-" "Mozilla/5.0 (Android 8.1.0; HUAWEI; HUAWEI; DUB-AL00) feiyu/5.2.14"
116.237.130.18 - - [10/Jan/2023:11:17:30 +0800] "GET /v2/gallery/categories/f51d22d1-683a-4671-a81d-da5cbc8eeebc/imagesV3?page=1&size=20&width=406 HTTP/2.0" 200 9507 "-" "Mozilla/5.0 (Android 12; Xiaomi; Redmi; 22081212C) feiyu/5.2.14"
117.36.147.102 - - [10/Jan/2023:11:17:30 +0800] "GET /v2/users/ac0146be-fca3-48da-a0ba-1f64402df119 HTTP/2.0" 200 425 "-" "Mozilla/5.0 (Android 8.1.0; HUAWEI; HUAWEI; DUB-AL00) feiyu/5.2.14"
117.36.147.102 - - [10/Jan/2023:11:17:30 +0800] "GET /v2/messages/unreadCount?timestamp=1970-01-01%2000%3A00%3A00 HTTP/2.0" 200 26 "-" "Mozilla/5.0 (Android 8.1.0; HUAWEI; HUAWEI; DUB-AL00) feiyu/5.2.14"
117.36.147.102 - - [10/Jan/2023:11:17:30 +0800] "GET /v2/users/ac0146be-fca3-48da-a0ba-1f64402df119 HTTP/2.0" 200 425 "-" "Mozilla/5.0 (Android 8.1.0; HUAWEI; HUAWEI; DUB-AL00) feiyu/5.2.14"
117.36.147.102 - - [10/Jan/2023:11:17:30 +0800] "GET /v2/users/ac0146be-fca3-48da-a0ba-1f64402df119 HTTP/2.0" 200 425 "-" "Mozilla/5.0 (Android 8.1.0; HUAWEI; HUAWEI; DUB-AL00) feiyu/5.2.14"
117.36.147.102 - - [10/Jan/2023:11:17:30 +0800] "GET /v2/clock-ins/stats HTTP/2.0" 200 385 "-" "Mozilla/5.0 (Android 8.1.0; HUAWEI; HUAWEI; DUB-AL00) feiyu/5.2.14"
117.36.147.102 - - [10/Jan/2023:11:17:30 +0800] "GET /v2/users/ac0146be-fca3-48da-a0ba-1f64402df119/createdPostsV2?guest=false&size=20&image_width=720&background_width=239 HTTP/2.0" 200 2 "-" "Mozilla/5.0 (Android 8.1.0; HUAWEI; HUAWEI; DUB-AL00) feiyu/5.2.14"
117.36.147.102 - - [10/Jan/2023:11:17:30 +0800] "GET /v2/users/ac0146be-fca3-48da-a0ba-1f64402df119/likedPostsV2?guest=false&size=20&image_width=720&background_width=239 HTTP/2.0" 200 2 "-" "Mozilla/5.0 (Android 8.1.0; HUAWEI; HUAWEI; DUB-AL00) feiyu/5.2.14"
117.36.147.102 - - [10/Jan/2023:11:17:30 +0800] "GET /v2/users/ac0146be-fca3-48da-a0ba-1f64402df119/favoritedPosts?size=20&image_width=720&background_width=239 HTTP/2.0" 200 2 "-" "Mozilla/5.0 (Android 8.1.0; HUAWEI; HUAWEI; DUB-AL00) feiyu/5.2.14"
117.36.147.102 - - [10/Jan/2023:11:17:30 +0800] "GET /v2/near/canvas-war/accounts/ac0146be-fca3-48da-a0ba-1f64402df119 HTTP/2.0" 200 546 "-" "Mozilla/5.0 (Android 8.1.0; HUAWEI; HUAWEI; DUB-AL00) feiyu/5.2.14"
116.237.130.18 - - [10/Jan/2023:11:17:33 +0800] "GET /v2/gallery/categories/f51d22d1-683a-4671-a81d-da5cbc8eeebc/imagesV3?page=2&size=20&width=406 HTTP/2.0" 200 9501 "-" "Mozilla/5.0 (Android 12; Xiaomi; Redmi; 22081212C) feiyu/5.2.14"
