124.116.242.218 - - [10/Jan/2023:11:26:03 +0800] "GET /v2/app/upgrade?version_code=65&platform=Android HTTP/2.0" 200 4 "-" "Mozilla/5.0 (Android 9; OPPO; OPPO; PBBM00) feiyu/5.2.14"
124.116.242.218 - - [10/Jan/2023:11:26:05 +0800] "GET /v2/lab-projects HTTP/2.0" 200 24923 "-" "Mozilla/5.0 (Android 9; OPPO; OPPO; PBBM00) feiyu/5.2.14"
124.116.242.218 - - [10/Jan/2023:11:26:05 +0800] "GET /v2/app/upgrade?version_code=65&platform=Android HTTP/2.0" 200 4 "-" "Mozilla/5.0 (Android 9; OPPO; OPPO; PBBM00) feiyu/5.2.14"
1.81.177.237 - - [10/Jan/2023:11:26:05 +0800] "GET /v2/gallery/categories/1ab7a131-0b87-4435-a849-7b1aeaee0167/imagesV3?page=3&size=20&width=360 HTTP/2.0" 200 9495 "-" "Mozilla/5.0 (Android 11; Xiaomi; xiaomi; Redmi Note 8) feiyu/5.2.14"
124.116.242.218 - - [10/Jan/2023:11:26:05 +0800] "GET /v2/app/randomHomeBackgroundImageV2 HTTP/2.0" 200 289 "-" "Mozilla/5.0 (Android 9; OPPO; OPPO; PBBM00) feiyu/5.2.14"
124.116.242.218 - - [10/Jan/2023:11:26:05 +0800] "GET /v2/campaigns/newest HTTP/2.0" 200 445 "-" "Mozilla/5.0 (Android 9; OPPO; OPPO; PBBM00) feiyu/5.2.14"
124.116.242.218 - - [10/Jan/2023:11:26:05 +0800] "GET /v2/messages/unreadCount?timestamp=2023-01-10%2002%3A41%3A17 HTTP/2.0" 200 26 "-" "Mozilla/5.0 (Android 9; OPPO; OPPO; PBBM00) feiyu/5.2.14"
124.116.242.218 - - [10/Jan/2023:11:26:06 +0800] "GET /v2/users/fffb5aab-50cc-4095-881f-e1f270087534/settings HTTP/2.0" 200 313 "-" "Mozilla/5.0 (Android 9; OPPO; OPPO; PBBM00) feiyu/5.2.14"
124.116.242.218 - - [10/Jan/2023:11:26:06 +0800] "GET /v2/campaigns/newest HTTP/2.0" 200 443 "-" "Mozilla/5.0 (Android 9; OPPO; OPPO; PBBM00) feiyu/5.2.14"
111.183.91.19 - - [10/Jan/2023:11:26:08 +0800] "GET /v2/gallery/randomImagesV2?size=50&width=360&content=%E7%94%9F%E6%9D%A5%E5%B0%B1%E4%B8%BA%E6%89%93%E5%B7%A5%EF%BC%81 HTTP/2.0" 200 23751 "-" "Mozilla/5.0 (Android 11; HONOR; HONOR; CMA-AN00) feiyu/5.2.14"
124.116.242.218 - - [10/Jan/2023:11:26:09 +0800] "GET /v2/explore/banner?scene=2 HTTP/2.0" 200 439 "-" "Mozilla/5.0 (Android 9; OPPO; OPPO; PBBM00) feiyu/5.2.14"
124.116.242.218 - - [10/Jan/2023:11:26:09 +0800] "GET /v2/explore/searchHint HTTP/2.0" 200 23 "-" "Mozilla/5.0 (Android 9; OPPO; OPPO; PBBM00) feiyu/5.2.14"
124.116.242.218 - - [10/Jan/2023:11:26:09 +0800] "GET /v2/posts/followees-v5?type=0&size=20&image_width=1080&background_width=359 HTTP/2.0" 200 88233 "-" "Mozilla/5.0 (Android 9; OPPO; OPPO; PBBM00) feiyu/5.2.14"
124.116.242.218 - - [10/Jan/2023:11:26:09 +0800] "GET /v2/content-series/explore HTTP/2.0" 200 68518 "-" "Mozilla/5.0 (Android 9; OPPO; OPPO; PBBM00) feiyu/5.2.14"
124.116.242.218 - - [10/Jan/2023:11:26:09 +0800] "GET /v2/posts/followees-v5?type=0&size=20&image_width=1080&background_width=359 HTTP/2.0" 200 88233 "-" "Mozilla/5.0 (Android 9; OPPO; OPPO; PBBM00) feiyu/5.2.14"
124.116.242.218 - - [10/Jan/2023:11:26:10 +0800] "GET /v2/posts/recommended/sticky?image_width=1080&background_width=359 HTTP/2.0" 200 3852 "-" "Mozilla/5.0 (Android 9; OPPO; OPPO; PBBM00) feiyu/5.2.14"
124.116.242.218 - - [10/Jan/2023:11:26:10 +0800] "GET /v2/explore/banner?scene=1 HTTP/2.0" 200 2306 "-" "Mozilla/5.0 (Android 9; OPPO; OPPO; PBBM00) feiyu/5.2.14"
124.116.242.218 - - [10/Jan/2023:11:26:11 +0800] "GET /v2/posts/recommended?size=20&image_width=1080&background_width=359 HTTP/2.0" 200 77309 "-" "Mozilla/5.0 (Android 9; OPPO; OPPO; PBBM00) feiyu/5.2.14"
124.116.242.218 - - [10/Jan/2023:11:26:11 +0800] "GET /v2/ads?scene=0 HTTP/2.0" 200 2 "-" "Mozilla/5.0 (Android 9; OPPO; OPPO; PBBM00) feiyu/5.2.14"
1.81.177.237 - - [10/Jan/2023:11:26:16 +0800] "GET /v2/gallery/categories/1ab7a131-0b87-4435-a849-7b1aeaee0167/imagesV3?page=4&size=20&width=360 HTTP/2.0" 200 9518 "-" "Mozilla/5.0 (Android 11; Xiaomi; xiaomi; Redmi Note 8) feiyu/5.2.14"
124.116.242.218 - - [10/Jan/2023:11:26:17 +0800] "GET /v2/gallery/categoriesV4 HTTP/2.0" 200 13208 "-" "Mozilla/5.0 (Android 9; OPPO; OPPO; PBBM00) feiyu/5.2.14"
124.116.242.218 - - [10/Jan/2023:11:26:17 +0800] "GET /v2/gallery/categories/1e3bd6cc-e816-4cec-a975-7d2c39b1a292/imagesV3?page=1&size=20&width=360 HTTP/2.0" 200 480 "-" "Mozilla/5.0 (Android 9; OPPO; OPPO; PBBM00) feiyu/5.2.14"
111.183.91.19 - - [10/Jan/2023:11:26:17 +0800] "GET /v2/messages/unreadCount?timestamp=1970-01-01%2000%3A00%3A00 HTTP/2.0" 200 26 "-" "Mozilla/5.0 (Android 11; HONOR; HONOR; CMA-AN00) feiyu/5.2.14"
111.183.91.19 - - [10/Jan/2023:11:26:17 +0800] "GET /v2/campaigns/newest HTTP/2.0" 200 449 "-" "Mozilla/5.0 (Android 11; HONOR; HONOR; CMA-AN00) feiyu/5.2.14"
111.183.91.19 - - [10/Jan/2023:11:26:17 +0800] "GET /v2/users/58934de3-d534-4d26-9875-d3bb55d37b52/settings HTTP/2.0" 200 313 "-" "Mozilla/5.0 (Android 11; HONOR; HONOR; CMA-AN00) feiyu/5.2.14"
124.116.242.218 - - [10/Jan/2023:11:26:17 +0800] "GET /v2/gallery/categories/1e3bd6cc-e816-4cec-a975-7d2c39b1a292/imagesV3?page=2&size=20&width=360 HTTP/2.0" 200 2 "-" "Mozilla/5.0 (Android 9; OPPO; OPPO; PBBM00) feiyu/5.2.14"
1.81.177.237 - - [10/Jan/2023:11:26:18 +0800] "GET /v2/lab-projects HTTP/2.0" 200 24903 "-" "Mozilla/5.0 (Android 11; Xiaomi; xiaomi; Redmi Note 8) feiyu/5.2.14"
1.81.177.237 - - [10/Jan/2023:11:26:18 +0800] "GET /v2/lab-projects/active-users-count HTTP/2.0" 200 14 "-" "Mozilla/5.0 (Android 11; Xiaomi; xiaomi; Redmi Note 8) feiyu/5.2.14"
124.116.242.218 - - [10/Jan/2023:11:26:19 +0800] "GET /v2/gallery/images/1ebd37d4-ec9c-4b99-90f8-ec1689c68c9a?width=1080 HTTP/2.0" 200 460 "-" "Mozilla/5.0 (Android 9; OPPO; OPPO; PBBM00) feiyu/5.2.14"
1.81.177.237 - - [10/Jan/2023:11:26:20 +0800] "GET /v2/explore/searchHint HTTP/2.0" 200 23 "-" "Mozilla/5.0 (Android 11; Xiaomi; xiaomi; Redmi Note 8) feiyu/5.2.14"
1.81.177.237 - - [10/Jan/2023:11:26:20 +0800] "GET /v2/explore/banner?scene=2 HTTP/2.0" 200 441 "-" "Mozilla/5.0 (Android 11; Xiaomi; xiaomi; Redmi Note 8) feiyu/5.2.14"
1.81.177.237 - - [10/Jan/2023:11:26:20 +0800] "GET /v2/posts/followees-v5?type=0&size=20&image_width=1080&background_width=359 HTTP/2.0" 200 88199 "-" "Mozilla/5.0 (Android 11; Xiaomi; xiaomi; Redmi Note 8) feiyu/5.2.14"
1.81.177.237 - - [10/Jan/2023:11:26:20 +0800] "GET /v2/content-series/explore HTTP/2.0" 200 68446 "-" "Mozilla/5.0 (Android 11; Xiaomi; xiaomi; Redmi Note 8) feiyu/5.2.14"
1.81.177.237 - - [10/Jan/2023:11:26:20 +0800] "GET /v2/posts/followees-v5?type=0&size=20&image_width=1080&background_width=359 HTTP/2.0" 200 88199 "-" "Mozilla/5.0 (Android 11; Xiaomi; xiaomi; Redmi Note 8) feiyu/5.2.14"
111.25.209.227 - - [10/Jan/2023:11:26:20 +0800] "GET /v2/messages/unreadCount?timestamp=1970-01-01%2000%3A00%3A00 HTTP/2.0" 200 26 "-" "Mozilla/5.0 (Android 12; HUAWEI; HUAWEI; ELS-AN00) feiyu/5.2.14"
111.25.209.227 - - [10/Jan/2023:11:26:20 +0800] "GET /v2/explore/searchHint HTTP/2.0" 200 23 "-" "Mozilla/5.0 (Android 12; HUAWEI; HUAWEI; ELS-AN00) feiyu/5.2.14"
111.25.209.227 - - [10/Jan/2023:11:26:20 +0800] "GET /v2/campaigns/newest HTTP/2.0" 200 443 "-" "Mozilla/5.0 (Android 12; HUAWEI; HUAWEI; ELS-AN00) feiyu/5.2.14"
111.25.209.227 - - [10/Jan/2023:11:26:20 +0800] "GET /v2/users/6f8ad601-69df-45e0-8905-d181e1cc97e1/settings HTTP/2.0" 200 310 "-" "Mozilla/5.0 (Android 12; HUAWEI; HUAWEI; ELS-AN00) feiyu/5.2.14"
1.81.177.237 - - [10/Jan/2023:11:26:21 +0800] "GET /v2/posts/recommended/sticky?image_width=1080&background_width=359 HTTP/2.0" 200 3850 "-" "Mozilla/5.0 (Android 11; Xiaomi; xiaomi; Redmi Note 8) feiyu/5.2.14"
1.81.177.237 - - [10/Jan/2023:11:26:21 +0800] "GET /v2/explore/banner?scene=1 HTTP/2.0" 200 2304 "-" "Mozilla/5.0 (Android 11; Xiaomi; xiaomi; Redmi Note 8) feiyu/5.2.14"
1.81.177.237 - - [10/Jan/2023:11:26:21 +0800] "GET /v2/posts/recommended?size=20&image_width=1080&background_width=359 HTTP/2.0" 200 77381 "-" "Mozilla/5.0 (Android 11; Xiaomi; xiaomi; Redmi Note 8) feiyu/5.2.14"
1.81.177.237 - - [10/Jan/2023:11:26:21 +0800] "GET /v2/ads?scene=0 HTTP/2.0" 200 2 "-" "Mozilla/5.0 (Android 11; Xiaomi; xiaomi; Redmi Note 8) feiyu/5.2.14"
1.86.60.207 - - [10/Jan/2023:11:26:21 +0800] "GET /v2/gallery/images/553afe6e-2ca2-4b7d-9ac4-52efae7918fd?width=828 HTTP/2.0" 200 466 "-" "Mozilla/5.0 (iOS 15.6.1; Apple; Apple; iPhone12,1) feiyu/5.2.14"
124.116.242.218 - - [10/Jan/2023:11:26:23 +0800] "GET /v2/messages/unreadCount?timestamp=2023-01-10%2002%3A41%3A17 HTTP/2.0" 200 26 "-" "Mozilla/5.0 (Android 9; OPPO; OPPO; PBBM00) feiyu/5.2.14"
124.116.242.218 - - [10/Jan/2023:11:26:23 +0800] "GET /v2/users/fffb5aab-50cc-4095-881f-e1f270087534/settings HTTP/2.0" 200 313 "-" "Mozilla/5.0 (Android 9; OPPO; OPPO; PBBM00) feiyu/5.2.14"
124.116.242.218 - - [10/Jan/2023:11:26:23 +0800] "GET /v2/explore/searchHint HTTP/2.0" 200 23 "-" "Mozilla/5.0 (Android 9; OPPO; OPPO; PBBM00) feiyu/5.2.14"
124.116.242.218 - - [10/Jan/2023:11:26:23 +0800] "GET /v2/campaigns/newest HTTP/2.0" 200 449 "-" "Mozilla/5.0 (Android 9; OPPO; OPPO; PBBM00) feiyu/5.2.14"
124.116.242.218 - - [10/Jan/2023:11:26:24 +0800] "GET /v2/users/fffb5aab-50cc-4095-881f-e1f270087534 HTTP/2.0" 200 413 "-" "Mozilla/5.0 (Android 9; OPPO; OPPO; PBBM00) feiyu/5.2.14"
124.116.242.218 - - [10/Jan/2023:11:26:24 +0800] "GET /v2/messages/unreadCount?timestamp=2023-01-10%2002%3A41%3A17 HTTP/2.0" 200 26 "-" "Mozilla/5.0 (Android 9; OPPO; OPPO; PBBM00) feiyu/5.2.14"
124.116.242.218 - - [10/Jan/2023:11:26:24 +0800] "GET /v2/clock-ins/stats HTTP/2.0" 200 385 "-" "Mozilla/5.0 (Android 9; OPPO; OPPO; PBBM00) feiyu/5.2.14"
124.116.242.218 - - [10/Jan/2023:11:26:24 +0800] "GET /v2/users/fffb5aab-50cc-4095-881f-e1f270087534 HTTP/2.0" 200 413 "-" "Mozilla/5.0 (Android 9; OPPO; OPPO; PBBM00) feiyu/5.2.14"
124.116.242.218 - - [10/Jan/2023:11:26:24 +0800] "GET /v2/users/fffb5aab-50cc-4095-881f-e1f270087534 HTTP/2.0" 200 413 "-" "Mozilla/5.0 (Android 9; OPPO; OPPO; PBBM00) feiyu/5.2.14"
124.116.242.218 - - [10/Jan/2023:11:26:25 +0800] "GET /v2/users/fffb5aab-50cc-4095-881f-e1f270087534/createdPostsV2?guest=false&size=20&image_width=1080&background_width=359 HTTP/2.0" 200 3437 "-" "Mozilla/5.0 (Android 9; OPPO; OPPO; PBBM00) feiyu/5.2.14"
124.116.242.218 - - [10/Jan/2023:11:26:25 +0800] "GET /v2/users/fffb5aab-50cc-4095-881f-e1f270087534/likedPostsV2?guest=false&size=20&image_width=1080&background_width=359 HTTP/2.0" 200 2 "-" "Mozilla/5.0 (Android 9; OPPO; OPPO; PBBM00) feiyu/5.2.14"
124.116.242.218 - - [10/Jan/2023:11:26:25 +0800] "GET /v2/users/fffb5aab-50cc-4095-881f-e1f270087534/favoritedPosts?size=20&image_width=1080&background_width=359 HTTP/2.0" 200 2 "-" "Mozilla/5.0 (Android 9; OPPO; OPPO; PBBM00) feiyu/5.2.14"
124.116.242.218 - - [10/Jan/2023:11:26:24 +0800] "GET /v2/near/canvas-war/accounts/fffb5aab-50cc-4095-881f-e1f270087534 HTTP/2.0" 200 517 "-" "Mozilla/5.0 (Android 9; OPPO; OPPO; PBBM00) feiyu/5.2.14"
124.116.242.218 - - [10/Jan/2023:11:26:25 +0800] "GET /v2/users/fffb5aab-50cc-4095-881f-e1f270087534/createdPostsV2?timestamp=2023-01-07%2006%3A26%3A17&guest=false&size=20&image_width=1080&background_width=359 HTTP/2.0" 200 2 "-" "Mozilla/5.0 (Android 9; OPPO; OPPO; PBBM00) feiyu/5.2.14"
220.173.115.206 - - [10/Jan/2023:11:26:35 +0800] "POST /v2/app/upload HTTP/2.0" 200 349 "-" "Mozilla/5.0 (iOS 16.0.1; Apple; Apple; iPhone15,3) feiyu/5.2.14"
220.173.115.206 - - [10/Jan/2023:11:26:35 +0800] "POST /v2/posts/uploadCompleteV2 HTTP/2.0" 200 1132 "-" "Mozilla/5.0 (iOS 16.0.1; Apple; Apple; iPhone15,3) feiyu/5.2.14"
124.116.242.218 - - [10/Jan/2023:11:26:37 +0800] "GET /v2/users/fffb5aab-50cc-4095-881f-e1f270087534/subscribed-tags?size=20 HTTP/2.0" 200 2 "-" "Mozilla/5.0 (Android 9; OPPO; OPPO; PBBM00) feiyu/5.2.14"
124.116.242.218 - - [10/Jan/2023:11:26:37 +0800] "GET /v2/users/fffb5aab-50cc-4095-881f-e1f270087534/followeesV2?size=20 HTTP/2.0" 200 422 "-" "Mozilla/5.0 (Android 9; OPPO; OPPO; PBBM00) feiyu/5.2.14"
124.116.242.218 - - [10/Jan/2023:11:26:37 +0800] "GET /v2/users/fffb5aab-50cc-4095-881f-e1f270087534/followeesV2?timestamp=2023-01-07%2006%3A26%3A40&size=20 HTTP/2.0" 200 2 "-" "Mozilla/5.0 (Android 9; OPPO; OPPO; PBBM00) feiyu/5.2.14"
124.116.242.218 - - [10/Jan/2023:11:26:37 +0800] "GET /v2/users/fffb5aab-50cc-4095-881f-e1f270087534/followersV2?size=20 HTTP/2.0" 200 2 "-" "Mozilla/5.0 (Android 9; OPPO; OPPO; PBBM00) feiyu/5.2.14"
124.116.242.218 - - [10/Jan/2023:11:26:38 +0800] "GET /v2/messages/unreadCount?timestamp=2023-01-10%2002%3A41%3A17 HTTP/2.0" 200 26 "-" "Mozilla/5.0 (Android 9; OPPO; OPPO; PBBM00) feiyu/5.2.14"
124.116.242.218 - - [10/Jan/2023:11:26:38 +0800] "GET /v2/users/fffb5aab-50cc-4095-881f-e1f270087534/settings HTTP/2.0" 200 313 "-" "Mozilla/5.0 (Android 9; OPPO; OPPO; PBBM00) feiyu/5.2.14"
124.116.242.218 - - [10/Jan/2023:11:26:38 +0800] "GET /v2/explore/searchHint HTTP/2.0" 200 23 "-" "Mozilla/5.0 (Android 9; OPPO; OPPO; PBBM00) feiyu/5.2.14"
124.116.242.218 - - [10/Jan/2023:11:26:38 +0800] "GET /v2/campaigns/newest HTTP/2.0" 200 443 "-" "Mozilla/5.0 (Android 9; OPPO; OPPO; PBBM00) feiyu/5.2.14"
124.116.242.218 - - [10/Jan/2023:11:26:38 +0800] "GET /v2/users/fffb5aab-50cc-4095-881f-e1f270087534 HTTP/2.0" 200 413 "-" "Mozilla/5.0 (Android 9; OPPO; OPPO; PBBM00) feiyu/5.2.14"
124.116.242.218 - - [10/Jan/2023:11:26:38 +0800] "GET /v2/clock-ins/stats HTTP/2.0" 200 385 "-" "Mozilla/5.0 (Android 9; OPPO; OPPO; PBBM00) feiyu/5.2.14"
124.116.242.218 - - [10/Jan/2023:11:26:38 +0800] "GET /v2/near/canvas-war/accounts/fffb5aab-50cc-4095-881f-e1f270087534 HTTP/2.0" 200 517 "-" "Mozilla/5.0 (Android 9; OPPO; OPPO; PBBM00) feiyu/5.2.14"
111.25.209.227 - - [10/Jan/2023:11:26:44 +0800] "GET /v2/messages/unreadCount?timestamp=1970-01-01%2000%3A00%3A00 HTTP/2.0" 200 26 "-" "Mozilla/5.0 (Android 12; HUAWEI; HUAWEI; ELS-AN00) feiyu/5.2.14"
111.25.209.227 - - [10/Jan/2023:11:26:44 +0800] "GET /v2/campaigns/newest HTTP/2.0" 200 447 "-" "Mozilla/5.0 (Android 12; HUAWEI; HUAWEI; ELS-AN00) feiyu/5.2.14"
111.25.209.227 - - [10/Jan/2023:11:26:44 +0800] "GET /v2/explore/searchHint HTTP/2.0" 200 23 "-" "Mozilla/5.0 (Android 12; HUAWEI; HUAWEI; ELS-AN00) feiyu/5.2.14"
111.25.209.227 - - [10/Jan/2023:11:26:44 +0800] "GET /v2/users/6f8ad601-69df-45e0-8905-d181e1cc97e1/settings HTTP/2.0" 200 310 "-" "Mozilla/5.0 (Android 12; HUAWEI; HUAWEI; ELS-AN00) feiyu/5.2.14"
124.116.242.218 - - [10/Jan/2023:11:26:40 +0800] "POST /v2/clock-ins/clock-in HTTP/2.0" 200 - "-" "Mozilla/5.0 (Android 9; OPPO; OPPO; PBBM00) feiyu/5.2.14"
124.116.242.218 - - [10/Jan/2023:11:26:45 +0800] "GET /v2/clock-ins/stats HTTP/2.0" 200 383 "-" "Mozilla/5.0 (Android 9; OPPO; OPPO; PBBM00) feiyu/5.2.14"
1.86.60.207 - - [10/Jan/2023:11:26:48 +0800] "POST /v2/app/upload HTTP/2.0" 200 349 "-" "Mozilla/5.0 (iOS 15.6.1; Apple; Apple; iPhone12,1) feiyu/5.2.14"
1.86.60.207 - - [10/Jan/2023:11:26:49 +0800] "POST /v2/posts/uploadCompleteV2 HTTP/2.0" 200 1210 "-" "Mozilla/5.0 (iOS 15.6.1; Apple; Apple; iPhone12,1) feiyu/5.2.14"
111.25.209.227 - - [10/Jan/2023:11:26:51 +0800] "GET /v2/messages/unreadCount?timestamp=1970-01-01%2000%3A00%3A00 HTTP/2.0" 200 26 "-" "Mozilla/5.0 (Android 12; HUAWEI; HUAWEI; ELS-AN00) feiyu/5.2.14"
111.25.209.227 - - [10/Jan/2023:11:26:51 +0800] "GET /v2/explore/searchHint HTTP/2.0" 200 23 "-" "Mozilla/5.0 (Android 12; HUAWEI; HUAWEI; ELS-AN00) feiyu/5.2.14"
111.25.209.227 - - [10/Jan/2023:11:26:51 +0800] "GET /v2/campaigns/newest HTTP/2.0" 200 445 "-" "Mozilla/5.0 (Android 12; HUAWEI; HUAWEI; ELS-AN00) feiyu/5.2.14"
111.25.209.227 - - [10/Jan/2023:11:26:51 +0800] "GET /v2/users/6f8ad601-69df-45e0-8905-d181e1cc97e1/settings HTTP/2.0" 200 310 "-" "Mozilla/5.0 (Android 12; HUAWEI; HUAWEI; ELS-AN00) feiyu/5.2.14"
111.25.209.227 - - [10/Jan/2023:11:26:51 +0800] "GET /v2/users/6f8ad601-69df-45e0-8905-d181e1cc97e1 HTTP/2.0" 200 421 "-" "Mozilla/5.0 (Android 12; HUAWEI; HUAWEI; ELS-AN00) feiyu/5.2.14"
111.25.209.227 - - [10/Jan/2023:11:26:51 +0800] "GET /v2/users/6f8ad601-69df-45e0-8905-d181e1cc97e1 HTTP/2.0" 200 421 "-" "Mozilla/5.0 (Android 12; HUAWEI; HUAWEI; ELS-AN00) feiyu/5.2.14"
111.25.209.227 - - [10/Jan/2023:11:26:51 +0800] "GET /v2/messages/unreadCount?timestamp=1970-01-01%2000%3A00%3A00 HTTP/2.0" 200 26 "-" "Mozilla/5.0 (Android 12; HUAWEI; HUAWEI; ELS-AN00) feiyu/5.2.14"
111.25.209.227 - - [10/Jan/2023:11:26:51 +0800] "GET /v2/users/6f8ad601-69df-45e0-8905-d181e1cc97e1 HTTP/2.0" 200 421 "-" "Mozilla/5.0 (Android 12; HUAWEI; HUAWEI; ELS-AN00) feiyu/5.2.14"
111.25.209.227 - - [10/Jan/2023:11:26:51 +0800] "GET /v2/clock-ins/stats HTTP/2.0" 200 385 "-" "Mozilla/5.0 (Android 12; HUAWEI; HUAWEI; ELS-AN00) feiyu/5.2.14"
111.25.209.227 - - [10/Jan/2023:11:26:51 +0800] "GET /v2/users/6f8ad601-69df-45e0-8905-d181e1cc97e1/createdPostsV2?guest=false&size=20&image_width=1200&background_width=399 HTTP/2.0" 200 6572 "-" "Mozilla/5.0 (Android 12; HUAWEI; HUAWEI; ELS-AN00) feiyu/5.2.14"
111.25.209.227 - - [10/Jan/2023:11:26:51 +0800] "GET /v2/users/6f8ad601-69df-45e0-8905-d181e1cc97e1/likedPostsV2?guest=false&size=20&image_width=1200&background_width=399 HTTP/2.0" 200 2 "-" "Mozilla/5.0 (Android 12; HUAWEI; HUAWEI; ELS-AN00) feiyu/5.2.14"
111.25.209.227 - - [10/Jan/2023:11:26:51 +0800] "GET /v2/users/6f8ad601-69df-45e0-8905-d181e1cc97e1/favoritedPosts?size=20&image_width=1200&background_width=399 HTTP/2.0" 200 2 "-" "Mozilla/5.0 (Android 12; HUAWEI; HUAWEI; ELS-AN00) feiyu/5.2.14"
111.25.209.227 - - [10/Jan/2023:11:26:51 +0800] "GET /v2/near/canvas-war/accounts/6f8ad601-69df-45e0-8905-d181e1cc97e1 HTTP/2.0" 200 541 "-" "Mozilla/5.0 (Android 12; HUAWEI; HUAWEI; ELS-AN00) feiyu/5.2.14"
111.25.209.227 - - [10/Jan/2023:11:26:53 +0800] "GET /v2/users/6f8ad601-69df-45e0-8905-d181e1cc97e1/createdPostsV2?timestamp=2022-11-25%2016%3A38%3A39&guest=false&size=20&image_width=1200&background_width=399 HTTP/2.0" 200 2 "-" "Mozilla/5.0 (Android 12; HUAWEI; HUAWEI; ELS-AN00) feiyu/5.2.14"
1.86.60.207 - - [10/Jan/2023:11:27:07 +0800] "GET /v2/messages/unreadCount?timestamp=2022-12-15%2010%3A13%3A52 HTTP/2.0" 200 26 "-" "Mozilla/5.0 (iOS 15.6.1; Apple; Apple; iPhone12,1) feiyu/5.2.14"
1.86.60.207 - - [10/Jan/2023:11:27:11 +0800] "GET /v2/app/randomHomeBackgroundImageV2 HTTP/2.0" 200 289 "-" "Mozilla/5.0 (iOS 15.6.1; Apple; Apple; iPhone12,1) feiyu/5.2.14"
1.86.60.207 - - [10/Jan/2023:11:27:12 +0800] "GET /v2/messages/unreadCount?timestamp=2022-12-15%2010%3A13%3A52 HTTP/2.0" 200 26 "-" "Mozilla/5.0 (iOS 15.6.1; Apple; Apple; iPhone12,1) feiyu/5.2.14"
1.86.60.207 - - [10/Jan/2023:11:27:12 +0800] "GET /v2/users/0a281b67-56f3-4a88-8b19-e21ae3ffa193/likedPostsV2?background_width=828&image_width=828&size=20 HTTP/2.0" 200 2 "-" "Mozilla/5.0 (iOS 15.6.1; Apple; Apple; iPhone12,1) feiyu/5.2.14"
1.86.60.207 - - [10/Jan/2023:11:27:12 +0800] "GET /v2/users/0a281b67-56f3-4a88-8b19-e21ae3ffa193 HTTP/2.0" 200 526 "-" "Mozilla/5.0 (iOS 15.6.1; Apple; Apple; iPhone12,1) feiyu/5.2.14"
1.86.60.207 - - [10/Jan/2023:11:27:12 +0800] "GET /v2/clock-ins/stats HTTP/2.0" 200 385 "-" "Mozilla/5.0 (iOS 15.6.1; Apple; Apple; iPhone12,1) feiyu/5.2.14"
1.86.60.207 - - [10/Jan/2023:11:27:12 +0800] "GET /v2/messages/unreadCount?timestamp=2022-12-15%2010%3A13%3A52 HTTP/2.0" 200 26 "-" "Mozilla/5.0 (iOS 15.6.1; Apple; Apple; iPhone12,1) feiyu/5.2.14"
1.86.60.207 - - [10/Jan/2023:11:27:12 +0800] "GET /v2/users/0a281b67-56f3-4a88-8b19-e21ae3ffa193/favoritedPosts?background_width=828&image_width=828&size=20 HTTP/2.0" 200 2 "-" "Mozilla/5.0 (iOS 15.6.1; Apple; Apple; iPhone12,1) feiyu/5.2.14"
1.86.60.207 - - [10/Jan/2023:11:27:12 +0800] "GET /v2/messages/list-v2 HTTP/2.0" 200 13250 "-" "Mozilla/5.0 (iOS 15.6.1; Apple; Apple; iPhone12,1) feiyu/5.2.14"
1.86.60.207 - - [10/Jan/2023:11:27:12 +0800] "GET /v2/users/0a281b67-56f3-4a88-8b19-e21ae3ffa193/createdPostsV2?background_width=828&image_width=828&size=20 HTTP/2.0" 200 24623 "-" "Mozilla/5.0 (iOS 15.6.1; Apple; Apple; iPhone12,1) feiyu/5.2.14"
1.86.60.207 - - [10/Jan/2023:11:27:12 +0800] "GET /v2/near/canvas-war/accounts/0a281b67-56f3-4a88-8b19-e21ae3ffa193 HTTP/2.0" 200 599 "-" "Mozilla/5.0 (iOS 15.6.1; Apple; Apple; iPhone12,1) feiyu/5.2.14"
183.197.203.25 - - [10/Jan/2023:11:27:14 +0800] "GET /v2/users/c2018fa7-15e9-4766-86de-8674f9cafa19 HTTP/2.0" 200 513 "-" "Mozilla/5.0 (Android 10; HUAWEI; HONOR; OXF-AN10) feiyu/5.2.14"
183.197.203.25 - - [10/Jan/2023:11:27:14 +0800] "GET /v2/users/c2018fa7-15e9-4766-86de-8674f9cafa19/likedPostsV2?guest=true&size=20&image_width=1080&background_width=1080 HTTP/2.0" 200 59980 "-" "Mozilla/5.0 (Android 10; HUAWEI; HONOR; OXF-AN10) feiyu/5.2.14"
1.86.60.207 - - [10/Jan/2023:11:27:14 +0800] "GET /v2/posts/43d99673-48d9-4602-ae78-d18702d2c92b/detail?width=828 HTTP/2.0" 200 1307 "-" "Mozilla/5.0 (iOS 15.6.1; Apple; Apple; iPhone12,1) feiyu/5.2.14"
1.86.60.207 - - [10/Jan/2023:11:27:14 +0800] "GET /v2/posts/43d99673-48d9-4602-ae78-d18702d2c92b/likes HTTP/2.0" 200 2 "-" "Mozilla/5.0 (iOS 15.6.1; Apple; Apple; iPhone12,1) feiyu/5.2.14"
1.86.60.207 - - [10/Jan/2023:11:27:14 +0800] "GET /v2/posts/43d99673-48d9-4602-ae78-d18702d2c92b/commentsV4 HTTP/2.0" 200 2 "-" "Mozilla/5.0 (iOS 15.6.1; Apple; Apple; iPhone12,1) feiyu/5.2.14"
183.197.203.25 - - [10/Jan/2023:11:27:16 +0800] "GET /v2/users/c2018fa7-15e9-4766-86de-8674f9cafa19/createdPostsV2?guest=true&size=20&image_width=1080&background_width=1080 HTTP/2.0" 200 3392 "-" "Mozilla/5.0 (Android 10; HUAWEI; HONOR; OXF-AN10) feiyu/5.2.14"
183.197.203.25 - - [10/Jan/2023:11:27:16 +0800] "GET /v2/users/c2018fa7-15e9-4766-86de-8674f9cafa19/createdPostsV2?timestamp=2023-01-08%2013%3A30%3A27&guest=true&size=20&image_width=1080&background_width=1080 HTTP/2.0" 200 2 "-" "Mozilla/5.0 (Android 10; HUAWEI; HONOR; OXF-AN10) feiyu/5.2.14"
114.228.41.123 - - [10/Jan/2023:11:27:16 +0800] "GET /v2/app/ab-test-status HTTP/2.0" 200 16 "-" "Mozilla/5.0 (Android 9; Xiaomi; xiaomi; Redmi Note 7) feiyu/5.2.14"
114.228.41.123 - - [10/Jan/2023:11:27:16 +0800] "GET /v2/app/tiamat-info HTTP/2.0" 200 16 "-" "Mozilla/5.0 (Android 9; Xiaomi; xiaomi; Redmi Note 7) feiyu/5.2.14"
114.228.41.123 - - [10/Jan/2023:11:27:16 +0800] "GET /v2/app/upgrade?version_code=65&platform=Android HTTP/2.0" 200 4 "-" "Mozilla/5.0 (Android 9; Xiaomi; xiaomi; Redmi Note 7) feiyu/5.2.14"
1.86.60.207 - - [10/Jan/2023:11:27:21 +0800] "DELETE /v2/posts/43d99673-48d9-4602-ae78-d18702d2c92b HTTP/2.0" 200 - "-" "Mozilla/5.0 (iOS 15.6.1; Apple; Apple; iPhone12,1) feiyu/5.2.14"
1.86.60.207 - - [10/Jan/2023:11:27:21 +0800] "GET /v2/users/0a281b67-56f3-4a88-8b19-e21ae3ffa193 HTTP/2.0" 200 528 "-" "Mozilla/5.0 (iOS 15.6.1; Apple; Apple; iPhone12,1) feiyu/5.2.14"
1.86.60.207 - - [10/Jan/2023:11:27:21 +0800] "GET /v2/clock-ins/stats HTTP/2.0" 200 385 "-" "Mozilla/5.0 (iOS 15.6.1; Apple; Apple; iPhone12,1) feiyu/5.2.14"
1.86.60.207 - - [10/Jan/2023:11:27:21 +0800] "GET /v2/messages/unreadCount?timestamp=2022-12-15%2010%3A13%3A52 HTTP/2.0" 200 26 "-" "Mozilla/5.0 (iOS 15.6.1; Apple; Apple; iPhone12,1) feiyu/5.2.14"
1.86.60.207 - - [10/Jan/2023:11:27:21 +0800] "GET /v2/near/canvas-war/accounts/0a281b67-56f3-4a88-8b19-e21ae3ffa193 HTTP/2.0" 200 601 "-" "Mozilla/5.0 (iOS 15.6.1; Apple; Apple; iPhone12,1) feiyu/5.2.14"
223.246.106.19 - - [10/Jan/2023:11:27:22 +0800] "GET /v2/app/ab-test-status HTTP/2.0" 200 16 "-" "Mozilla/5.0 (Android 12; OPPO; OPPO; PDYM20) feiyu/5.2.14"
223.246.106.19 - - [10/Jan/2023:11:27:22 +0800] "GET /v2/app/tiamat-info HTTP/2.0" 200 16 "-" "Mozilla/5.0 (Android 12; OPPO; OPPO; PDYM20) feiyu/5.2.14"
223.246.106.19 - - [10/Jan/2023:11:27:22 +0800] "GET /v2/app/upgrade?version_code=65&platform=Android HTTP/2.0" 200 4 "-" "Mozilla/5.0 (Android 12; OPPO; OPPO; PDYM20) feiyu/5.2.14"
223.246.106.19 - - [10/Jan/2023:11:27:23 +0800] "GET /v2/lab-projects HTTP/2.0" 200 24913 "-" "Mozilla/5.0 (Android 12; OPPO; OPPO; PDYM20) feiyu/5.2.14"
223.246.106.19 - - [10/Jan/2023:11:27:23 +0800] "GET /v2/app/upgrade?version_code=65&platform=Android HTTP/2.0" 200 4 "-" "Mozilla/5.0 (Android 12; OPPO; OPPO; PDYM20) feiyu/5.2.14"
223.246.106.19 - - [10/Jan/2023:11:27:24 +0800] "GET /v2/messages/unreadCount?timestamp=1970-01-01%2000%3A00%3A00 HTTP/2.0" 200 26 "-" "Mozilla/5.0 (Android 12; OPPO; OPPO; PDYM20) feiyu/5.2.14"
223.246.106.19 - - [10/Jan/2023:11:27:24 +0800] "GET /v2/users/69d7920a-a878-46d5-b024-16a6e3c0cee3/settings HTTP/2.0" 200 313 "-" "Mozilla/5.0 (Android 12; OPPO; OPPO; PDYM20) feiyu/5.2.14"
223.246.106.19 - - [10/Jan/2023:11:27:24 +0800] "GET /v2/campaigns/newest HTTP/2.0" 200 447 "-" "Mozilla/5.0 (Android 12; OPPO; OPPO; PDYM20) feiyu/5.2.14"
223.246.106.19 - - [10/Jan/2023:11:27:24 +0800] "GET /v2/explore/searchHint HTTP/2.0" 200 23 "-" "Mozilla/5.0 (Android 12; OPPO; OPPO; PDYM20) feiyu/5.2.14"
114.228.41.123 - - [10/Jan/2023:11:27:24 +0800] "GET /v2/app/upgrade?version_code=65&platform=Android HTTP/2.0" 200 4 "-" "Mozilla/5.0 (Android 9; Xiaomi; xiaomi; Redmi Note 7) feiyu/5.2.14"
114.228.41.123 - - [10/Jan/2023:11:27:24 +0800] "GET /v2/lab-projects HTTP/2.0" 200 24889 "-" "Mozilla/5.0 (Android 9; Xiaomi; xiaomi; Redmi Note 7) feiyu/5.2.14"
223.246.106.19 - - [10/Jan/2023:11:27:24 +0800] "GET /v2/explore/banner?scene=2 HTTP/2.0" 200 443 "-" "Mozilla/5.0 (Android 12; OPPO; OPPO; PDYM20) feiyu/5.2.14"
223.246.106.19 - - [10/Jan/2023:11:27:24 +0800] "GET /v2/posts/followees-v5?type=0&size=20&image_width=1080&background_width=359 HTTP/2.0" 200 88211 "-" "Mozilla/5.0 (Android 12; OPPO; OPPO; PDYM20) feiyu/5.2.14"
223.246.106.19 - - [10/Jan/2023:11:27:24 +0800] "GET /v2/content-series/explore HTTP/2.0" 200 68500 "-" "Mozilla/5.0 (Android 12; OPPO; OPPO; PDYM20) feiyu/5.2.14"
223.246.106.19 - - [10/Jan/2023:11:27:24 +0800] "GET /v2/posts/followees-v5?type=0&size=20&image_width=1080&background_width=359 HTTP/2.0" 200 88211 "-" "Mozilla/5.0 (Android 12; OPPO; OPPO; PDYM20) feiyu/5.2.14"
114.228.41.123 - - [10/Jan/2023:11:27:25 +0800] "GET /v2/campaigns/newest HTTP/2.0" 200 447 "-" "Mozilla/5.0 (Android 9; Xiaomi; xiaomi; Redmi Note 7) feiyu/5.2.14"
223.246.106.19 - - [10/Jan/2023:11:27:25 +0800] "GET /v2/posts/recommended/sticky?image_width=1080&background_width=359 HTTP/2.0" 200 3844 "-" "Mozilla/5.0 (Android 12; OPPO; OPPO; PDYM20) feiyu/5.2.14"
114.228.41.123 - - [10/Jan/2023:11:27:25 +0800] "GET /v2/posts/followees-v5?type=0&size=20&image_width=1080&background_width=359 HTTP/2.0" 200 2 "-" "Mozilla/5.0 (Android 9; Xiaomi; xiaomi; Redmi Note 7) feiyu/5.2.14"
114.228.41.123 - - [10/Jan/2023:11:27:25 +0800] "GET /v2/explore/banner?scene=2 HTTP/2.0" 200 441 "-" "Mozilla/5.0 (Android 9; Xiaomi; xiaomi; Redmi Note 7) feiyu/5.2.14"
223.246.106.19 - - [10/Jan/2023:11:27:25 +0800] "GET /v2/explore/banner?scene=1 HTTP/2.0" 200 2310 "-" "Mozilla/5.0 (Android 12; OPPO; OPPO; PDYM20) feiyu/5.2.14"
114.228.41.123 - - [10/Jan/2023:11:27:25 +0800] "GET /v2/explore/searchHint HTTP/2.0" 200 23 "-" "Mozilla/5.0 (Android 9; Xiaomi; xiaomi; Redmi Note 7) feiyu/5.2.14"
114.228.41.123 - - [10/Jan/2023:11:27:25 +0800] "GET /v2/posts/followees-v5?type=0&size=20&image_width=1080&background_width=359 HTTP/2.0" 200 2 "-" "Mozilla/5.0 (Android 9; Xiaomi; xiaomi; Redmi Note 7) feiyu/5.2.14"
114.228.41.123 - - [10/Jan/2023:11:27:25 +0800] "GET /v2/content-series/explore HTTP/2.0" 200 68500 "-" "Mozilla/5.0 (Android 9; Xiaomi; xiaomi; Redmi Note 7) feiyu/5.2.14"
223.246.106.19 - - [10/Jan/2023:11:27:25 +0800] "GET /v2/posts/recommended?size=20&image_width=1080&background_width=359 HTTP/2.0" 200 77407 "-" "Mozilla/5.0 (Android 12; OPPO; OPPO; PDYM20) feiyu/5.2.14"
183.70.76.47 - - [10/Jan/2023:11:27:25 +0800] "GET /v2/app/ab-test-status HTTP/2.0" 200 16 "-" "Mozilla/5.0 (Android 10; HUAWEI; HUAWEI; TAS-AN00) feiyu/5.2.11"
183.70.76.47 - - [10/Jan/2023:11:27:25 +0800] "GET /v2/app/upgrade?version_code=62&platform=Android HTTP/2.0" 200 4 "-" "Mozilla/5.0 (Android 10; HUAWEI; HUAWEI; TAS-AN00) feiyu/5.2.11"
114.228.41.123 - - [10/Jan/2023:11:27:25 +0800] "GET /v2/posts/followees-v5?type=0&size=20&image_width=1080&background_width=359 HTTP/2.0" 200 2 "-" "Mozilla/5.0 (Android 9; Xiaomi; xiaomi; Redmi Note 7) feiyu/5.2.14"
223.246.106.19 - - [10/Jan/2023:11:27:26 +0800] "GET /v2/ads?scene=0 HTTP/2.0" 200 2 "-" "Mozilla/5.0 (Android 12; OPPO; OPPO; PDYM20) feiyu/5.2.14"
114.228.41.123 - - [10/Jan/2023:11:27:26 +0800] "GET /v2/explore/banner?scene=1 HTTP/2.0" 200 2320 "-" "Mozilla/5.0 (Android 9; Xiaomi; xiaomi; Redmi Note 7) feiyu/5.2.14"
183.70.76.47 - - [10/Jan/2023:11:27:27 +0800] "GET /v2/lab-projects HTTP/2.0" 200 24877 "-" "Mozilla/5.0 (Android 10; HUAWEI; HUAWEI; TAS-AN00) feiyu/5.2.11"
183.70.76.47 - - [10/Jan/2023:11:27:27 +0800] "GET /v2/app/upgrade?version_code=62&platform=Android HTTP/2.0" 200 4 "-" "Mozilla/5.0 (Android 10; HUAWEI; HUAWEI; TAS-AN00) feiyu/5.2.11"
183.70.76.47 - - [10/Jan/2023:11:27:27 +0800] "GET /v2/messages/unreadCount?timestamp=2023-01-10%2002%3A45%3A14 HTTP/2.0" 200 26 "-" "Mozilla/5.0 (Android 10; HUAWEI; HUAWEI; TAS-AN00) feiyu/5.2.11"
183.70.76.47 - - [10/Jan/2023:11:27:27 +0800] "GET /v2/campaigns/newest HTTP/2.0" 200 443 "-" "Mozilla/5.0 (Android 10; HUAWEI; HUAWEI; TAS-AN00) feiyu/5.2.11"
183.70.76.47 - - [10/Jan/2023:11:27:27 +0800] "GET /v2/users/5c7f9f64-396f-4176-9685-e66014c086c6/settings HTTP/2.0" 200 310 "-" "Mozilla/5.0 (Android 10; HUAWEI; HUAWEI; TAS-AN00) feiyu/5.2.11"
183.70.76.47 - - [10/Jan/2023:11:27:27 +0800] "GET /v2/explore/searchHint HTTP/2.0" 200 23 "-" "Mozilla/5.0 (Android 10; HUAWEI; HUAWEI; TAS-AN00) feiyu/5.2.11"
183.70.76.47 - - [10/Jan/2023:11:27:27 +0800] "GET /v2/posts/followees-v5?type=0&size=20&image_width=1080&background_width=359 HTTP/2.0" 200 56592 "-" "Mozilla/5.0 (Android 10; HUAWEI; HUAWEI; TAS-AN00) feiyu/5.2.11"
183.70.76.47 - - [10/Jan/2023:11:27:27 +0800] "GET /v2/explore/banner?scene=2 HTTP/2.0" 200 439 "-" "Mozilla/5.0 (Android 10; HUAWEI; HUAWEI; TAS-AN00) feiyu/5.2.11"
183.70.76.47 - - [10/Jan/2023:11:27:27 +0800] "GET /v2/content-series/explore HTTP/2.0" 200 68454 "-" "Mozilla/5.0 (Android 10; HUAWEI; HUAWEI; TAS-AN00) feiyu/5.2.11"
183.70.76.47 - - [10/Jan/2023:11:27:27 +0800] "GET /v2/posts/followees-v5?type=0&size=20&image_width=1080&background_width=359 HTTP/2.0" 200 56592 "-" "Mozilla/5.0 (Android 10; HUAWEI; HUAWEI; TAS-AN00) feiyu/5.2.11"
183.70.76.47 - - [10/Jan/2023:11:27:28 +0800] "GET /v2/explore/banner?scene=1 HTTP/2.0" 200 2312 "-" "Mozilla/5.0 (Android 10; HUAWEI; HUAWEI; TAS-AN00) feiyu/5.2.11"
183.70.76.47 - - [10/Jan/2023:11:27:28 +0800] "GET /v2/posts/featured/sticky-v2?image_width=1080&background_width=359 HTTP/2.0" 200 4261 "-" "Mozilla/5.0 (Android 10; HUAWEI; HUAWEI; TAS-AN00) feiyu/5.2.11"
114.228.41.123 - - [10/Jan/2023:11:27:26 +0800] "GET /v2/posts/trending-v2?page=1&size=20&image_width=1080&background_width=359 HTTP/2.0" 200 85461 "-" "Mozilla/5.0 (Android 9; Xiaomi; xiaomi; Redmi Note 7) feiyu/5.2.14"
183.70.76.47 - - [10/Jan/2023:11:27:30 +0800] "GET /v2/users/5c7f9f64-396f-4176-9685-e66014c086c6 HTTP/2.0" 200 361 "-" "Mozilla/5.0 (Android 10; HUAWEI; HUAWEI; TAS-AN00) feiyu/5.2.11"
183.70.76.47 - - [10/Jan/2023:11:27:30 +0800] "GET /v2/messages/unreadCount?timestamp=2023-01-10%2002%3A45%3A14 HTTP/2.0" 200 26 "-" "Mozilla/5.0 (Android 10; HUAWEI; HUAWEI; TAS-AN00) feiyu/5.2.11"
183.70.76.47 - - [10/Jan/2023:11:27:30 +0800] "GET /v2/users/5c7f9f64-396f-4176-9685-e66014c086c6 HTTP/2.0" 200 361 "-" "Mozilla/5.0 (Android 10; HUAWEI; HUAWEI; TAS-AN00) feiyu/5.2.11"
183.70.76.47 - - [10/Jan/2023:11:27:30 +0800] "GET /v2/users/5c7f9f64-396f-4176-9685-e66014c086c6 HTTP/2.0" 200 361 "-" "Mozilla/5.0 (Android 10; HUAWEI; HUAWEI; TAS-AN00) feiyu/5.2.11"
183.70.76.47 - - [10/Jan/2023:11:27:30 +0800] "GET /v2/clock-ins/stats HTTP/2.0" 200 384 "-" "Mozilla/5.0 (Android 10; HUAWEI; HUAWEI; TAS-AN00) feiyu/5.2.11"
183.70.76.47 - - [10/Jan/2023:11:27:30 +0800] "GET /v2/users/5c7f9f64-396f-4176-9685-e66014c086c6/createdPostsV2?guest=false&size=20&image_width=1080&background_width=359 HTTP/2.0" 200 5642 "-" "Mozilla/5.0 (Android 10; HUAWEI; HUAWEI; TAS-AN00) feiyu/5.2.11"
183.70.76.47 - - [10/Jan/2023:11:27:30 +0800] "GET /v2/users/5c7f9f64-396f-4176-9685-e66014c086c6/favoritedPosts?size=20&image_width=1080&background_width=359 HTTP/2.0" 200 2 "-" "Mozilla/5.0 (Android 10; HUAWEI; HUAWEI; TAS-AN00) feiyu/5.2.11"
183.70.76.47 - - [10/Jan/2023:11:27:30 +0800] "GET /v2/users/5c7f9f64-396f-4176-9685-e66014c086c6/likedPostsV2?guest=false&size=20&image_width=1080&background_width=359 HTTP/2.0" 200 48085 "-" "Mozilla/5.0 (Android 10; HUAWEI; HUAWEI; TAS-AN00) feiyu/5.2.11"
183.70.76.47 - - [10/Jan/2023:11:27:30 +0800] "GET /v2/near/canvas-war/accounts/5c7f9f64-396f-4176-9685-e66014c086c6 HTTP/2.0" 200 478 "-" "Mozilla/5.0 (Android 10; HUAWEI; HUAWEI; TAS-AN00) feiyu/5.2.11"
183.70.76.47 - - [10/Jan/2023:11:27:30 +0800] "GET /v2/users/5c7f9f64-396f-4176-9685-e66014c086c6/createdPostsV2?timestamp=2021-08-25%2016%3A41%3A34&guest=false&size=20&image_width=1080&background_width=359 HTTP/2.0" 200 2 "-" "Mozilla/5.0 (Android 10; HUAWEI; HUAWEI; TAS-AN00) feiyu/5.2.11"
183.70.76.47 - - [10/Jan/2023:11:27:31 +0800] "GET /v2/messages/list-v2?size=20 HTTP/2.0" 200 23384 "-" "Mozilla/5.0 (Android 10; HUAWEI; HUAWEI; TAS-AN00) feiyu/5.2.11"
183.70.76.47 - - [10/Jan/2023:11:27:28 +0800] "GET /v2/posts/featured-v4?size=20&image_width=1080&background_width=359 HTTP/2.0" 200 71829 "-" "Mozilla/5.0 (Android 10; HUAWEI; HUAWEI; TAS-AN00) feiyu/5.2.11"
183.70.76.47 - - [10/Jan/2023:11:27:32 +0800] "GET /v2/ads?scene=1 HTTP/2.0" 200 2 "-" "Mozilla/5.0 (Android 10; HUAWEI; HUAWEI; TAS-AN00) feiyu/5.2.11"
183.70.76.47 - - [10/Jan/2023:11:27:34 +0800] "GET /v2/users/5c7f9f64-396f-4176-9685-e66014c086c6 HTTP/2.0" 200 361 "-" "Mozilla/5.0 (Android 10; HUAWEI; HUAWEI; TAS-AN00) feiyu/5.2.11"
183.70.76.47 - - [10/Jan/2023:11:27:35 +0800] "GET /v2/messages/unreadCount?timestamp=2023-01-10%2003%3A27%3A31 HTTP/2.0" 200 26 "-" "Mozilla/5.0 (Android 10; HUAWEI; HUAWEI; TAS-AN00) feiyu/5.2.11"
223.74.236.143 - - [10/Jan/2023:11:27:35 +0800] "GET /v2/messages/unreadCount?timestamp=1970-01-01%2000%3A00%3A00 HTTP/2.0" 200 26 "-" "Mozilla/5.0 (Android 12; Xiaomi; Redmi; M2103K19C) feiyu/5.2.14"
223.74.236.143 - - [10/Jan/2023:11:27:35 +0800] "GET /v2/users/817b5582-2e66-4953-bc6f-30d7b30aa670/settings HTTP/2.0" 200 313 "-" "Mozilla/5.0 (Android 12; Xiaomi; Redmi; M2103K19C) feiyu/5.2.14"
223.74.236.143 - - [10/Jan/2023:11:27:35 +0800] "GET /v2/explore/searchHint HTTP/2.0" 200 23 "-" "Mozilla/5.0 (Android 12; Xiaomi; Redmi; M2103K19C) feiyu/5.2.14"
223.74.236.143 - - [10/Jan/2023:11:27:35 +0800] "GET /v2/campaigns/newest HTTP/2.0" 200 443 "-" "Mozilla/5.0 (Android 12; Xiaomi; Redmi; M2103K19C) feiyu/5.2.14"
114.228.41.123 - - [10/Jan/2023:11:27:36 +0800] "GET /v2/gallery/categoriesV4 HTTP/2.0" 200 12600 "-" "Mozilla/5.0 (Android 9; Xiaomi; xiaomi; Redmi Note 7) feiyu/5.2.14"
114.228.41.123 - - [10/Jan/2023:11:27:36 +0800] "GET /v2/gallery/categories/1ab7a131-0b87-4435-a849-7b1aeaee0167/imagesV3?page=1&size=20&width=360 HTTP/2.0" 200 9481 "-" "Mozilla/5.0 (Android 9; Xiaomi; xiaomi; Redmi Note 7) feiyu/5.2.14"
183.70.76.47 - - [10/Jan/2023:11:27:36 +0800] "GET /v2/posts/4457aa81-8e58-4e62-a7f4-639f47b9c344/comments/d2626fc5-2b0f-4a53-ba36-5f25ecfbbac7/around-v2 HTTP/2.0" 200 610 "-" "Mozilla/5.0 (Android 10; HUAWEI; HUAWEI; TAS-AN00) feiyu/5.2.11"
183.70.76.47 - - [10/Jan/2023:11:27:36 +0800] "GET /v2/posts/4457aa81-8e58-4e62-a7f4-639f47b9c344/comments/d2626fc5-2b0f-4a53-ba36-5f25ecfbbac7/detail-v2?timestamp=2023-01-09%2015%3A57%3A30&size=20 HTTP/2.0" 200 2 "-" "Mozilla/5.0 (Android 10; HUAWEI; HUAWEI; TAS-AN00) feiyu/5.2.11"
183.197.203.25 - - [10/Jan/2023:11:27:37 +0800] "GET /v2/users/5724d1d2-6d8b-4ef3-9b86-be30ae1e20e7/createdPostsV2?guest=true&size=20&image_width=1080&background_width=1080 HTTP/2.0" 200 93217 "-" "Mozilla/5.0 (Android 10; HUAWEI; HONOR; OXF-AN10) feiyu/5.2.14"
183.197.203.25 - - [10/Jan/2023:11:27:37 +0800] "GET /v2/users/5724d1d2-6d8b-4ef3-9b86-be30ae1e20e7/likedPostsV2?guest=true&size=20&image_width=1080&background_width=1080 HTTP/2.0" 200 66873 "-" "Mozilla/5.0 (Android 10; HUAWEI; HONOR; OXF-AN10) feiyu/5.2.14"
183.197.203.25 - - [10/Jan/2023:11:27:37 +0800] "GET /v2/users/5724d1d2-6d8b-4ef3-9b86-be30ae1e20e7 HTTP/2.0" 200 542 "-" "Mozilla/5.0 (Android 10; HUAWEI; HONOR; OXF-AN10) feiyu/5.2.14"
114.228.41.123 - - [10/Jan/2023:11:27:37 +0800] "GET /v2/gallery/categories/1ab7a131-0b87-4435-a849-7b1aeaee0167/imagesV3?page=2&size=20&width=360 HTTP/2.0" 200 9478 "-" "Mozilla/5.0 (Android 9; Xiaomi; xiaomi; Redmi Note 7) feiyu/5.2.14"
140.240.8.79 - - [10/Jan/2023:11:27:41 +0800] "GET /v2/app/ab-test-status HTTP/2.0" 200 16 "-" "Mozilla/5.0 (Android 12; HUAWEI; HUAWEI; TET-AN00) feiyu/5.2.14"
140.240.8.79 - - [10/Jan/2023:11:27:41 +0800] "GET /v2/app/tiamat-info HTTP/2.0" 200 16 "-" "Mozilla/5.0 (Android 12; HUAWEI; HUAWEI; TET-AN00) feiyu/5.2.14"
140.240.8.79 - - [10/Jan/2023:11:27:41 +0800] "GET /v2/app/upgrade?version_code=65&platform=Android HTTP/2.0" 200 4 "-" "Mozilla/5.0 (Android 12; HUAWEI; HUAWEI; TET-AN00) feiyu/5.2.14"
140.240.8.79 - - [10/Jan/2023:11:27:43 +0800] "GET /v2/lab-projects HTTP/2.0" 200 24921 "-" "Mozilla/5.0 (Android 12; HUAWEI; HUAWEI; TET-AN00) feiyu/5.2.14"
140.240.8.79 - - [10/Jan/2023:11:27:43 +0800] "GET /v2/app/upgrade?version_code=65&platform=Android HTTP/2.0" 200 4 "-" "Mozilla/5.0 (Android 12; HUAWEI; HUAWEI; TET-AN00) feiyu/5.2.14"
140.240.8.79 - - [10/Jan/2023:11:27:43 +0800] "GET /v2/app/randomHomeBackgroundImageV2 HTTP/2.0" 200 289 "-" "Mozilla/5.0 (Android 12; HUAWEI; HUAWEI; TET-AN00) feiyu/5.2.14"
140.240.8.79 - - [10/Jan/2023:11:27:43 +0800] "GET /v2/campaigns/newest HTTP/2.0" 200 445 "-" "Mozilla/5.0 (Android 12; HUAWEI; HUAWEI; TET-AN00) feiyu/5.2.14"
140.240.8.79 - - [10/Jan/2023:11:27:43 +0800] "GET /v2/messages/unreadCount?timestamp=1970-01-01%2000%3A00%3A00 HTTP/2.0" 200 26 "-" "Mozilla/5.0 (Android 12; HUAWEI; HUAWEI; TET-AN00) feiyu/5.2.14"
140.240.8.79 - - [10/Jan/2023:11:27:43 +0800] "GET /v2/campaigns/newest HTTP/2.0" 200 445 "-" "Mozilla/5.0 (Android 12; HUAWEI; HUAWEI; TET-AN00) feiyu/5.2.14"
140.240.8.79 - - [10/Jan/2023:11:27:43 +0800] "GET /v2/users/d407219c-1132-4d81-94b2-a1935b0aa978/settings HTTP/2.0" 200 310 "-" "Mozilla/5.0 (Android 12; HUAWEI; HUAWEI; TET-AN00) feiyu/5.2.14"
183.70.76.47 - - [10/Jan/2023:11:27:46 +0800] "GET /v2/campaigns/newest HTTP/2.0" 200 445 "-" "Mozilla/5.0 (Android 10; HUAWEI; HUAWEI; TAS-AN00) feiyu/5.2.11"
183.70.76.47 - - [10/Jan/2023:11:27:46 +0800] "GET /v2/explore/searchHint HTTP/2.0" 200 23 "-" "Mozilla/5.0 (Android 10; HUAWEI; HUAWEI; TAS-AN00) feiyu/5.2.11"
183.70.76.47 - - [10/Jan/2023:11:27:46 +0800] "GET /v2/messages/unreadCount?timestamp=2023-01-10%2003%3A27%3A31 HTTP/2.0" 200 26 "-" "Mozilla/5.0 (Android 10; HUAWEI; HUAWEI; TAS-AN00) feiyu/5.2.11"
183.70.76.47 - - [10/Jan/2023:11:27:46 +0800] "GET /v2/clock-ins/stats HTTP/2.0" 200 384 "-" "Mozilla/5.0 (Android 10; HUAWEI; HUAWEI; TAS-AN00) feiyu/5.2.11"
183.70.76.47 - - [10/Jan/2023:11:27:46 +0800] "GET /v2/users/5c7f9f64-396f-4176-9685-e66014c086c6/settings HTTP/2.0" 200 310 "-" "Mozilla/5.0 (Android 10; HUAWEI; HUAWEI; TAS-AN00) feiyu/5.2.11"
183.70.76.47 - - [10/Jan/2023:11:27:46 +0800] "GET /v2/users/5c7f9f64-396f-4176-9685-e66014c086c6 HTTP/2.0" 200 361 "-" "Mozilla/5.0 (Android 10; HUAWEI; HUAWEI; TAS-AN00) feiyu/5.2.11"
183.70.76.47 - - [10/Jan/2023:11:27:46 +0800] "GET /v2/near/canvas-war/accounts/5c7f9f64-396f-4176-9685-e66014c086c6 HTTP/2.0" 200 478 "-" "Mozilla/5.0 (Android 10; HUAWEI; HUAWEI; TAS-AN00) feiyu/5.2.11"
140.240.8.79 - - [10/Jan/2023:11:27:49 +0800] "GET /v2/gallery/randomImagesV2?size=50&width=580&category_safe_id=d1569b14-497d-474c-8c41-732c10584cb4&content=%E4%B8%AD%E5%9B%BD%E7%9F%B3%E6%B2%B9 HTTP/2.0" 200 23149 "-" "Mozilla/5.0 (Android 12; HUAWEI; HUAWEI; TET-AN00) feiyu/5.2.14"
112.36.236.30 - - [10/Jan/2023:11:27:57 +0800] "GET /v2/app/ab-test-status HTTP/2.0" 200 16 "-" "Mozilla/5.0 (Android 12; HUAWEI; HUAWEI; OCE-AN10) feiyu/5.2.14"
112.36.236.30 - - [10/Jan/2023:11:27:57 +0800] "GET /v2/app/upgrade?version_code=65&platform=Android HTTP/2.0" 200 4 "-" "Mozilla/5.0 (Android 12; HUAWEI; HUAWEI; OCE-AN10) feiyu/5.2.14"
112.36.236.30 - - [10/Jan/2023:11:27:57 +0800] "GET /v2/app/tiamat-info HTTP/2.0" 200 16 "-" "Mozilla/5.0 (Android 12; HUAWEI; HUAWEI; OCE-AN10) feiyu/5.2.14"
14.134.98.214 - - [10/Jan/2023:11:28:02 +0800] "GET /v2/app/ab-test-status HTTP/2.0" 200 16 "-" "Mozilla/5.0 (Android 11; vivo; vivo; V2046A) feiyu/5.2.14"
14.134.98.214 - - [10/Jan/2023:11:28:02 +0800] "GET /v2/app/tiamat-info HTTP/2.0" 200 16 "-" "Mozilla/5.0 (Android 11; vivo; vivo; V2046A) feiyu/5.2.14"
14.134.98.214 - - [10/Jan/2023:11:28:02 +0800] "GET /v2/app/upgrade?version_code=65&platform=Android HTTP/2.0" 200 4 "-" "Mozilla/5.0 (Android 11; vivo; vivo; V2046A) feiyu/5.2.14"
106.118.193.36 - - [10/Jan/2023:11:28:02 +0800] "GET /v2/app/upgrade?version_code=65&platform=Android HTTP/2.0" 200 4 "-" "Mozilla/5.0 (Android 11; vivo; vivo; V2133A) feiyu/5.2.14"
106.118.193.36 - - [10/Jan/2023:11:28:02 +0800] "GET /v2/app/tiamat-info HTTP/2.0" 200 16 "-" "Mozilla/5.0 (Android 11; vivo; vivo; V2133A) feiyu/5.2.14"
106.118.193.36 - - [10/Jan/2023:11:28:02 +0800] "GET /v2/app/ab-test-status HTTP/2.0" 200 16 "-" "Mozilla/5.0 (Android 11; vivo; vivo; V2133A) feiyu/5.2.14"
14.134.98.214 - - [10/Jan/2023:11:28:03 +0800] "GET /v2/lab-projects HTTP/2.0" 200 24891 "-" "Mozilla/5.0 (Android 11; vivo; vivo; V2046A) feiyu/5.2.14"
14.134.98.214 - - [10/Jan/2023:11:28:03 +0800] "GET /v2/app/upgrade?version_code=65&platform=Android HTTP/2.0" 200 4 "-" "Mozilla/5.0 (Android 11; vivo; vivo; V2046A) feiyu/5.2.14"
14.134.98.214 - - [10/Jan/2023:11:28:03 +0800] "GET /v2/app/randomHomeBackgroundImageV2 HTTP/2.0" 200 287 "-" "Mozilla/5.0 (Android 11; vivo; vivo; V2046A) feiyu/5.2.14"
14.134.98.214 - - [10/Jan/2023:11:28:04 +0800] "GET /v2/campaigns/newest HTTP/2.0" 200 445 "-" "Mozilla/5.0 (Android 11; vivo; vivo; V2046A) feiyu/5.2.14"
14.134.98.214 - - [10/Jan/2023:11:28:04 +0800] "GET /v2/messages/unreadCount?timestamp=1970-01-01%2000%3A00%3A00 HTTP/2.0" 200 26 "-" "Mozilla/5.0 (Android 11; vivo; vivo; V2046A) feiyu/5.2.14"
14.134.98.214 - - [10/Jan/2023:11:28:04 +0800] "GET /v2/campaigns/newest HTTP/2.0" 200 445 "-" "Mozilla/5.0 (Android 11; vivo; vivo; V2046A) feiyu/5.2.14"
14.134.98.214 - - [10/Jan/2023:11:28:04 +0800] "GET /v2/users/efb9ab80-9155-49f2-9f50-3cef5041ad55/settings HTTP/2.0" 200 313 "-" "Mozilla/5.0 (Android 11; vivo; vivo; V2046A) feiyu/5.2.14"
106.118.193.36 - - [10/Jan/2023:11:28:17 +0800] "POST /v2/users/oauth HTTP/2.0" 200 958 "-" "Mozilla/5.0 (Android 11; vivo; vivo; V2133A) feiyu/5.2.14"
106.118.193.36 - - [10/Jan/2023:11:28:18 +0800] "GET /v2/users/9017081c-9cde-434d-a47e-39ccc7d21dba/settings HTTP/2.0" 200 313 "-" "Mozilla/5.0 (Android 11; vivo; vivo; V2133A) feiyu/5.2.14"
106.118.193.36 - - [10/Jan/2023:11:28:18 +0800] "GET /v2/lab-projects HTTP/2.0" 200 24939 "-" "Mozilla/5.0 (Android 11; vivo; vivo; V2133A) feiyu/5.2.14"
106.118.193.36 - - [10/Jan/2023:11:28:18 +0800] "GET /v2/app/upgrade?version_code=65&platform=Android HTTP/2.0" 200 4 "-" "Mozilla/5.0 (Android 11; vivo; vivo; V2133A) feiyu/5.2.14"
106.118.193.36 - - [10/Jan/2023:11:28:19 +0800] "GET /v2/messages/unreadCount?timestamp=1970-01-01%2000%3A00%3A00 HTTP/2.0" 200 26 "-" "Mozilla/5.0 (Android 11; vivo; vivo; V2133A) feiyu/5.2.14"
106.118.193.36 - - [10/Jan/2023:11:28:19 +0800] "GET /v2/users/9017081c-9cde-434d-a47e-39ccc7d21dba/settings HTTP/2.0" 200 313 "-" "Mozilla/5.0 (Android 11; vivo; vivo; V2133A) feiyu/5.2.14"
106.118.193.36 - - [10/Jan/2023:11:28:19 +0800] "GET /v2/campaigns/newest HTTP/2.0" 200 445 "-" "Mozilla/5.0 (Android 11; vivo; vivo; V2133A) feiyu/5.2.14"
106.118.193.36 - - [10/Jan/2023:11:28:19 +0800] "GET /v2/explore/searchHint HTTP/2.0" 200 23 "-" "Mozilla/5.0 (Android 11; vivo; vivo; V2133A) feiyu/5.2.14"
106.118.193.36 - - [10/Jan/2023:11:28:19 +0800] "GET /v2/explore/banner?scene=2 HTTP/2.0" 200 441 "-" "Mozilla/5.0 (Android 11; vivo; vivo; V2133A) feiyu/5.2.14"
106.118.193.36 - - [10/Jan/2023:11:28:19 +0800] "GET /v2/posts/followees-v5?type=0&size=20&image_width=1080&background_width=359 HTTP/2.0" 200 88227 "-" "Mozilla/5.0 (Android 11; vivo; vivo; V2133A) feiyu/5.2.14"
106.118.193.36 - - [10/Jan/2023:11:28:19 +0800] "GET /v2/content-series/explore HTTP/2.0" 200 68464 "-" "Mozilla/5.0 (Android 11; vivo; vivo; V2133A) feiyu/5.2.14"
106.118.193.36 - - [10/Jan/2023:11:28:19 +0800] "GET /v2/posts/followees-v5?type=0&size=20&image_width=1080&background_width=359 HTTP/2.0" 200 88227 "-" "Mozilla/5.0 (Android 11; vivo; vivo; V2133A) feiyu/5.2.14"
106.118.193.36 - - [10/Jan/2023:11:28:19 +0800] "GET /v2/posts/recommended/sticky?image_width=1080&background_width=359 HTTP/2.0" 200 3846 "-" "Mozilla/5.0 (Android 11; vivo; vivo; V2133A) feiyu/5.2.14"
106.118.193.36 - - [10/Jan/2023:11:28:19 +0800] "GET /v2/explore/banner?scene=1 HTTP/2.0" 200 2310 "-" "Mozilla/5.0 (Android 11; vivo; vivo; V2133A) feiyu/5.2.14"
106.118.193.36 - - [10/Jan/2023:11:28:20 +0800] "GET /v2/posts/recommended?size=20&image_width=1080&background_width=359 HTTP/2.0" 200 77536 "-" "Mozilla/5.0 (Android 11; vivo; vivo; V2133A) feiyu/5.2.14"
106.118.193.36 - - [10/Jan/2023:11:28:20 +0800] "GET /v2/ads?scene=0 HTTP/2.0" 200 2 "-" "Mozilla/5.0 (Android 11; vivo; vivo; V2133A) feiyu/5.2.14"
14.134.98.214 - - [10/Jan/2023:11:28:21 +0800] "GET /v2/gallery/randomImagesV2?size=50&width=540&content=%E4%BD%A0%E5%86%8D%E8%AF%B4%E4%B8%80%E9%81%8D HTTP/2.0" 200 23302 "-" "Mozilla/5.0 (Android 11; vivo; vivo; V2046A) feiyu/5.2.14"
140.240.8.79 - - [10/Jan/2023:11:28:30 +0800] "GET /v2/gallery/images/993e24b8-b919-44e4-a2c8-46db4070b390?width=1160 HTTP/2.0" 200 454 "-" "Mozilla/5.0 (Android 12; HUAWEI; HUAWEI; TET-AN00) feiyu/5.2.14"
106.118.193.36 - - [10/Jan/2023:11:28:32 +0800] "GET /v2/gallery/categoriesV4 HTTP/2.0" 200 13184 "-" "Mozilla/5.0 (Android 11; vivo; vivo; V2133A) feiyu/5.2.14"
106.118.193.36 - - [10/Jan/2023:11:28:32 +0800] "GET /v2/gallery/categories/1e3bd6cc-e816-4cec-a975-7d2c39b1a292/imagesV3?page=1&size=20&width=360 HTTP/2.0" 200 2 "-" "Mozilla/5.0 (Android 11; vivo; vivo; V2133A) feiyu/5.2.14"
111.25.209.227 - - [10/Jan/2023:11:28:35 +0800] "GET /v2/messages/unreadCount?timestamp=1970-01-01%2000%3A00%3A00 HTTP/2.0" 200 26 "-" "Mozilla/5.0 (Android 12; HUAWEI; HUAWEI; ELS-AN00) feiyu/5.2.14"
111.25.209.227 - - [10/Jan/2023:11:28:35 +0800] "GET /v2/explore/searchHint HTTP/2.0" 200 23 "-" "Mozilla/5.0 (Android 12; HUAWEI; HUAWEI; ELS-AN00) feiyu/5.2.14"
111.25.209.227 - - [10/Jan/2023:11:28:35 +0800] "GET /v2/campaigns/newest HTTP/2.0" 200 443 "-" "Mozilla/5.0 (Android 12; HUAWEI; HUAWEI; ELS-AN00) feiyu/5.2.14"
111.25.209.227 - - [10/Jan/2023:11:28:35 +0800] "GET /v2/users/6f8ad601-69df-45e0-8905-d181e1cc97e1/settings HTTP/2.0" 200 310 "-" "Mozilla/5.0 (Android 12; HUAWEI; HUAWEI; ELS-AN00) feiyu/5.2.14"
111.25.209.227 - - [10/Jan/2023:11:28:35 +0800] "GET /v2/clock-ins/stats HTTP/2.0" 200 385 "-" "Mozilla/5.0 (Android 12; HUAWEI; HUAWEI; ELS-AN00) feiyu/5.2.14"
111.25.209.227 - - [10/Jan/2023:11:28:35 +0800] "GET /v2/users/6f8ad601-69df-45e0-8905-d181e1cc97e1 HTTP/2.0" 200 421 "-" "Mozilla/5.0 (Android 12; HUAWEI; HUAWEI; ELS-AN00) feiyu/5.2.14"
111.25.209.227 - - [10/Jan/2023:11:28:35 +0800] "GET /v2/near/canvas-war/accounts/6f8ad601-69df-45e0-8905-d181e1cc97e1 HTTP/2.0" 200 541 "-" "Mozilla/5.0 (Android 12; HUAWEI; HUAWEI; ELS-AN00) feiyu/5.2.14"
39.171.223.16 - - [10/Jan/2023:11:28:37 +0800] "GET /v2/campaigns/newest HTTP/2.0" 200 445 "-" "Mozilla/5.0 (Android 11; PTAC; Hinova; Hera-BD00) feiyu/5.2.14"
39.171.223.16 - - [10/Jan/2023:11:28:37 +0800] "GET /v2/messages/unreadCount?timestamp=1970-01-01%2000%3A00%3A00 HTTP/2.0" 200 26 "-" "Mozilla/5.0 (Android 11; PTAC; Hinova; Hera-BD00) feiyu/5.2.14"
39.171.223.16 - - [10/Jan/2023:11:28:37 +0800] "GET /v2/users/1719b33f-4627-4e1e-8e7e-6da45efef366/settings HTTP/2.0" 200 313 "-" "Mozilla/5.0 (Android 11; PTAC; Hinova; Hera-BD00) feiyu/5.2.14"
223.104.72.216 - - [10/Jan/2023:11:28:39 +0800] "GET /v2/app/tiamat-info HTTP/2.0" 200 16 "-" "Mozilla/5.0 (Android 13; OPPO; OPPO; PFTM10) feiyu/5.2.14"
223.104.72.216 - - [10/Jan/2023:11:28:39 +0800] "GET /v2/app/ab-test-status HTTP/2.0" 200 16 "-" "Mozilla/5.0 (Android 13; OPPO; OPPO; PFTM10) feiyu/5.2.14"
223.104.72.216 - - [10/Jan/2023:11:28:39 +0800] "GET /v2/app/upgrade?version_code=65&platform=Android HTTP/2.0" 200 4 "-" "Mozilla/5.0 (Android 13; OPPO; OPPO; PFTM10) feiyu/5.2.14"
223.104.72.216 - - [10/Jan/2023:11:28:41 +0800] "GET /v2/lab-projects HTTP/2.0" 200 24899 "-" "Mozilla/5.0 (Android 13; OPPO; OPPO; PFTM10) feiyu/5.2.14"
223.104.72.216 - - [10/Jan/2023:11:28:41 +0800] "GET /v2/app/upgrade?version_code=65&platform=Android HTTP/2.0" 200 4 "-" "Mozilla/5.0 (Android 13; OPPO; OPPO; PFTM10) feiyu/5.2.14"
223.104.72.216 - - [10/Jan/2023:11:28:41 +0800] "GET /v2/messages/unreadCount?timestamp=1970-01-01%2000%3A00%3A00 HTTP/2.0" 200 26 "-" "Mozilla/5.0 (Android 13; OPPO; OPPO; PFTM10) feiyu/5.2.14"
223.104.72.216 - - [10/Jan/2023:11:28:41 +0800] "GET /v2/users/5396bf7f-a109-4a5c-a412-43c4e2f06776/settings HTTP/2.0" 200 313 "-" "Mozilla/5.0 (Android 13; OPPO; OPPO; PFTM10) feiyu/5.2.14"
223.104.72.216 - - [10/Jan/2023:11:28:41 +0800] "GET /v2/campaigns/newest HTTP/2.0" 200 443 "-" "Mozilla/5.0 (Android 13; OPPO; OPPO; PFTM10) feiyu/5.2.14"
223.104.72.216 - - [10/Jan/2023:11:28:41 +0800] "GET /v2/explore/searchHint HTTP/2.0" 200 23 "-" "Mozilla/5.0 (Android 13; OPPO; OPPO; PFTM10) feiyu/5.2.14"
223.104.72.216 - - [10/Jan/2023:11:28:41 +0800] "GET /v2/explore/banner?scene=2 HTTP/2.0" 200 441 "-" "Mozilla/5.0 (Android 13; OPPO; OPPO; PFTM10) feiyu/5.2.14"
223.104.72.216 - - [10/Jan/2023:11:28:41 +0800] "GET /v2/posts/followees-v5?type=0&size=20&image_width=1080&background_width=359 HTTP/2.0" 200 88285 "-" "Mozilla/5.0 (Android 13; OPPO; OPPO; PFTM10) feiyu/5.2.14"
223.104.72.216 - - [10/Jan/2023:11:28:41 +0800] "GET /v2/content-series/explore HTTP/2.0" 200 68476 "-" "Mozilla/5.0 (Android 13; OPPO; OPPO; PFTM10) feiyu/5.2.14"
223.104.72.216 - - [10/Jan/2023:11:28:41 +0800] "GET /v2/posts/followees-v5?type=0&size=20&image_width=1080&background_width=359 HTTP/2.0" 200 88313 "-" "Mozilla/5.0 (Android 13; OPPO; OPPO; PFTM10) feiyu/5.2.14"
