124.64.122.191 - - [10/Jan/2023:11:59:19 +0800] "OPTIONS /v2/crm/posts/3852c26c-1ab6-48d5-951a-5c03a4b5879b/edit HTTP/2.0" 200 - "https://crm.fygtapp.com/" "Mozilla/5.0 (Macintosh; Intel Mac OS X 10_15_7) AppleWebKit/537.36 (KHTML, like Gecko) Chrome/108.0.0.0 Safari/537.36"
124.64.122.191 - - [10/Jan/2023:11:59:19 +0800] "PUT /v2/crm/posts/3852c26c-1ab6-48d5-951a-5c03a4b5879b/edit HTTP/2.0" 200 1542 "https://crm.fygtapp.com/" "Mozilla/5.0 (Macintosh; Intel Mac OS X 10_15_7) AppleWebKit/537.36 (KHTML, like Gecko) Chrome/108.0.0.0 Safari/537.36"
112.12.166.114 - - [10/Jan/2023:11:59:21 +0800] "GET /v2/gallery/categories/d1569b14-497d-474c-8c41-732c10584cb4/imagesV3?page=4&size=20&width=360 HTTP/2.0" 200 9492 "-" "Mozilla/5.0 (Android 10; HUAWEI; HONOR; KKG-AN00) feiyu/5.2.14"
49.90.50.45 - - [10/Jan/2023:11:59:08 +0800] "GET /v2/near/canvas-war/accounts/d36588b6-1265-4c2b-9dd2-2e289d342a35 HTTP/2.0" 200 501 "-" "Mozilla/5.0 (Android 9; Xiaomi; xiaomi; Redmi Note 7) feiyu/5.2.14"
124.64.122.191 - - [10/Jan/2023:11:59:22 +0800] "OPTIONS /v2/crm/posts/5ba921c4-724c-404d-a714-711aad9dbd4d/edit HTTP/2.0" 200 - "https://crm.fygtapp.com/" "Mozilla/5.0 (Macintosh; Intel Mac OS X 10_15_7) AppleWebKit/537.36 (KHTML, like Gecko) Chrome/108.0.0.0 Safari/537.36"
124.64.122.191 - - [10/Jan/2023:11:59:22 +0800] "PUT /v2/crm/posts/5ba921c4-724c-404d-a714-711aad9dbd4d/edit HTTP/2.0" 200 1544 "https://crm.fygtapp.com/" "Mozilla/5.0 (Macintosh; Intel Mac OS X 10_15_7) AppleWebKit/537.36 (KHTML, like Gecko) Chrome/108.0.0.0 Safari/537.36"
124.64.122.191 - - [10/Jan/2023:11:59:22 +0800] "OPTIONS /v2/crm/posts/0c4ea9e2-c20a-4c24-aaed-33619a71ae8a/edit HTTP/2.0" 200 - "https://crm.fygtapp.com/" "Mozilla/5.0 (Macintosh; Intel Mac OS X 10_15_7) AppleWebKit/537.36 (KHTML, like Gecko) Chrome/108.0.0.0 Safari/537.36"
124.64.122.191 - - [10/Jan/2023:11:59:22 +0800] "PUT /v2/crm/posts/0c4ea9e2-c20a-4c24-aaed-33619a71ae8a/edit HTTP/2.0" 200 1621 "https://crm.fygtapp.com/" "Mozilla/5.0 (Macintosh; Intel Mac OS X 10_15_7) AppleWebKit/537.36 (KHTML, like Gecko) Chrome/108.0.0.0 Safari/537.36"
124.64.122.191 - - [10/Jan/2023:11:59:23 +0800] "OPTIONS /v2/crm/posts/8974b34f-2464-4cfa-89c7-07d2e44a0d53/edit HTTP/2.0" 200 - "https://crm.fygtapp.com/" "Mozilla/5.0 (Macintosh; Intel Mac OS X 10_15_7) AppleWebKit/537.36 (KHTML, like Gecko) Chrome/108.0.0.0 Safari/537.36"
124.64.122.191 - - [10/Jan/2023:11:59:23 +0800] "PUT /v2/crm/posts/8974b34f-2464-4cfa-89c7-07d2e44a0d53/edit HTTP/2.0" 200 1745 "https://crm.fygtapp.com/" "Mozilla/5.0 (Macintosh; Intel Mac OS X 10_15_7) AppleWebKit/537.36 (KHTML, like Gecko) Chrome/108.0.0.0 Safari/537.36"
223.104.41.106 - - [10/Jan/2023:11:59:23 +0800] "GET /v2/app/tiamat-info HTTP/2.0" 200 16 "-" "Mozilla/5.0 (Android 13; samsung; samsung; SM-G9860) feiyu/5.2.14"
223.104.41.106 - - [10/Jan/2023:11:59:23 +0800] "GET /v2/app/ab-test-status HTTP/2.0" 200 16 "-" "Mozilla/5.0 (Android 13; samsung; samsung; SM-G9860) feiyu/5.2.14"
223.104.41.106 - - [10/Jan/2023:11:59:23 +0800] "GET /v2/app/upgrade?version_code=65&platform=Android HTTP/2.0" 200 4 "-" "Mozilla/5.0 (Android 13; samsung; samsung; SM-G9860) feiyu/5.2.14"
124.64.122.191 - - [10/Jan/2023:11:59:24 +0800] "OPTIONS /v2/crm/posts/094ca311-c69a-4509-8e5d-2ff8fa843e39/edit HTTP/2.0" 200 - "https://crm.fygtapp.com/" "Mozilla/5.0 (Macintosh; Intel Mac OS X 10_15_7) AppleWebKit/537.36 (KHTML, like Gecko) Chrome/108.0.0.0 Safari/537.36"
124.64.122.191 - - [10/Jan/2023:11:59:24 +0800] "PUT /v2/crm/posts/094ca311-c69a-4509-8e5d-2ff8fa843e39/edit HTTP/2.0" 200 1595 "https://crm.fygtapp.com/" "Mozilla/5.0 (Macintosh; Intel Mac OS X 10_15_7) AppleWebKit/537.36 (KHTML, like Gecko) Chrome/108.0.0.0 Safari/537.36"
223.104.41.106 - - [10/Jan/2023:11:59:25 +0800] "GET /v2/lab-projects HTTP/2.0" 200 24901 "-" "Mozilla/5.0 (Android 13; samsung; samsung; SM-G9860) feiyu/5.2.14"
223.104.41.106 - - [10/Jan/2023:11:59:25 +0800] "GET /v2/app/upgrade?version_code=65&platform=Android HTTP/2.0" 200 4 "-" "Mozilla/5.0 (Android 13; samsung; samsung; SM-G9860) feiyu/5.2.14"
124.64.122.191 - - [10/Jan/2023:11:59:25 +0800] "OPTIONS /v2/crm/posts/1e4d3394-e4b1-4f78-b671-64aab02cfe7b/edit HTTP/2.0" 200 - "https://crm.fygtapp.com/" "Mozilla/5.0 (Macintosh; Intel Mac OS X 10_15_7) AppleWebKit/537.36 (KHTML, like Gecko) Chrome/108.0.0.0 Safari/537.36"
124.64.122.191 - - [10/Jan/2023:11:59:25 +0800] "PUT /v2/crm/posts/1e4d3394-e4b1-4f78-b671-64aab02cfe7b/edit HTTP/2.0" 200 1615 "https://crm.fygtapp.com/" "Mozilla/5.0 (Macintosh; Intel Mac OS X 10_15_7) AppleWebKit/537.36 (KHTML, like Gecko) Chrome/108.0.0.0 Safari/537.36"
223.104.41.106 - - [10/Jan/2023:11:59:25 +0800] "GET /v2/messages/unreadCount?timestamp=2023-01-02%2006%3A50%3A44 HTTP/2.0" 200 26 "-" "Mozilla/5.0 (Android 13; samsung; samsung; SM-G9860) feiyu/5.2.14"
223.104.41.106 - - [10/Jan/2023:11:59:25 +0800] "GET /v2/users/45bafe10-055d-4bdd-97db-4644444ef105/settings HTTP/2.0" 200 314 "-" "Mozilla/5.0 (Android 13; samsung; samsung; SM-G9860) feiyu/5.2.14"
223.104.41.106 - - [10/Jan/2023:11:59:25 +0800] "GET /v2/campaigns/newest HTTP/2.0" 200 443 "-" "Mozilla/5.0 (Android 13; samsung; samsung; SM-G9860) feiyu/5.2.14"
223.104.41.106 - - [10/Jan/2023:11:59:25 +0800] "GET /v2/explore/banner?scene=2 HTTP/2.0" 200 441 "-" "Mozilla/5.0 (Android 13; samsung; samsung; SM-G9860) feiyu/5.2.14"
223.104.41.106 - - [10/Jan/2023:11:59:25 +0800] "GET /v2/explore/searchHint HTTP/2.0" 200 23 "-" "Mozilla/5.0 (Android 13; samsung; samsung; SM-G9860) feiyu/5.2.14"
223.104.41.106 - - [10/Jan/2023:11:59:25 +0800] "GET /v2/content-series/explore HTTP/2.0" 200 68564 "-" "Mozilla/5.0 (Android 13; samsung; samsung; SM-G9860) feiyu/5.2.14"
223.104.41.106 - - [10/Jan/2023:11:59:25 +0800] "GET /v2/posts/followees-v5?type=0&size=20&image_width=1080&background_width=1080 HTTP/2.0" 200 68393 "-" "Mozilla/5.0 (Android 13; samsung; samsung; SM-G9860) feiyu/5.2.14"
223.104.41.106 - - [10/Jan/2023:11:59:25 +0800] "GET /v2/posts/followees-v5?type=0&size=20&image_width=1080&background_width=1080 HTTP/2.0" 200 68393 "-" "Mozilla/5.0 (Android 13; samsung; samsung; SM-G9860) feiyu/5.2.14"
124.64.122.191 - - [10/Jan/2023:11:59:26 +0800] "OPTIONS /v2/crm/posts/04f4ca53-002e-439e-ad33-dd3c83704b31/edit HTTP/2.0" 200 - "https://crm.fygtapp.com/" "Mozilla/5.0 (Macintosh; Intel Mac OS X 10_15_7) AppleWebKit/537.36 (KHTML, like Gecko) Chrome/108.0.0.0 Safari/537.36"
124.64.122.191 - - [10/Jan/2023:11:59:26 +0800] "PUT /v2/crm/posts/04f4ca53-002e-439e-ad33-dd3c83704b31/edit HTTP/2.0" 200 1734 "https://crm.fygtapp.com/" "Mozilla/5.0 (Macintosh; Intel Mac OS X 10_15_7) AppleWebKit/537.36 (KHTML, like Gecko) Chrome/108.0.0.0 Safari/537.36"
223.104.41.106 - - [10/Jan/2023:11:59:26 +0800] "GET /v2/users/45bafe10-055d-4bdd-97db-4644444ef105 HTTP/2.0" 200 510 "-" "Mozilla/5.0 (Android 13; samsung; samsung; SM-G9860) feiyu/5.2.14"
223.104.41.106 - - [10/Jan/2023:11:59:26 +0800] "GET /v2/messages/unreadCount?timestamp=2023-01-02%2006%3A50%3A44 HTTP/2.0" 200 26 "-" "Mozilla/5.0 (Android 13; samsung; samsung; SM-G9860) feiyu/5.2.14"
223.104.41.106 - - [10/Jan/2023:11:59:26 +0800] "GET /v2/clock-ins/stats HTTP/2.0" 200 384 "-" "Mozilla/5.0 (Android 13; samsung; samsung; SM-G9860) feiyu/5.2.14"
223.104.41.106 - - [10/Jan/2023:11:59:26 +0800] "GET /v2/users/45bafe10-055d-4bdd-97db-4644444ef105 HTTP/2.0" 200 510 "-" "Mozilla/5.0 (Android 13; samsung; samsung; SM-G9860) feiyu/5.2.14"
223.104.41.106 - - [10/Jan/2023:11:59:26 +0800] "GET /v2/users/45bafe10-055d-4bdd-97db-4644444ef105 HTTP/2.0" 200 510 "-" "Mozilla/5.0 (Android 13; samsung; samsung; SM-G9860) feiyu/5.2.14"
223.104.41.106 - - [10/Jan/2023:11:59:26 +0800] "GET /v2/users/45bafe10-055d-4bdd-97db-4644444ef105/createdPostsV2?guest=false&size=20&image_width=1080&background_width=1080 HTTP/2.0" 200 12073 "-" "Mozilla/5.0 (Android 13; samsung; samsung; SM-G9860) feiyu/5.2.14"
223.104.41.106 - - [10/Jan/2023:11:59:26 +0800] "GET /v2/users/45bafe10-055d-4bdd-97db-4644444ef105/favoritedPosts?size=20&image_width=1080&background_width=1080 HTTP/2.0" 200 7262 "-" "Mozilla/5.0 (Android 13; samsung; samsung; SM-G9860) feiyu/5.2.14"
223.104.41.106 - - [10/Jan/2023:11:59:26 +0800] "GET /v2/users/45bafe10-055d-4bdd-97db-4644444ef105/likedPostsV2?guest=false&size=20&image_width=1080&background_width=1080 HTTP/2.0" 200 74086 "-" "Mozilla/5.0 (Android 13; samsung; samsung; SM-G9860) feiyu/5.2.14"
223.104.41.106 - - [10/Jan/2023:11:59:26 +0800] "GET /v2/near/canvas-war/accounts/45bafe10-055d-4bdd-97db-4644444ef105 HTTP/2.0" 200 629 "-" "Mozilla/5.0 (Android 13; samsung; samsung; SM-G9860) feiyu/5.2.14"
223.104.41.106 - - [10/Jan/2023:11:59:26 +0800] "GET /v2/users/45bafe10-055d-4bdd-97db-4644444ef105/favoritedPosts?timestamp=2022-11-19%2011%3A00%3A56&size=20&image_width=1080&background_width=1080 HTTP/2.0" 200 2 "-" "Mozilla/5.0 (Android 13; samsung; samsung; SM-G9860) feiyu/5.2.14"
112.32.59.9 - - [10/Jan/2023:11:59:27 +0800] "GET /v2/messages/unreadCount?timestamp=1970-01-01%2000%3A00%3A00 HTTP/2.0" 200 26 "-" "Mozilla/5.0 (Android 10; HUAWEI; HUAWEI; LYA-AL00) feiyu/5.2.14"
112.32.59.9 - - [10/Jan/2023:11:59:27 +0800] "GET /v2/explore/searchHint HTTP/2.0" 200 23 "-" "Mozilla/5.0 (Android 10; HUAWEI; HUAWEI; LYA-AL00) feiyu/5.2.14"
112.32.59.9 - - [10/Jan/2023:11:59:27 +0800] "GET /v2/campaigns/newest HTTP/2.0" 200 445 "-" "Mozilla/5.0 (Android 10; HUAWEI; HUAWEI; LYA-AL00) feiyu/5.2.14"
112.32.59.9 - - [10/Jan/2023:11:59:27 +0800] "GET /v2/users/196f353e-94bd-46be-a1e1-6b3b90100540/settings HTTP/2.0" 200 313 "-" "Mozilla/5.0 (Android 10; HUAWEI; HUAWEI; LYA-AL00) feiyu/5.2.14"
124.64.122.191 - - [10/Jan/2023:11:59:27 +0800] "OPTIONS /v2/crm/posts/1c87054a-174c-4fdd-8cfe-d85e48d431be/edit HTTP/2.0" 200 - "https://crm.fygtapp.com/" "Mozilla/5.0 (Macintosh; Intel Mac OS X 10_15_7) AppleWebKit/537.36 (KHTML, like Gecko) Chrome/108.0.0.0 Safari/537.36"
124.64.122.191 - - [10/Jan/2023:11:59:27 +0800] "PUT /v2/crm/posts/1c87054a-174c-4fdd-8cfe-d85e48d431be/edit HTTP/2.0" 200 1724 "https://crm.fygtapp.com/" "Mozilla/5.0 (Macintosh; Intel Mac OS X 10_15_7) AppleWebKit/537.36 (KHTML, like Gecko) Chrome/108.0.0.0 Safari/537.36"
124.64.122.191 - - [10/Jan/2023:11:59:28 +0800] "OPTIONS /v2/crm/posts/9faa05ac-3a8f-4ce5-95fb-94bf3e735f21/edit HTTP/2.0" 200 - "https://crm.fygtapp.com/" "Mozilla/5.0 (Macintosh; Intel Mac OS X 10_15_7) AppleWebKit/537.36 (KHTML, like Gecko) Chrome/108.0.0.0 Safari/537.36"
124.64.122.191 - - [10/Jan/2023:11:59:28 +0800] "PUT /v2/crm/posts/9faa05ac-3a8f-4ce5-95fb-94bf3e735f21/edit HTTP/2.0" 200 1595 "https://crm.fygtapp.com/" "Mozilla/5.0 (Macintosh; Intel Mac OS X 10_15_7) AppleWebKit/537.36 (KHTML, like Gecko) Chrome/108.0.0.0 Safari/537.36"
124.64.122.191 - - [10/Jan/2023:11:59:29 +0800] "OPTIONS /v2/crm/posts/57ff3c2a-5cad-4224-90c6-befc077035a9/edit HTTP/2.0" 200 - "https://crm.fygtapp.com/" "Mozilla/5.0 (Macintosh; Intel Mac OS X 10_15_7) AppleWebKit/537.36 (KHTML, like Gecko) Chrome/108.0.0.0 Safari/537.36"
124.64.122.191 - - [10/Jan/2023:11:59:29 +0800] "PUT /v2/crm/posts/57ff3c2a-5cad-4224-90c6-befc077035a9/edit HTTP/2.0" 200 1621 "https://crm.fygtapp.com/" "Mozilla/5.0 (Macintosh; Intel Mac OS X 10_15_7) AppleWebKit/537.36 (KHTML, like Gecko) Chrome/108.0.0.0 Safari/537.36"
124.64.122.191 - - [10/Jan/2023:11:59:29 +0800] "OPTIONS /v2/crm/posts/query?sorting=createdAt&desc=true×tamp=2023-01-10+03%3A33%3A19.000&size=20&show_deleted=false&show_private=false HTTP/2.0" 200 - "https://crm.fygtapp.com/" "Mozilla/5.0 (Macintosh; Intel Mac OS X 10_15_7) AppleWebKit/537.36 (KHTML, like Gecko) Chrome/108.0.0.0 Safari/537.36"
49.90.50.45 - - [10/Jan/2023:11:59:30 +0800] "GET /v2/messages/unreadCount?timestamp=1970-01-01%2000%3A00%3A00 HTTP/2.0" 200 26 "-" "Mozilla/5.0 (Android 9; Xiaomi; xiaomi; Redmi Note 7) feiyu/5.2.14"
49.90.50.45 - - [10/Jan/2023:11:59:30 +0800] "GET /v2/users/d36588b6-1265-4c2b-9dd2-2e289d342a35 HTTP/2.0" 200 398 "-" "Mozilla/5.0 (Android 9; Xiaomi; xiaomi; Redmi Note 7) feiyu/5.2.14"
124.64.122.191 - - [10/Jan/2023:11:59:31 +0800] "OPTIONS /v2/crm/posts/1450235a-179a-4228-8c3d-261238dc7c9e/edit HTTP/2.0" 200 - "https://crm.fygtapp.com/" "Mozilla/5.0 (Macintosh; Intel Mac OS X 10_15_7) AppleWebKit/537.36 (KHTML, like Gecko) Chrome/108.0.0.0 Safari/537.36"
124.64.122.191 - - [10/Jan/2023:11:59:31 +0800] "PUT /v2/crm/posts/1450235a-179a-4228-8c3d-261238dc7c9e/edit HTTP/2.0" 200 1535 "https://crm.fygtapp.com/" "Mozilla/5.0 (Macintosh; Intel Mac OS X 10_15_7) AppleWebKit/537.36 (KHTML, like Gecko) Chrome/108.0.0.0 Safari/537.36"
124.64.122.191 - - [10/Jan/2023:11:59:32 +0800] "OPTIONS /v2/crm/posts/0949ce53-e52b-4bac-b26e-71250dab44cc/edit HTTP/2.0" 200 - "https://crm.fygtapp.com/" "Mozilla/5.0 (Macintosh; Intel Mac OS X 10_15_7) AppleWebKit/537.36 (KHTML, like Gecko) Chrome/108.0.0.0 Safari/537.36"
124.64.122.191 - - [10/Jan/2023:11:59:32 +0800] "PUT /v2/crm/posts/0949ce53-e52b-4bac-b26e-71250dab44cc/edit HTTP/2.0" 200 1311 "https://crm.fygtapp.com/" "Mozilla/5.0 (Macintosh; Intel Mac OS X 10_15_7) AppleWebKit/537.36 (KHTML, like Gecko) Chrome/108.0.0.0 Safari/537.36"
223.104.41.106 - - [10/Jan/2023:11:59:27 +0800] "POST /v2/clock-ins/clock-in HTTP/2.0" 200 - "-" "Mozilla/5.0 (Android 13; samsung; samsung; SM-G9860) feiyu/5.2.14"
223.104.41.106 - - [10/Jan/2023:11:59:33 +0800] "GET /v2/clock-ins/stats HTTP/2.0" 200 382 "-" "Mozilla/5.0 (Android 13; samsung; samsung; SM-G9860) feiyu/5.2.14"
124.64.122.191 - - [10/Jan/2023:11:59:29 +0800] "GET /v2/crm/posts/query?sorting=createdAt&desc=true×tamp=2023-01-10+03%3A33%3A19.000&size=20&show_deleted=false&show_private=false HTTP/2.0" 200 33777 "https://crm.fygtapp.com/" "Mozilla/5.0 (Macintosh; Intel Mac OS X 10_15_7) AppleWebKit/537.36 (KHTML, like Gecko) Chrome/108.0.0.0 Safari/537.36"
120.243.211.163 - - [10/Jan/2023:11:59:35 +0800] "GET /v2/messages/unreadCount?timestamp=2023-01-10%2003%3A47%3A53 HTTP/2.0" 200 26 "-" "Mozilla/5.0 (Android 12; Xiaomi; Redmi; Redmi K30 Pro Zoom Edition) feiyu/5.2.12"
120.243.211.163 - - [10/Jan/2023:11:59:35 +0800] "GET /v2/clock-ins/stats HTTP/2.0" 200 385 "-" "Mozilla/5.0 (Android 12; Xiaomi; Redmi; Redmi K30 Pro Zoom Edition) feiyu/5.2.12"
120.243.211.163 - - [10/Jan/2023:11:59:35 +0800] "GET /v2/users/cf52aae3-fcfa-4303-a682-bd52acd26f8b HTTP/2.0" 200 412 "-" "Mozilla/5.0 (Android 12; Xiaomi; Redmi; Redmi K30 Pro Zoom Edition) feiyu/5.2.12"
120.243.211.163 - - [10/Jan/2023:11:59:35 +0800] "GET /v2/users/cf52aae3-fcfa-4303-a682-bd52acd26f8b/settings HTTP/2.0" 200 310 "-" "Mozilla/5.0 (Android 12; Xiaomi; Redmi; Redmi K30 Pro Zoom Edition) feiyu/5.2.12"
120.243.211.163 - - [10/Jan/2023:11:59:35 +0800] "GET /v2/campaigns/newest HTTP/2.0" 200 445 "-" "Mozilla/5.0 (Android 12; Xiaomi; Redmi; Redmi K30 Pro Zoom Edition) feiyu/5.2.12"
120.243.211.163 - - [10/Jan/2023:11:59:35 +0800] "GET /v2/near/canvas-war/accounts/cf52aae3-fcfa-4303-a682-bd52acd26f8b HTTP/2.0" 200 516 "-" "Mozilla/5.0 (Android 12; Xiaomi; Redmi; Redmi K30 Pro Zoom Edition) feiyu/5.2.12"
223.104.41.106 - - [10/Jan/2023:11:59:36 +0800] "GET /v2/lab-projects HTTP/2.0" 200 24883 "-" "Mozilla/5.0 (Android 13; samsung; samsung; SM-G9860) feiyu/5.2.14"
223.104.41.106 - - [10/Jan/2023:11:59:36 +0800] "GET /v2/lab-projects/active-users-count HTTP/2.0" 200 14 "-" "Mozilla/5.0 (Android 13; samsung; samsung; SM-G9860) feiyu/5.2.14"
223.104.41.106 - - [10/Jan/2023:11:59:39 +0800] "GET /v2/messages/unreadCount?timestamp=2023-01-02%2006%3A50%3A44 HTTP/2.0" 200 26 "-" "Mozilla/5.0 (Android 13; samsung; samsung; SM-G9860) feiyu/5.2.14"
223.104.41.106 - - [10/Jan/2023:11:59:39 +0800] "GET /v2/users/45bafe10-055d-4bdd-97db-4644444ef105 HTTP/2.0" 200 512 "-" "Mozilla/5.0 (Android 13; samsung; samsung; SM-G9860) feiyu/5.2.14"
49.90.50.45 - - [10/Jan/2023:11:59:40 +0800] "GET /v2/campaigns/newest HTTP/2.0" 200 443 "-" "Mozilla/5.0 (Android 9; Xiaomi; xiaomi; Redmi Note 7) feiyu/5.2.14"
49.90.50.45 - - [10/Jan/2023:11:59:40 +0800] "GET /v2/messages/unreadCount?timestamp=1970-01-01%2000%3A00%3A00 HTTP/2.0" 200 26 "-" "Mozilla/5.0 (Android 9; Xiaomi; xiaomi; Redmi Note 7) feiyu/5.2.14"
49.90.50.45 - - [10/Jan/2023:11:59:40 +0800] "GET /v2/clock-ins/stats HTTP/2.0" 200 385 "-" "Mozilla/5.0 (Android 9; Xiaomi; xiaomi; Redmi Note 7) feiyu/5.2.14"
49.90.50.45 - - [10/Jan/2023:11:59:40 +0800] "GET /v2/users/d36588b6-1265-4c2b-9dd2-2e289d342a35 HTTP/2.0" 200 398 "-" "Mozilla/5.0 (Android 9; Xiaomi; xiaomi; Redmi Note 7) feiyu/5.2.14"
49.90.50.45 - - [10/Jan/2023:11:59:40 +0800] "GET /v2/explore/searchHint HTTP/2.0" 200 23 "-" "Mozilla/5.0 (Android 9; Xiaomi; xiaomi; Redmi Note 7) feiyu/5.2.14"
49.90.50.45 - - [10/Jan/2023:11:59:40 +0800] "GET /v2/users/d36588b6-1265-4c2b-9dd2-2e289d342a35/settings HTTP/2.0" 200 313 "-" "Mozilla/5.0 (Android 9; Xiaomi; xiaomi; Redmi Note 7) feiyu/5.2.14"
49.90.50.45 - - [10/Jan/2023:11:59:40 +0800] "GET /v2/near/canvas-war/accounts/d36588b6-1265-4c2b-9dd2-2e289d342a35 HTTP/2.0" 200 502 "-" "Mozilla/5.0 (Android 9; Xiaomi; xiaomi; Redmi Note 7) feiyu/5.2.14"
171.10.64.165 - - [10/Jan/2023:11:59:44 +0800] "GET /v2/app/ab-test-status HTTP/2.0" 200 16 "-" "Mozilla/5.0 (Android 12; Xiaomi; Xiaomi; Mi 10 Pro) feiyu/5.2.12"
171.10.64.165 - - [10/Jan/2023:11:59:44 +0800] "GET /v2/app/upgrade?version_code=63&platform=Android HTTP/2.0" 200 4 "-" "Mozilla/5.0 (Android 12; Xiaomi; Xiaomi; Mi 10 Pro) feiyu/5.2.12"
49.90.50.45 - - [10/Jan/2023:11:59:44 +0800] "GET /v2/lab-projects HTTP/2.0" 200 24925 "-" "Mozilla/5.0 (Android 9; Xiaomi; xiaomi; Redmi Note 7) feiyu/5.2.14"
171.10.64.165 - - [10/Jan/2023:11:59:45 +0800] "GET /v2/lab-projects HTTP/2.0" 200 24897 "-" "Mozilla/5.0 (Android 12; Xiaomi; Xiaomi; Mi 10 Pro) feiyu/5.2.12"
171.10.64.165 - - [10/Jan/2023:11:59:45 +0800] "GET /v2/app/upgrade?version_code=63&platform=Android HTTP/2.0" 200 4 "-" "Mozilla/5.0 (Android 12; Xiaomi; Xiaomi; Mi 10 Pro) feiyu/5.2.12"
171.10.64.165 - - [10/Jan/2023:11:59:45 +0800] "GET /v2/messages/unreadCount?timestamp=2023-01-05%2017%3A02%3A13 HTTP/2.0" 200 26 "-" "Mozilla/5.0 (Android 12; Xiaomi; Xiaomi; Mi 10 Pro) feiyu/5.2.12"
171.10.64.165 - - [10/Jan/2023:11:59:45 +0800] "GET /v2/users/43bb2776-a82f-497f-b2d5-e6c14b211aeb/settings HTTP/2.0" 200 317 "-" "Mozilla/5.0 (Android 12; Xiaomi; Xiaomi; Mi 10 Pro) feiyu/5.2.12"
171.10.64.165 - - [10/Jan/2023:11:59:45 +0800] "GET /v2/campaigns/newest HTTP/2.0" 200 445 "-" "Mozilla/5.0 (Android 12; Xiaomi; Xiaomi; Mi 10 Pro) feiyu/5.2.12"
171.10.64.165 - - [10/Jan/2023:11:59:45 +0800] "GET /v2/explore/searchHint HTTP/2.0" 200 23 "-" "Mozilla/5.0 (Android 12; Xiaomi; Xiaomi; Mi 10 Pro) feiyu/5.2.12"
171.10.64.165 - - [10/Jan/2023:11:59:45 +0800] "GET /v2/explore/banner?scene=2 HTTP/2.0" 200 439 "-" "Mozilla/5.0 (Android 12; Xiaomi; Xiaomi; Mi 10 Pro) feiyu/5.2.12"
171.10.64.165 - - [10/Jan/2023:11:59:45 +0800] "GET /v2/posts/followees-v5?type=0&size=20&image_width=1080&background_width=359 HTTP/2.0" 200 58776 "-" "Mozilla/5.0 (Android 12; Xiaomi; Xiaomi; Mi 10 Pro) feiyu/5.2.12"
171.10.64.165 - - [10/Jan/2023:11:59:45 +0800] "GET /v2/posts/followees-v5?type=0&size=20&image_width=1080&background_width=359 HTTP/2.0" 200 58776 "-" "Mozilla/5.0 (Android 12; Xiaomi; Xiaomi; Mi 10 Pro) feiyu/5.2.12"
171.10.64.165 - - [10/Jan/2023:11:59:45 +0800] "GET /v2/content-series/explore HTTP/2.0" 200 68450 "-" "Mozilla/5.0 (Android 12; Xiaomi; Xiaomi; Mi 10 Pro) feiyu/5.2.12"
171.10.64.165 - - [10/Jan/2023:11:59:46 +0800] "GET /v2/posts/recommended/sticky?image_width=1080&background_width=359 HTTP/2.0" 200 3847 "-" "Mozilla/5.0 (Android 12; Xiaomi; Xiaomi; Mi 10 Pro) feiyu/5.2.12"
171.10.64.165 - - [10/Jan/2023:11:59:46 +0800] "GET /v2/explore/banner?scene=1 HTTP/2.0" 200 2308 "-" "Mozilla/5.0 (Android 12; Xiaomi; Xiaomi; Mi 10 Pro) feiyu/5.2.12"
171.10.64.165 - - [10/Jan/2023:11:59:46 +0800] "GET /v2/posts/recommended?size=20&image_width=1080&background_width=359 HTTP/2.0" 200 65125 "-" "Mozilla/5.0 (Android 12; Xiaomi; Xiaomi; Mi 10 Pro) feiyu/5.2.12"
171.10.64.165 - - [10/Jan/2023:11:59:46 +0800] "GET /v2/ads?scene=0 HTTP/2.0" 200 2 "-" "Mozilla/5.0 (Android 12; Xiaomi; Xiaomi; Mi 10 Pro) feiyu/5.2.12"
171.10.64.165 - - [10/Jan/2023:11:59:48 +0800] "GET /v2/users/43bb2776-a82f-497f-b2d5-e6c14b211aeb HTTP/2.0" 200 554 "-" "Mozilla/5.0 (Android 12; Xiaomi; Xiaomi; Mi 10 Pro) feiyu/5.2.12"
171.10.64.165 - - [10/Jan/2023:11:59:48 +0800] "GET /v2/users/43bb2776-a82f-497f-b2d5-e6c14b211aeb HTTP/2.0" 200 554 "-" "Mozilla/5.0 (Android 12; Xiaomi; Xiaomi; Mi 10 Pro) feiyu/5.2.12"
171.10.64.165 - - [10/Jan/2023:11:59:48 +0800] "GET /v2/messages/unreadCount?timestamp=2023-01-05%2017%3A02%3A13 HTTP/2.0" 200 26 "-" "Mozilla/5.0 (Android 12; Xiaomi; Xiaomi; Mi 10 Pro) feiyu/5.2.12"
171.10.64.165 - - [10/Jan/2023:11:59:48 +0800] "GET /v2/clock-ins/stats HTTP/2.0" 200 385 "-" "Mozilla/5.0 (Android 12; Xiaomi; Xiaomi; Mi 10 Pro) feiyu/5.2.12"
171.10.64.165 - - [10/Jan/2023:11:59:48 +0800] "GET /v2/users/43bb2776-a82f-497f-b2d5-e6c14b211aeb HTTP/2.0" 200 554 "-" "Mozilla/5.0 (Android 12; Xiaomi; Xiaomi; Mi 10 Pro) feiyu/5.2.12"
171.10.64.165 - - [10/Jan/2023:11:59:48 +0800] "GET /v2/users/43bb2776-a82f-497f-b2d5-e6c14b211aeb/favoritedPosts?size=20&image_width=1080&background_width=359 HTTP/2.0" 200 2 "-" "Mozilla/5.0 (Android 12; Xiaomi; Xiaomi; Mi 10 Pro) feiyu/5.2.12"
171.10.64.165 - - [10/Jan/2023:11:59:48 +0800] "GET /v2/users/43bb2776-a82f-497f-b2d5-e6c14b211aeb/createdPostsV2?guest=false&size=20&image_width=1080&background_width=359 HTTP/2.0" 200 54703 "-" "Mozilla/5.0 (Android 12; Xiaomi; Xiaomi; Mi 10 Pro) feiyu/5.2.12"
171.10.64.165 - - [10/Jan/2023:11:59:48 +0800] "GET /v2/users/43bb2776-a82f-497f-b2d5-e6c14b211aeb/likedPostsV2?guest=false&size=20&image_width=1080&background_width=359 HTTP/2.0" 200 64332 "-" "Mozilla/5.0 (Android 12; Xiaomi; Xiaomi; Mi 10 Pro) feiyu/5.2.12"
171.10.64.165 - - [10/Jan/2023:11:59:48 +0800] "GET /v2/near/canvas-war/accounts/43bb2776-a82f-497f-b2d5-e6c14b211aeb HTTP/2.0" 200 628 "-" "Mozilla/5.0 (Android 12; Xiaomi; Xiaomi; Mi 10 Pro) feiyu/5.2.12"
112.32.59.9 - - [10/Jan/2023:11:59:50 +0800] "GET /v2/explore/searchHint HTTP/2.0" 200 23 "-" "Mozilla/5.0 (Android 10; HUAWEI; HUAWEI; LYA-AL00) feiyu/5.2.14"
112.32.59.9 - - [10/Jan/2023:11:59:50 +0800] "GET /v2/campaigns/newest HTTP/2.0" 200 443 "-" "Mozilla/5.0 (Android 10; HUAWEI; HUAWEI; LYA-AL00) feiyu/5.2.14"
112.32.59.9 - - [10/Jan/2023:11:59:50 +0800] "GET /v2/messages/unreadCount?timestamp=1970-01-01%2000%3A00%3A00 HTTP/2.0" 200 26 "-" "Mozilla/5.0 (Android 10; HUAWEI; HUAWEI; LYA-AL00) feiyu/5.2.14"
112.32.59.9 - - [10/Jan/2023:11:59:50 +0800] "GET /v2/users/196f353e-94bd-46be-a1e1-6b3b90100540/settings HTTP/2.0" 200 313 "-" "Mozilla/5.0 (Android 10; HUAWEI; HUAWEI; LYA-AL00) feiyu/5.2.14"
171.10.64.165 - - [10/Jan/2023:11:59:57 +0800] "GET /v2/posts/494e50de-b1a9-4f64-9f4f-807f1d3b2780/commentsV4?size=20 HTTP/2.0" 200 2 "-" "Mozilla/5.0 (Android 12; Xiaomi; Xiaomi; Mi 10 Pro) feiyu/5.2.12"
171.10.64.165 - - [10/Jan/2023:11:59:57 +0800] "GET /v2/posts/494e50de-b1a9-4f64-9f4f-807f1d3b2780/likes HTTP/2.0" 200 1622 "-" "Mozilla/5.0 (Android 12; Xiaomi; Xiaomi; Mi 10 Pro) feiyu/5.2.12"
171.10.64.165 - - [10/Jan/2023:11:59:57 +0800] "GET /v2/posts/494e50de-b1a9-4f64-9f4f-807f1d3b2780/detail?image_width=1080&background_width=1080 HTTP/2.0" 200 3850 "-" "Mozilla/5.0 (Android 12; Xiaomi; Xiaomi; Mi 10 Pro) feiyu/5.2.12"
171.10.64.165 - - [10/Jan/2023:11:59:58 +0800] "GET /v2/messages/unreadCount?timestamp=2023-01-05%2017%3A02%3A13 HTTP/2.0" 200 26 "-" "Mozilla/5.0 (Android 12; Xiaomi; Xiaomi; Mi 10 Pro) feiyu/5.2.12"
171.10.64.165 - - [10/Jan/2023:11:59:58 +0800] "GET /v2/campaigns/newest HTTP/2.0" 200 443 "-" "Mozilla/5.0 (Android 12; Xiaomi; Xiaomi; Mi 10 Pro) feiyu/5.2.12"
171.10.64.165 - - [10/Jan/2023:11:59:58 +0800] "GET /v2/explore/searchHint HTTP/2.0" 200 23 "-" "Mozilla/5.0 (Android 12; Xiaomi; Xiaomi; Mi 10 Pro) feiyu/5.2.12"
171.10.64.165 - - [10/Jan/2023:11:59:58 +0800] "GET /v2/users/43bb2776-a82f-497f-b2d5-e6c14b211aeb/settings HTTP/2.0" 200 317 "-" "Mozilla/5.0 (Android 12; Xiaomi; Xiaomi; Mi 10 Pro) feiyu/5.2.12"
171.10.64.165 - - [10/Jan/2023:11:59:58 +0800] "GET /v2/users/43bb2776-a82f-497f-b2d5-e6c14b211aeb HTTP/2.0" 200 552 "-" "Mozilla/5.0 (Android 12; Xiaomi; Xiaomi; Mi 10 Pro) feiyu/5.2.12"
171.10.64.165 - - [10/Jan/2023:11:59:58 +0800] "GET /v2/clock-ins/stats HTTP/2.0" 200 385 "-" "Mozilla/5.0 (Android 12; Xiaomi; Xiaomi; Mi 10 Pro) feiyu/5.2.12"
171.10.64.165 - - [10/Jan/2023:11:59:58 +0800] "GET /v2/near/canvas-war/accounts/43bb2776-a82f-497f-b2d5-e6c14b211aeb HTTP/2.0" 200 626 "-" "Mozilla/5.0 (Android 12; Xiaomi; Xiaomi; Mi 10 Pro) feiyu/5.2.12"
113.248.164.118 - - [10/Jan/2023:11:59:59 +0800] "GET /v2/campaigns/newest HTTP/2.0" 200 443 "-" "Mozilla/5.0 (Android 12; Xiaomi; Redmi; M2012K11AC) feiyu/5.2.14"
113.248.164.118 - - [10/Jan/2023:11:59:59 +0800] "GET /v2/messages/unreadCount?timestamp=1970-01-01%2000%3A00%3A00 HTTP/2.0" 200 26 "-" "Mozilla/5.0 (Android 12; Xiaomi; Redmi; M2012K11AC) feiyu/5.2.14"
113.248.164.118 - - [10/Jan/2023:11:59:59 +0800] "GET /v2/users/bdb1d210-3f5f-4472-9c4f-b0d69010e4b0 HTTP/2.0" 200 424 "-" "Mozilla/5.0 (Android 12; Xiaomi; Redmi; M2012K11AC) feiyu/5.2.14"
113.248.164.118 - - [10/Jan/2023:11:59:59 +0800] "GET /v2/users/bdb1d210-3f5f-4472-9c4f-b0d69010e4b0/settings HTTP/2.0" 200 313 "-" "Mozilla/5.0 (Android 12; Xiaomi; Redmi; M2012K11AC) feiyu/5.2.14"
113.248.164.118 - - [10/Jan/2023:11:59:59 +0800] "GET /v2/clock-ins/stats HTTP/2.0" 200 385 "-" "Mozilla/5.0 (Android 12; Xiaomi; Redmi; M2012K11AC) feiyu/5.2.14"
113.248.164.118 - - [10/Jan/2023:11:59:59 +0800] "GET /v2/near/canvas-war/accounts/bdb1d210-3f5f-4472-9c4f-b0d69010e4b0 HTTP/2.0" 200 526 "-" "Mozilla/5.0 (Android 12; Xiaomi; Redmi; M2012K11AC) feiyu/5.2.14"
112.32.59.9 - - [10/Jan/2023:11:59:59 +0800] "GET /v2/gallery/randomImagesV2?size=50&width=540&category_safe_id=d1569b14-497d-474c-8c41-732c10584cb4&content=%E4%BD%86%E6%98%AF%E4%B8%80%E6%83%B3%E5%88%B0 HTTP/2.0" 200 23291 "-" "Mozilla/5.0 (Android 10; HUAWEI; HUAWEI; LYA-AL00) feiyu/5.2.14"
113.248.164.118 - - [10/Jan/2023:12:00:04 +0800] "GET /v2/gallery/randomImagesV2?size=50&width=540&content=%E7%9C%9F%E7%9A%84%E5%BE%88%E7%83%A6 HTTP/2.0" 500 33 "-" "Mozilla/5.0 (Android 12; Xiaomi; Redmi; M2012K11AC) feiyu/5.2.14"
113.248.164.118 - - [10/Jan/2023:12:00:07 +0800] "GET /v2/messages/unreadCount?timestamp=1970-01-01%2000%3A00%3A00 HTTP/2.0" 200 26 "-" "Mozilla/5.0 (Android 12; Xiaomi; Redmi; M2012K11AC) feiyu/5.2.14"
113.248.164.118 - - [10/Jan/2023:12:00:07 +0800] "GET /v2/users/bdb1d210-3f5f-4472-9c4f-b0d69010e4b0/settings HTTP/2.0" 200 313 "-" "Mozilla/5.0 (Android 12; Xiaomi; Redmi; M2012K11AC) feiyu/5.2.14"
113.248.164.118 - - [10/Jan/2023:12:00:07 +0800] "GET /v2/users/bdb1d210-3f5f-4472-9c4f-b0d69010e4b0 HTTP/2.0" 200 424 "-" "Mozilla/5.0 (Android 12; Xiaomi; Redmi; M2012K11AC) feiyu/5.2.14"
113.248.164.118 - - [10/Jan/2023:12:00:07 +0800] "GET /v2/campaigns/newest HTTP/2.0" 200 443 "-" "Mozilla/5.0 (Android 12; Xiaomi; Redmi; M2012K11AC) feiyu/5.2.14"
113.248.164.118 - - [10/Jan/2023:12:00:07 +0800] "GET /v2/clock-ins/stats HTTP/2.0" 200 385 "-" "Mozilla/5.0 (Android 12; Xiaomi; Redmi; M2012K11AC) feiyu/5.2.14"
113.248.164.118 - - [10/Jan/2023:12:00:07 +0800] "GET /v2/near/canvas-war/accounts/bdb1d210-3f5f-4472-9c4f-b0d69010e4b0 HTTP/2.0" 200 526 "-" "Mozilla/5.0 (Android 12; Xiaomi; Redmi; M2012K11AC) feiyu/5.2.14"
113.248.164.118 - - [10/Jan/2023:12:00:08 +0800] "GET /v2/gallery/randomImagesV2?size=50&width=540&content=%E7%9C%9F%E7%9A%84%E5%BE%88%E7%83%A6 HTTP/2.0" 500 33 "-" "Mozilla/5.0 (Android 12; Xiaomi; Redmi; M2012K11AC) feiyu/5.2.14"
101.67.107.194 - - [10/Jan/2023:12:00:08 +0800] "GET /v2/app/ab-test-status HTTP/2.0" 200 16 "-" "Mozilla/5.0 (Android 11; vivo; vivo; V2054A) feiyu/5.2.14"
101.67.107.194 - - [10/Jan/2023:12:00:08 +0800] "GET /v2/app/tiamat-info HTTP/2.0" 200 16 "-" "Mozilla/5.0 (Android 11; vivo; vivo; V2054A) feiyu/5.2.14"
101.67.107.194 - - [10/Jan/2023:12:00:08 +0800] "GET /v2/app/upgrade?version_code=65&platform=Android HTTP/2.0" 200 4 "-" "Mozilla/5.0 (Android 11; vivo; vivo; V2054A) feiyu/5.2.14"
101.67.107.194 - - [10/Jan/2023:12:00:10 +0800] "GET /v2/lab-projects HTTP/2.0" 200 24909 "-" "Mozilla/5.0 (Android 11; vivo; vivo; V2054A) feiyu/5.2.14"
101.67.107.194 - - [10/Jan/2023:12:00:10 +0800] "GET /v2/app/upgrade?version_code=65&platform=Android HTTP/2.0" 200 4 "-" "Mozilla/5.0 (Android 11; vivo; vivo; V2054A) feiyu/5.2.14"
101.67.107.194 - - [10/Jan/2023:12:00:10 +0800] "GET /v2/campaigns/newest HTTP/2.0" 200 443 "-" "Mozilla/5.0 (Android 11; vivo; vivo; V2054A) feiyu/5.2.14"
101.67.107.194 - - [10/Jan/2023:12:00:10 +0800] "GET /v2/app/randomHomeBackgroundImageV2 HTTP/2.0" 200 291 "-" "Mozilla/5.0 (Android 11; vivo; vivo; V2054A) feiyu/5.2.14"
101.67.107.194 - - [10/Jan/2023:12:00:10 +0800] "GET /v2/messages/unreadCount?timestamp=2023-01-07%2014%3A28%3A12 HTTP/2.0" 200 26 "-" "Mozilla/5.0 (Android 11; vivo; vivo; V2054A) feiyu/5.2.14"
113.248.164.118 - - [10/Jan/2023:12:00:10 +0800] "GET /v2/messages/unreadCount?timestamp=1970-01-01%2000%3A00%3A00 HTTP/2.0" 200 26 "-" "Mozilla/5.0 (Android 12; Xiaomi; Redmi; M2012K11AC) feiyu/5.2.14"
101.67.107.194 - - [10/Jan/2023:12:00:10 +0800] "GET /v2/users/e0c19550-3dc4-4fc8-bffa-17bd4cd9d78c/settings HTTP/2.0" 200 310 "-" "Mozilla/5.0 (Android 11; vivo; vivo; V2054A) feiyu/5.2.14"
113.248.164.118 - - [10/Jan/2023:12:00:10 +0800] "GET /v2/users/bdb1d210-3f5f-4472-9c4f-b0d69010e4b0/settings HTTP/2.0" 200 313 "-" "Mozilla/5.0 (Android 12; Xiaomi; Redmi; M2012K11AC) feiyu/5.2.14"
101.67.107.194 - - [10/Jan/2023:12:00:10 +0800] "GET /v2/campaigns/newest HTTP/2.0" 200 443 "-" "Mozilla/5.0 (Android 11; vivo; vivo; V2054A) feiyu/5.2.14"
113.248.164.118 - - [10/Jan/2023:12:00:10 +0800] "GET /v2/campaigns/newest HTTP/2.0" 200 443 "-" "Mozilla/5.0 (Android 12; Xiaomi; Redmi; M2012K11AC) feiyu/5.2.14"
113.248.164.118 - - [10/Jan/2023:12:00:10 +0800] "GET /v2/clock-ins/stats HTTP/2.0" 200 385 "-" "Mozilla/5.0 (Android 12; Xiaomi; Redmi; M2012K11AC) feiyu/5.2.14"
113.248.164.118 - - [10/Jan/2023:12:00:10 +0800] "GET /v2/users/bdb1d210-3f5f-4472-9c4f-b0d69010e4b0 HTTP/2.0" 200 424 "-" "Mozilla/5.0 (Android 12; Xiaomi; Redmi; M2012K11AC) feiyu/5.2.14"
113.248.164.118 - - [10/Jan/2023:12:00:10 +0800] "GET /v2/near/canvas-war/accounts/bdb1d210-3f5f-4472-9c4f-b0d69010e4b0 HTTP/2.0" 200 526 "-" "Mozilla/5.0 (Android 12; Xiaomi; Redmi; M2012K11AC) feiyu/5.2.14"
113.248.164.118 - - [10/Jan/2023:12:00:12 +0800] "GET /v2/gallery/randomImagesV2?size=50&width=540&content=%E7%9C%9F%E7%9A%84%E5%BE%88%E7%83%A6 HTTP/2.0" 200 23552 "-" "Mozilla/5.0 (Android 12; Xiaomi; Redmi; M2012K11AC) feiyu/5.2.14"
112.32.59.9 - - [10/Jan/2023:12:00:12 +0800] "GET /v2/gallery/images/8292c3ba-b993-4d75-8ad7-f88ad1bd16d1?width=1080 HTTP/2.0" 200 514 "-" "Mozilla/5.0 (Android 10; HUAWEI; HUAWEI; LYA-AL00) feiyu/5.2.14"
101.67.107.194 - - [10/Jan/2023:12:00:12 +0800] "GET /v2/messages/unreadCount?timestamp=2023-01-07%2014%3A28%3A12 HTTP/2.0" 200 26 "-" "Mozilla/5.0 (Android 11; vivo; vivo; V2054A) feiyu/5.2.14"
101.67.107.194 - - [10/Jan/2023:12:00:12 +0800] "GET /v2/users/e0c19550-3dc4-4fc8-bffa-17bd4cd9d78c/settings HTTP/2.0" 200 310 "-" "Mozilla/5.0 (Android 11; vivo; vivo; V2054A) feiyu/5.2.14"
101.67.107.194 - - [10/Jan/2023:12:00:13 +0800] "GET /v2/campaigns/newest HTTP/2.0" 200 443 "-" "Mozilla/5.0 (Android 11; vivo; vivo; V2054A) feiyu/5.2.14"
101.67.107.194 - - [10/Jan/2023:12:00:14 +0800] "GET /v2/lab-projects HTTP/2.0" 200 24907 "-" "Mozilla/5.0 (Android 11; vivo; vivo; V2054A) feiyu/5.2.14"
101.67.107.194 - - [10/Jan/2023:12:00:14 +0800] "GET /v2/lab-projects/active-users-count HTTP/2.0" 200 14 "-" "Mozilla/5.0 (Android 11; vivo; vivo; V2054A) feiyu/5.2.14"
112.32.59.9 - - [10/Jan/2023:12:00:14 +0800] "POST /v2/app/upload HTTP/2.0" 200 353 "-" "Mozilla/5.0 (Android 10; HUAWEI; HUAWEI; LYA-AL00) feiyu/5.2.14"
112.32.59.9 - - [10/Jan/2023:12:00:14 +0800] "POST /v2/posts/uploadCompleteV2 HTTP/2.0" 200 1178 "-" "Mozilla/5.0 (Android 10; HUAWEI; HUAWEI; LYA-AL00) feiyu/5.2.14"
101.67.107.194 - - [10/Jan/2023:12:00:15 +0800] "GET /v2/users/e0c19550-3dc4-4fc8-bffa-17bd4cd9d78c HTTP/2.0" 200 357 "-" "Mozilla/5.0 (Android 11; vivo; vivo; V2054A) feiyu/5.2.14"
101.67.107.194 - - [10/Jan/2023:12:00:15 +0800] "GET /v2/clock-ins/stats HTTP/2.0" 200 384 "-" "Mozilla/5.0 (Android 11; vivo; vivo; V2054A) feiyu/5.2.14"
101.67.107.194 - - [10/Jan/2023:12:00:15 +0800] "GET /v2/users/e0c19550-3dc4-4fc8-bffa-17bd4cd9d78c HTTP/2.0" 200 357 "-" "Mozilla/5.0 (Android 11; vivo; vivo; V2054A) feiyu/5.2.14"
101.67.107.194 - - [10/Jan/2023:12:00:15 +0800] "GET /v2/messages/unreadCount?timestamp=2023-01-07%2014%3A28%3A12 HTTP/2.0" 200 26 "-" "Mozilla/5.0 (Android 11; vivo; vivo; V2054A) feiyu/5.2.14"
101.67.107.194 - - [10/Jan/2023:12:00:15 +0800] "GET /v2/users/e0c19550-3dc4-4fc8-bffa-17bd4cd9d78c HTTP/2.0" 200 357 "-" "Mozilla/5.0 (Android 11; vivo; vivo; V2054A) feiyu/5.2.14"
101.67.107.194 - - [10/Jan/2023:12:00:15 +0800] "GET /v2/users/e0c19550-3dc4-4fc8-bffa-17bd4cd9d78c/createdPostsV2?guest=false&size=20&image_width=1080&background_width=1080 HTTP/2.0" 200 10487 "-" "Mozilla/5.0 (Android 11; vivo; vivo; V2054A) feiyu/5.2.14"
101.67.107.194 - - [10/Jan/2023:12:00:15 +0800] "GET /v2/users/e0c19550-3dc4-4fc8-bffa-17bd4cd9d78c/favoritedPosts?size=20&image_width=1080&background_width=1080 HTTP/2.0" 200 2 "-" "Mozilla/5.0 (Android 11; vivo; vivo; V2054A) feiyu/5.2.14"
101.67.107.194 - - [10/Jan/2023:12:00:15 +0800] "GET /v2/near/canvas-war/accounts/e0c19550-3dc4-4fc8-bffa-17bd4cd9d78c HTTP/2.0" 200 475 "-" "Mozilla/5.0 (Android 11; vivo; vivo; V2054A) feiyu/5.2.14"
101.67.107.194 - - [10/Jan/2023:12:00:15 +0800] "GET /v2/users/e0c19550-3dc4-4fc8-bffa-17bd4cd9d78c/likedPostsV2?guest=false&size=20&image_width=1080&background_width=1080 HTTP/2.0" 200 2 "-" "Mozilla/5.0 (Android 11; vivo; vivo; V2054A) feiyu/5.2.14"
223.88.75.13 - - [10/Jan/2023:12:00:17 +0800] "POST /v2/app/upload HTTP/2.0" 200 352 "-" "Mozilla/5.0 (iOS 16.2; Apple; Apple; iPhone13,2) feiyu/5.2.14"
112.32.59.9 - - [10/Jan/2023:12:00:17 +0800] "GET /v2/messages/unreadCount?timestamp=1970-01-01%2000%3A00%3A00 HTTP/2.0" 200 26 "-" "Mozilla/5.0 (Android 10; HUAWEI; HUAWEI; LYA-AL00) feiyu/5.2.14"
112.32.59.9 - - [10/Jan/2023:12:00:17 +0800] "GET /v2/users/196f353e-94bd-46be-a1e1-6b3b90100540/settings HTTP/2.0" 200 313 "-" "Mozilla/5.0 (Android 10; HUAWEI; HUAWEI; LYA-AL00) feiyu/5.2.14"
112.32.59.9 - - [10/Jan/2023:12:00:17 +0800] "GET /v2/explore/searchHint HTTP/2.0" 200 23 "-" "Mozilla/5.0 (Android 10; HUAWEI; HUAWEI; LYA-AL00) feiyu/5.2.14"
112.32.59.9 - - [10/Jan/2023:12:00:17 +0800] "GET /v2/campaigns/newest HTTP/2.0" 200 445 "-" "Mozilla/5.0 (Android 10; HUAWEI; HUAWEI; LYA-AL00) feiyu/5.2.14"
223.88.75.13 - - [10/Jan/2023:12:00:17 +0800] "POST /v2/posts/uploadCompleteV2 HTTP/2.0" 200 942 "-" "Mozilla/5.0 (iOS 16.2; Apple; Apple; iPhone13,2) feiyu/5.2.14"
101.67.107.194 - - [10/Jan/2023:12:00:18 +0800] "POST /v2/clock-ins/clock-in HTTP/2.0" 200 - "-" "Mozilla/5.0 (Android 11; vivo; vivo; V2054A) feiyu/5.2.14"
101.67.107.194 - - [10/Jan/2023:12:00:24 +0800] "GET /v2/clock-ins/stats HTTP/2.0" 200 382 "-" "Mozilla/5.0 (Android 11; vivo; vivo; V2054A) feiyu/5.2.14"
101.67.107.194 - - [10/Jan/2023:12:00:32 +0800] "GET /v2/near/canvas-war/comments HTTP/2.0" 200 593 "-" "Mozilla/5.0 (Android 11; vivo; vivo; V2054A) feiyu/5.2.14"
101.67.107.194 - - [10/Jan/2023:12:00:32 +0800] "GET /v2/near/canvas-war/comments HTTP/2.0" 200 593 "-" "Mozilla/5.0 (Android 11; vivo; vivo; V2054A) feiyu/5.2.14"
101.67.107.194 - - [10/Jan/2023:12:00:32 +0800] "GET /v2/near/canvas-war/accounts/e0c19550-3dc4-4fc8-bffa-17bd4cd9d78c HTTP/2.0" 200 473 "-" "Mozilla/5.0 (Android 11; vivo; vivo; V2054A) feiyu/5.2.14"
101.67.107.194 - - [10/Jan/2023:12:00:32 +0800] "GET /v2/near/canvas-war/canvas HTTP/2.0" 200 18045 "-" "Mozilla/5.0 (Android 11; vivo; vivo; V2054A) feiyu/5.2.14"
101.67.107.194 - - [10/Jan/2023:12:00:32 +0800] "GET /v2/near/canvas-war/canvas/leaderboard HTTP/2.0" 200 10063 "-" "Mozilla/5.0 (Android 11; vivo; vivo; V2054A) feiyu/5.2.14"
171.10.64.165 - - [10/Jan/2023:12:00:33 +0800] "GET /v2/explore/searchHint HTTP/2.0" 200 23 "-" "Mozilla/5.0 (Android 12; Xiaomi; Xiaomi; Mi 10 Pro) feiyu/5.2.12"
171.10.64.165 - - [10/Jan/2023:12:00:33 +0800] "GET /v2/messages/unreadCount?timestamp=2023-01-05%2017%3A02%3A13 HTTP/2.0" 200 26 "-" "Mozilla/5.0 (Android 12; Xiaomi; Xiaomi; Mi 10 Pro) feiyu/5.2.12"
171.10.64.165 - - [10/Jan/2023:12:00:33 +0800] "GET /v2/clock-ins/stats HTTP/2.0" 200 385 "-" "Mozilla/5.0 (Android 12; Xiaomi; Xiaomi; Mi 10 Pro) feiyu/5.2.12"
171.10.64.165 - - [10/Jan/2023:12:00:33 +0800] "GET /v2/campaigns/newest HTTP/2.0" 200 443 "-" "Mozilla/5.0 (Android 12; Xiaomi; Xiaomi; Mi 10 Pro) feiyu/5.2.12"
171.10.64.165 - - [10/Jan/2023:12:00:33 +0800] "GET /v2/users/43bb2776-a82f-497f-b2d5-e6c14b211aeb HTTP/2.0" 200 554 "-" "Mozilla/5.0 (Android 12; Xiaomi; Xiaomi; Mi 10 Pro) feiyu/5.2.12"
171.10.64.165 - - [10/Jan/2023:12:00:33 +0800] "GET /v2/users/43bb2776-a82f-497f-b2d5-e6c14b211aeb/settings HTTP/2.0" 200 317 "-" "Mozilla/5.0 (Android 12; Xiaomi; Xiaomi; Mi 10 Pro) feiyu/5.2.12"
171.10.64.165 - - [10/Jan/2023:12:00:33 +0800] "GET /v2/posts/f50b4cae-98c5-4422-8e61-f9214076d8bd/detail?image_width=1080&background_width=1080 HTTP/2.0" 200 3480 "-" "Mozilla/5.0 (Android 12; Xiaomi; Xiaomi; Mi 10 Pro) feiyu/5.2.12"
171.10.64.165 - - [10/Jan/2023:12:00:33 +0800] "GET /v2/near/canvas-war/accounts/43bb2776-a82f-497f-b2d5-e6c14b211aeb HTTP/2.0" 200 628 "-" "Mozilla/5.0 (Android 12; Xiaomi; Xiaomi; Mi 10 Pro) feiyu/5.2.12"
124.64.122.191 - - [10/Jan/2023:12:00:34 +0800] "OPTIONS /v2/crm/posts/325f6fa5-c591-4727-9d66-12d97359f63f/edit HTTP/2.0" 200 - "https://crm.fygtapp.com/" "Mozilla/5.0 (Macintosh; Intel Mac OS X 10_15_7) AppleWebKit/537.36 (KHTML, like Gecko) Chrome/108.0.0.0 Safari/537.36"
124.64.122.191 - - [10/Jan/2023:12:00:34 +0800] "PUT /v2/crm/posts/325f6fa5-c591-4727-9d66-12d97359f63f/edit HTTP/2.0" 200 1536 "https://crm.fygtapp.com/" "Mozilla/5.0 (Macintosh; Intel Mac OS X 10_15_7) AppleWebKit/537.36 (KHTML, like Gecko) Chrome/108.0.0.0 Safari/537.36"
101.67.107.194 - - [10/Jan/2023:12:00:35 +0800] "GET /v2/near/canvas-war/accounts/e0c19550-3dc4-4fc8-bffa-17bd4cd9d78c HTTP/2.0" 200 473 "-" "Mozilla/5.0 (Android 11; vivo; vivo; V2054A) feiyu/5.2.14"
124.64.122.191 - - [10/Jan/2023:12:00:36 +0800] "OPTIONS /v2/crm/posts/71d2c106-9b5b-4bef-b484-e2b5e5848df1/edit HTTP/2.0" 200 - "https://crm.fygtapp.com/" "Mozilla/5.0 (Macintosh; Intel Mac OS X 10_15_7) AppleWebKit/537.36 (KHTML, like Gecko) Chrome/108.0.0.0 Safari/537.36"
124.64.122.191 - - [10/Jan/2023:12:00:36 +0800] "PUT /v2/crm/posts/71d2c106-9b5b-4bef-b484-e2b5e5848df1/edit HTTP/2.0" 200 1546 "https://crm.fygtapp.com/" "Mozilla/5.0 (Macintosh; Intel Mac OS X 10_15_7) AppleWebKit/537.36 (KHTML, like Gecko) Chrome/108.0.0.0 Safari/537.36"
124.64.122.191 - - [10/Jan/2023:12:00:36 +0800] "OPTIONS /v2/crm/posts/d70dd1f1-cf10-448e-bca5-b4b67afa55b1/edit HTTP/2.0" 200 - "https://crm.fygtapp.com/" "Mozilla/5.0 (Macintosh; Intel Mac OS X 10_15_7) AppleWebKit/537.36 (KHTML, like Gecko) Chrome/108.0.0.0 Safari/537.36"
124.64.122.191 - - [10/Jan/2023:12:00:36 +0800] "PUT /v2/crm/posts/d70dd1f1-cf10-448e-bca5-b4b67afa55b1/edit HTTP/2.0" 200 1548 "https://crm.fygtapp.com/" "Mozilla/5.0 (Macintosh; Intel Mac OS X 10_15_7) AppleWebKit/537.36 (KHTML, like Gecko) Chrome/108.0.0.0 Safari/537.36"
124.64.122.191 - - [10/Jan/2023:12:00:37 +0800] "OPTIONS /v2/crm/posts/11bfaa40-8376-44e5-bd47-567cb77f1c6f/edit HTTP/2.0" 200 - "https://crm.fygtapp.com/" "Mozilla/5.0 (Macintosh; Intel Mac OS X 10_15_7) AppleWebKit/537.36 (KHTML, like Gecko) Chrome/108.0.0.0 Safari/537.36"
124.64.122.191 - - [10/Jan/2023:12:00:37 +0800] "PUT /v2/crm/posts/11bfaa40-8376-44e5-bd47-567cb77f1c6f/edit HTTP/2.0" 200 1546 "https://crm.fygtapp.com/" "Mozilla/5.0 (Macintosh; Intel Mac OS X 10_15_7) AppleWebKit/537.36 (KHTML, like Gecko) Chrome/108.0.0.0 Safari/537.36"
101.67.107.194 - - [10/Jan/2023:12:00:38 +0800] "GET /v2/near/canvas-war/comments HTTP/2.0" 200 591 "-" "Mozilla/5.0 (Android 11; vivo; vivo; V2054A) feiyu/5.2.14"
101.67.107.194 - - [10/Jan/2023:12:00:38 +0800] "GET /v2/near/canvas-war/accounts/e0c19550-3dc4-4fc8-bffa-17bd4cd9d78c HTTP/2.0" 200 474 "-" "Mozilla/5.0 (Android 11; vivo; vivo; V2054A) feiyu/5.2.14"
101.67.107.194 - - [10/Jan/2023:12:00:38 +0800] "GET /v2/near/canvas-war/canvas HTTP/2.0" 200 18045 "-" "Mozilla/5.0 (Android 11; vivo; vivo; V2054A) feiyu/5.2.14"
124.64.122.191 - - [10/Jan/2023:12:00:38 +0800] "OPTIONS /v2/crm/posts/d3116a3d-0cf0-49b1-8a60-ba08495b4168/edit HTTP/2.0" 200 - "https://crm.fygtapp.com/" "Mozilla/5.0 (Macintosh; Intel Mac OS X 10_15_7) AppleWebKit/537.36 (KHTML, like Gecko) Chrome/108.0.0.0 Safari/537.36"
124.64.122.191 - - [10/Jan/2023:12:00:38 +0800] "PUT /v2/crm/posts/d3116a3d-0cf0-49b1-8a60-ba08495b4168/edit HTTP/2.0" 200 1550 "https://crm.fygtapp.com/" "Mozilla/5.0 (Macintosh; Intel Mac OS X 10_15_7) AppleWebKit/537.36 (KHTML, like Gecko) Chrome/108.0.0.0 Safari/537.36"
113.248.164.118 - - [10/Jan/2023:12:00:38 +0800] "GET /v2/gallery/images/8b5c8852-67c5-4be4-8510-6d6fda8f55cf?width=1080 HTTP/2.0" 200 519 "-" "Mozilla/5.0 (Android 12; Xiaomi; Redmi; M2012K11AC) feiyu/5.2.14"
101.67.107.194 - - [10/Jan/2023:12:00:38 +0800] "GET /v2/near/canvas-war/canvas/leaderboard HTTP/2.0" 200 10060 "-" "Mozilla/5.0 (Android 11; vivo; vivo; V2054A) feiyu/5.2.14"
124.64.122.191 - - [10/Jan/2023:12:00:39 +0800] "OPTIONS /v2/crm/posts/da696bcd-34d1-45e8-8bc2-718e03b354fb/edit HTTP/2.0" 200 - "https://crm.fygtapp.com/" "Mozilla/5.0 (Macintosh; Intel Mac OS X 10_15_7) AppleWebKit/537.36 (KHTML, like Gecko) Chrome/108.0.0.0 Safari/537.36"
101.67.107.194 - - [10/Jan/2023:12:00:32 +0800] "POST /v2/near/canvas-war/accounts/e0c19550-3dc4-4fc8-bffa-17bd4cd9d78c/clock-in HTTP/2.0" 200 166 "-" "Mozilla/5.0 (Android 11; vivo; vivo; V2054A) feiyu/5.2.14"
124.64.122.191 - - [10/Jan/2023:12:00:39 +0800] "PUT /v2/crm/posts/da696bcd-34d1-45e8-8bc2-718e03b354fb/edit HTTP/2.0" 200 2051 "https://crm.fygtapp.com/" "Mozilla/5.0 (Macintosh; Intel Mac OS X 10_15_7) AppleWebKit/537.36 (KHTML, like Gecko) Chrome/108.0.0.0 Safari/537.36"
113.248.164.118 - - [10/Jan/2023:12:00:39 +0800] "POST /v2/app/upload HTTP/2.0" 200 349 "-" "Mozilla/5.0 (Android 12; Xiaomi; Redmi; M2012K11AC) feiyu/5.2.14"
124.64.122.191 - - [10/Jan/2023:12:00:39 +0800] "OPTIONS /v2/crm/posts/00732a60-dfa5-4c35-b5f1-1206a4bdbde5/edit HTTP/2.0" 200 - "https://crm.fygtapp.com/" "Mozilla/5.0 (Macintosh; Intel Mac OS X 10_15_7) AppleWebKit/537.36 (KHTML, like Gecko) Chrome/108.0.0.0 Safari/537.36"
124.64.122.191 - - [10/Jan/2023:12:00:39 +0800] "PUT /v2/crm/posts/00732a60-dfa5-4c35-b5f1-1206a4bdbde5/edit HTTP/2.0" 200 1523 "https://crm.fygtapp.com/" "Mozilla/5.0 (Macintosh; Intel Mac OS X 10_15_7) AppleWebKit/537.36 (KHTML, like Gecko) Chrome/108.0.0.0 Safari/537.36"
113.248.164.118 - - [10/Jan/2023:12:00:40 +0800] "POST /v2/posts/uploadCompleteV2 HTTP/2.0" 200 1182 "-" "Mozilla/5.0 (Android 12; Xiaomi; Redmi; M2012K11AC) feiyu/5.2.14"
124.64.122.191 - - [10/Jan/2023:12:00:41 +0800] "OPTIONS /v2/crm/posts/b49fa5ec-471f-4ff2-8021-12326928d824/edit HTTP/2.0" 200 - "https://crm.fygtapp.com/" "Mozilla/5.0 (Macintosh; Intel Mac OS X 10_15_7) AppleWebKit/537.36 (KHTML, like Gecko) Chrome/108.0.0.0 Safari/537.36"
124.64.122.191 - - [10/Jan/2023:12:00:41 +0800] "PUT /v2/crm/posts/b49fa5ec-471f-4ff2-8021-12326928d824/edit HTTP/2.0" 200 1546 "https://crm.fygtapp.com/" "Mozilla/5.0 (Macintosh; Intel Mac OS X 10_15_7) AppleWebKit/537.36 (KHTML, like Gecko) Chrome/108.0.0.0 Safari/537.36"
124.64.122.191 - - [10/Jan/2023:12:00:42 +0800] "OPTIONS /v2/crm/posts/cb51a703-854e-4a44-8b90-c59ea9201fdc/edit HTTP/2.0" 200 - "https://crm.fygtapp.com/" "Mozilla/5.0 (Macintosh; Intel Mac OS X 10_15_7) AppleWebKit/537.36 (KHTML, like Gecko) Chrome/108.0.0.0 Safari/537.36"
124.64.122.191 - - [10/Jan/2023:12:00:42 +0800] "PUT /v2/crm/posts/cb51a703-854e-4a44-8b90-c59ea9201fdc/edit HTTP/2.0" 200 1561 "https://crm.fygtapp.com/" "Mozilla/5.0 (Macintosh; Intel Mac OS X 10_15_7) AppleWebKit/537.36 (KHTML, like Gecko) Chrome/108.0.0.0 Safari/537.36"
101.67.107.194 - - [10/Jan/2023:12:00:42 +0800] "GET /v2/near/canvas-war/page-settings HTTP/2.0" 200 412 "-" "Mozilla/5.0 (Android 11; vivo; vivo; V2054A) feiyu/5.2.14"
124.64.122.191 - - [10/Jan/2023:12:00:46 +0800] "OPTIONS /v2/crm/posts/973587aa-17ff-45db-b4a6-881026053736/edit HTTP/2.0" 200 - "https://crm.fygtapp.com/" "Mozilla/5.0 (Macintosh; Intel Mac OS X 10_15_7) AppleWebKit/537.36 (KHTML, like Gecko) Chrome/108.0.0.0 Safari/537.36"
124.64.122.191 - - [10/Jan/2023:12:00:46 +0800] "PUT /v2/crm/posts/973587aa-17ff-45db-b4a6-881026053736/edit HTTP/2.0" 200 2749 "https://crm.fygtapp.com/" "Mozilla/5.0 (Macintosh; Intel Mac OS X 10_15_7) AppleWebKit/537.36 (KHTML, like Gecko) Chrome/108.0.0.0 Safari/537.36"
124.64.122.191 - - [10/Jan/2023:12:00:47 +0800] "PUT /v2/crm/posts/973587aa-17ff-45db-b4a6-881026053736/edit HTTP/2.0" 200 2114 "https://crm.fygtapp.com/" "Mozilla/5.0 (Macintosh; Intel Mac OS X 10_15_7) AppleWebKit/537.36 (KHTML, like Gecko) Chrome/108.0.0.0 Safari/537.36"
124.64.122.191 - - [10/Jan/2023:12:00:48 +0800] "PUT /v2/crm/posts/973587aa-17ff-45db-b4a6-881026053736/edit HTTP/2.0" 200 2119 "https://crm.fygtapp.com/" "Mozilla/5.0 (Macintosh; Intel Mac OS X 10_15_7) AppleWebKit/537.36 (KHTML, like Gecko) Chrome/108.0.0.0 Safari/537.36"
223.104.175.1 - - [10/Jan/2023:12:00:49 +0800] "GET /v2/app/upgrade?version_code=50&platform=Android HTTP/2.0" 200 4 "-" "Mozilla/5.0 (Android 10; OPPO; OPPO; PCAM10) feiyu/5.1.6"
124.64.122.191 - - [10/Jan/2023:12:00:49 +0800] "OPTIONS /v2/crm/posts/d678ed8c-6ecd-488c-aad3-46b289023da4/edit HTTP/2.0" 200 - "https://crm.fygtapp.com/" "Mozilla/5.0 (Macintosh; Intel Mac OS X 10_15_7) AppleWebKit/537.36 (KHTML, like Gecko) Chrome/108.0.0.0 Safari/537.36"
124.64.122.191 - - [10/Jan/2023:12:00:49 +0800] "PUT /v2/crm/posts/d678ed8c-6ecd-488c-aad3-46b289023da4/edit HTTP/2.0" 200 1275 "https://crm.fygtapp.com/" "Mozilla/5.0 (Macintosh; Intel Mac OS X 10_15_7) AppleWebKit/537.36 (KHTML, like Gecko) Chrome/108.0.0.0 Safari/537.36"
124.64.122.191 - - [10/Jan/2023:12:00:50 +0800] "OPTIONS /v2/crm/posts/7f35f3c5-e66e-4207-ab39-6bd49ef95ba7/edit HTTP/2.0" 200 - "https://crm.fygtapp.com/" "Mozilla/5.0 (Macintosh; Intel Mac OS X 10_15_7) AppleWebKit/537.36 (KHTML, like Gecko) Chrome/108.0.0.0 Safari/537.36"
124.64.122.191 - - [10/Jan/2023:12:00:50 +0800] "PUT /v2/crm/posts/7f35f3c5-e66e-4207-ab39-6bd49ef95ba7/edit HTTP/2.0" 200 1600 "https://crm.fygtapp.com/" "Mozilla/5.0 (Macintosh; Intel Mac OS X 10_15_7) AppleWebKit/537.36 (KHTML, like Gecko) Chrome/108.0.0.0 Safari/537.36"
223.104.175.1 - - [10/Jan/2023:12:00:50 +0800] "GET /v2/app/upgrade?version_code=50&platform=Android HTTP/2.0" 200 4 "-" "Mozilla/5.0 (Android 10; OPPO; OPPO; PCAM10) feiyu/5.1.6"
124.64.122.191 - - [10/Jan/2023:12:00:51 +0800] "OPTIONS /v2/crm/posts/961fee2e-fd65-4895-99db-7a44088cf7ee/edit HTTP/2.0" 200 - "https://crm.fygtapp.com/" "Mozilla/5.0 (Macintosh; Intel Mac OS X 10_15_7) AppleWebKit/537.36 (KHTML, like Gecko) Chrome/108.0.0.0 Safari/537.36"
124.64.122.191 - - [10/Jan/2023:12:00:51 +0800] "PUT /v2/crm/posts/961fee2e-fd65-4895-99db-7a44088cf7ee/edit HTTP/2.0" 200 1549 "https://crm.fygtapp.com/" "Mozilla/5.0 (Macintosh; Intel Mac OS X 10_15_7) AppleWebKit/537.36 (KHTML, like Gecko) Chrome/108.0.0.0 Safari/537.36"
223.104.175.1 - - [10/Jan/2023:12:00:51 +0800] "GET /v2/app/randomHomeBackgroundImageV2 HTTP/2.0" 200 287 "-" "Mozilla/5.0 (Android 10; OPPO; OPPO; PCAM10) feiyu/5.1.6"
124.64.122.191 - - [10/Jan/2023:12:00:53 +0800] "OPTIONS /v2/crm/posts/8c9bed35-0810-4a14-8352-ec59e215e683/edit HTTP/2.0" 200 - "https://crm.fygtapp.com/" "Mozilla/5.0 (Macintosh; Intel Mac OS X 10_15_7) AppleWebKit/537.36 (KHTML, like Gecko) Chrome/108.0.0.0 Safari/537.36"
124.64.122.191 - - [10/Jan/2023:12:00:53 +0800] "PUT /v2/crm/posts/8c9bed35-0810-4a14-8352-ec59e215e683/edit HTTP/2.0" 200 1539 "https://crm.fygtapp.com/" "Mozilla/5.0 (Macintosh; Intel Mac OS X 10_15_7) AppleWebKit/537.36 (KHTML, like Gecko) Chrome/108.0.0.0 Safari/537.36"
223.104.175.1 - - [10/Jan/2023:12:00:53 +0800] "GET /v2/campaigns/newest HTTP/2.0" 200 447 "-" "Mozilla/5.0 (Android 10; OPPO; OPPO; PCAM10) feiyu/5.1.6"
223.104.175.1 - - [10/Jan/2023:12:00:53 +0800] "GET /v2/campaigns/newest HTTP/2.0" 200 447 "-" "Mozilla/5.0 (Android 10; OPPO; OPPO; PCAM10) feiyu/5.1.6"
223.104.175.1 - - [10/Jan/2023:12:00:53 +0800] "GET /v2/users/82553533-7bf6-40e5-af3f-c4d3dd27db03/settings HTTP/2.0" 200 313 "-" "Mozilla/5.0 (Android 10; OPPO; OPPO; PCAM10) feiyu/5.1.6"
124.64.122.191 - - [10/Jan/2023:12:00:53 +0800] "OPTIONS /v2/crm/posts/a587f8bd-a76b-45e1-9933-09cdb3c12ea9/edit HTTP/2.0" 200 - "https://crm.fygtapp.com/" "Mozilla/5.0 (Macintosh; Intel Mac OS X 10_15_7) AppleWebKit/537.36 (KHTML, like Gecko) Chrome/108.0.0.0 Safari/537.36"
124.64.122.191 - - [10/Jan/2023:12:00:53 +0800] "PUT /v2/crm/posts/a587f8bd-a76b-45e1-9933-09cdb3c12ea9/edit HTTP/2.0" 200 1534 "https://crm.fygtapp.com/" "Mozilla/5.0 (Macintosh; Intel Mac OS X 10_15_7) AppleWebKit/537.36 (KHTML, like Gecko) Chrome/108.0.0.0 Safari/537.36"
223.104.175.1 - - [10/Jan/2023:12:00:54 +0800] "GET /v2/lab-projects HTTP/2.0" 200 24909 "-" "Mozilla/5.0 (Android 10; OPPO; OPPO; PCAM10) feiyu/5.1.6"
124.64.122.191 - - [10/Jan/2023:12:00:54 +0800] "OPTIONS /v2/crm/posts/45de8e46-17b8-449c-8fce-6156024afd06/edit HTTP/2.0" 200 - "https://crm.fygtapp.com/" "Mozilla/5.0 (Macintosh; Intel Mac OS X 10_15_7) AppleWebKit/537.36 (KHTML, like Gecko) Chrome/108.0.0.0 Safari/537.36"
