124.133.136.201 - - [10/Jan/2023:12:12:03 +0800] "GET /v2/users/d7d88fd1-5340-49d3-83e1-85a8752ff7ec HTTP/2.0" 200 374 "-" "Mozilla/5.0 (Android 9; samsung; samsung; SM-G9550) feiyu/5.2.14"
124.133.136.201 - - [10/Jan/2023:12:12:03 +0800] "GET /v2/near/canvas-war/accounts/d7d88fd1-5340-49d3-83e1-85a8752ff7ec HTTP/2.0" 200 479 "-" "Mozilla/5.0 (Android 9; samsung; samsung; SM-G9550) feiyu/5.2.14"
223.104.187.161 - - [10/Jan/2023:12:12:02 +0800] "GET /v2/posts/followees-v5?type=0&size=20&image_width=1080&background_width=359 HTTP/2.0" 200 70300 "-" "Mozilla/5.0 (Android 9; Xiaomi; Xiaomi; MI CC9 Pro) feiyu/5.2.12"
223.104.187.161 - - [10/Jan/2023:12:12:02 +0800] "GET /v2/posts/followees-v5?type=0&size=20&image_width=1080&background_width=359 HTTP/2.0" 200 70300 "-" "Mozilla/5.0 (Android 9; Xiaomi; Xiaomi; MI CC9 Pro) feiyu/5.2.12"
115.47.250.6 - - [10/Jan/2023:12:12:04 +0800] "GET /v2/gallery/randomImagesV2?size=50&width=540&content=%E5%A5%BD%E5%9C%A8%E5%A4%A7%E5%A4%9A%E6%95%B0%E4%BA%BA%E4%B8%8D%E9%85%8D%E5%81%9A%0A%E6%AE%8B%E9%85%B7%E4%B9%9F%E5%9C%A8%E5%A4%A7%E5%A4%9A%E6%95%B0%E4%BA%BA%E4%B8%8D%E9%85%8D%E5%81%9A HTTP/2.0" 200 23078 "-" "Mozilla/5.0 (Android 12; Xiaomi; Xiaomi; 2201122C) feiyu/5.2.12"
113.248.164.118 - - [10/Jan/2023:12:12:05 +0800] "POST /v2/app/upload HTTP/2.0" 200 351 "-" "Mozilla/5.0 (Android 12; Xiaomi; Redmi; M2012K11AC) feiyu/5.2.14"
113.248.164.118 - - [10/Jan/2023:12:12:06 +0800] "POST /v2/posts/uploadCompleteV2 HTTP/2.0" 200 1216 "-" "Mozilla/5.0 (Android 12; Xiaomi; Redmi; M2012K11AC) feiyu/5.2.14"
114.241.21.87 - - [10/Jan/2023:12:12:06 +0800] "GET /v2/near/canvas-war/page-settings HTTP/2.0" 200 412 "-" "Mozilla/5.0 (Android 10; HUAWEI; HUAWEI; AGS3-AL00) feiyu/5.2.14"
223.104.187.161 - - [10/Jan/2023:12:12:03 +0800] "GET /v2/posts/featured-v4?size=20&image_width=1080&background_width=359 HTTP/2.0" 200 64777 "-" "Mozilla/5.0 (Android 9; Xiaomi; Xiaomi; MI CC9 Pro) feiyu/5.2.12"
223.104.187.161 - - [10/Jan/2023:12:12:07 +0800] "GET /v2/ads?scene=1 HTTP/2.0" 200 2 "-" "Mozilla/5.0 (Android 9; Xiaomi; Xiaomi; MI CC9 Pro) feiyu/5.2.12"
60.180.5.101 - - [10/Jan/2023:12:12:16 +0800] "GET /v2/explore/searchHint HTTP/2.0" 200 23 "-" "Mozilla/5.0 (Android 10; HONOR; HONOR; AGM3-W09HN) feiyu/5.2.14"
60.180.5.101 - - [10/Jan/2023:12:12:16 +0800] "GET /v2/campaigns/newest HTTP/2.0" 200 445 "-" "Mozilla/5.0 (Android 10; HONOR; HONOR; AGM3-W09HN) feiyu/5.2.14"
60.223.103.76 - - [10/Jan/2023:12:12:16 +0800] "GET /v2/messages/unreadCount?timestamp=2023-01-05%2013%3A44%3A27 HTTP/2.0" 200 26 "-" "Mozilla/5.0 (Android 10; HUAWEI; HONOR; BMH-AN10) feiyu/5.2.14"
60.223.103.76 - - [10/Jan/2023:12:12:16 +0800] "GET /v2/explore/searchHint HTTP/2.0" 200 23 "-" "Mozilla/5.0 (Android 10; HUAWEI; HONOR; BMH-AN10) feiyu/5.2.14"
60.223.103.76 - - [10/Jan/2023:12:12:16 +0800] "GET /v2/clock-ins/stats HTTP/2.0" 200 382 "-" "Mozilla/5.0 (Android 10; HUAWEI; HONOR; BMH-AN10) feiyu/5.2.14"
60.223.103.76 - - [10/Jan/2023:12:12:16 +0800] "GET /v2/campaigns/newest HTTP/2.0" 200 445 "-" "Mozilla/5.0 (Android 10; HUAWEI; HONOR; BMH-AN10) feiyu/5.2.14"
60.223.103.76 - - [10/Jan/2023:12:12:16 +0800] "GET /v2/users/e491c3c6-266b-4adf-bba9-a268b211628f HTTP/2.0" 200 550 "-" "Mozilla/5.0 (Android 10; HUAWEI; HONOR; BMH-AN10) feiyu/5.2.14"
60.223.103.76 - - [10/Jan/2023:12:12:16 +0800] "GET /v2/users/e491c3c6-266b-4adf-bba9-a268b211628f/settings HTTP/2.0" 200 310 "-" "Mozilla/5.0 (Android 10; HUAWEI; HONOR; BMH-AN10) feiyu/5.2.14"
60.223.103.76 - - [10/Jan/2023:12:12:16 +0800] "GET /v2/near/canvas-war/accounts/e491c3c6-266b-4adf-bba9-a268b211628f HTTP/2.0" 200 616 "-" "Mozilla/5.0 (Android 10; HUAWEI; HONOR; BMH-AN10) feiyu/5.2.14"
114.241.21.87 - - [10/Jan/2023:12:12:18 +0800] "GET /v2/near/canvas-war/comments HTTP/2.0" 200 591 "-" "Mozilla/5.0 (Android 10; HUAWEI; HUAWEI; AGS3-AL00) feiyu/5.2.14"
124.64.122.191 - - [10/Jan/2023:12:12:20 +0800] "OPTIONS /v2/crm/gallery/images/d352199f-1c7a-46eb-9e12-78b6b355810a/edit HTTP/2.0" 200 - "https://crm.fygtapp.com/" "Mozilla/5.0 (Macintosh; Intel Mac OS X 10_15_7) AppleWebKit/537.36 (KHTML, like Gecko) Chrome/108.0.0.0 Safari/537.36"
124.64.122.191 - - [10/Jan/2023:12:12:20 +0800] "PUT /v2/crm/gallery/images/d352199f-1c7a-46eb-9e12-78b6b355810a/edit HTTP/2.0" 200 5073 "https://crm.fygtapp.com/" "Mozilla/5.0 (Macintosh; Intel Mac OS X 10_15_7) AppleWebKit/537.36 (KHTML, like Gecko) Chrome/108.0.0.0 Safari/537.36"
124.133.136.201 - - [10/Jan/2023:12:12:20 +0800] "GET /v2/campaigns/newest HTTP/2.0" 200 445 "-" "Mozilla/5.0 (Android 9; samsung; samsung; SM-G9550) feiyu/5.2.14"
124.133.136.201 - - [10/Jan/2023:12:12:20 +0800] "GET /v2/explore/searchHint HTTP/2.0" 200 23 "-" "Mozilla/5.0 (Android 9; samsung; samsung; SM-G9550) feiyu/5.2.14"
124.133.136.201 - - [10/Jan/2023:12:12:20 +0800] "GET /v2/messages/unreadCount?timestamp=1970-01-01%2000%3A00%3A00 HTTP/2.0" 200 26 "-" "Mozilla/5.0 (Android 9; samsung; samsung; SM-G9550) feiyu/5.2.14"
124.133.136.201 - - [10/Jan/2023:12:12:20 +0800] "GET /v2/users/d7d88fd1-5340-49d3-83e1-85a8752ff7ec HTTP/2.0" 200 374 "-" "Mozilla/5.0 (Android 9; samsung; samsung; SM-G9550) feiyu/5.2.14"
124.133.136.201 - - [10/Jan/2023:12:12:20 +0800] "GET /v2/users/d7d88fd1-5340-49d3-83e1-85a8752ff7ec/settings HTTP/2.0" 200 313 "-" "Mozilla/5.0 (Android 9; samsung; samsung; SM-G9550) feiyu/5.2.14"
124.133.136.201 - - [10/Jan/2023:12:12:20 +0800] "GET /v2/clock-ins/stats HTTP/2.0" 200 382 "-" "Mozilla/5.0 (Android 9; samsung; samsung; SM-G9550) feiyu/5.2.14"
124.133.136.201 - - [10/Jan/2023:12:12:20 +0800] "GET /v2/near/canvas-war/accounts/d7d88fd1-5340-49d3-83e1-85a8752ff7ec HTTP/2.0" 200 479 "-" "Mozilla/5.0 (Android 9; samsung; samsung; SM-G9550) feiyu/5.2.14"
111.44.170.109 - - [10/Jan/2023:12:12:22 +0800] "GET /v2/explore/searchHint HTTP/2.0" 200 23 "-" "Mozilla/5.0 (Android 13; Xiaomi; Xiaomi; 2201123C) feiyu/5.2.14"
111.44.170.109 - - [10/Jan/2023:12:12:22 +0800] "GET /v2/campaigns/newest HTTP/2.0" 200 443 "-" "Mozilla/5.0 (Android 13; Xiaomi; Xiaomi; 2201123C) feiyu/5.2.14"
111.44.170.109 - - [10/Jan/2023:12:12:22 +0800] "GET /v2/messages/unreadCount?timestamp=2023-01-09%2018%3A23%3A10 HTTP/2.0" 200 26 "-" "Mozilla/5.0 (Android 13; Xiaomi; Xiaomi; 2201123C) feiyu/5.2.14"
111.44.170.109 - - [10/Jan/2023:12:12:22 +0800] "GET /v2/users/38c92519-6243-4db5-a01b-86bdece757ee/settings HTTP/2.0" 200 313 "-" "Mozilla/5.0 (Android 13; Xiaomi; Xiaomi; 2201123C) feiyu/5.2.14"
114.241.21.87 - - [10/Jan/2023:12:12:18 +0800] "POST /v2/near/canvas-war/accounts/1fffee2f-a4a0-495c-9083-09f9a8abc3ff/get-share-reward HTTP/2.0" 200 84 "-" "Mozilla/5.0 (Android 10; HUAWEI; HUAWEI; AGS3-AL00) feiyu/5.2.14"
117.136.124.150 - - [10/Jan/2023:12:12:25 +0800] "GET /v2/gallery/categoriesV4 HTTP/2.0" 200 13192 "-" "Mozilla/5.0 (Android 10; HUAWEI; HONOR; JSN-AL00) feiyu/5.2.14"
114.241.21.87 - - [10/Jan/2023:12:12:25 +0800] "GET /v2/near/canvas-war/accounts/1fffee2f-a4a0-495c-9083-09f9a8abc3ff HTTP/2.0" 200 607 "-" "Mozilla/5.0 (Android 10; HUAWEI; HUAWEI; AGS3-AL00) feiyu/5.2.14"
117.136.124.150 - - [10/Jan/2023:12:12:26 +0800] "GET /v2/gallery/categories/1e3bd6cc-e816-4cec-a975-7d2c39b1a292/imagesV3?page=1&size=20&width=360 HTTP/2.0" 200 2 "-" "Mozilla/5.0 (Android 10; HUAWEI; HONOR; JSN-AL00) feiyu/5.2.14"
223.104.175.1 - - [10/Jan/2023:12:12:27 +0800] "GET /v2/campaigns/newest HTTP/2.0" 200 443 "-" "Mozilla/5.0 (Android 10; OPPO; OPPO; PCAM10) feiyu/5.1.6"
223.104.175.1 - - [10/Jan/2023:12:12:27 +0800] "GET /v2/users/82553533-7bf6-40e5-af3f-c4d3dd27db03/settings HTTP/2.0" 200 313 "-" "Mozilla/5.0 (Android 10; OPPO; OPPO; PCAM10) feiyu/5.1.6"
120.207.232.174 - - [10/Jan/2023:12:12:28 +0800] "GET /v2/campaigns/newest HTTP/2.0" 200 447 "-" "Mozilla/5.0 (Android 12; Xiaomi; Redmi; M2012K11AC) feiyu/5.2.14"
120.207.232.174 - - [10/Jan/2023:12:12:28 +0800] "GET /v2/messages/unreadCount?timestamp=1970-01-01%2000%3A00%3A00 HTTP/2.0" 200 26 "-" "Mozilla/5.0 (Android 12; Xiaomi; Redmi; M2012K11AC) feiyu/5.2.14"
120.207.232.174 - - [10/Jan/2023:12:12:28 +0800] "GET /v2/users/0e92141d-4e7f-4ff7-a882-c36bf4190dd3/settings HTTP/2.0" 200 313 "-" "Mozilla/5.0 (Android 12; Xiaomi; Redmi; M2012K11AC) feiyu/5.2.14"
117.136.124.150 - - [10/Jan/2023:12:12:32 +0800] "GET /v2/gallery/categories/f51d22d1-683a-4671-a81d-da5cbc8eeebc/imagesV3?page=1&size=20&width=360 HTTP/2.0" 200 9503 "-" "Mozilla/5.0 (Android 10; HUAWEI; HONOR; JSN-AL00) feiyu/5.2.14"
117.136.124.150 - - [10/Jan/2023:12:12:33 +0800] "GET /v2/gallery/categories/f51d22d1-683a-4671-a81d-da5cbc8eeebc/imagesV3?page=2&size=20&width=360 HTTP/2.0" 200 9507 "-" "Mozilla/5.0 (Android 10; HUAWEI; HONOR; JSN-AL00) feiyu/5.2.14"
115.47.250.6 - - [10/Jan/2023:12:12:35 +0800] "GET /v2/gallery/images/3988b9c2-2aa7-4115-87ef-d6561173ba35?width=1080 HTTP/2.0" 200 459 "-" "Mozilla/5.0 (Android 12; Xiaomi; Xiaomi; 2201122C) feiyu/5.2.12"
223.104.175.1 - - [10/Jan/2023:12:12:35 +0800] "GET /v2/campaigns/newest HTTP/2.0" 200 445 "-" "Mozilla/5.0 (Android 10; OPPO; OPPO; PCAM10) feiyu/5.1.6"
223.104.175.1 - - [10/Jan/2023:12:12:35 +0800] "GET /v2/users/82553533-7bf6-40e5-af3f-c4d3dd27db03/settings HTTP/2.0" 200 313 "-" "Mozilla/5.0 (Android 10; OPPO; OPPO; PCAM10) feiyu/5.1.6"
117.136.124.150 - - [10/Jan/2023:12:12:39 +0800] "GET /v2/gallery/categories/f51d22d1-683a-4671-a81d-da5cbc8eeebc/imagesV3?page=3&size=20&width=360 HTTP/2.0" 200 9525 "-" "Mozilla/5.0 (Android 10; HUAWEI; HONOR; JSN-AL00) feiyu/5.2.14"
124.64.122.191 - - [10/Jan/2023:12:12:41 +0800] "OPTIONS /v2/crm/gallery/images/d352199f-1c7a-46eb-9e12-78b6b355810a/edit HTTP/2.0" 200 - "https://crm.fygtapp.com/" "Mozilla/5.0 (Macintosh; Intel Mac OS X 10_15_7) AppleWebKit/537.36 (KHTML, like Gecko) Chrome/108.0.0.0 Safari/537.36"
124.64.122.191 - - [10/Jan/2023:12:12:41 +0800] "PUT /v2/crm/gallery/images/d352199f-1c7a-46eb-9e12-78b6b355810a/edit HTTP/2.0" 200 5808 "https://crm.fygtapp.com/" "Mozilla/5.0 (Macintosh; Intel Mac OS X 10_15_7) AppleWebKit/537.36 (KHTML, like Gecko) Chrome/108.0.0.0 Safari/537.36"
117.136.124.150 - - [10/Jan/2023:12:12:44 +0800] "GET /v2/gallery/categories/f51d22d1-683a-4671-a81d-da5cbc8eeebc/imagesV3?page=4&size=20&width=360 HTTP/2.0" 200 9538 "-" "Mozilla/5.0 (Android 10; HUAWEI; HONOR; JSN-AL00) feiyu/5.2.14"
124.64.122.191 - - [10/Jan/2023:12:12:44 +0800] "OPTIONS /v2/crm/posts/059eab14-ea32-4b91-8c59-aea590d54dd9/edit HTTP/2.0" 200 - "https://crm.fygtapp.com/" "Mozilla/5.0 (Macintosh; Intel Mac OS X 10_15_7) AppleWebKit/537.36 (KHTML, like Gecko) Chrome/108.0.0.0 Safari/537.36"
124.64.122.191 - - [10/Jan/2023:12:12:44 +0800] "PUT /v2/crm/posts/059eab14-ea32-4b91-8c59-aea590d54dd9/edit HTTP/2.0" 200 1631 "https://crm.fygtapp.com/" "Mozilla/5.0 (Macintosh; Intel Mac OS X 10_15_7) AppleWebKit/537.36 (KHTML, like Gecko) Chrome/108.0.0.0 Safari/537.36"
124.64.122.191 - - [10/Jan/2023:12:12:45 +0800] "OPTIONS /v2/crm/posts/cbba04e1-d5fc-4244-a368-542b3a334ee0/edit HTTP/2.0" 200 - "https://crm.fygtapp.com/" "Mozilla/5.0 (Macintosh; Intel Mac OS X 10_15_7) AppleWebKit/537.36 (KHTML, like Gecko) Chrome/108.0.0.0 Safari/537.36"
124.64.122.191 - - [10/Jan/2023:12:12:45 +0800] "PUT /v2/crm/posts/cbba04e1-d5fc-4244-a368-542b3a334ee0/edit HTTP/2.0" 200 1519 "https://crm.fygtapp.com/" "Mozilla/5.0 (Macintosh; Intel Mac OS X 10_15_7) AppleWebKit/537.36 (KHTML, like Gecko) Chrome/108.0.0.0 Safari/537.36"
124.64.122.191 - - [10/Jan/2023:12:12:46 +0800] "OPTIONS /v2/crm/posts/48b14da5-a96c-42a3-a721-81fc62e50327/edit HTTP/2.0" 200 - "https://crm.fygtapp.com/" "Mozilla/5.0 (Macintosh; Intel Mac OS X 10_15_7) AppleWebKit/537.36 (KHTML, like Gecko) Chrome/108.0.0.0 Safari/537.36"
124.64.122.191 - - [10/Jan/2023:12:12:46 +0800] "PUT /v2/crm/posts/48b14da5-a96c-42a3-a721-81fc62e50327/edit HTTP/2.0" 200 1513 "https://crm.fygtapp.com/" "Mozilla/5.0 (Macintosh; Intel Mac OS X 10_15_7) AppleWebKit/537.36 (KHTML, like Gecko) Chrome/108.0.0.0 Safari/537.36"
117.136.124.150 - - [10/Jan/2023:12:12:50 +0800] "GET /v2/gallery/categories/f51d22d1-683a-4671-a81d-da5cbc8eeebc/imagesV3?page=5&size=20&width=360 HTTP/2.0" 200 9563 "-" "Mozilla/5.0 (Android 10; HUAWEI; HONOR; JSN-AL00) feiyu/5.2.14"
124.133.136.201 - - [10/Jan/2023:12:12:50 +0800] "GET /v2/messages/unreadCount?timestamp=1970-01-01%2000%3A00%3A00 HTTP/2.0" 200 26 "-" "Mozilla/5.0 (Android 9; samsung; samsung; SM-G9550) feiyu/5.2.14"
124.133.136.201 - - [10/Jan/2023:12:12:50 +0800] "GET /v2/users/d7d88fd1-5340-49d3-83e1-85a8752ff7ec/settings HTTP/2.0" 200 313 "-" "Mozilla/5.0 (Android 9; samsung; samsung; SM-G9550) feiyu/5.2.14"
124.133.136.201 - - [10/Jan/2023:12:12:50 +0800] "GET /v2/explore/searchHint HTTP/2.0" 200 23 "-" "Mozilla/5.0 (Android 9; samsung; samsung; SM-G9550) feiyu/5.2.14"
124.133.136.201 - - [10/Jan/2023:12:12:50 +0800] "GET /v2/campaigns/newest HTTP/2.0" 200 445 "-" "Mozilla/5.0 (Android 9; samsung; samsung; SM-G9550) feiyu/5.2.14"
124.133.136.201 - - [10/Jan/2023:12:12:50 +0800] "GET /v2/users/d7d88fd1-5340-49d3-83e1-85a8752ff7ec HTTP/2.0" 200 374 "-" "Mozilla/5.0 (Android 9; samsung; samsung; SM-G9550) feiyu/5.2.14"
124.133.136.201 - - [10/Jan/2023:12:12:50 +0800] "GET /v2/clock-ins/stats HTTP/2.0" 200 382 "-" "Mozilla/5.0 (Android 9; samsung; samsung; SM-G9550) feiyu/5.2.14"
124.133.136.201 - - [10/Jan/2023:12:12:50 +0800] "GET /v2/near/canvas-war/accounts/d7d88fd1-5340-49d3-83e1-85a8752ff7ec HTTP/2.0" 200 479 "-" "Mozilla/5.0 (Android 9; samsung; samsung; SM-G9550) feiyu/5.2.14"
114.241.21.87 - - [10/Jan/2023:12:12:52 +0800] "GET /v2/messages/unreadCount?timestamp=2023-01-10%2004%3A08%3A00 HTTP/2.0" 200 26 "-" "Mozilla/5.0 (Android 10; HUAWEI; HUAWEI; AGS3-AL00) feiyu/5.2.14"
114.241.21.87 - - [10/Jan/2023:12:12:52 +0800] "GET /v2/users/1fffee2f-a4a0-495c-9083-09f9a8abc3ff/settings HTTP/2.0" 200 310 "-" "Mozilla/5.0 (Android 10; HUAWEI; HUAWEI; AGS3-AL00) feiyu/5.2.14"
114.241.21.87 - - [10/Jan/2023:12:12:52 +0800] "GET /v2/explore/searchHint HTTP/2.0" 200 23 "-" "Mozilla/5.0 (Android 10; HUAWEI; HUAWEI; AGS3-AL00) feiyu/5.2.14"
114.241.21.87 - - [10/Jan/2023:12:12:52 +0800] "GET /v2/campaigns/newest HTTP/2.0" 200 443 "-" "Mozilla/5.0 (Android 10; HUAWEI; HUAWEI; AGS3-AL00) feiyu/5.2.14"
114.241.21.87 - - [10/Jan/2023:12:12:52 +0800] "GET /v2/clock-ins/stats HTTP/2.0" 200 385 "-" "Mozilla/5.0 (Android 10; HUAWEI; HUAWEI; AGS3-AL00) feiyu/5.2.14"
114.241.21.87 - - [10/Jan/2023:12:12:52 +0800] "GET /v2/users/1fffee2f-a4a0-495c-9083-09f9a8abc3ff HTTP/2.0" 200 551 "-" "Mozilla/5.0 (Android 10; HUAWEI; HUAWEI; AGS3-AL00) feiyu/5.2.14"
114.241.21.87 - - [10/Jan/2023:12:12:52 +0800] "GET /v2/near/canvas-war/accounts/1fffee2f-a4a0-495c-9083-09f9a8abc3ff HTTP/2.0" 200 605 "-" "Mozilla/5.0 (Android 10; HUAWEI; HUAWEI; AGS3-AL00) feiyu/5.2.14"
124.64.122.191 - - [10/Jan/2023:12:12:54 +0800] "OPTIONS /v2/crm/gallery/images/d352199f-1c7a-46eb-9e12-78b6b355810a/edit HTTP/2.0" 200 - "https://crm.fygtapp.com/" "Mozilla/5.0 (Macintosh; Intel Mac OS X 10_15_7) AppleWebKit/537.36 (KHTML, like Gecko) Chrome/108.0.0.0 Safari/537.36"
124.64.122.191 - - [10/Jan/2023:12:12:54 +0800] "PUT /v2/crm/gallery/images/d352199f-1c7a-46eb-9e12-78b6b355810a/edit HTTP/2.0" 200 5992 "https://crm.fygtapp.com/" "Mozilla/5.0 (Macintosh; Intel Mac OS X 10_15_7) AppleWebKit/537.36 (KHTML, like Gecko) Chrome/108.0.0.0 Safari/537.36"
114.241.21.87 - - [10/Jan/2023:12:12:54 +0800] "GET /v2/messages/unreadCount?timestamp=2023-01-10%2004%3A08%3A00 HTTP/2.0" 200 26 "-" "Mozilla/5.0 (Android 10; HUAWEI; HUAWEI; AGS3-AL00) feiyu/5.2.14"
114.241.21.87 - - [10/Jan/2023:12:12:54 +0800] "GET /v2/users/1fffee2f-a4a0-495c-9083-09f9a8abc3ff HTTP/2.0" 200 553 "-" "Mozilla/5.0 (Android 10; HUAWEI; HUAWEI; AGS3-AL00) feiyu/5.2.14"
117.136.124.150 - - [10/Jan/2023:12:12:56 +0800] "GET /v2/gallery/categories/f51d22d1-683a-4671-a81d-da5cbc8eeebc/imagesV3?page=6&size=20&width=360 HTTP/2.0" 200 9527 "-" "Mozilla/5.0 (Android 10; HUAWEI; HONOR; JSN-AL00) feiyu/5.2.14"
124.133.136.201 - - [10/Jan/2023:12:12:58 +0800] "PUT /v2/posts/acf87cec-261f-4db2-aa5e-a094e4463539/like HTTP/2.0" 200 270 "-" "Mozilla/5.0 (Android 9; samsung; samsung; SM-G9550) feiyu/5.2.14"
117.136.124.150 - - [10/Jan/2023:12:13:00 +0800] "GET /v2/gallery/categories/f51d22d1-683a-4671-a81d-da5cbc8eeebc/imagesV3?page=7&size=20&width=360 HTTP/2.0" 200 9532 "-" "Mozilla/5.0 (Android 10; HUAWEI; HONOR; JSN-AL00) feiyu/5.2.14"
124.64.122.191 - - [10/Jan/2023:12:13:00 +0800] "OPTIONS /v2/crm/posts/0e74afd1-4603-4c9f-b80e-585af0a52b54/edit HTTP/2.0" 200 - "https://crm.fygtapp.com/" "Mozilla/5.0 (Macintosh; Intel Mac OS X 10_15_7) AppleWebKit/537.36 (KHTML, like Gecko) Chrome/108.0.0.0 Safari/537.36"
124.64.122.191 - - [10/Jan/2023:12:13:00 +0800] "PUT /v2/crm/posts/0e74afd1-4603-4c9f-b80e-585af0a52b54/edit HTTP/2.0" 200 1669 "https://crm.fygtapp.com/" "Mozilla/5.0 (Macintosh; Intel Mac OS X 10_15_7) AppleWebKit/537.36 (KHTML, like Gecko) Chrome/108.0.0.0 Safari/537.36"
124.64.122.191 - - [10/Jan/2023:12:13:00 +0800] "OPTIONS /v2/crm/posts/b2c138e9-b572-4527-af80-78caa95cc995/edit HTTP/2.0" 200 - "https://crm.fygtapp.com/" "Mozilla/5.0 (Macintosh; Intel Mac OS X 10_15_7) AppleWebKit/537.36 (KHTML, like Gecko) Chrome/108.0.0.0 Safari/537.36"
124.64.122.191 - - [10/Jan/2023:12:13:00 +0800] "PUT /v2/crm/posts/b2c138e9-b572-4527-af80-78caa95cc995/edit HTTP/2.0" 200 1766 "https://crm.fygtapp.com/" "Mozilla/5.0 (Macintosh; Intel Mac OS X 10_15_7) AppleWebKit/537.36 (KHTML, like Gecko) Chrome/108.0.0.0 Safari/537.36"
124.64.122.191 - - [10/Jan/2023:12:13:01 +0800] "OPTIONS /v2/crm/posts/aced061a-6c14-4f26-bc0b-ca0ea7c1afd3/edit HTTP/2.0" 200 - "https://crm.fygtapp.com/" "Mozilla/5.0 (Macintosh; Intel Mac OS X 10_15_7) AppleWebKit/537.36 (KHTML, like Gecko) Chrome/108.0.0.0 Safari/537.36"
124.64.122.191 - - [10/Jan/2023:12:13:01 +0800] "PUT /v2/crm/posts/aced061a-6c14-4f26-bc0b-ca0ea7c1afd3/edit HTTP/2.0" 200 1516 "https://crm.fygtapp.com/" "Mozilla/5.0 (Macintosh; Intel Mac OS X 10_15_7) AppleWebKit/537.36 (KHTML, like Gecko) Chrome/108.0.0.0 Safari/537.36"
124.64.122.191 - - [10/Jan/2023:12:13:02 +0800] "OPTIONS /v2/crm/posts/fa2a0c67-08a2-4a42-ac60-531d9a435dec/edit HTTP/2.0" 200 - "https://crm.fygtapp.com/" "Mozilla/5.0 (Macintosh; Intel Mac OS X 10_15_7) AppleWebKit/537.36 (KHTML, like Gecko) Chrome/108.0.0.0 Safari/537.36"
124.64.122.191 - - [10/Jan/2023:12:13:02 +0800] "PUT /v2/crm/posts/fa2a0c67-08a2-4a42-ac60-531d9a435dec/edit HTTP/2.0" 200 1600 "https://crm.fygtapp.com/" "Mozilla/5.0 (Macintosh; Intel Mac OS X 10_15_7) AppleWebKit/537.36 (KHTML, like Gecko) Chrome/108.0.0.0 Safari/537.36"
124.64.122.191 - - [10/Jan/2023:12:13:03 +0800] "OPTIONS /v2/crm/posts/97a83fa2-0f7a-4d72-b501-58322931351a/edit HTTP/2.0" 200 - "https://crm.fygtapp.com/" "Mozilla/5.0 (Macintosh; Intel Mac OS X 10_15_7) AppleWebKit/537.36 (KHTML, like Gecko) Chrome/108.0.0.0 Safari/537.36"
124.64.122.191 - - [10/Jan/2023:12:13:03 +0800] "PUT /v2/crm/posts/97a83fa2-0f7a-4d72-b501-58322931351a/edit HTTP/2.0" 200 1719 "https://crm.fygtapp.com/" "Mozilla/5.0 (Macintosh; Intel Mac OS X 10_15_7) AppleWebKit/537.36 (KHTML, like Gecko) Chrome/108.0.0.0 Safari/537.36"
117.136.124.150 - - [10/Jan/2023:12:13:03 +0800] "GET /v2/gallery/categories/f51d22d1-683a-4671-a81d-da5cbc8eeebc/imagesV3?page=8&size=20&width=360 HTTP/2.0" 200 9510 "-" "Mozilla/5.0 (Android 10; HUAWEI; HONOR; JSN-AL00) feiyu/5.2.14"
117.136.124.150 - - [10/Jan/2023:12:13:05 +0800] "GET /v2/gallery/categories/f51d22d1-683a-4671-a81d-da5cbc8eeebc/imagesV3?page=9&size=20&width=360 HTTP/2.0" 200 9530 "-" "Mozilla/5.0 (Android 10; HUAWEI; HONOR; JSN-AL00) feiyu/5.2.14"
117.136.124.150 - - [10/Jan/2023:12:13:07 +0800] "GET /v2/gallery/categories/57ae3f3f-f384-45aa-9fcd-84b2f9728cf2/imagesV3?page=1&size=20&width=360 HTTP/2.0" 200 9506 "-" "Mozilla/5.0 (Android 10; HUAWEI; HONOR; JSN-AL00) feiyu/5.2.14"
124.133.136.201 - - [10/Jan/2023:12:13:07 +0800] "GET /v2/users/d7d88fd1-5340-49d3-83e1-85a8752ff7ec/settings HTTP/2.0" 200 313 "-" "Mozilla/5.0 (Android 9; samsung; samsung; SM-G9550) feiyu/5.2.14"
124.133.136.201 - - [10/Jan/2023:12:13:07 +0800] "GET /v2/campaigns/newest HTTP/2.0" 200 443 "-" "Mozilla/5.0 (Android 9; samsung; samsung; SM-G9550) feiyu/5.2.14"
124.133.136.201 - - [10/Jan/2023:12:13:07 +0800] "GET /v2/explore/searchHint HTTP/2.0" 200 23 "-" "Mozilla/5.0 (Android 9; samsung; samsung; SM-G9550) feiyu/5.2.14"
124.133.136.201 - - [10/Jan/2023:12:13:07 +0800] "GET /v2/messages/unreadCount?timestamp=1970-01-01%2000%3A00%3A00 HTTP/2.0" 200 26 "-" "Mozilla/5.0 (Android 9; samsung; samsung; SM-G9550) feiyu/5.2.14"
124.133.136.201 - - [10/Jan/2023:12:13:07 +0800] "GET /v2/clock-ins/stats HTTP/2.0" 200 382 "-" "Mozilla/5.0 (Android 9; samsung; samsung; SM-G9550) feiyu/5.2.14"
124.133.136.201 - - [10/Jan/2023:12:13:07 +0800] "GET /v2/users/d7d88fd1-5340-49d3-83e1-85a8752ff7ec HTTP/2.0" 200 374 "-" "Mozilla/5.0 (Android 9; samsung; samsung; SM-G9550) feiyu/5.2.14"
124.133.136.201 - - [10/Jan/2023:12:13:07 +0800] "GET /v2/near/canvas-war/accounts/d7d88fd1-5340-49d3-83e1-85a8752ff7ec HTTP/2.0" 200 479 "-" "Mozilla/5.0 (Android 9; samsung; samsung; SM-G9550) feiyu/5.2.14"
117.136.124.150 - - [10/Jan/2023:12:13:08 +0800] "GET /v2/gallery/categories/57ae3f3f-f384-45aa-9fcd-84b2f9728cf2/imagesV3?page=2&size=20&width=360 HTTP/2.0" 200 9506 "-" "Mozilla/5.0 (Android 10; HUAWEI; HONOR; JSN-AL00) feiyu/5.2.14"
111.44.170.109 - - [10/Jan/2023:12:13:09 +0800] "GET /v2/posts/9a3f22d8-14f9-4070-9075-7ed8839fe649/commentsV4?size=20 HTTP/2.0" 200 2 "-" "Mozilla/5.0 (Android 13; Xiaomi; Xiaomi; 2201123C) feiyu/5.2.14"
111.44.170.109 - - [10/Jan/2023:12:13:09 +0800] "GET /v2/posts/9a3f22d8-14f9-4070-9075-7ed8839fe649/likes HTTP/2.0" 200 3509 "-" "Mozilla/5.0 (Android 13; Xiaomi; Xiaomi; 2201123C) feiyu/5.2.14"
111.44.170.109 - - [10/Jan/2023:12:13:09 +0800] "GET /v2/posts/9a3f22d8-14f9-4070-9075-7ed8839fe649/detail?image_width=1080&background_width=1080 HTTP/2.0" 200 5213 "-" "Mozilla/5.0 (Android 13; Xiaomi; Xiaomi; 2201123C) feiyu/5.2.14"
117.136.124.150 - - [10/Jan/2023:12:13:09 +0800] "GET /v2/gallery/categories/4edeb491-671b-4601-b050-ade7fdd43abe/imagesV3?page=1&size=20&width=360 HTTP/2.0" 200 9489 "-" "Mozilla/5.0 (Android 10; HUAWEI; HONOR; JSN-AL00) feiyu/5.2.14"
111.44.170.109 - - [10/Jan/2023:12:13:11 +0800] "GET /v2/messages/unreadCount?timestamp=2023-01-09%2018%3A23%3A10 HTTP/2.0" 200 26 "-" "Mozilla/5.0 (Android 13; Xiaomi; Xiaomi; 2201123C) feiyu/5.2.14"
111.44.170.109 - - [10/Jan/2023:12:13:11 +0800] "GET /v2/explore/searchHint HTTP/2.0" 200 23 "-" "Mozilla/5.0 (Android 13; Xiaomi; Xiaomi; 2201123C) feiyu/5.2.14"
111.44.170.109 - - [10/Jan/2023:12:13:11 +0800] "GET /v2/campaigns/newest HTTP/2.0" 200 443 "-" "Mozilla/5.0 (Android 13; Xiaomi; Xiaomi; 2201123C) feiyu/5.2.14"
111.44.170.109 - - [10/Jan/2023:12:13:11 +0800] "GET /v2/users/38c92519-6243-4db5-a01b-86bdece757ee/settings HTTP/2.0" 200 313 "-" "Mozilla/5.0 (Android 13; Xiaomi; Xiaomi; 2201123C) feiyu/5.2.14"
117.136.124.150 - - [10/Jan/2023:12:13:11 +0800] "GET /v2/gallery/categories/66f203b4-92b8-4946-beab-e88665646b5c/imagesV3?page=1&size=20&width=360 HTTP/2.0" 200 9502 "-" "Mozilla/5.0 (Android 10; HUAWEI; HONOR; JSN-AL00) feiyu/5.2.14"
117.136.124.150 - - [10/Jan/2023:12:13:14 +0800] "GET /v2/gallery/categories/66f203b4-92b8-4946-beab-e88665646b5c/imagesV3?page=2&size=20&width=360 HTTP/2.0" 200 9519 "-" "Mozilla/5.0 (Android 10; HUAWEI; HONOR; JSN-AL00) feiyu/5.2.14"
124.133.136.201 - - [10/Jan/2023:12:13:15 +0800] "GET /v2/messages/unreadCount?timestamp=1970-01-01%2000%3A00%3A00 HTTP/2.0" 200 26 "-" "Mozilla/5.0 (Android 9; samsung; samsung; SM-G9550) feiyu/5.2.14"
124.133.136.201 - - [10/Jan/2023:12:13:15 +0800] "GET /v2/explore/searchHint HTTP/2.0" 200 23 "-" "Mozilla/5.0 (Android 9; samsung; samsung; SM-G9550) feiyu/5.2.14"
124.133.136.201 - - [10/Jan/2023:12:13:15 +0800] "GET /v2/campaigns/newest HTTP/2.0" 200 445 "-" "Mozilla/5.0 (Android 9; samsung; samsung; SM-G9550) feiyu/5.2.14"
124.133.136.201 - - [10/Jan/2023:12:13:15 +0800] "GET /v2/users/d7d88fd1-5340-49d3-83e1-85a8752ff7ec/settings HTTP/2.0" 200 313 "-" "Mozilla/5.0 (Android 9; samsung; samsung; SM-G9550) feiyu/5.2.14"
124.133.136.201 - - [10/Jan/2023:12:13:15 +0800] "GET /v2/clock-ins/stats HTTP/2.0" 200 382 "-" "Mozilla/5.0 (Android 9; samsung; samsung; SM-G9550) feiyu/5.2.14"
124.133.136.201 - - [10/Jan/2023:12:13:15 +0800] "GET /v2/users/d7d88fd1-5340-49d3-83e1-85a8752ff7ec HTTP/2.0" 200 374 "-" "Mozilla/5.0 (Android 9; samsung; samsung; SM-G9550) feiyu/5.2.14"
117.136.124.150 - - [10/Jan/2023:12:13:15 +0800] "GET /v2/gallery/categories/66f203b4-92b8-4946-beab-e88665646b5c/imagesV3?page=3&size=20&width=360 HTTP/2.0" 200 9545 "-" "Mozilla/5.0 (Android 10; HUAWEI; HONOR; JSN-AL00) feiyu/5.2.14"
124.133.136.201 - - [10/Jan/2023:12:13:15 +0800] "GET /v2/near/canvas-war/accounts/d7d88fd1-5340-49d3-83e1-85a8752ff7ec HTTP/2.0" 200 479 "-" "Mozilla/5.0 (Android 9; samsung; samsung; SM-G9550) feiyu/5.2.14"
124.133.136.201 - - [10/Jan/2023:12:13:18 +0800] "GET /v2/messages/unreadCount?timestamp=1970-01-01%2000%3A00%3A00 HTTP/2.0" 200 26 "-" "Mozilla/5.0 (Android 9; samsung; samsung; SM-G9550) feiyu/5.2.14"
124.133.136.201 - - [10/Jan/2023:12:13:18 +0800] "GET /v2/users/d7d88fd1-5340-49d3-83e1-85a8752ff7ec/settings HTTP/2.0" 200 313 "-" "Mozilla/5.0 (Android 9; samsung; samsung; SM-G9550) feiyu/5.2.14"
124.133.136.201 - - [10/Jan/2023:12:13:18 +0800] "GET /v2/explore/searchHint HTTP/2.0" 200 23 "-" "Mozilla/5.0 (Android 9; samsung; samsung; SM-G9550) feiyu/5.2.14"
124.133.136.201 - - [10/Jan/2023:12:13:18 +0800] "GET /v2/campaigns/newest HTTP/2.0" 200 443 "-" "Mozilla/5.0 (Android 9; samsung; samsung; SM-G9550) feiyu/5.2.14"
124.133.136.201 - - [10/Jan/2023:12:13:18 +0800] "GET /v2/clock-ins/stats HTTP/2.0" 200 382 "-" "Mozilla/5.0 (Android 9; samsung; samsung; SM-G9550) feiyu/5.2.14"
124.133.136.201 - - [10/Jan/2023:12:13:18 +0800] "GET /v2/users/d7d88fd1-5340-49d3-83e1-85a8752ff7ec HTTP/2.0" 200 374 "-" "Mozilla/5.0 (Android 9; samsung; samsung; SM-G9550) feiyu/5.2.14"
124.133.136.201 - - [10/Jan/2023:12:13:18 +0800] "GET /v2/near/canvas-war/accounts/d7d88fd1-5340-49d3-83e1-85a8752ff7ec HTTP/2.0" 200 479 "-" "Mozilla/5.0 (Android 9; samsung; samsung; SM-G9550) feiyu/5.2.14"
124.133.136.201 - - [10/Jan/2023:12:13:20 +0800] "GET /v2/explore/banner?scene=1 HTTP/2.0" 200 2314 "-" "Mozilla/5.0 (Android 9; samsung; samsung; SM-G9550) feiyu/5.2.14"
117.136.124.150 - - [10/Jan/2023:12:13:20 +0800] "GET /v2/gallery/categories/66f203b4-92b8-4946-beab-e88665646b5c/imagesV3?page=4&size=20&width=360 HTTP/2.0" 200 9532 "-" "Mozilla/5.0 (Android 10; HUAWEI; HONOR; JSN-AL00) feiyu/5.2.14"
114.241.21.87 - - [10/Jan/2023:12:13:22 +0800] "GET /v2/posts/12879bd3-70c0-4eef-9448-d13e9858925c/commentsV4?size=20 HTTP/2.0" 200 2 "-" "Mozilla/5.0 (Android 10; HUAWEI; HUAWEI; AGS3-AL00) feiyu/5.2.14"
114.241.21.87 - - [10/Jan/2023:12:13:22 +0800] "GET /v2/posts/12879bd3-70c0-4eef-9448-d13e9858925c/likes HTTP/2.0" 200 323 "-" "Mozilla/5.0 (Android 10; HUAWEI; HUAWEI; AGS3-AL00) feiyu/5.2.14"
114.241.21.87 - - [10/Jan/2023:12:13:22 +0800] "GET /v2/posts/12879bd3-70c0-4eef-9448-d13e9858925c/detail?image_width=1200&background_width=1200 HTTP/2.0" 200 3948 "-" "Mozilla/5.0 (Android 10; HUAWEI; HUAWEI; AGS3-AL00) feiyu/5.2.14"
117.136.124.150 - - [10/Jan/2023:12:13:22 +0800] "GET /v2/gallery/categories/d1569b14-497d-474c-8c41-732c10584cb4/imagesV3?page=1&size=20&width=360 HTTP/2.0" 200 9469 "-" "Mozilla/5.0 (Android 10; HUAWEI; HONOR; JSN-AL00) feiyu/5.2.14"
124.133.136.201 - - [10/Jan/2023:12:13:20 +0800] "GET /v2/posts/trending-v2?page=1&size=20&image_width=1080&background_width=359 HTTP/2.0" 200 85462 "-" "Mozilla/5.0 (Android 9; samsung; samsung; SM-G9550) feiyu/5.2.14"
114.241.21.87 - - [10/Jan/2023:12:13:24 +0800] "GET /v2/messages/unreadCount?timestamp=2023-01-10%2004%3A08%3A00 HTTP/2.0" 200 26 "-" "Mozilla/5.0 (Android 10; HUAWEI; HUAWEI; AGS3-AL00) feiyu/5.2.14"
114.241.21.87 - - [10/Jan/2023:12:13:24 +0800] "GET /v2/users/1fffee2f-a4a0-495c-9083-09f9a8abc3ff/settings HTTP/2.0" 200 310 "-" "Mozilla/5.0 (Android 10; HUAWEI; HUAWEI; AGS3-AL00) feiyu/5.2.14"
114.241.21.87 - - [10/Jan/2023:12:13:24 +0800] "GET /v2/explore/searchHint HTTP/2.0" 200 23 "-" "Mozilla/5.0 (Android 10; HUAWEI; HUAWEI; AGS3-AL00) feiyu/5.2.14"
114.241.21.87 - - [10/Jan/2023:12:13:24 +0800] "GET /v2/campaigns/newest HTTP/2.0" 200 447 "-" "Mozilla/5.0 (Android 10; HUAWEI; HUAWEI; AGS3-AL00) feiyu/5.2.14"
114.241.21.87 - - [10/Jan/2023:12:13:24 +0800] "GET /v2/users/1fffee2f-a4a0-495c-9083-09f9a8abc3ff HTTP/2.0" 200 557 "-" "Mozilla/5.0 (Android 10; HUAWEI; HUAWEI; AGS3-AL00) feiyu/5.2.14"
114.241.21.87 - - [10/Jan/2023:12:13:24 +0800] "GET /v2/clock-ins/stats HTTP/2.0" 200 385 "-" "Mozilla/5.0 (Android 10; HUAWEI; HUAWEI; AGS3-AL00) feiyu/5.2.14"
114.241.21.87 - - [10/Jan/2023:12:13:24 +0800] "GET /v2/near/canvas-war/accounts/1fffee2f-a4a0-495c-9083-09f9a8abc3ff HTTP/2.0" 200 607 "-" "Mozilla/5.0 (Android 10; HUAWEI; HUAWEI; AGS3-AL00) feiyu/5.2.14"
124.133.136.201 - - [10/Jan/2023:12:13:25 +0800] "GET /v2/posts/c227d54f-b1d1-4a5c-93b9-235f0c00931e/commentsV4?size=20 HTTP/2.0" 200 15494 "-" "Mozilla/5.0 (Android 9; samsung; samsung; SM-G9550) feiyu/5.2.14"
124.133.136.201 - - [10/Jan/2023:12:13:25 +0800] "GET /v2/posts/c227d54f-b1d1-4a5c-93b9-235f0c00931e/likes HTTP/2.0" 200 2721 "-" "Mozilla/5.0 (Android 9; samsung; samsung; SM-G9550) feiyu/5.2.14"
124.133.136.201 - - [10/Jan/2023:12:13:25 +0800] "GET /v2/posts/c227d54f-b1d1-4a5c-93b9-235f0c00931e/detail?image_width=1080&background_width=1080 HTTP/2.0" 200 5116 "-" "Mozilla/5.0 (Android 9; samsung; samsung; SM-G9550) feiyu/5.2.14"
124.133.136.201 - - [10/Jan/2023:12:13:26 +0800] "GET /v2/posts/c227d54f-b1d1-4a5c-93b9-235f0c00931e/commentsV4?size=20 HTTP/2.0" 200 15518 "-" "Mozilla/5.0 (Android 9; samsung; samsung; SM-G9550) feiyu/5.2.14"
124.133.136.201 - - [10/Jan/2023:12:13:26 +0800] "GET /v2/posts/c227d54f-b1d1-4a5c-93b9-235f0c00931e/likes HTTP/2.0" 200 2721 "-" "Mozilla/5.0 (Android 9; samsung; samsung; SM-G9550) feiyu/5.2.14"
124.133.136.201 - - [10/Jan/2023:12:13:26 +0800] "GET /v2/posts/c227d54f-b1d1-4a5c-93b9-235f0c00931e/detail?image_width=1080&background_width=1080 HTTP/2.0" 200 5114 "-" "Mozilla/5.0 (Android 9; samsung; samsung; SM-G9550) feiyu/5.2.14"
124.133.136.201 - - [10/Jan/2023:12:13:28 +0800] "GET /v2/messages/unreadCount?timestamp=1970-01-01%2000%3A00%3A00 HTTP/2.0" 200 26 "-" "Mozilla/5.0 (Android 9; samsung; samsung; SM-G9550) feiyu/5.2.14"
124.133.136.201 - - [10/Jan/2023:12:13:28 +0800] "GET /v2/users/d7d88fd1-5340-49d3-83e1-85a8752ff7ec/settings HTTP/2.0" 200 313 "-" "Mozilla/5.0 (Android 9; samsung; samsung; SM-G9550) feiyu/5.2.14"
124.133.136.201 - - [10/Jan/2023:12:13:28 +0800] "GET /v2/explore/searchHint HTTP/2.0" 200 23 "-" "Mozilla/5.0 (Android 9; samsung; samsung; SM-G9550) feiyu/5.2.14"
124.133.136.201 - - [10/Jan/2023:12:13:28 +0800] "GET /v2/campaigns/newest HTTP/2.0" 200 445 "-" "Mozilla/5.0 (Android 9; samsung; samsung; SM-G9550) feiyu/5.2.14"
124.133.136.201 - - [10/Jan/2023:12:13:28 +0800] "GET /v2/users/d7d88fd1-5340-49d3-83e1-85a8752ff7ec HTTP/2.0" 200 374 "-" "Mozilla/5.0 (Android 9; samsung; samsung; SM-G9550) feiyu/5.2.14"
124.133.136.201 - - [10/Jan/2023:12:13:28 +0800] "GET /v2/clock-ins/stats HTTP/2.0" 200 382 "-" "Mozilla/5.0 (Android 9; samsung; samsung; SM-G9550) feiyu/5.2.14"
124.133.136.201 - - [10/Jan/2023:12:13:28 +0800] "GET /v2/near/canvas-war/accounts/d7d88fd1-5340-49d3-83e1-85a8752ff7ec HTTP/2.0" 200 479 "-" "Mozilla/5.0 (Android 9; samsung; samsung; SM-G9550) feiyu/5.2.14"
117.136.124.150 - - [10/Jan/2023:12:13:29 +0800] "GET /v2/gallery/categories/d1569b14-497d-474c-8c41-732c10584cb4/imagesV3?page=2&size=20&width=360 HTTP/2.0" 200 9487 "-" "Mozilla/5.0 (Android 10; HUAWEI; HONOR; JSN-AL00) feiyu/5.2.14"
58.22.114.126 - - [10/Jan/2023:12:13:30 +0800] "GET /v2/app/tiamat-info HTTP/2.0" 200 16 "-" "Mozilla/5.0 (Android 12; HUAWEI; HUAWEI; ELS-AN00) feiyu/5.2.14"
58.22.114.126 - - [10/Jan/2023:12:13:30 +0800] "GET /v2/app/ab-test-status HTTP/2.0" 200 16 "-" "Mozilla/5.0 (Android 12; HUAWEI; HUAWEI; ELS-AN00) feiyu/5.2.14"
58.22.114.126 - - [10/Jan/2023:12:13:30 +0800] "GET /v2/app/upgrade?version_code=65&platform=Android HTTP/2.0" 200 4 "-" "Mozilla/5.0 (Android 12; HUAWEI; HUAWEI; ELS-AN00) feiyu/5.2.14"
58.22.114.126 - - [10/Jan/2023:12:13:31 +0800] "GET /v2/lab-projects HTTP/2.0" 200 24905 "-" "Mozilla/5.0 (Android 12; HUAWEI; HUAWEI; ELS-AN00) feiyu/5.2.14"
58.22.114.126 - - [10/Jan/2023:12:13:32 +0800] "GET /v2/app/upgrade?version_code=65&platform=Android HTTP/2.0" 200 4 "-" "Mozilla/5.0 (Android 12; HUAWEI; HUAWEI; ELS-AN00) feiyu/5.2.14"
58.22.114.126 - - [10/Jan/2023:12:13:32 +0800] "GET /v2/app/randomHomeBackgroundImageV2 HTTP/2.0" 200 289 "-" "Mozilla/5.0 (Android 12; HUAWEI; HUAWEI; ELS-AN00) feiyu/5.2.14"
58.22.114.126 - - [10/Jan/2023:12:13:32 +0800] "GET /v2/messages/unreadCount?timestamp=1970-01-01%2000%3A00%3A00 HTTP/2.0" 401 54 "-" "Mozilla/5.0 (Android 12; HUAWEI; HUAWEI; ELS-AN00) feiyu/5.2.14"
58.22.114.126 - - [10/Jan/2023:12:13:32 +0800] "GET /v2/campaigns/newest HTTP/2.0" 200 443 "-" "Mozilla/5.0 (Android 12; HUAWEI; HUAWEI; ELS-AN00) feiyu/5.2.14"
58.22.114.126 - - [10/Jan/2023:12:13:32 +0800] "GET /v2/campaigns/newest HTTP/2.0" 200 443 "-" "Mozilla/5.0 (Android 12; HUAWEI; HUAWEI; ELS-AN00) feiyu/5.2.14"
58.22.114.126 - - [10/Jan/2023:12:13:32 +0800] "GET /v2/users/85470d4b-1bdd-4209-a0af-b4ff4cc9ba5c/settings HTTP/2.0" 401 54 "-" "Mozilla/5.0 (Android 12; HUAWEI; HUAWEI; ELS-AN00) feiyu/5.2.14"
124.64.122.191 - - [10/Jan/2023:12:13:33 +0800] "OPTIONS /v2/crm/posts/67afef12-8629-496a-bb50-330967a81791/edit HTTP/2.0" 200 - "https://crm.fygtapp.com/" "Mozilla/5.0 (Macintosh; Intel Mac OS X 10_15_7) AppleWebKit/537.36 (KHTML, like Gecko) Chrome/108.0.0.0 Safari/537.36"
124.64.122.191 - - [10/Jan/2023:12:13:33 +0800] "PUT /v2/crm/posts/67afef12-8629-496a-bb50-330967a81791/edit HTTP/2.0" 200 5530 "https://crm.fygtapp.com/" "Mozilla/5.0 (Macintosh; Intel Mac OS X 10_15_7) AppleWebKit/537.36 (KHTML, like Gecko) Chrome/108.0.0.0 Safari/537.36"
58.22.114.126 - - [10/Jan/2023:12:13:33 +0800] "POST /v2/users/85470d4b-1bdd-4209-a0af-b4ff4cc9ba5c/token HTTP/2.0" 200 642 "-" "Mozilla/5.0 (Android 12; HUAWEI; HUAWEI; ELS-AN00) feiyu/5.2.14"
58.22.114.126 - - [10/Jan/2023:12:13:33 +0800] "POST /v2/users/85470d4b-1bdd-4209-a0af-b4ff4cc9ba5c/token HTTP/2.0" 200 642 "-" "Mozilla/5.0 (Android 12; HUAWEI; HUAWEI; ELS-AN00) feiyu/5.2.14"
58.22.114.126 - - [10/Jan/2023:12:13:33 +0800] "GET /v2/messages/unreadCount?timestamp=1970-01-01%2000%3A00%3A00 HTTP/2.0" 200 26 "-" "Mozilla/5.0 (Android 12; HUAWEI; HUAWEI; ELS-AN00) feiyu/5.2.14"
58.22.114.126 - - [10/Jan/2023:12:13:33 +0800] "GET /v2/users/85470d4b-1bdd-4209-a0af-b4ff4cc9ba5c/settings HTTP/2.0" 200 313 "-" "Mozilla/5.0 (Android 12; HUAWEI; HUAWEI; ELS-AN00) feiyu/5.2.14"
124.64.122.191 - - [10/Jan/2023:12:13:33 +0800] "OPTIONS /v2/crm/posts/findByContent HTTP/2.0" 200 - "https://crm.fygtapp.com/" "Mozilla/5.0 (Macintosh; Intel Mac OS X 10_15_7) AppleWebKit/537.36 (KHTML, like Gecko) Chrome/108.0.0.0 Safari/537.36"
124.133.136.201 - - [10/Jan/2023:12:13:35 +0800] "PUT /v2/posts/c227d54f-b1d1-4a5c-93b9-235f0c00931e/like HTTP/2.0" 200 270 "-" "Mozilla/5.0 (Android 9; samsung; samsung; SM-G9550) feiyu/5.2.14"
124.64.122.191 - - [10/Jan/2023:12:13:33 +0800] "POST /v2/crm/posts/findByContent HTTP/2.0" 200 2 "https://crm.fygtapp.com/" "Mozilla/5.0 (Macintosh; Intel Mac OS X 10_15_7) AppleWebKit/537.36 (KHTML, like Gecko) Chrome/108.0.0.0 Safari/537.36"
223.12.225.214 - - [10/Jan/2023:12:13:36 +0800] "GET /v2/app/ab-test-status HTTP/2.0" 200 16 "-" "Mozilla/5.0 (Android 10; HUAWEI; HUAWEI; ELE-AL00) feiyu/5.2.14"
223.12.225.214 - - [10/Jan/2023:12:13:36 +0800] "GET /v2/app/tiamat-info HTTP/2.0" 200 16 "-" "Mozilla/5.0 (Android 10; HUAWEI; HUAWEI; ELE-AL00) feiyu/5.2.14"
223.12.225.214 - - [10/Jan/2023:12:13:36 +0800] "GET /v2/app/upgrade?version_code=65&platform=Android HTTP/2.0" 200 4 "-" "Mozilla/5.0 (Android 10; HUAWEI; HUAWEI; ELE-AL00) feiyu/5.2.14"
124.64.122.191 - - [10/Jan/2023:12:13:36 +0800] "PUT /v2/crm/posts/67afef12-8629-496a-bb50-330967a81791/edit HTTP/2.0" 200 5533 "https://crm.fygtapp.com/" "Mozilla/5.0 (Macintosh; Intel Mac OS X 10_15_7) AppleWebKit/537.36 (KHTML, like Gecko) Chrome/108.0.0.0 Safari/537.36"
117.136.124.150 - - [10/Jan/2023:12:13:36 +0800] "GET /v2/gallery/categories/d1569b14-497d-474c-8c41-732c10584cb4/imagesV3?page=3&size=20&width=360 HTTP/2.0" 200 9471 "-" "Mozilla/5.0 (Android 10; HUAWEI; HONOR; JSN-AL00) feiyu/5.2.14"
223.12.225.214 - - [10/Jan/2023:12:13:37 +0800] "GET /v2/lab-projects HTTP/2.0" 200 24919 "-" "Mozilla/5.0 (Android 10; HUAWEI; HUAWEI; ELE-AL00) feiyu/5.2.14"
223.12.225.214 - - [10/Jan/2023:12:13:37 +0800] "GET /v2/app/upgrade?version_code=65&platform=Android HTTP/2.0" 200 4 "-" "Mozilla/5.0 (Android 10; HUAWEI; HUAWEI; ELE-AL00) feiyu/5.2.14"
223.12.225.214 - - [10/Jan/2023:12:13:37 +0800] "GET /v2/app/randomHomeBackgroundImageV2 HTTP/2.0" 200 288 "-" "Mozilla/5.0 (Android 10; HUAWEI; HUAWEI; ELE-AL00) feiyu/5.2.14"
223.12.225.214 - - [10/Jan/2023:12:13:37 +0800] "GET /v2/campaigns/newest HTTP/2.0" 200 443 "-" "Mozilla/5.0 (Android 10; HUAWEI; HUAWEI; ELE-AL00) feiyu/5.2.14"
223.12.225.214 - - [10/Jan/2023:12:13:37 +0800] "GET /v2/messages/unreadCount?timestamp=2022-08-31%2014%3A17%3A50 HTTP/2.0" 200 26 "-" "Mozilla/5.0 (Android 10; HUAWEI; HUAWEI; ELE-AL00) feiyu/5.2.14"
223.12.225.214 - - [10/Jan/2023:12:13:37 +0800] "GET /v2/campaigns/newest HTTP/2.0" 200 443 "-" "Mozilla/5.0 (Android 10; HUAWEI; HUAWEI; ELE-AL00) feiyu/5.2.14"
124.64.122.191 - - [10/Jan/2023:12:13:38 +0800] "OPTIONS /v2/crm/posts/afc47a02-e231-4481-b79c-02e3bb58c57f/edit HTTP/2.0" 200 - "https://crm.fygtapp.com/" "Mozilla/5.0 (Macintosh; Intel Mac OS X 10_15_7) AppleWebKit/537.36 (KHTML, like Gecko) Chrome/108.0.0.0 Safari/537.36"
223.12.225.214 - - [10/Jan/2023:12:13:38 +0800] "GET /v2/users/1ed41279-9202-493d-a7b3-7b5dbe4fe878/settings HTTP/2.0" 200 310 "-" "Mozilla/5.0 (Android 10; HUAWEI; HUAWEI; ELE-AL00) feiyu/5.2.14"
117.136.124.150 - - [10/Jan/2023:12:13:38 +0800] "GET /v2/gallery/categories/b9007a00-e8de-480a-9762-cbe486c12c0f/imagesV3?page=1&size=20&width=360 HTTP/2.0" 200 9580 "-" "Mozilla/5.0 (Android 10; HUAWEI; HONOR; JSN-AL00) feiyu/5.2.14"
124.64.122.191 - - [10/Jan/2023:12:13:38 +0800] "PUT /v2/crm/posts/afc47a02-e231-4481-b79c-02e3bb58c57f/edit HTTP/2.0" 200 1828 "https://crm.fygtapp.com/" "Mozilla/5.0 (Macintosh; Intel Mac OS X 10_15_7) AppleWebKit/537.36 (KHTML, like Gecko) Chrome/108.0.0.0 Safari/537.36"
117.136.124.150 - - [10/Jan/2023:12:13:38 +0800] "GET /v2/gallery/categories/b9007a00-e8de-480a-9762-cbe486c12c0f/imagesV3?page=2&size=20&width=360 HTTP/2.0" 200 9584 "-" "Mozilla/5.0 (Android 10; HUAWEI; HONOR; JSN-AL00) feiyu/5.2.14"
124.64.122.191 - - [10/Jan/2023:12:13:38 +0800] "OPTIONS /v2/crm/posts/ed90f82e-8317-4b64-b11c-cb6a748060fc/edit HTTP/2.0" 200 - "https://crm.fygtapp.com/" "Mozilla/5.0 (Macintosh; Intel Mac OS X 10_15_7) AppleWebKit/537.36 (KHTML, like Gecko) Chrome/108.0.0.0 Safari/537.36"
124.64.122.191 - - [10/Jan/2023:12:13:38 +0800] "PUT /v2/crm/posts/ed90f82e-8317-4b64-b11c-cb6a748060fc/edit HTTP/2.0" 200 1915 "https://crm.fygtapp.com/" "Mozilla/5.0 (Macintosh; Intel Mac OS X 10_15_7) AppleWebKit/537.36 (KHTML, like Gecko) Chrome/108.0.0.0 Safari/537.36"
58.22.114.126 - - [10/Jan/2023:12:13:39 +0800] "GET /v2/campaigns/newest HTTP/2.0" 200 445 "-" "Mozilla/5.0 (Android 12; HUAWEI; HUAWEI; ELS-AN00) feiyu/5.2.14"
58.22.114.126 - - [10/Jan/2023:12:13:39 +0800] "GET /v2/messages/unreadCount?timestamp=1970-01-01%2000%3A00%3A00 HTTP/2.0" 200 26 "-" "Mozilla/5.0 (Android 12; HUAWEI; HUAWEI; ELS-AN00) feiyu/5.2.14"
58.22.114.126 - - [10/Jan/2023:12:13:39 +0800] "GET /v2/users/85470d4b-1bdd-4209-a0af-b4ff4cc9ba5c/settings HTTP/2.0" 200 313 "-" "Mozilla/5.0 (Android 12; HUAWEI; HUAWEI; ELS-AN00) feiyu/5.2.14"
117.136.124.150 - - [10/Jan/2023:12:13:40 +0800] "GET /v2/gallery/categories/9d12f818-2191-4cf9-bae8-5e26e01b20aa/imagesV3?page=1&size=20&width=360 HTTP/2.0" 200 9555 "-" "Mozilla/5.0 (Android 10; HUAWEI; HONOR; JSN-AL00) feiyu/5.2.14"
124.64.122.191 - - [10/Jan/2023:12:13:41 +0800] "PUT /v2/crm/posts/ed90f82e-8317-4b64-b11c-cb6a748060fc/edit HTTP/2.0" 200 1916 "https://crm.fygtapp.com/" "Mozilla/5.0 (Macintosh; Intel Mac OS X 10_15_7) AppleWebKit/537.36 (KHTML, like Gecko) Chrome/108.0.0.0 Safari/537.36"
115.47.250.6 - - [10/Jan/2023:12:13:43 +0800] "POST /v2/app/upload HTTP/2.0" 200 349 "-" "Mozilla/5.0 (Android 12; Xiaomi; Xiaomi; 2201122C) feiyu/5.2.12"
115.47.250.6 - - [10/Jan/2023:12:13:43 +0800] "POST /v2/posts/uploadCompleteV2 HTTP/2.0" 200 1239 "-" "Mozilla/5.0 (Android 12; Xiaomi; Xiaomi; 2201122C) feiyu/5.2.12"
117.136.124.150 - - [10/Jan/2023:12:13:45 +0800] "GET /v2/gallery/categories/4320ad77-cbb4-4fa1-9d8c-4fafc8c56826/imagesV3?page=1&size=20&width=360 HTTP/2.0" 200 9514 "-" "Mozilla/5.0 (Android 10; HUAWEI; HONOR; JSN-AL00) feiyu/5.2.14"
115.47.250.6 - - [10/Jan/2023:12:13:46 +0800] "GET /v2/messages/unreadCount?timestamp=1970-01-01%2000%3A00%3A00 HTTP/2.0" 200 26 "-" "Mozilla/5.0 (Android 12; Xiaomi; Xiaomi; 2201122C) feiyu/5.2.12"
115.47.250.6 - - [10/Jan/2023:12:13:46 +0800] "GET /v2/campaigns/newest HTTP/2.0" 200 445 "-" "Mozilla/5.0 (Android 12; Xiaomi; Xiaomi; 2201122C) feiyu/5.2.12"
115.47.250.6 - - [10/Jan/2023:12:13:46 +0800] "GET /v2/users/45f05cf7-85a9-486d-8fd0-89f4860e25d4/settings HTTP/2.0" 200 314 "-" "Mozilla/5.0 (Android 12; Xiaomi; Xiaomi; 2201122C) feiyu/5.2.12"
115.47.250.6 - - [10/Jan/2023:12:13:46 +0800] "GET /v2/explore/searchHint HTTP/2.0" 200 23 "-" "Mozilla/5.0 (Android 12; Xiaomi; Xiaomi; 2201122C) feiyu/5.2.12"
60.223.103.76 - - [10/Jan/2023:12:13:47 +0800] "GET /v2/messages/unreadCount?timestamp=2023-01-05%2013%3A44%3A27 HTTP/2.0" 200 26 "-" "Mozilla/5.0 (Android 10; HUAWEI; HONOR; BMH-AN10) feiyu/5.2.14"
60.223.103.76 - - [10/Jan/2023:12:13:47 +0800] "GET /v2/explore/searchHint HTTP/2.0" 200 23 "-" "Mozilla/5.0 (Android 10; HUAWEI; HONOR; BMH-AN10) feiyu/5.2.14"
60.223.103.76 - - [10/Jan/2023:12:13:47 +0800] "GET /v2/campaigns/newest HTTP/2.0" 200 445 "-" "Mozilla/5.0 (Android 10; HUAWEI; HONOR; BMH-AN10) feiyu/5.2.14"
60.223.103.76 - - [10/Jan/2023:12:13:47 +0800] "GET /v2/clock-ins/stats HTTP/2.0" 200 382 "-" "Mozilla/5.0 (Android 10; HUAWEI; HONOR; BMH-AN10) feiyu/5.2.14"
60.223.103.76 - - [10/Jan/2023:12:13:47 +0800] "GET /v2/users/e491c3c6-266b-4adf-bba9-a268b211628f HTTP/2.0" 200 552 "-" "Mozilla/5.0 (Android 10; HUAWEI; HONOR; BMH-AN10) feiyu/5.2.14"
60.223.103.76 - - [10/Jan/2023:12:13:47 +0800] "GET /v2/users/e491c3c6-266b-4adf-bba9-a268b211628f/settings HTTP/2.0" 200 310 "-" "Mozilla/5.0 (Android 10; HUAWEI; HONOR; BMH-AN10) feiyu/5.2.14"
60.223.103.76 - - [10/Jan/2023:12:13:47 +0800] "GET /v2/near/canvas-war/accounts/e491c3c6-266b-4adf-bba9-a268b211628f HTTP/2.0" 200 618 "-" "Mozilla/5.0 (Android 10; HUAWEI; HONOR; BMH-AN10) feiyu/5.2.14"
117.136.124.150 - - [10/Jan/2023:12:13:47 +0800] "GET /v2/gallery/categories/243f3443-4102-4506-9141-36d6dbf50ce5/imagesV3?page=1&size=20&width=360 HTTP/2.0" 200 9521 "-" "Mozilla/5.0 (Android 10; HUAWEI; HONOR; JSN-AL00) feiyu/5.2.14"
124.64.122.191 - - [10/Jan/2023:12:13:48 +0800] "OPTIONS /v2/crm/posts/9f18eb7f-23b6-41eb-91cc-99838fa88c65/edit HTTP/2.0" 200 - "https://crm.fygtapp.com/" "Mozilla/5.0 (Macintosh; Intel Mac OS X 10_15_7) AppleWebKit/537.36 (KHTML, like Gecko) Chrome/108.0.0.0 Safari/537.36"
124.64.122.191 - - [10/Jan/2023:12:13:48 +0800] "PUT /v2/crm/posts/9f18eb7f-23b6-41eb-91cc-99838fa88c65/edit HTTP/2.0" 200 1558 "https://crm.fygtapp.com/" "Mozilla/5.0 (Macintosh; Intel Mac OS X 10_15_7) AppleWebKit/537.36 (KHTML, like Gecko) Chrome/108.0.0.0 Safari/537.36"
117.136.124.150 - - [10/Jan/2023:12:13:48 +0800] "GET /v2/gallery/categories/55e8c3f5-d687-40f8-9172-be70de285dbc/imagesV3?page=1&size=20&width=360 HTTP/2.0" 200 9513 "-" "Mozilla/5.0 (Android 10; HUAWEI; HONOR; JSN-AL00) feiyu/5.2.14"
124.64.122.191 - - [10/Jan/2023:12:13:49 +0800] "OPTIONS /v2/crm/posts/ed90f82e-8317-4b64-b11c-cb6a748060fc/edit HTTP/2.0" 200 - "https://crm.fygtapp.com/" "Mozilla/5.0 (Macintosh; Intel Mac OS X 10_15_7) AppleWebKit/537.36 (KHTML, like Gecko) Chrome/108.0.0.0 Safari/537.36"
124.64.122.191 - - [10/Jan/2023:12:13:49 +0800] "PUT /v2/crm/posts/ed90f82e-8317-4b64-b11c-cb6a748060fc/edit HTTP/2.0" 200 1917 "https://crm.fygtapp.com/" "Mozilla/5.0 (Macintosh; Intel Mac OS X 10_15_7) AppleWebKit/537.36 (KHTML, like Gecko) Chrome/108.0.0.0 Safari/537.36"
124.64.122.191 - - [10/Jan/2023:12:13:51 +0800] "OPTIONS /v2/crm/posts/c427bfdc-b2a8-48e3-8ac8-759da5dfdc60/edit HTTP/2.0" 200 - "https://crm.fygtapp.com/" "Mozilla/5.0 (Macintosh; Intel Mac OS X 10_15_7) AppleWebKit/537.36 (KHTML, like Gecko) Chrome/108.0.0.0 Safari/537.36"
124.64.122.191 - - [10/Jan/2023:12:13:51 +0800] "PUT /v2/crm/posts/c427bfdc-b2a8-48e3-8ac8-759da5dfdc60/edit HTTP/2.0" 200 1603 "https://crm.fygtapp.com/" "Mozilla/5.0 (Macintosh; Intel Mac OS X 10_15_7) AppleWebKit/537.36 (KHTML, like Gecko) Chrome/108.0.0.0 Safari/537.36"
124.133.136.201 - - [10/Jan/2023:12:13:55 +0800] "GET /v2/posts/397f480d-002d-469e-9cd6-b30789d45e01/likes HTTP/2.0" 200 4513 "-" "Mozilla/5.0 (Android 9; samsung; samsung; SM-G9550) feiyu/5.2.14"
124.133.136.201 - - [10/Jan/2023:12:13:55 +0800] "GET /v2/posts/397f480d-002d-469e-9cd6-b30789d45e01/detail?image_width=1080&background_width=1080 HTTP/2.0" 200 5038 "-" "Mozilla/5.0 (Android 9; samsung; samsung; SM-G9550) feiyu/5.2.14"
124.133.136.201 - - [10/Jan/2023:12:13:55 +0800] "GET /v2/posts/397f480d-002d-469e-9cd6-b30789d45e01/commentsV4?size=20 HTTP/2.0" 200 5779 "-" "Mozilla/5.0 (Android 9; samsung; samsung; SM-G9550) feiyu/5.2.14"
117.136.124.150 - - [10/Jan/2023:12:13:56 +0800] "GET /v2/gallery/images/query?key=%E6%97%A0%E8%AF%AD&page=1&size=20&show_favorite_status=true HTTP/2.0" 200 10113 "-" "Mozilla/5.0 (Android 10; HUAWEI; HONOR; JSN-AL00) feiyu/5.2.14"
117.136.124.150 - - [10/Jan/2023:12:13:57 +0800] "GET /v2/gallery/images/query?key=%E6%97%A0%E8%AF%AD&page=2&size=20&show_favorite_status=true HTTP/2.0" 200 9763 "-" "Mozilla/5.0 (Android 10; HUAWEI; HONOR; JSN-AL00) feiyu/5.2.14"
124.64.122.191 - - [10/Jan/2023:12:13:59 +0800] "OPTIONS /v2/crm/posts/b32168ce-4970-4531-9c92-c433aef5fae9/edit HTTP/2.0" 200 - "https://crm.fygtapp.com/" "Mozilla/5.0 (Macintosh; Intel Mac OS X 10_15_7) AppleWebKit/537.36 (KHTML, like Gecko) Chrome/108.0.0.0 Safari/537.36"
124.64.122.191 - - [10/Jan/2023:12:13:59 +0800] "PUT /v2/crm/posts/b32168ce-4970-4531-9c92-c433aef5fae9/edit HTTP/2.0" 200 2370 "https://crm.fygtapp.com/" "Mozilla/5.0 (Macintosh; Intel Mac OS X 10_15_7) AppleWebKit/537.36 (KHTML, like Gecko) Chrome/108.0.0.0 Safari/537.36"
124.64.122.191 - - [10/Jan/2023:12:14:02 +0800] "PUT /v2/crm/posts/b32168ce-4970-4531-9c92-c433aef5fae9/edit HTTP/2.0" 200 2999 "https://crm.fygtapp.com/" "Mozilla/5.0 (Macintosh; Intel Mac OS X 10_15_7) AppleWebKit/537.36 (KHTML, like Gecko) Chrome/108.0.0.0 Safari/537.36"
124.133.136.201 - - [10/Jan/2023:12:14:02 +0800] "GET /v2/messages/unreadCount?timestamp=1970-01-01%2000%3A00%3A00 HTTP/2.0" 200 26 "-" "Mozilla/5.0 (Android 9; samsung; samsung; SM-G9550) feiyu/5.2.14"
124.133.136.201 - - [10/Jan/2023:12:14:02 +0800] "GET /v2/campaigns/newest HTTP/2.0" 200 445 "-" "Mozilla/5.0 (Android 9; samsung; samsung; SM-G9550) feiyu/5.2.14"
124.133.136.201 - - [10/Jan/2023:12:14:02 +0800] "GET /v2/explore/searchHint HTTP/2.0" 200 23 "-" "Mozilla/5.0 (Android 9; samsung; samsung; SM-G9550) feiyu/5.2.14"
124.133.136.201 - - [10/Jan/2023:12:14:02 +0800] "GET /v2/clock-ins/stats HTTP/2.0" 200 382 "-" "Mozilla/5.0 (Android 9; samsung; samsung; SM-G9550) feiyu/5.2.14"
124.133.136.201 - - [10/Jan/2023:12:14:02 +0800] "GET /v2/users/d7d88fd1-5340-49d3-83e1-85a8752ff7ec HTTP/2.0" 200 374 "-" "Mozilla/5.0 (Android 9; samsung; samsung; SM-G9550) feiyu/5.2.14"
124.133.136.201 - - [10/Jan/2023:12:14:02 +0800] "GET /v2/users/d7d88fd1-5340-49d3-83e1-85a8752ff7ec/settings HTTP/2.0" 200 313 "-" "Mozilla/5.0 (Android 9; samsung; samsung; SM-G9550) feiyu/5.2.14"
124.133.136.201 - - [10/Jan/2023:12:14:02 +0800] "GET /v2/near/canvas-war/accounts/d7d88fd1-5340-49d3-83e1-85a8752ff7ec HTTP/2.0" 200 479 "-" "Mozilla/5.0 (Android 9; samsung; samsung; SM-G9550) feiyu/5.2.14"
124.64.122.191 - - [10/Jan/2023:12:14:03 +0800] "OPTIONS /v2/crm/posts/findByContent HTTP/2.0" 200 - "https://crm.fygtapp.com/" "Mozilla/5.0 (Macintosh; Intel Mac OS X 10_15_7) AppleWebKit/537.36 (KHTML, like Gecko) Chrome/108.0.0.0 Safari/537.36"
124.133.136.201 - - [10/Jan/2023:12:14:04 +0800] "GET /v2/posts/397f480d-002d-469e-9cd6-b30789d45e01/commentsV4?timestamp=2023-01-06%2006%3A05%3A01&size=20 HTTP/2.0" 200 2 "-" "Mozilla/5.0 (Android 9; samsung; samsung; SM-G9550) feiyu/5.2.14"
117.136.124.150 - - [10/Jan/2023:12:14:05 +0800] "GET /v2/gallery/images/query?key=%E6%97%A0%E8%AF%AD&page=3&size=20&show_favorite_status=true HTTP/2.0" 200 9708 "-" "Mozilla/5.0 (Android 10; HUAWEI; HONOR; JSN-AL00) feiyu/5.2.14"
124.64.122.191 - - [10/Jan/2023:12:14:03 +0800] "POST /v2/crm/posts/findByContent HTTP/2.0" 200 2 "https://crm.fygtapp.com/" "Mozilla/5.0 (Macintosh; Intel Mac OS X 10_15_7) AppleWebKit/537.36 (KHTML, like Gecko) Chrome/108.0.0.0 Safari/537.36"
124.64.122.191 - - [10/Jan/2023:12:14:05 +0800] "OPTIONS /v2/crm/posts/b32168ce-4970-4531-9c92-c433aef5fae9/edit HTTP/2.0" 200 - "https://crm.fygtapp.com/" "Mozilla/5.0 (Macintosh; Intel Mac OS X 10_15_7) AppleWebKit/537.36 (KHTML, like Gecko) Chrome/108.0.0.0 Safari/537.36"
124.64.122.191 - - [10/Jan/2023:12:14:05 +0800] "PUT /v2/crm/posts/b32168ce-4970-4531-9c92-c433aef5fae9/edit HTTP/2.0" 200 3002 "https://crm.fygtapp.com/" "Mozilla/5.0 (Macintosh; Intel Mac OS X 10_15_7) AppleWebKit/537.36 (KHTML, like Gecko) Chrome/108.0.0.0 Safari/537.36"
