117.136.124.150 - - [10/Jan/2023:12:14:06 +0800] "GET /v2/messages/unreadCount?timestamp=1970-01-01%2000%3A00%3A00 HTTP/2.0" 200 26 "-" "Mozilla/5.0 (Android 10; HUAWEI; HONOR; JSN-AL00) feiyu/5.2.14"
117.136.124.150 - - [10/Jan/2023:12:14:06 +0800] "GET /v2/explore/searchHint HTTP/2.0" 200 23 "-" "Mozilla/5.0 (Android 10; HUAWEI; HONOR; JSN-AL00) feiyu/5.2.14"
117.136.124.150 - - [10/Jan/2023:12:14:06 +0800] "GET /v2/campaigns/newest HTTP/2.0" 200 445 "-" "Mozilla/5.0 (Android 10; HUAWEI; HONOR; JSN-AL00) feiyu/5.2.14"
117.136.124.150 - - [10/Jan/2023:12:14:06 +0800] "GET /v2/users/74b1422f-8e02-4168-88d7-546e7fcabfef/settings HTTP/2.0" 200 313 "-" "Mozilla/5.0 (Android 10; HUAWEI; HONOR; JSN-AL00) feiyu/5.2.14"
117.136.124.150 - - [10/Jan/2023:12:14:07 +0800] "GET /v2/gallery/categories/55e8c3f5-d687-40f8-9172-be70de285dbc/imagesV3?page=2&size=20&width=360 HTTP/2.0" 200 9864 "-" "Mozilla/5.0 (Android 10; HUAWEI; HONOR; JSN-AL00) feiyu/5.2.14"
124.64.122.191 - - [10/Jan/2023:12:14:09 +0800] "OPTIONS /v2/crm/posts/ce87333e-6048-46a2-a888-0690ca95c1fb/edit HTTP/2.0" 200 - "https://crm.fygtapp.com/" "Mozilla/5.0 (Macintosh; Intel Mac OS X 10_15_7) AppleWebKit/537.36 (KHTML, like Gecko) Chrome/108.0.0.0 Safari/537.36"
124.64.122.191 - - [10/Jan/2023:12:14:09 +0800] "PUT /v2/crm/posts/ce87333e-6048-46a2-a888-0690ca95c1fb/edit HTTP/2.0" 200 1582 "https://crm.fygtapp.com/" "Mozilla/5.0 (Macintosh; Intel Mac OS X 10_15_7) AppleWebKit/537.36 (KHTML, like Gecko) Chrome/108.0.0.0 Safari/537.36"
124.64.122.191 - - [10/Jan/2023:12:14:11 +0800] "OPTIONS /v2/crm/posts/query?sorting=createdAt&desc=true×tamp=2023-01-09+16%3A52%3A41.000&size=20&show_deleted=false&show_private=false HTTP/2.0" 200 - "https://crm.fygtapp.com/" "Mozilla/5.0 (Macintosh; Intel Mac OS X 10_15_7) AppleWebKit/537.36 (KHTML, like Gecko) Chrome/108.0.0.0 Safari/537.36"
124.64.122.191 - - [10/Jan/2023:12:14:12 +0800] "OPTIONS /v2/crm/posts/7e016536-4863-4ee1-a0df-cd292b5ac849/edit HTTP/2.0" 200 - "https://crm.fygtapp.com/" "Mozilla/5.0 (Macintosh; Intel Mac OS X 10_15_7) AppleWebKit/537.36 (KHTML, like Gecko) Chrome/108.0.0.0 Safari/537.36"
124.64.122.191 - - [10/Jan/2023:12:14:12 +0800] "PUT /v2/crm/posts/7e016536-4863-4ee1-a0df-cd292b5ac849/edit HTTP/2.0" 200 1480 "https://crm.fygtapp.com/" "Mozilla/5.0 (Macintosh; Intel Mac OS X 10_15_7) AppleWebKit/537.36 (KHTML, like Gecko) Chrome/108.0.0.0 Safari/537.36"
124.64.122.191 - - [10/Jan/2023:12:14:13 +0800] "OPTIONS /v2/crm/posts/dd8285d5-bfcc-41ee-952d-555085454551/edit HTTP/2.0" 200 - "https://crm.fygtapp.com/" "Mozilla/5.0 (Macintosh; Intel Mac OS X 10_15_7) AppleWebKit/537.36 (KHTML, like Gecko) Chrome/108.0.0.0 Safari/537.36"
124.64.122.191 - - [10/Jan/2023:12:14:13 +0800] "PUT /v2/crm/posts/dd8285d5-bfcc-41ee-952d-555085454551/edit HTTP/2.0" 200 1532 "https://crm.fygtapp.com/" "Mozilla/5.0 (Macintosh; Intel Mac OS X 10_15_7) AppleWebKit/537.36 (KHTML, like Gecko) Chrome/108.0.0.0 Safari/537.36"
124.64.122.191 - - [10/Jan/2023:12:14:11 +0800] "GET /v2/crm/posts/query?sorting=createdAt&desc=true×tamp=2023-01-09+16%3A52%3A41.000&size=20&show_deleted=false&show_private=false HTTP/2.0" 200 39770 "https://crm.fygtapp.com/" "Mozilla/5.0 (Macintosh; Intel Mac OS X 10_15_7) AppleWebKit/537.36 (KHTML, like Gecko) Chrome/108.0.0.0 Safari/537.36"
111.16.126.97 - - [10/Jan/2023:12:14:17 +0800] "GET /v2/app/tiamat-info HTTP/2.0" 200 16 "-" "Mozilla/5.0 (Android 10; HUAWEI; HONOR; LRA-AL00) feiyu/5.2.14"
111.16.126.97 - - [10/Jan/2023:12:14:17 +0800] "GET /v2/app/ab-test-status HTTP/2.0" 200 16 "-" "Mozilla/5.0 (Android 10; HUAWEI; HONOR; LRA-AL00) feiyu/5.2.14"
111.16.126.97 - - [10/Jan/2023:12:14:17 +0800] "GET /v2/app/upgrade?version_code=65&platform=Android HTTP/2.0" 200 4 "-" "Mozilla/5.0 (Android 10; HUAWEI; HONOR; LRA-AL00) feiyu/5.2.14"
58.22.114.126 - - [10/Jan/2023:12:14:17 +0800] "GET /v2/gallery/randomImagesV2?size=50&width=600&content=%E9%9C%B2%E8%90%A5 HTTP/2.0" 200 23544 "-" "Mozilla/5.0 (Android 12; HUAWEI; HUAWEI; ELS-AN00) feiyu/5.2.14"
124.133.136.201 - - [10/Jan/2023:12:14:18 +0800] "PUT /v2/posts/c389933f-236f-4451-939a-369a5d143585/like HTTP/2.0" 200 269 "-" "Mozilla/5.0 (Android 9; samsung; samsung; SM-G9550) feiyu/5.2.14"
111.16.126.97 - - [10/Jan/2023:12:14:18 +0800] "GET /v2/lab-projects HTTP/2.0" 200 24879 "-" "Mozilla/5.0 (Android 10; HUAWEI; HONOR; LRA-AL00) feiyu/5.2.14"
111.16.126.97 - - [10/Jan/2023:12:14:18 +0800] "GET /v2/app/upgrade?version_code=65&platform=Android HTTP/2.0" 200 4 "-" "Mozilla/5.0 (Android 10; HUAWEI; HONOR; LRA-AL00) feiyu/5.2.14"
111.16.126.97 - - [10/Jan/2023:12:14:19 +0800] "GET /v2/app/randomHomeBackgroundImageV2 HTTP/2.0" 200 289 "-" "Mozilla/5.0 (Android 10; HUAWEI; HONOR; LRA-AL00) feiyu/5.2.14"
111.16.126.97 - - [10/Jan/2023:12:14:19 +0800] "GET /v2/campaigns/newest HTTP/2.0" 200 449 "-" "Mozilla/5.0 (Android 10; HUAWEI; HONOR; LRA-AL00) feiyu/5.2.14"
111.16.126.97 - - [10/Jan/2023:12:14:19 +0800] "GET /v2/messages/unreadCount?timestamp=2022-10-15%2017%3A02%3A54 HTTP/2.0" 200 26 "-" "Mozilla/5.0 (Android 10; HUAWEI; HONOR; LRA-AL00) feiyu/5.2.14"
111.16.126.97 - - [10/Jan/2023:12:14:19 +0800] "GET /v2/users/615849e6-afec-4cad-83c6-1a6f32db502e/settings HTTP/2.0" 200 313 "-" "Mozilla/5.0 (Android 10; HUAWEI; HONOR; LRA-AL00) feiyu/5.2.14"
111.16.126.97 - - [10/Jan/2023:12:14:19 +0800] "GET /v2/campaigns/newest HTTP/2.0" 200 449 "-" "Mozilla/5.0 (Android 10; HUAWEI; HONOR; LRA-AL00) feiyu/5.2.14"
138.51.89.239 - - [10/Jan/2023:12:14:21 +0800] "GET /v2/messages/unreadCount?timestamp=2023-01-10%2000%3A25%3A31 HTTP/2.0" 200 26 "-" "Mozilla/5.0 (iOS 15.6.1; Apple; Apple; iPhone14,5) feiyu/5.2.14"
138.51.89.239 - - [10/Jan/2023:12:14:21 +0800] "GET /v2/lab-projects HTTP/2.0" 200 24903 "-" "Mozilla/5.0 (iOS 15.6.1; Apple; Apple; iPhone14,5) feiyu/5.2.14"
58.22.114.126 - - [10/Jan/2023:12:14:21 +0800] "GET /v2/messages/unreadCount?timestamp=1970-01-01%2000%3A00%3A00 HTTP/2.0" 200 26 "-" "Mozilla/5.0 (Android 12; HUAWEI; HUAWEI; ELS-AN00) feiyu/5.2.14"
58.22.114.126 - - [10/Jan/2023:12:14:21 +0800] "GET /v2/campaigns/newest HTTP/2.0" 200 443 "-" "Mozilla/5.0 (Android 12; HUAWEI; HUAWEI; ELS-AN00) feiyu/5.2.14"
58.22.114.126 - - [10/Jan/2023:12:14:21 +0800] "GET /v2/users/85470d4b-1bdd-4209-a0af-b4ff4cc9ba5c/settings HTTP/2.0" 200 313 "-" "Mozilla/5.0 (Android 12; HUAWEI; HUAWEI; ELS-AN00) feiyu/5.2.14"
111.16.126.97 - - [10/Jan/2023:12:14:21 +0800] "GET /v2/lab-projects HTTP/2.0" 200 24903 "-" "Mozilla/5.0 (Android 10; HUAWEI; HONOR; LRA-AL00) feiyu/5.2.14"
111.16.126.97 - - [10/Jan/2023:12:14:21 +0800] "GET /v2/lab-projects/active-users-count HTTP/2.0" 200 14 "-" "Mozilla/5.0 (Android 10; HUAWEI; HONOR; LRA-AL00) feiyu/5.2.14"
111.16.126.97 - - [10/Jan/2023:12:14:22 +0800] "GET /v2/users/615849e6-afec-4cad-83c6-1a6f32db502e HTTP/2.0" 200 508 "-" "Mozilla/5.0 (Android 10; HUAWEI; HONOR; LRA-AL00) feiyu/5.2.14"
111.16.126.97 - - [10/Jan/2023:12:14:22 +0800] "GET /v2/messages/unreadCount?timestamp=2022-10-15%2017%3A02%3A54 HTTP/2.0" 200 26 "-" "Mozilla/5.0 (Android 10; HUAWEI; HONOR; LRA-AL00) feiyu/5.2.14"
111.16.126.97 - - [10/Jan/2023:12:14:22 +0800] "GET /v2/users/615849e6-afec-4cad-83c6-1a6f32db502e HTTP/2.0" 200 508 "-" "Mozilla/5.0 (Android 10; HUAWEI; HONOR; LRA-AL00) feiyu/5.2.14"
111.16.126.97 - - [10/Jan/2023:12:14:22 +0800] "GET /v2/clock-ins/stats HTTP/2.0" 200 385 "-" "Mozilla/5.0 (Android 10; HUAWEI; HONOR; LRA-AL00) feiyu/5.2.14"
111.16.126.97 - - [10/Jan/2023:12:14:22 +0800] "GET /v2/users/615849e6-afec-4cad-83c6-1a6f32db502e HTTP/2.0" 200 508 "-" "Mozilla/5.0 (Android 10; HUAWEI; HONOR; LRA-AL00) feiyu/5.2.14"
111.16.126.97 - - [10/Jan/2023:12:14:22 +0800] "GET /v2/users/615849e6-afec-4cad-83c6-1a6f32db502e/createdPostsV2?guest=false&size=20&image_width=1080&background_width=359 HTTP/2.0" 200 2 "-" "Mozilla/5.0 (Android 10; HUAWEI; HONOR; LRA-AL00) feiyu/5.2.14"
111.16.126.97 - - [10/Jan/2023:12:14:22 +0800] "GET /v2/users/615849e6-afec-4cad-83c6-1a6f32db502e/likedPostsV2?guest=false&size=20&image_width=1080&background_width=359 HTTP/2.0" 200 35601 "-" "Mozilla/5.0 (Android 10; HUAWEI; HONOR; LRA-AL00) feiyu/5.2.14"
111.16.126.97 - - [10/Jan/2023:12:14:22 +0800] "GET /v2/near/canvas-war/accounts/615849e6-afec-4cad-83c6-1a6f32db502e HTTP/2.0" 200 612 "-" "Mozilla/5.0 (Android 10; HUAWEI; HONOR; LRA-AL00) feiyu/5.2.14"
111.16.126.97 - - [10/Jan/2023:12:14:22 +0800] "GET /v2/users/615849e6-afec-4cad-83c6-1a6f32db502e/favoritedPosts?size=20&image_width=1080&background_width=359 HTTP/2.0" 200 2 "-" "Mozilla/5.0 (Android 10; HUAWEI; HONOR; LRA-AL00) feiyu/5.2.14"
124.64.122.191 - - [10/Jan/2023:12:14:23 +0800] "OPTIONS /v2/crm/posts/query?sorting=createdAt&desc=true&publish_state=Pending&size=20&show_deleted=false&show_private=false HTTP/2.0" 200 - "https://crm.fygtapp.com/" "Mozilla/5.0 (Macintosh; Intel Mac OS X 10_15_7) AppleWebKit/537.36 (KHTML, like Gecko) Chrome/108.0.0.0 Safari/537.36"
138.51.89.239 - - [10/Jan/2023:12:14:23 +0800] "GET /v2/explore/banner?scene=2 HTTP/2.0" 200 439 "-" "Mozilla/5.0 (iOS 15.6.1; Apple; Apple; iPhone14,5) feiyu/5.2.14"
138.51.89.239 - - [10/Jan/2023:12:14:23 +0800] "GET /v2/content-series/explore HTTP/2.0" 200 68497 "-" "Mozilla/5.0 (iOS 15.6.1; Apple; Apple; iPhone14,5) feiyu/5.2.14"
138.51.89.239 - - [10/Jan/2023:12:14:23 +0800] "GET /v2/posts/followeesV4?background_width=960&image_width=960&type=0 HTTP/2.0" 200 45912 "-" "Mozilla/5.0 (iOS 15.6.1; Apple; Apple; iPhone14,5) feiyu/5.2.14"
138.51.89.239 - - [10/Jan/2023:12:14:23 +0800] "GET /v2/explore/searchHint HTTP/2.0" 200 23 "-" "Mozilla/5.0 (iOS 15.6.1; Apple; Apple; iPhone14,5) feiyu/5.2.14"
138.51.89.239 - - [10/Jan/2023:12:14:23 +0800] "GET /v2/ads?scene=1 HTTP/2.0" 200 2 "-" "Mozilla/5.0 (iOS 15.6.1; Apple; Apple; iPhone14,5) feiyu/5.2.14"
138.51.89.239 - - [10/Jan/2023:12:14:23 +0800] "GET /v2/posts/featured/sticky-v2?background_width=960&image_width=960 HTTP/2.0" 200 4268 "-" "Mozilla/5.0 (iOS 15.6.1; Apple; Apple; iPhone14,5) feiyu/5.2.14"
138.51.89.239 - - [10/Jan/2023:12:14:24 +0800] "GET /v2/explore/banner?scene=1 HTTP/2.0" 200 2312 "-" "Mozilla/5.0 (iOS 15.6.1; Apple; Apple; iPhone14,5) feiyu/5.2.14"
138.51.89.239 - - [10/Jan/2023:12:14:24 +0800] "GET /v2/clock-ins/stats HTTP/2.0" 200 385 "-" "Mozilla/5.0 (iOS 15.6.1; Apple; Apple; iPhone14,5) feiyu/5.2.14"
138.51.89.239 - - [10/Jan/2023:12:14:24 +0800] "GET /v2/users/a0bcc40d-075a-4265-ad74-ce8829bb879c/createdPostsV2?background_width=960&image_width=960&size=20 HTTP/2.0" 200 37116 "-" "Mozilla/5.0 (iOS 15.6.1; Apple; Apple; iPhone14,5) feiyu/5.2.14"
138.51.89.239 - - [10/Jan/2023:12:14:24 +0800] "GET /v2/users/a0bcc40d-075a-4265-ad74-ce8829bb879c/favoritedPosts?background_width=960&image_width=960&size=20 HTTP/2.0" 200 114818 "-" "Mozilla/5.0 (iOS 15.6.1; Apple; Apple; iPhone14,5) feiyu/5.2.14"
138.51.89.239 - - [10/Jan/2023:12:14:24 +0800] "GET /v2/users/a0bcc40d-075a-4265-ad74-ce8829bb879c/likedPostsV2?background_width=960&image_width=960&size=20 HTTP/2.0" 200 51285 "-" "Mozilla/5.0 (iOS 15.6.1; Apple; Apple; iPhone14,5) feiyu/5.2.14"
138.51.89.239 - - [10/Jan/2023:12:14:24 +0800] "GET /v2/users/a0bcc40d-075a-4265-ad74-ce8829bb879c HTTP/2.0" 200 515 "-" "Mozilla/5.0 (iOS 15.6.1; Apple; Apple; iPhone14,5) feiyu/5.2.14"
138.51.89.239 - - [10/Jan/2023:12:14:24 +0800] "GET /v2/messages/unreadCount?timestamp=2023-01-10%2000%3A25%3A31 HTTP/2.0" 200 26 "-" "Mozilla/5.0 (iOS 15.6.1; Apple; Apple; iPhone14,5) feiyu/5.2.14"
138.51.89.239 - - [10/Jan/2023:12:14:24 +0800] "GET /v2/messages/list-v2 HTTP/2.0" 200 20783 "-" "Mozilla/5.0 (iOS 15.6.1; Apple; Apple; iPhone14,5) feiyu/5.2.14"
138.51.89.239 - - [10/Jan/2023:12:14:24 +0800] "GET /v2/near/canvas-war/accounts/a0bcc40d-075a-4265-ad74-ce8829bb879c HTTP/2.0" 200 606 "-" "Mozilla/5.0 (iOS 15.6.1; Apple; Apple; iPhone14,5) feiyu/5.2.14"
138.51.89.239 - - [10/Jan/2023:12:14:26 +0800] "GET /v2/messages/unreadCount?timestamp=2023-01-10%2004%3A14%3A26 HTTP/2.0" 200 26 "-" "Mozilla/5.0 (iOS 15.6.1; Apple; Apple; iPhone14,5) feiyu/5.2.14"
124.133.136.201 - - [10/Jan/2023:12:14:27 +0800] "GET /v2/posts/06258338-6149-42fc-8475-99205dcb2415/likes HTTP/2.0" 200 1816 "-" "Mozilla/5.0 (Android 9; samsung; samsung; SM-G9550) feiyu/5.2.14"
124.133.136.201 - - [10/Jan/2023:12:14:27 +0800] "GET /v2/posts/06258338-6149-42fc-8475-99205dcb2415/commentsV4?size=20 HTTP/2.0" 200 2759 "-" "Mozilla/5.0 (Android 9; samsung; samsung; SM-G9550) feiyu/5.2.14"
124.133.136.201 - - [10/Jan/2023:12:14:27 +0800] "GET /v2/posts/06258338-6149-42fc-8475-99205dcb2415/detail?image_width=1080&background_width=1080 HTTP/2.0" 200 2996 "-" "Mozilla/5.0 (Android 9; samsung; samsung; SM-G9550) feiyu/5.2.14"
124.64.122.191 - - [10/Jan/2023:12:14:23 +0800] "GET /v2/crm/posts/query?sorting=createdAt&desc=true&publish_state=Pending&size=20&show_deleted=false&show_private=false HTTP/2.0" 200 31028 "https://crm.fygtapp.com/" "Mozilla/5.0 (Macintosh; Intel Mac OS X 10_15_7) AppleWebKit/537.36 (KHTML, like Gecko) Chrome/108.0.0.0 Safari/537.36"
124.133.136.201 - - [10/Jan/2023:12:14:27 +0800] "GET /v2/posts/06258338-6149-42fc-8475-99205dcb2415/commentsV4?timestamp=2023-01-07%2014%3A10%3A23&size=20 HTTP/2.0" 200 2 "-" "Mozilla/5.0 (Android 9; samsung; samsung; SM-G9550) feiyu/5.2.14"
138.51.89.239 - - [10/Jan/2023:12:14:24 +0800] "GET /v2/posts/featured-v4?background_width=960&image_width=960 HTTP/2.0" 200 59799 "-" "Mozilla/5.0 (iOS 15.6.1; Apple; Apple; iPhone14,5) feiyu/5.2.14"
138.51.89.239 - - [10/Jan/2023:12:14:28 +0800] "GET /v2/posts/01616dd5-1538-40e6-8f34-2bca626e953f/detail?width=960 HTTP/2.0" 200 5066 "-" "Mozilla/5.0 (iOS 15.6.1; Apple; Apple; iPhone14,5) feiyu/5.2.14"
138.51.89.239 - - [10/Jan/2023:12:14:28 +0800] "GET /v2/posts/01616dd5-1538-40e6-8f34-2bca626e953f/commentsV4 HTTP/2.0" 200 601 "-" "Mozilla/5.0 (iOS 15.6.1; Apple; Apple; iPhone14,5) feiyu/5.2.14"
138.51.89.239 - - [10/Jan/2023:12:14:29 +0800] "GET /v2/posts/01616dd5-1538-40e6-8f34-2bca626e953f/likes HTTP/2.0" 200 3038 "-" "Mozilla/5.0 (iOS 15.6.1; Apple; Apple; iPhone14,5) feiyu/5.2.14"
124.133.136.201 - - [10/Jan/2023:12:14:29 +0800] "GET /v2/messages/unreadCount?timestamp=1970-01-01%2000%3A00%3A00 HTTP/2.0" 200 26 "-" "Mozilla/5.0 (Android 9; samsung; samsung; SM-G9550) feiyu/5.2.14"
124.133.136.201 - - [10/Jan/2023:12:14:30 +0800] "GET /v2/users/d7d88fd1-5340-49d3-83e1-85a8752ff7ec/settings HTTP/2.0" 200 313 "-" "Mozilla/5.0 (Android 9; samsung; samsung; SM-G9550) feiyu/5.2.14"
124.133.136.201 - - [10/Jan/2023:12:14:30 +0800] "GET /v2/explore/searchHint HTTP/2.0" 200 23 "-" "Mozilla/5.0 (Android 9; samsung; samsung; SM-G9550) feiyu/5.2.14"
124.133.136.201 - - [10/Jan/2023:12:14:30 +0800] "GET /v2/campaigns/newest HTTP/2.0" 200 443 "-" "Mozilla/5.0 (Android 9; samsung; samsung; SM-G9550) feiyu/5.2.14"
124.133.136.201 - - [10/Jan/2023:12:14:30 +0800] "GET /v2/users/d7d88fd1-5340-49d3-83e1-85a8752ff7ec HTTP/2.0" 200 374 "-" "Mozilla/5.0 (Android 9; samsung; samsung; SM-G9550) feiyu/5.2.14"
124.133.136.201 - - [10/Jan/2023:12:14:30 +0800] "GET /v2/clock-ins/stats HTTP/2.0" 200 382 "-" "Mozilla/5.0 (Android 9; samsung; samsung; SM-G9550) feiyu/5.2.14"
124.133.136.201 - - [10/Jan/2023:12:14:30 +0800] "GET /v2/near/canvas-war/accounts/d7d88fd1-5340-49d3-83e1-85a8752ff7ec HTTP/2.0" 200 479 "-" "Mozilla/5.0 (Android 9; samsung; samsung; SM-G9550) feiyu/5.2.14"
111.16.126.97 - - [10/Jan/2023:12:14:30 +0800] "GET /v2/campaigns/newest HTTP/2.0" 200 443 "-" "Mozilla/5.0 (Android 10; HUAWEI; HONOR; LRA-AL00) feiyu/5.2.14"
111.16.126.97 - - [10/Jan/2023:12:14:30 +0800] "GET /v2/app/randomHomeBackgroundImageV2 HTTP/2.0" 200 289 "-" "Mozilla/5.0 (Android 10; HUAWEI; HONOR; LRA-AL00) feiyu/5.2.14"
124.64.122.191 - - [10/Jan/2023:12:14:31 +0800] "OPTIONS /v2/crm/posts/2e063eef-1d05-4d63-ae85-d11b0e4e6114/edit HTTP/2.0" 200 - "https://crm.fygtapp.com/" "Mozilla/5.0 (Macintosh; Intel Mac OS X 10_15_7) AppleWebKit/537.36 (KHTML, like Gecko) Chrome/108.0.0.0 Safari/537.36"
124.64.122.191 - - [10/Jan/2023:12:14:31 +0800] "PUT /v2/crm/posts/2e063eef-1d05-4d63-ae85-d11b0e4e6114/edit HTTP/2.0" 200 1644 "https://crm.fygtapp.com/" "Mozilla/5.0 (Macintosh; Intel Mac OS X 10_15_7) AppleWebKit/537.36 (KHTML, like Gecko) Chrome/108.0.0.0 Safari/537.36"
111.16.126.97 - - [10/Jan/2023:12:14:31 +0800] "GET /v2/gallery/categoriesV4 HTTP/2.0" 200 13204 "-" "Mozilla/5.0 (Android 10; HUAWEI; HONOR; LRA-AL00) feiyu/5.2.14"
111.16.126.97 - - [10/Jan/2023:12:14:31 +0800] "GET /v2/gallery/categories/1e3bd6cc-e816-4cec-a975-7d2c39b1a292/imagesV3?page=1&size=20&width=360 HTTP/2.0" 200 2 "-" "Mozilla/5.0 (Android 10; HUAWEI; HONOR; LRA-AL00) feiyu/5.2.14"
124.64.122.191 - - [10/Jan/2023:12:14:32 +0800] "OPTIONS /v2/crm/posts/a0980b64-3ee8-4803-9de9-35230b3504cb/edit HTTP/2.0" 200 - "https://crm.fygtapp.com/" "Mozilla/5.0 (Macintosh; Intel Mac OS X 10_15_7) AppleWebKit/537.36 (KHTML, like Gecko) Chrome/108.0.0.0 Safari/537.36"
124.64.122.191 - - [10/Jan/2023:12:14:32 +0800] "PUT /v2/crm/posts/a0980b64-3ee8-4803-9de9-35230b3504cb/edit HTTP/2.0" 200 1625 "https://crm.fygtapp.com/" "Mozilla/5.0 (Macintosh; Intel Mac OS X 10_15_7) AppleWebKit/537.36 (KHTML, like Gecko) Chrome/108.0.0.0 Safari/537.36"
138.51.89.239 - - [10/Jan/2023:12:14:32 +0800] "GET /v2/users/a0bcc40d-075a-4265-ad74-ce8829bb879c HTTP/2.0" 200 515 "-" "Mozilla/5.0 (iOS 15.6.1; Apple; Apple; iPhone14,5) feiyu/5.2.14"
138.51.89.239 - - [10/Jan/2023:12:14:32 +0800] "GET /v2/clock-ins/stats HTTP/2.0" 200 385 "-" "Mozilla/5.0 (iOS 15.6.1; Apple; Apple; iPhone14,5) feiyu/5.2.14"
138.51.89.239 - - [10/Jan/2023:12:14:32 +0800] "GET /v2/messages/unreadCount?timestamp=2023-01-10%2004%3A14%3A26 HTTP/2.0" 200 26 "-" "Mozilla/5.0 (iOS 15.6.1; Apple; Apple; iPhone14,5) feiyu/5.2.14"
124.64.122.191 - - [10/Jan/2023:12:14:32 +0800] "OPTIONS /v2/crm/posts/4720c197-9a70-4bb6-a4fe-53f0cddd3bb2/edit HTTP/2.0" 200 - "https://crm.fygtapp.com/" "Mozilla/5.0 (Macintosh; Intel Mac OS X 10_15_7) AppleWebKit/537.36 (KHTML, like Gecko) Chrome/108.0.0.0 Safari/537.36"
138.51.89.239 - - [10/Jan/2023:12:14:32 +0800] "GET /v2/near/canvas-war/accounts/a0bcc40d-075a-4265-ad74-ce8829bb879c HTTP/2.0" 200 606 "-" "Mozilla/5.0 (iOS 15.6.1; Apple; Apple; iPhone14,5) feiyu/5.2.14"
124.64.122.191 - - [10/Jan/2023:12:14:32 +0800] "PUT /v2/crm/posts/4720c197-9a70-4bb6-a4fe-53f0cddd3bb2/edit HTTP/2.0" 200 1312 "https://crm.fygtapp.com/" "Mozilla/5.0 (Macintosh; Intel Mac OS X 10_15_7) AppleWebKit/537.36 (KHTML, like Gecko) Chrome/108.0.0.0 Safari/537.36"
124.133.136.201 - - [10/Jan/2023:12:14:33 +0800] "PUT /v2/posts/f4e822b2-b6b1-4251-b88e-42e78a2624da/like HTTP/2.0" 200 270 "-" "Mozilla/5.0 (Android 9; samsung; samsung; SM-G9550) feiyu/5.2.14"
111.16.126.97 - - [10/Jan/2023:12:14:33 +0800] "GET /v2/explore/searchHint HTTP/2.0" 200 23 "-" "Mozilla/5.0 (Android 10; HUAWEI; HONOR; LRA-AL00) feiyu/5.2.14"
111.16.126.97 - - [10/Jan/2023:12:14:33 +0800] "GET /v2/explore/banner?scene=2 HTTP/2.0" 200 439 "-" "Mozilla/5.0 (Android 10; HUAWEI; HONOR; LRA-AL00) feiyu/5.2.14"
111.16.126.97 - - [10/Jan/2023:12:14:33 +0800] "GET /v2/posts/followees-v5?type=0&size=20&image_width=1080&background_width=359 HTTP/2.0" 200 88327 "-" "Mozilla/5.0 (Android 10; HUAWEI; HONOR; LRA-AL00) feiyu/5.2.14"
124.64.122.191 - - [10/Jan/2023:12:14:33 +0800] "OPTIONS /v2/crm/posts/b646ed9a-6c59-478c-810f-3cbe1d36683f/edit HTTP/2.0" 200 - "https://crm.fygtapp.com/" "Mozilla/5.0 (Macintosh; Intel Mac OS X 10_15_7) AppleWebKit/537.36 (KHTML, like Gecko) Chrome/108.0.0.0 Safari/537.36"
111.16.126.97 - - [10/Jan/2023:12:14:33 +0800] "GET /v2/content-series/explore HTTP/2.0" 200 68577 "-" "Mozilla/5.0 (Android 10; HUAWEI; HONOR; LRA-AL00) feiyu/5.2.14"
124.64.122.191 - - [10/Jan/2023:12:14:33 +0800] "PUT /v2/crm/posts/b646ed9a-6c59-478c-810f-3cbe1d36683f/edit HTTP/2.0" 200 1549 "https://crm.fygtapp.com/" "Mozilla/5.0 (Macintosh; Intel Mac OS X 10_15_7) AppleWebKit/537.36 (KHTML, like Gecko) Chrome/108.0.0.0 Safari/537.36"
111.16.126.97 - - [10/Jan/2023:12:14:33 +0800] "GET /v2/posts/followees-v5?type=0&size=20&image_width=1080&background_width=359 HTTP/2.0" 200 88327 "-" "Mozilla/5.0 (Android 10; HUAWEI; HONOR; LRA-AL00) feiyu/5.2.14"
138.51.89.239 - - [10/Jan/2023:12:14:34 +0800] "GET /v2/messages/unreadCount?timestamp=2023-01-10%2004%3A14%3A26 HTTP/2.0" 200 26 "-" "Mozilla/5.0 (iOS 15.6.1; Apple; Apple; iPhone14,5) feiyu/5.2.14"
124.64.122.191 - - [10/Jan/2023:12:14:34 +0800] "OPTIONS /v2/crm/posts/0616a7d8-ab27-4997-9d0c-6b565bbd6262/edit HTTP/2.0" 200 - "https://crm.fygtapp.com/" "Mozilla/5.0 (Macintosh; Intel Mac OS X 10_15_7) AppleWebKit/537.36 (KHTML, like Gecko) Chrome/108.0.0.0 Safari/537.36"
124.64.122.191 - - [10/Jan/2023:12:14:34 +0800] "PUT /v2/crm/posts/0616a7d8-ab27-4997-9d0c-6b565bbd6262/edit HTTP/2.0" 200 1551 "https://crm.fygtapp.com/" "Mozilla/5.0 (Macintosh; Intel Mac OS X 10_15_7) AppleWebKit/537.36 (KHTML, like Gecko) Chrome/108.0.0.0 Safari/537.36"
111.16.126.97 - - [10/Jan/2023:12:14:35 +0800] "GET /v2/explore/banner?scene=1 HTTP/2.0" 200 2310 "-" "Mozilla/5.0 (Android 10; HUAWEI; HONOR; LRA-AL00) feiyu/5.2.14"
124.64.122.191 - - [10/Jan/2023:12:14:35 +0800] "OPTIONS /v2/crm/posts/44ad7018-23b9-4a43-b760-bdb4c3980097/edit HTTP/2.0" 200 - "https://crm.fygtapp.com/" "Mozilla/5.0 (Macintosh; Intel Mac OS X 10_15_7) AppleWebKit/537.36 (KHTML, like Gecko) Chrome/108.0.0.0 Safari/537.36"
124.64.122.191 - - [10/Jan/2023:12:14:35 +0800] "PUT /v2/crm/posts/44ad7018-23b9-4a43-b760-bdb4c3980097/edit HTTP/2.0" 200 1534 "https://crm.fygtapp.com/" "Mozilla/5.0 (Macintosh; Intel Mac OS X 10_15_7) AppleWebKit/537.36 (KHTML, like Gecko) Chrome/108.0.0.0 Safari/537.36"
124.133.136.201 - - [10/Jan/2023:12:14:35 +0800] "GET /v2/campaigns/newest HTTP/2.0" 200 445 "-" "Mozilla/5.0 (Android 9; samsung; samsung; SM-G9550) feiyu/5.2.14"
124.133.136.201 - - [10/Jan/2023:12:14:35 +0800] "GET /v2/app/randomHomeBackgroundImageV2 HTTP/2.0" 200 287 "-" "Mozilla/5.0 (Android 9; samsung; samsung; SM-G9550) feiyu/5.2.14"
124.64.122.191 - - [10/Jan/2023:12:14:37 +0800] "OPTIONS /v2/crm/posts/d3a79c50-8fbc-41f8-a1c2-01f9fedca4d9/edit HTTP/2.0" 200 - "https://crm.fygtapp.com/" "Mozilla/5.0 (Macintosh; Intel Mac OS X 10_15_7) AppleWebKit/537.36 (KHTML, like Gecko) Chrome/108.0.0.0 Safari/537.36"
124.133.136.201 - - [10/Jan/2023:12:14:37 +0800] "GET /v2/gallery/randomImagesV2?size=50&width=540&category_safe_id=d1569b14-497d-474c-8c41-732c10584cb4&content=%E6%97%A0%E8%AF%AD HTTP/2.0" 200 23442 "-" "Mozilla/5.0 (Android 9; samsung; samsung; SM-G9550) feiyu/5.2.14"
124.64.122.191 - - [10/Jan/2023:12:14:37 +0800] "PUT /v2/crm/posts/d3a79c50-8fbc-41f8-a1c2-01f9fedca4d9/edit HTTP/2.0" 200 1300 "https://crm.fygtapp.com/" "Mozilla/5.0 (Macintosh; Intel Mac OS X 10_15_7) AppleWebKit/537.36 (KHTML, like Gecko) Chrome/108.0.0.0 Safari/537.36"
111.16.126.97 - - [10/Jan/2023:12:14:34 +0800] "GET /v2/posts/trending-v2?page=1&size=20&image_width=1080&background_width=359 HTTP/2.0" 200 85490 "-" "Mozilla/5.0 (Android 10; HUAWEI; HONOR; LRA-AL00) feiyu/5.2.14"
124.64.122.191 - - [10/Jan/2023:12:14:38 +0800] "OPTIONS /v2/crm/posts/7f4ce431-b3ca-49f9-a1d4-8d7f4d3a724c/edit HTTP/2.0" 200 - "https://crm.fygtapp.com/" "Mozilla/5.0 (Macintosh; Intel Mac OS X 10_15_7) AppleWebKit/537.36 (KHTML, like Gecko) Chrome/108.0.0.0 Safari/537.36"
124.64.122.191 - - [10/Jan/2023:12:14:38 +0800] "PUT /v2/crm/posts/7f4ce431-b3ca-49f9-a1d4-8d7f4d3a724c/edit HTTP/2.0" 200 1545 "https://crm.fygtapp.com/" "Mozilla/5.0 (Macintosh; Intel Mac OS X 10_15_7) AppleWebKit/537.36 (KHTML, like Gecko) Chrome/108.0.0.0 Safari/537.36"
124.64.122.191 - - [10/Jan/2023:12:14:38 +0800] "OPTIONS /v2/crm/posts/8807dc5d-ff7b-44f4-b0bc-3535dbfab584/edit HTTP/2.0" 200 - "https://crm.fygtapp.com/" "Mozilla/5.0 (Macintosh; Intel Mac OS X 10_15_7) AppleWebKit/537.36 (KHTML, like Gecko) Chrome/108.0.0.0 Safari/537.36"
124.64.122.191 - - [10/Jan/2023:12:14:38 +0800] "PUT /v2/crm/posts/8807dc5d-ff7b-44f4-b0bc-3535dbfab584/edit HTTP/2.0" 200 1557 "https://crm.fygtapp.com/" "Mozilla/5.0 (Macintosh; Intel Mac OS X 10_15_7) AppleWebKit/537.36 (KHTML, like Gecko) Chrome/108.0.0.0 Safari/537.36"
124.64.122.191 - - [10/Jan/2023:12:14:39 +0800] "OPTIONS /v2/crm/posts/816c4f44-9f15-42f1-b622-8407e6476ee8/edit HTTP/2.0" 200 - "https://crm.fygtapp.com/" "Mozilla/5.0 (Macintosh; Intel Mac OS X 10_15_7) AppleWebKit/537.36 (KHTML, like Gecko) Chrome/108.0.0.0 Safari/537.36"
124.64.122.191 - - [10/Jan/2023:12:14:39 +0800] "PUT /v2/crm/posts/816c4f44-9f15-42f1-b622-8407e6476ee8/edit HTTP/2.0" 200 1543 "https://crm.fygtapp.com/" "Mozilla/5.0 (Macintosh; Intel Mac OS X 10_15_7) AppleWebKit/537.36 (KHTML, like Gecko) Chrome/108.0.0.0 Safari/537.36"
112.32.59.9 - - [10/Jan/2023:12:14:39 +0800] "GET /v2/app/tiamat-info HTTP/2.0" 200 16 "-" "Mozilla/5.0 (Android 10; HUAWEI; HUAWEI; LYA-AL00) feiyu/5.2.14"
112.32.59.9 - - [10/Jan/2023:12:14:39 +0800] "GET /v2/app/ab-test-status HTTP/2.0" 200 16 "-" "Mozilla/5.0 (Android 10; HUAWEI; HUAWEI; LYA-AL00) feiyu/5.2.14"
112.32.59.9 - - [10/Jan/2023:12:14:39 +0800] "GET /v2/app/upgrade?version_code=65&platform=Android HTTP/2.0" 200 4 "-" "Mozilla/5.0 (Android 10; HUAWEI; HUAWEI; LYA-AL00) feiyu/5.2.14"
124.133.136.201 - - [10/Jan/2023:12:14:40 +0800] "POST /v2/gallery/split-content HTTP/2.0" 200 10 "-" "Mozilla/5.0 (Android 9; samsung; samsung; SM-G9550) feiyu/5.2.14"
124.64.122.191 - - [10/Jan/2023:12:14:40 +0800] "OPTIONS /v2/crm/posts/5ebd152f-be7e-4b9e-88f5-d5d3d1391c3b/edit HTTP/2.0" 200 - "https://crm.fygtapp.com/" "Mozilla/5.0 (Macintosh; Intel Mac OS X 10_15_7) AppleWebKit/537.36 (KHTML, like Gecko) Chrome/108.0.0.0 Safari/537.36"
124.64.122.191 - - [10/Jan/2023:12:14:40 +0800] "PUT /v2/crm/posts/5ebd152f-be7e-4b9e-88f5-d5d3d1391c3b/edit HTTP/2.0" 200 1604 "https://crm.fygtapp.com/" "Mozilla/5.0 (Macintosh; Intel Mac OS X 10_15_7) AppleWebKit/537.36 (KHTML, like Gecko) Chrome/108.0.0.0 Safari/537.36"
124.64.122.191 - - [10/Jan/2023:12:14:41 +0800] "OPTIONS /v2/crm/posts/b7d5d21c-949b-44e0-a7fa-0a4526dac455/edit HTTP/2.0" 200 - "https://crm.fygtapp.com/" "Mozilla/5.0 (Macintosh; Intel Mac OS X 10_15_7) AppleWebKit/537.36 (KHTML, like Gecko) Chrome/108.0.0.0 Safari/537.36"
124.64.122.191 - - [10/Jan/2023:12:14:41 +0800] "PUT /v2/crm/posts/b7d5d21c-949b-44e0-a7fa-0a4526dac455/edit HTTP/2.0" 200 1551 "https://crm.fygtapp.com/" "Mozilla/5.0 (Macintosh; Intel Mac OS X 10_15_7) AppleWebKit/537.36 (KHTML, like Gecko) Chrome/108.0.0.0 Safari/537.36"
112.32.59.9 - - [10/Jan/2023:12:14:41 +0800] "GET /v2/messages/unreadCount?timestamp=1970-01-01%2000%3A00%3A00 HTTP/2.0" 200 26 "-" "Mozilla/5.0 (Android 10; HUAWEI; HUAWEI; LYA-AL00) feiyu/5.2.14"
112.32.59.9 - - [10/Jan/2023:12:14:41 +0800] "GET /v2/users/196f353e-94bd-46be-a1e1-6b3b90100540/settings HTTP/2.0" 200 313 "-" "Mozilla/5.0 (Android 10; HUAWEI; HUAWEI; LYA-AL00) feiyu/5.2.14"
112.32.59.9 - - [10/Jan/2023:12:14:41 +0800] "GET /v2/explore/searchHint HTTP/2.0" 200 23 "-" "Mozilla/5.0 (Android 10; HUAWEI; HUAWEI; LYA-AL00) feiyu/5.2.14"
112.32.59.9 - - [10/Jan/2023:12:14:41 +0800] "GET /v2/campaigns/newest HTTP/2.0" 200 443 "-" "Mozilla/5.0 (Android 10; HUAWEI; HUAWEI; LYA-AL00) feiyu/5.2.14"
124.64.122.191 - - [10/Jan/2023:12:14:43 +0800] "OPTIONS /v2/crm/posts/d6205f6e-0398-4e75-8a5e-3262d69a1f27/edit HTTP/2.0" 200 - "https://crm.fygtapp.com/" "Mozilla/5.0 (Macintosh; Intel Mac OS X 10_15_7) AppleWebKit/537.36 (KHTML, like Gecko) Chrome/108.0.0.0 Safari/537.36"
124.64.122.191 - - [10/Jan/2023:12:14:43 +0800] "PUT /v2/crm/posts/d6205f6e-0398-4e75-8a5e-3262d69a1f27/edit HTTP/2.0" 200 1541 "https://crm.fygtapp.com/" "Mozilla/5.0 (Macintosh; Intel Mac OS X 10_15_7) AppleWebKit/537.36 (KHTML, like Gecko) Chrome/108.0.0.0 Safari/537.36"
124.64.122.191 - - [10/Jan/2023:12:14:44 +0800] "OPTIONS /v2/crm/posts/c8b7fb43-2548-47ea-9234-0e009b122c2e/edit HTTP/2.0" 200 - "https://crm.fygtapp.com/" "Mozilla/5.0 (Macintosh; Intel Mac OS X 10_15_7) AppleWebKit/537.36 (KHTML, like Gecko) Chrome/108.0.0.0 Safari/537.36"
124.64.122.191 - - [10/Jan/2023:12:14:44 +0800] "PUT /v2/crm/posts/c8b7fb43-2548-47ea-9234-0e009b122c2e/edit HTTP/2.0" 200 1544 "https://crm.fygtapp.com/" "Mozilla/5.0 (Macintosh; Intel Mac OS X 10_15_7) AppleWebKit/537.36 (KHTML, like Gecko) Chrome/108.0.0.0 Safari/537.36"
124.64.122.191 - - [10/Jan/2023:12:14:44 +0800] "OPTIONS /v2/crm/posts/3ffa31bf-96fc-4738-a125-946eca4756b9/edit HTTP/2.0" 200 - "https://crm.fygtapp.com/" "Mozilla/5.0 (Macintosh; Intel Mac OS X 10_15_7) AppleWebKit/537.36 (KHTML, like Gecko) Chrome/108.0.0.0 Safari/537.36"
124.64.122.191 - - [10/Jan/2023:12:14:44 +0800] "PUT /v2/crm/posts/3ffa31bf-96fc-4738-a125-946eca4756b9/edit HTTP/2.0" 200 1533 "https://crm.fygtapp.com/" "Mozilla/5.0 (Macintosh; Intel Mac OS X 10_15_7) AppleWebKit/537.36 (KHTML, like Gecko) Chrome/108.0.0.0 Safari/537.36"
124.64.122.191 - - [10/Jan/2023:12:14:45 +0800] "OPTIONS /v2/crm/posts/query?sorting=createdAt&desc=true&publish_state=Pending×tamp=2023-01-09+16%3A44%3A09.000&size=20&show_deleted=false&show_private=false HTTP/2.0" 200 - "https://crm.fygtapp.com/" "Mozilla/5.0 (Macintosh; Intel Mac OS X 10_15_7) AppleWebKit/537.36 (KHTML, like Gecko) Chrome/108.0.0.0 Safari/537.36"
110.65.147.241 - - [10/Jan/2023:12:14:45 +0800] "GET /v2/app/ab-test-status HTTP/2.0" 200 16 "-" "Mozilla/5.0 (Android 12; HONOR; HONOR; NTH-AN00) feiyu/5.2.14"
110.65.147.241 - - [10/Jan/2023:12:14:45 +0800] "GET /v2/app/tiamat-info HTTP/2.0" 200 16 "-" "Mozilla/5.0 (Android 12; HONOR; HONOR; NTH-AN00) feiyu/5.2.14"
110.65.147.241 - - [10/Jan/2023:12:14:45 +0800] "GET /v2/app/upgrade?version_code=65&platform=Android HTTP/2.0" 200 4 "-" "Mozilla/5.0 (Android 12; HONOR; HONOR; NTH-AN00) feiyu/5.2.14"
124.64.122.191 - - [10/Jan/2023:12:14:46 +0800] "OPTIONS /v2/crm/posts/0e3c945c-1c71-4628-a12f-baf447e22c4c/edit HTTP/2.0" 200 - "https://crm.fygtapp.com/" "Mozilla/5.0 (Macintosh; Intel Mac OS X 10_15_7) AppleWebKit/537.36 (KHTML, like Gecko) Chrome/108.0.0.0 Safari/537.36"
124.64.122.191 - - [10/Jan/2023:12:14:46 +0800] "PUT /v2/crm/posts/0e3c945c-1c71-4628-a12f-baf447e22c4c/edit HTTP/2.0" 200 1542 "https://crm.fygtapp.com/" "Mozilla/5.0 (Macintosh; Intel Mac OS X 10_15_7) AppleWebKit/537.36 (KHTML, like Gecko) Chrome/108.0.0.0 Safari/537.36"
124.64.122.191 - - [10/Jan/2023:12:14:46 +0800] "OPTIONS /v2/crm/posts/73cb0a7c-07aa-4737-8e5a-5d3b71b532ea/edit HTTP/2.0" 200 - "https://crm.fygtapp.com/" "Mozilla/5.0 (Macintosh; Intel Mac OS X 10_15_7) AppleWebKit/537.36 (KHTML, like Gecko) Chrome/108.0.0.0 Safari/537.36"
124.64.122.191 - - [10/Jan/2023:12:14:47 +0800] "PUT /v2/crm/posts/73cb0a7c-07aa-4737-8e5a-5d3b71b532ea/edit HTTP/2.0" 200 1585 "https://crm.fygtapp.com/" "Mozilla/5.0 (Macintosh; Intel Mac OS X 10_15_7) AppleWebKit/537.36 (KHTML, like Gecko) Chrome/108.0.0.0 Safari/537.36"
110.65.147.241 - - [10/Jan/2023:12:14:47 +0800] "GET /v2/lab-projects HTTP/2.0" 200 24897 "-" "Mozilla/5.0 (Android 12; HONOR; HONOR; NTH-AN00) feiyu/5.2.14"
110.65.147.241 - - [10/Jan/2023:12:14:47 +0800] "GET /v2/app/upgrade?version_code=65&platform=Android HTTP/2.0" 200 4 "-" "Mozilla/5.0 (Android 12; HONOR; HONOR; NTH-AN00) feiyu/5.2.14"
110.65.147.241 - - [10/Jan/2023:12:14:47 +0800] "GET /v2/campaigns/newest HTTP/2.0" 200 449 "-" "Mozilla/5.0 (Android 12; HONOR; HONOR; NTH-AN00) feiyu/5.2.14"
110.65.147.241 - - [10/Jan/2023:12:14:47 +0800] "GET /v2/messages/unreadCount?timestamp=2022-08-28%2011%3A03%3A18 HTTP/2.0" 200 26 "-" "Mozilla/5.0 (Android 12; HONOR; HONOR; NTH-AN00) feiyu/5.2.14"
110.65.147.241 - - [10/Jan/2023:12:14:47 +0800] "GET /v2/app/randomHomeBackgroundImageV2 HTTP/2.0" 200 287 "-" "Mozilla/5.0 (Android 12; HONOR; HONOR; NTH-AN00) feiyu/5.2.14"
110.65.147.241 - - [10/Jan/2023:12:14:47 +0800] "GET /v2/campaigns/newest HTTP/2.0" 200 449 "-" "Mozilla/5.0 (Android 12; HONOR; HONOR; NTH-AN00) feiyu/5.2.14"
110.65.147.241 - - [10/Jan/2023:12:14:47 +0800] "GET /v2/users/7d928baa-fe87-44cd-95b0-216d30b39059/settings HTTP/2.0" 200 309 "-" "Mozilla/5.0 (Android 12; HONOR; HONOR; NTH-AN00) feiyu/5.2.14"
124.64.122.191 - - [10/Jan/2023:12:14:47 +0800] "OPTIONS /v2/crm/posts/96649293-d9bf-4665-ae7e-bcde922b9c5f/edit HTTP/2.0" 200 - "https://crm.fygtapp.com/" "Mozilla/5.0 (Macintosh; Intel Mac OS X 10_15_7) AppleWebKit/537.36 (KHTML, like Gecko) Chrome/108.0.0.0 Safari/537.36"
124.64.122.191 - - [10/Jan/2023:12:14:47 +0800] "PUT /v2/crm/posts/96649293-d9bf-4665-ae7e-bcde922b9c5f/edit HTTP/2.0" 200 1591 "https://crm.fygtapp.com/" "Mozilla/5.0 (Macintosh; Intel Mac OS X 10_15_7) AppleWebKit/537.36 (KHTML, like Gecko) Chrome/108.0.0.0 Safari/537.36"
124.133.136.201 - - [10/Jan/2023:12:14:47 +0800] "GET /v2/messages/unreadCount?timestamp=1970-01-01%2000%3A00%3A00 HTTP/2.0" 200 26 "-" "Mozilla/5.0 (Android 9; samsung; samsung; SM-G9550) feiyu/5.2.14"
124.133.136.201 - - [10/Jan/2023:12:14:47 +0800] "GET /v2/explore/searchHint HTTP/2.0" 200 23 "-" "Mozilla/5.0 (Android 9; samsung; samsung; SM-G9550) feiyu/5.2.14"
124.133.136.201 - - [10/Jan/2023:12:14:47 +0800] "GET /v2/users/d7d88fd1-5340-49d3-83e1-85a8752ff7ec HTTP/2.0" 200 374 "-" "Mozilla/5.0 (Android 9; samsung; samsung; SM-G9550) feiyu/5.2.14"
124.133.136.201 - - [10/Jan/2023:12:14:47 +0800] "GET /v2/users/d7d88fd1-5340-49d3-83e1-85a8752ff7ec/settings HTTP/2.0" 200 313 "-" "Mozilla/5.0 (Android 9; samsung; samsung; SM-G9550) feiyu/5.2.14"
124.133.136.201 - - [10/Jan/2023:12:14:47 +0800] "GET /v2/campaigns/newest HTTP/2.0" 200 449 "-" "Mozilla/5.0 (Android 9; samsung; samsung; SM-G9550) feiyu/5.2.14"
124.133.136.201 - - [10/Jan/2023:12:14:47 +0800] "GET /v2/clock-ins/stats HTTP/2.0" 200 382 "-" "Mozilla/5.0 (Android 9; samsung; samsung; SM-G9550) feiyu/5.2.14"
124.64.122.191 - - [10/Jan/2023:12:14:45 +0800] "GET /v2/crm/posts/query?sorting=createdAt&desc=true&publish_state=Pending×tamp=2023-01-09+16%3A44%3A09.000&size=20&show_deleted=false&show_private=false HTTP/2.0" 200 2 "https://crm.fygtapp.com/" "Mozilla/5.0 (Macintosh; Intel Mac OS X 10_15_7) AppleWebKit/537.36 (KHTML, like Gecko) Chrome/108.0.0.0 Safari/537.36"
124.133.136.201 - - [10/Jan/2023:12:14:47 +0800] "GET /v2/near/canvas-war/accounts/d7d88fd1-5340-49d3-83e1-85a8752ff7ec HTTP/2.0" 200 479 "-" "Mozilla/5.0 (Android 9; samsung; samsung; SM-G9550) feiyu/5.2.14"
124.64.122.191 - - [10/Jan/2023:12:14:48 +0800] "OPTIONS /v2/crm/posts/74170517-63fa-4723-abfd-f3a07013e9db/edit HTTP/2.0" 200 - "https://crm.fygtapp.com/" "Mozilla/5.0 (Macintosh; Intel Mac OS X 10_15_7) AppleWebKit/537.36 (KHTML, like Gecko) Chrome/108.0.0.0 Safari/537.36"
124.64.122.191 - - [10/Jan/2023:12:14:48 +0800] "PUT /v2/crm/posts/74170517-63fa-4723-abfd-f3a07013e9db/edit HTTP/2.0" 200 1709 "https://crm.fygtapp.com/" "Mozilla/5.0 (Macintosh; Intel Mac OS X 10_15_7) AppleWebKit/537.36 (KHTML, like Gecko) Chrome/108.0.0.0 Safari/537.36"
110.65.147.241 - - [10/Jan/2023:12:14:49 +0800] "GET /v2/lab-projects HTTP/2.0" 200 24899 "-" "Mozilla/5.0 (Android 12; HONOR; HONOR; NTH-AN00) feiyu/5.2.14"
110.65.147.241 - - [10/Jan/2023:12:14:49 +0800] "GET /v2/lab-projects/active-users-count HTTP/2.0" 200 14 "-" "Mozilla/5.0 (Android 12; HONOR; HONOR; NTH-AN00) feiyu/5.2.14"
124.64.122.191 - - [10/Jan/2023:12:14:50 +0800] "OPTIONS /v2/crm/posts/3f04afb6-2312-4529-a70f-473f6135e5b5/edit HTTP/2.0" 200 - "https://crm.fygtapp.com/" "Mozilla/5.0 (Macintosh; Intel Mac OS X 10_15_7) AppleWebKit/537.36 (KHTML, like Gecko) Chrome/108.0.0.0 Safari/537.36"
124.64.122.191 - - [10/Jan/2023:12:14:50 +0800] "PUT /v2/crm/posts/3f04afb6-2312-4529-a70f-473f6135e5b5/edit HTTP/2.0" 200 1639 "https://crm.fygtapp.com/" "Mozilla/5.0 (Macintosh; Intel Mac OS X 10_15_7) AppleWebKit/537.36 (KHTML, like Gecko) Chrome/108.0.0.0 Safari/537.36"
124.133.136.201 - - [10/Jan/2023:12:14:51 +0800] "GET /v2/gallery/randomImagesV2?size=50&width=540&category_safe_id=d1569b14-497d-474c-8c41-732c10584cb4&content=%E8%8D%89 HTTP/2.0" 200 23099 "-" "Mozilla/5.0 (Android 9; samsung; samsung; SM-G9550) feiyu/5.2.14"
124.64.122.191 - - [10/Jan/2023:12:14:52 +0800] "OPTIONS /v2/crm/posts/query?sorting=createdAt&desc=true&publish_state=Pending&size=20&show_deleted=false&show_private=false HTTP/2.0" 200 - "https://crm.fygtapp.com/" "Mozilla/5.0 (Macintosh; Intel Mac OS X 10_15_7) AppleWebKit/537.36 (KHTML, like Gecko) Chrome/108.0.0.0 Safari/537.36"
124.64.122.191 - - [10/Jan/2023:12:14:52 +0800] "GET /v2/crm/posts/query?sorting=createdAt&desc=true&publish_state=Pending&size=20&show_deleted=false&show_private=false HTTP/2.0" 200 2 "https://crm.fygtapp.com/" "Mozilla/5.0 (Macintosh; Intel Mac OS X 10_15_7) AppleWebKit/537.36 (KHTML, like Gecko) Chrome/108.0.0.0 Safari/537.36"
110.65.147.241 - - [10/Jan/2023:12:14:56 +0800] "GET /v2/campaigns/newest HTTP/2.0" 200 447 "-" "Mozilla/5.0 (Android 12; HONOR; HONOR; NTH-AN00) feiyu/5.2.14"
110.65.147.241 - - [10/Jan/2023:12:14:56 +0800] "GET /v2/app/randomHomeBackgroundImageV2 HTTP/2.0" 200 289 "-" "Mozilla/5.0 (Android 12; HONOR; HONOR; NTH-AN00) feiyu/5.2.14"
124.64.122.191 - - [10/Jan/2023:12:14:57 +0800] "OPTIONS /v2/crm/posts/query?sorting=createdAt&desc=true&publish_state=Featured&size=20&show_deleted=false&show_private=false HTTP/2.0" 200 - "https://crm.fygtapp.com/" "Mozilla/5.0 (Macintosh; Intel Mac OS X 10_15_7) AppleWebKit/537.36 (KHTML, like Gecko) Chrome/108.0.0.0 Safari/537.36"
124.133.136.201 - - [10/Jan/2023:12:14:57 +0800] "GET /v2/explore/searchHint HTTP/2.0" 200 23 "-" "Mozilla/5.0 (Android 9; samsung; samsung; SM-G9550) feiyu/5.2.14"
124.133.136.201 - - [10/Jan/2023:12:14:57 +0800] "GET /v2/messages/unreadCount?timestamp=1970-01-01%2000%3A00%3A00 HTTP/2.0" 200 26 "-" "Mozilla/5.0 (Android 9; samsung; samsung; SM-G9550) feiyu/5.2.14"
124.133.136.201 - - [10/Jan/2023:12:14:57 +0800] "GET /v2/users/d7d88fd1-5340-49d3-83e1-85a8752ff7ec/settings HTTP/2.0" 200 313 "-" "Mozilla/5.0 (Android 9; samsung; samsung; SM-G9550) feiyu/5.2.14"
124.133.136.201 - - [10/Jan/2023:12:14:57 +0800] "GET /v2/campaigns/newest HTTP/2.0" 200 447 "-" "Mozilla/5.0 (Android 9; samsung; samsung; SM-G9550) feiyu/5.2.14"
124.133.136.201 - - [10/Jan/2023:12:14:57 +0800] "GET /v2/users/d7d88fd1-5340-49d3-83e1-85a8752ff7ec HTTP/2.0" 200 374 "-" "Mozilla/5.0 (Android 9; samsung; samsung; SM-G9550) feiyu/5.2.14"
124.133.136.201 - - [10/Jan/2023:12:14:57 +0800] "GET /v2/clock-ins/stats HTTP/2.0" 200 382 "-" "Mozilla/5.0 (Android 9; samsung; samsung; SM-G9550) feiyu/5.2.14"
124.133.136.201 - - [10/Jan/2023:12:14:57 +0800] "GET /v2/near/canvas-war/accounts/d7d88fd1-5340-49d3-83e1-85a8752ff7ec HTTP/2.0" 200 479 "-" "Mozilla/5.0 (Android 9; samsung; samsung; SM-G9550) feiyu/5.2.14"
124.133.136.201 - - [10/Jan/2023:12:14:59 +0800] "GET /v2/messages/unreadCount?timestamp=1970-01-01%2000%3A00%3A00 HTTP/2.0" 200 26 "-" "Mozilla/5.0 (Android 9; samsung; samsung; SM-G9550) feiyu/5.2.14"
124.133.136.201 - - [10/Jan/2023:12:14:59 +0800] "GET /v2/users/d7d88fd1-5340-49d3-83e1-85a8752ff7ec HTTP/2.0" 200 374 "-" "Mozilla/5.0 (Android 9; samsung; samsung; SM-G9550) feiyu/5.2.14"
124.64.122.191 - - [10/Jan/2023:12:14:57 +0800] "GET /v2/crm/posts/query?sorting=createdAt&desc=true&publish_state=Featured&size=20&show_deleted=false&show_private=false HTTP/2.0" 200 59434 "https://crm.fygtapp.com/" "Mozilla/5.0 (Macintosh; Intel Mac OS X 10_15_7) AppleWebKit/537.36 (KHTML, like Gecko) Chrome/108.0.0.0 Safari/537.36"
138.51.89.239 - - [10/Jan/2023:12:15:04 +0800] "GET /v2/messages/unreadCount?timestamp=2023-01-10%2004%3A14%3A26 HTTP/2.0" 200 26 "-" "Mozilla/5.0 (iOS 15.6.1; Apple; Apple; iPhone14,5) feiyu/5.2.14"
138.51.89.239 - - [10/Jan/2023:12:15:05 +0800] "GET /v2/messages/list-v2 HTTP/2.0" 200 20767 "-" "Mozilla/5.0 (iOS 15.6.1; Apple; Apple; iPhone14,5) feiyu/5.2.14"
112.32.59.9 - - [10/Jan/2023:12:15:08 +0800] "GET /v2/messages/unreadCount?timestamp=1970-01-01%2000%3A00%3A00 HTTP/2.0" 200 26 "-" "Mozilla/5.0 (Android 10; HUAWEI; HUAWEI; LYA-AL00) feiyu/5.2.14"
112.32.59.9 - - [10/Jan/2023:12:15:08 +0800] "GET /v2/explore/searchHint HTTP/2.0" 200 23 "-" "Mozilla/5.0 (Android 10; HUAWEI; HUAWEI; LYA-AL00) feiyu/5.2.14"
112.32.59.9 - - [10/Jan/2023:12:15:08 +0800] "GET /v2/campaigns/newest HTTP/2.0" 200 447 "-" "Mozilla/5.0 (Android 10; HUAWEI; HUAWEI; LYA-AL00) feiyu/5.2.14"
112.32.59.9 - - [10/Jan/2023:12:15:08 +0800] "GET /v2/users/196f353e-94bd-46be-a1e1-6b3b90100540/settings HTTP/2.0" 200 313 "-" "Mozilla/5.0 (Android 10; HUAWEI; HUAWEI; LYA-AL00) feiyu/5.2.14"
112.32.59.9 - - [10/Jan/2023:12:15:16 +0800] "GET /v2/gallery/randomImagesV2?size=50&width=540&category_safe_id=d1569b14-497d-474c-8c41-732c10584cb4&content=%E7%AC%AC%E4%B8%80%E6%AC%A1%E5%8F%91%E5%B8%96%0A%E8%AF%B7%E5%A4%A7%E5%AE%B6%E6%89%B9%E8%AF%84%E6%8C%87%E6%AD%A3 HTTP/2.0" 200 23297 "-" "Mozilla/5.0 (Android 10; HUAWEI; HUAWEI; LYA-AL00) feiyu/5.2.14"
1.57.1.191 - - [10/Jan/2023:12:15:29 +0800] "GET /v2/app/tiamat-info HTTP/2.0" 200 16 "-" "Mozilla/5.0 (Android 12; HUAWEI; HUAWEI; DBY-W09) feiyu/5.2.14"
1.57.1.191 - - [10/Jan/2023:12:15:29 +0800] "GET /v2/app/ab-test-status HTTP/2.0" 200 16 "-" "Mozilla/5.0 (Android 12; HUAWEI; HUAWEI; DBY-W09) feiyu/5.2.14"
1.57.1.191 - - [10/Jan/2023:12:15:29 +0800] "GET /v2/app/upgrade?version_code=65&platform=Android HTTP/2.0" 200 4 "-" "Mozilla/5.0 (Android 12; HUAWEI; HUAWEI; DBY-W09) feiyu/5.2.14"
1.57.1.191 - - [10/Jan/2023:12:15:30 +0800] "GET /v2/lab-projects HTTP/2.0" 200 24893 "-" "Mozilla/5.0 (Android 12; HUAWEI; HUAWEI; DBY-W09) feiyu/5.2.14"
1.57.1.191 - - [10/Jan/2023:12:15:30 +0800] "GET /v2/app/upgrade?version_code=65&platform=Android HTTP/2.0" 200 4 "-" "Mozilla/5.0 (Android 12; HUAWEI; HUAWEI; DBY-W09) feiyu/5.2.14"
1.57.1.191 - - [10/Jan/2023:12:15:31 +0800] "GET /v2/messages/unreadCount?timestamp=2022-12-31%2022%3A14%3A32 HTTP/2.0" 200 26 "-" "Mozilla/5.0 (Android 12; HUAWEI; HUAWEI; DBY-W09) feiyu/5.2.14"
1.57.1.191 - - [10/Jan/2023:12:15:31 +0800] "GET /v2/users/e7f0ef79-3b76-440f-9715-03c4484f018d/settings HTTP/2.0" 200 310 "-" "Mozilla/5.0 (Android 12; HUAWEI; HUAWEI; DBY-W09) feiyu/5.2.14"
1.57.1.191 - - [10/Jan/2023:12:15:31 +0800] "GET /v2/campaigns/newest HTTP/2.0" 200 443 "-" "Mozilla/5.0 (Android 12; HUAWEI; HUAWEI; DBY-W09) feiyu/5.2.14"
1.57.1.191 - - [10/Jan/2023:12:15:31 +0800] "GET /v2/explore/searchHint HTTP/2.0" 200 23 "-" "Mozilla/5.0 (Android 12; HUAWEI; HUAWEI; DBY-W09) feiyu/5.2.14"
1.57.1.191 - - [10/Jan/2023:12:15:31 +0800] "GET /v2/explore/banner?scene=2 HTTP/2.0" 200 441 "-" "Mozilla/5.0 (Android 12; HUAWEI; HUAWEI; DBY-W09) feiyu/5.2.14"
1.57.1.191 - - [10/Jan/2023:12:15:31 +0800] "GET /v2/posts/followees-v5?type=0&size=20&image_width=1600&background_width=532 HTTP/2.0" 200 51189 "-" "Mozilla/5.0 (Android 12; HUAWEI; HUAWEI; DBY-W09) feiyu/5.2.14"
1.57.1.191 - - [10/Jan/2023:12:15:31 +0800] "GET /v2/content-series/explore HTTP/2.0" 200 68547 "-" "Mozilla/5.0 (Android 12; HUAWEI; HUAWEI; DBY-W09) feiyu/5.2.14"
1.57.1.191 - - [10/Jan/2023:12:15:31 +0800] "GET /v2/posts/followees-v5?type=0&size=20&image_width=1600&background_width=532 HTTP/2.0" 200 51215 "-" "Mozilla/5.0 (Android 12; HUAWEI; HUAWEI; DBY-W09) feiyu/5.2.14"
1.57.1.191 - - [10/Jan/2023:12:15:32 +0800] "GET /v2/explore/banner?scene=1 HTTP/2.0" 200 2310 "-" "Mozilla/5.0 (Android 12; HUAWEI; HUAWEI; DBY-W09) feiyu/5.2.14"
111.37.131.12 - - [10/Jan/2023:12:15:33 +0800] "GET /v2/app/tiamat-info HTTP/2.0" 200 16 "-" "Mozilla/5.0 (Android 11; UNICOMVSENS; UNICOMVSENS; VP004) feiyu/5.2.14"
111.37.131.12 - - [10/Jan/2023:12:15:33 +0800] "GET /v2/app/upgrade?version_code=65&platform=Android HTTP/2.0" 200 4 "-" "Mozilla/5.0 (Android 11; UNICOMVSENS; UNICOMVSENS; VP004) feiyu/5.2.14"
111.37.131.12 - - [10/Jan/2023:12:15:33 +0800] "GET /v2/app/ab-test-status HTTP/2.0" 200 16 "-" "Mozilla/5.0 (Android 11; UNICOMVSENS; UNICOMVSENS; VP004) feiyu/5.2.14"
1.57.1.191 - - [10/Jan/2023:12:15:33 +0800] "GET /v2/messages/unreadCount?timestamp=2022-12-31%2022%3A14%3A32 HTTP/2.0" 200 26 "-" "Mozilla/5.0 (Android 12; HUAWEI; HUAWEI; DBY-W09) feiyu/5.2.14"
1.57.1.191 - - [10/Jan/2023:12:15:33 +0800] "GET /v2/users/e7f0ef79-3b76-440f-9715-03c4484f018d HTTP/2.0" 200 511 "-" "Mozilla/5.0 (Android 12; HUAWEI; HUAWEI; DBY-W09) feiyu/5.2.14"
1.57.1.191 - - [10/Jan/2023:12:15:33 +0800] "GET /v2/users/e7f0ef79-3b76-440f-9715-03c4484f018d HTTP/2.0" 200 511 "-" "Mozilla/5.0 (Android 12; HUAWEI; HUAWEI; DBY-W09) feiyu/5.2.14"
1.57.1.191 - - [10/Jan/2023:12:15:33 +0800] "GET /v2/users/e7f0ef79-3b76-440f-9715-03c4484f018d HTTP/2.0" 200 511 "-" "Mozilla/5.0 (Android 12; HUAWEI; HUAWEI; DBY-W09) feiyu/5.2.14"
1.57.1.191 - - [10/Jan/2023:12:15:33 +0800] "GET /v2/clock-ins/stats HTTP/2.0" 200 385 "-" "Mozilla/5.0 (Android 12; HUAWEI; HUAWEI; DBY-W09) feiyu/5.2.14"
1.57.1.191 - - [10/Jan/2023:12:15:33 +0800] "GET /v2/users/e7f0ef79-3b76-440f-9715-03c4484f018d/favoritedPosts?size=20&image_width=1600&background_width=532 HTTP/2.0" 200 2 "-" "Mozilla/5.0 (Android 12; HUAWEI; HUAWEI; DBY-W09) feiyu/5.2.14"
1.57.1.191 - - [10/Jan/2023:12:15:33 +0800] "GET /v2/users/e7f0ef79-3b76-440f-9715-03c4484f018d/likedPostsV2?guest=false&size=20&image_width=1600&background_width=532 HTTP/2.0" 200 57909 "-" "Mozilla/5.0 (Android 12; HUAWEI; HUAWEI; DBY-W09) feiyu/5.2.14"
1.57.1.191 - - [10/Jan/2023:12:15:33 +0800] "GET /v2/users/e7f0ef79-3b76-440f-9715-03c4484f018d/createdPostsV2?guest=false&size=20&image_width=1600&background_width=532 HTTP/2.0" 200 46346 "-" "Mozilla/5.0 (Android 12; HUAWEI; HUAWEI; DBY-W09) feiyu/5.2.14"
1.57.1.191 - - [10/Jan/2023:12:15:33 +0800] "GET /v2/near/canvas-war/accounts/e7f0ef79-3b76-440f-9715-03c4484f018d HTTP/2.0" 200 626 "-" "Mozilla/5.0 (Android 12; HUAWEI; HUAWEI; DBY-W09) feiyu/5.2.14"
1.57.1.191 - - [10/Jan/2023:12:15:32 +0800] "GET /v2/posts/trending-v2?page=1&size=20&image_width=1600&background_width=532 HTTP/2.0" 200 85465 "-" "Mozilla/5.0 (Android 12; HUAWEI; HUAWEI; DBY-W09) feiyu/5.2.14"
112.32.59.9 - - [10/Jan/2023:12:15:44 +0800] "GET /v2/gallery/images/85627aaa-b99f-49f9-9287-5156bf8c14dc?width=1080 HTTP/2.0" 200 454 "-" "Mozilla/5.0 (Android 10; HUAWEI; HUAWEI; LYA-AL00) feiyu/5.2.14"
112.32.59.9 - - [10/Jan/2023:12:15:46 +0800] "POST /v2/app/upload HTTP/2.0" 200 349 "-" "Mozilla/5.0 (Android 10; HUAWEI; HUAWEI; LYA-AL00) feiyu/5.2.14"
112.32.59.9 - - [10/Jan/2023:12:15:46 +0800] "POST /v2/posts/uploadCompleteV2 HTTP/2.0" 200 1158 "-" "Mozilla/5.0 (Android 10; HUAWEI; HUAWEI; LYA-AL00) feiyu/5.2.14"
223.65.184.95 - - [10/Jan/2023:12:16:09 +0800] "GET /v2/app/ab-test-status HTTP/2.0" 200 16 "-" "Mozilla/5.0 (Android 12; blackshark; blackshark; SHARK KTUS-A0) feiyu/5.2.14"
223.65.184.95 - - [10/Jan/2023:12:16:09 +0800] "GET /v2/app/tiamat-info HTTP/2.0" 200 16 "-" "Mozilla/5.0 (Android 12; blackshark; blackshark; SHARK KTUS-A0) feiyu/5.2.14"
223.65.184.95 - - [10/Jan/2023:12:16:09 +0800] "GET /v2/app/upgrade?version_code=65&platform=Android HTTP/2.0" 200 4 "-" "Mozilla/5.0 (Android 12; blackshark; blackshark; SHARK KTUS-A0) feiyu/5.2.14"
223.65.184.95 - - [10/Jan/2023:12:16:10 +0800] "GET /v2/lab-projects HTTP/2.0" 200 24915 "-" "Mozilla/5.0 (Android 12; blackshark; blackshark; SHARK KTUS-A0) feiyu/5.2.14"
223.65.184.95 - - [10/Jan/2023:12:16:10 +0800] "GET /v2/app/upgrade?version_code=65&platform=Android HTTP/2.0" 200 4 "-" "Mozilla/5.0 (Android 12; blackshark; blackshark; SHARK KTUS-A0) feiyu/5.2.14"
223.65.184.95 - - [10/Jan/2023:12:16:10 +0800] "GET /v2/messages/unreadCount?timestamp=2023-01-06%2001%3A11%3A39 HTTP/2.0" 200 26 "-" "Mozilla/5.0 (Android 12; blackshark; blackshark; SHARK KTUS-A0) feiyu/5.2.14"
223.65.184.95 - - [10/Jan/2023:12:16:10 +0800] "GET /v2/users/55e46491-7727-4826-936b-512ee95c3fc4/settings HTTP/2.0" 200 310 "-" "Mozilla/5.0 (Android 12; blackshark; blackshark; SHARK KTUS-A0) feiyu/5.2.14"
223.65.184.95 - - [10/Jan/2023:12:16:10 +0800] "GET /v2/campaigns/newest HTTP/2.0" 200 443 "-" "Mozilla/5.0 (Android 12; blackshark; blackshark; SHARK KTUS-A0) feiyu/5.2.14"
223.104.175.1 - - [10/Jan/2023:12:16:10 +0800] "GET /v2/campaigns/newest HTTP/2.0" 200 443 "-" "Mozilla/5.0 (Android 10; OPPO; OPPO; PCAM10) feiyu/5.1.6"
223.104.175.1 - - [10/Jan/2023:12:16:10 +0800] "GET /v2/users/82553533-7bf6-40e5-af3f-c4d3dd27db03/settings HTTP/2.0" 200 313 "-" "Mozilla/5.0 (Android 10; OPPO; OPPO; PCAM10) feiyu/5.1.6"
223.65.184.95 - - [10/Jan/2023:12:16:10 +0800] "GET /v2/explore/searchHint HTTP/2.0" 200 23 "-" "Mozilla/5.0 (Android 12; blackshark; blackshark; SHARK KTUS-A0) feiyu/5.2.14"
223.65.184.95 - - [10/Jan/2023:12:16:10 +0800] "GET /v2/explore/banner?scene=2 HTTP/2.0" 200 449 "-" "Mozilla/5.0 (Android 12; blackshark; blackshark; SHARK KTUS-A0) feiyu/5.2.14"
223.65.184.95 - - [10/Jan/2023:12:16:10 +0800] "GET /v2/content-series/explore HTTP/2.0" 200 68527 "-" "Mozilla/5.0 (Android 12; blackshark; blackshark; SHARK KTUS-A0) feiyu/5.2.14"
223.65.184.95 - - [10/Jan/2023:12:16:10 +0800] "GET /v2/posts/followees-v5?type=0&size=20&image_width=1080&background_width=359 HTTP/2.0" 200 88417 "-" "Mozilla/5.0 (Android 12; blackshark; blackshark; SHARK KTUS-A0) feiyu/5.2.14"
223.65.184.95 - - [10/Jan/2023:12:16:10 +0800] "GET /v2/posts/followees-v5?type=0&size=20&image_width=1080&background_width=359 HTTP/2.0" 200 88417 "-" "Mozilla/5.0 (Android 12; blackshark; blackshark; SHARK KTUS-A0) feiyu/5.2.14"
223.65.184.95 - - [10/Jan/2023:12:16:11 +0800] "GET /v2/explore/banner?scene=1 HTTP/2.0" 200 2310 "-" "Mozilla/5.0 (Android 12; blackshark; blackshark; SHARK KTUS-A0) feiyu/5.2.14"
223.65.184.95 - - [10/Jan/2023:12:16:11 +0800] "GET /v2/posts/recommended/sticky?image_width=1080&background_width=359 HTTP/2.0" 200 3856 "-" "Mozilla/5.0 (Android 12; blackshark; blackshark; SHARK KTUS-A0) feiyu/5.2.14"
223.65.184.95 - - [10/Jan/2023:12:16:11 +0800] "GET /v2/posts/recommended?size=20&image_width=1080&background_width=359 HTTP/2.0" 200 59021 "-" "Mozilla/5.0 (Android 12; blackshark; blackshark; SHARK KTUS-A0) feiyu/5.2.14"
223.65.184.95 - - [10/Jan/2023:12:16:11 +0800] "GET /v2/ads?scene=0 HTTP/2.0" 200 2 "-" "Mozilla/5.0 (Android 12; blackshark; blackshark; SHARK KTUS-A0) feiyu/5.2.14"
