39.154.128.115 - - [10/Jan/2023:11:40:21 +0800] "GET /v2/users/a4c9af21-aaad-4d15-8a75-775af6fb584d/createdPostsV2?guest=false&size=20&image_width=1080&background_width=359 HTTP/2.0" 200 2 "-" "Mozilla/5.0 (Android 12; vivo; vivo; V2203A) feiyu/5.2.14"
39.154.128.115 - - [10/Jan/2023:11:40:21 +0800] "GET /v2/users/a4c9af21-aaad-4d15-8a75-775af6fb584d HTTP/2.0" 200 424 "-" "Mozilla/5.0 (Android 12; vivo; vivo; V2203A) feiyu/5.2.14"
39.154.128.115 - - [10/Jan/2023:11:40:21 +0800] "GET /v2/messages/unreadCount?timestamp=1970-01-01%2000%3A00%3A00 HTTP/2.0" 200 26 "-" "Mozilla/5.0 (Android 12; vivo; vivo; V2203A) feiyu/5.2.14"
39.154.128.115 - - [10/Jan/2023:11:40:21 +0800] "GET /v2/users/a4c9af21-aaad-4d15-8a75-775af6fb584d HTTP/2.0" 200 424 "-" "Mozilla/5.0 (Android 12; vivo; vivo; V2203A) feiyu/5.2.14"
39.154.128.115 - - [10/Jan/2023:11:40:21 +0800] "GET /v2/users/a4c9af21-aaad-4d15-8a75-775af6fb584d/likedPostsV2?guest=false&size=20&image_width=1080&background_width=359 HTTP/2.0" 200 2 "-" "Mozilla/5.0 (Android 12; vivo; vivo; V2203A) feiyu/5.2.14"
39.154.128.115 - - [10/Jan/2023:11:40:21 +0800] "GET /v2/users/a4c9af21-aaad-4d15-8a75-775af6fb584d/favoritedPosts?size=20&image_width=1080&background_width=359 HTTP/2.0" 200 2 "-" "Mozilla/5.0 (Android 12; vivo; vivo; V2203A) feiyu/5.2.14"
175.2.21.170 - - [10/Jan/2023:11:40:21 +0800] "GET /v2/gallery/categories/1ab7a131-0b87-4435-a849-7b1aeaee0167/imagesV3?page=1&size=20&width=360 HTTP/2.0" 200 9479 "-" "Mozilla/5.0 (Android 12; Xiaomi; Xiaomi; M2102J2SC) feiyu/5.2.11"
175.2.21.170 - - [10/Jan/2023:11:40:21 +0800] "GET /v2/gallery/categories/1ab7a131-0b87-4435-a849-7b1aeaee0167/imagesV3?page=2&size=20&width=360 HTTP/2.0" 200 9478 "-" "Mozilla/5.0 (Android 12; Xiaomi; Xiaomi; M2102J2SC) feiyu/5.2.11"
39.171.223.16 - - [10/Jan/2023:11:40:23 +0800] "GET /v2/gallery/images/query?key=%E8%8A%B1&page=1&size=20&show_favorite_status=true HTTP/2.0" 200 9681 "-" "Mozilla/5.0 (Android 11; PTAC; Hinova; Hera-BD00) feiyu/5.2.14"
39.171.223.16 - - [10/Jan/2023:11:40:23 +0800] "GET /v2/gallery/images/query?key=%E8%8A%B1&page=7&size=20&show_favorite_status=true HTTP/2.0" 200 9757 "-" "Mozilla/5.0 (Android 11; PTAC; Hinova; Hera-BD00) feiyu/5.2.14"
223.104.194.156 - - [10/Jan/2023:11:40:24 +0800] "GET /v2/users/f6061cda-c665-4350-a30e-7c181a0d28f8/likedPostsV2?guest=true&size=20&image_width=1080&background_width=359 HTTP/2.0" 200 2 "-" "Mozilla/5.0 (Android 12; HONOR; HONOR; ANY-AN00) feiyu/5.2.14"
223.104.194.156 - - [10/Jan/2023:11:40:24 +0800] "GET /v2/users/f6061cda-c665-4350-a30e-7c181a0d28f8/createdPostsV2?guest=true&size=20&image_width=1080&background_width=359 HTTP/2.0" 200 2 "-" "Mozilla/5.0 (Android 12; HONOR; HONOR; ANY-AN00) feiyu/5.2.14"
223.104.194.156 - - [10/Jan/2023:11:40:24 +0800] "GET /v2/users/f6061cda-c665-4350-a30e-7c181a0d28f8 HTTP/2.0" 200 407 "-" "Mozilla/5.0 (Android 12; HONOR; HONOR; ANY-AN00) feiyu/5.2.14"
113.248.164.118 - - [10/Jan/2023:11:40:24 +0800] "GET /v2/messages/unreadCount?timestamp=1970-01-01%2000%3A00%3A00 HTTP/2.0" 200 26 "-" "Mozilla/5.0 (Android 12; Xiaomi; Redmi; M2012K11AC) feiyu/5.2.14"
113.248.164.118 - - [10/Jan/2023:11:40:24 +0800] "GET /v2/campaigns/newest HTTP/2.0" 200 443 "-" "Mozilla/5.0 (Android 12; Xiaomi; Redmi; M2012K11AC) feiyu/5.2.14"
113.248.164.118 - - [10/Jan/2023:11:40:24 +0800] "GET /v2/users/bdb1d210-3f5f-4472-9c4f-b0d69010e4b0/settings HTTP/2.0" 200 313 "-" "Mozilla/5.0 (Android 12; Xiaomi; Redmi; M2012K11AC) feiyu/5.2.14"
39.154.128.115 - - [10/Jan/2023:11:40:25 +0800] "GET /v2/gallery/categoriesV4 HTTP/2.0" 200 13178 "-" "Mozilla/5.0 (Android 12; vivo; vivo; V2203A) feiyu/5.2.14"
175.2.21.170 - - [10/Jan/2023:11:40:25 +0800] "GET /v2/gallery/images/7bfcdc39-732d-4c8d-87e3-4e15eaa381e3?width=1080 HTTP/2.0" 200 457 "-" "Mozilla/5.0 (Android 12; Xiaomi; Xiaomi; M2102J2SC) feiyu/5.2.11"
39.154.128.115 - - [10/Jan/2023:11:40:25 +0800] "GET /v2/gallery/categories/1e3bd6cc-e816-4cec-a975-7d2c39b1a292/imagesV3?page=1&size=20&width=360 HTTP/2.0" 200 2 "-" "Mozilla/5.0 (Android 12; vivo; vivo; V2203A) feiyu/5.2.14"
223.104.194.156 - - [10/Jan/2023:11:40:26 +0800] "GET /v2/users/4ceeda38-656d-4a22-8907-e261cda8107b/createdPostsV2?guest=true&size=20&image_width=1080&background_width=359 HTTP/2.0" 200 2 "-" "Mozilla/5.0 (Android 12; HONOR; HONOR; ANY-AN00) feiyu/5.2.14"
223.104.194.156 - - [10/Jan/2023:11:40:26 +0800] "GET /v2/users/4ceeda38-656d-4a22-8907-e261cda8107b/likedPostsV2?guest=true&size=20&image_width=1080&background_width=359 HTTP/2.0" 200 2 "-" "Mozilla/5.0 (Android 12; HONOR; HONOR; ANY-AN00) feiyu/5.2.14"
223.104.194.156 - - [10/Jan/2023:11:40:26 +0800] "GET /v2/users/4ceeda38-656d-4a22-8907-e261cda8107b HTTP/2.0" 200 405 "-" "Mozilla/5.0 (Android 12; HONOR; HONOR; ANY-AN00) feiyu/5.2.14"
223.104.194.156 - - [10/Jan/2023:11:40:28 +0800] "GET /v2/users/61adc520-a627-48c1-9f3a-eb720349dad2/createdPostsV2?guest=true&size=20&image_width=1080&background_width=359 HTTP/2.0" 200 1118 "-" "Mozilla/5.0 (Android 12; HONOR; HONOR; ANY-AN00) feiyu/5.2.14"
39.171.223.16 - - [10/Jan/2023:11:40:28 +0800] "GET /v2/gallery/images/a534b56a-5d9f-4d7a-bde6-17b2acd0bbf4?width=360 HTTP/2.0" 200 455 "-" "Mozilla/5.0 (Android 11; PTAC; Hinova; Hera-BD00) feiyu/5.2.14"
223.104.194.156 - - [10/Jan/2023:11:40:28 +0800] "GET /v2/users/61adc520-a627-48c1-9f3a-eb720349dad2/likedPostsV2?guest=true&size=20&image_width=1080&background_width=359 HTTP/2.0" 200 2 "-" "Mozilla/5.0 (Android 12; HONOR; HONOR; ANY-AN00) feiyu/5.2.14"
223.104.194.156 - - [10/Jan/2023:11:40:28 +0800] "GET /v2/users/61adc520-a627-48c1-9f3a-eb720349dad2 HTTP/2.0" 200 405 "-" "Mozilla/5.0 (Android 12; HONOR; HONOR; ANY-AN00) feiyu/5.2.14"
223.104.194.156 - - [10/Jan/2023:11:40:28 +0800] "GET /v2/users/61adc520-a627-48c1-9f3a-eb720349dad2/createdPostsV2?timestamp=2022-02-08%2000%3A20%3A52&guest=true&size=20&image_width=1080&background_width=359 HTTP/2.0" 200 2 "-" "Mozilla/5.0 (Android 12; HONOR; HONOR; ANY-AN00) feiyu/5.2.14"
175.2.21.170 - - [10/Jan/2023:11:40:29 +0800] "GET /v2/messages/unreadCount?timestamp=2022-11-30%2007%3A58%3A50 HTTP/2.0" 200 26 "-" "Mozilla/5.0 (Android 12; Xiaomi; Xiaomi; M2102J2SC) feiyu/5.2.11"
175.2.21.170 - - [10/Jan/2023:11:40:29 +0800] "GET /v2/users/3b715f09-2e49-4855-9539-9f78ce366979/settings HTTP/2.0" 200 313 "-" "Mozilla/5.0 (Android 12; Xiaomi; Xiaomi; M2102J2SC) feiyu/5.2.11"
175.2.21.170 - - [10/Jan/2023:11:40:29 +0800] "GET /v2/explore/searchHint HTTP/2.0" 200 23 "-" "Mozilla/5.0 (Android 12; Xiaomi; Xiaomi; M2102J2SC) feiyu/5.2.11"
175.2.21.170 - - [10/Jan/2023:11:40:29 +0800] "GET /v2/campaigns/newest HTTP/2.0" 200 445 "-" "Mozilla/5.0 (Android 12; Xiaomi; Xiaomi; M2102J2SC) feiyu/5.2.11"
175.2.21.170 - - [10/Jan/2023:11:40:29 +0800] "GET /v2/clock-ins/stats HTTP/2.0" 200 385 "-" "Mozilla/5.0 (Android 12; Xiaomi; Xiaomi; M2102J2SC) feiyu/5.2.11"
175.2.21.170 - - [10/Jan/2023:11:40:29 +0800] "GET /v2/users/3b715f09-2e49-4855-9539-9f78ce366979 HTTP/2.0" 200 414 "-" "Mozilla/5.0 (Android 12; Xiaomi; Xiaomi; M2102J2SC) feiyu/5.2.11"
175.2.21.170 - - [10/Jan/2023:11:40:29 +0800] "GET /v2/near/canvas-war/accounts/3b715f09-2e49-4855-9539-9f78ce366979 HTTP/2.0" 200 518 "-" "Mozilla/5.0 (Android 12; Xiaomi; Xiaomi; M2102J2SC) feiyu/5.2.11"
36.22.5.60 - - [10/Jan/2023:11:40:29 +0800] "GET /v2/app/upgrade?version_code=65&platform=Android HTTP/2.0" 200 4 "-" "Mozilla/5.0 (Android 12; HUAWEI; HUAWEI; ANA-AN00) feiyu/5.2.14"
36.22.5.60 - - [10/Jan/2023:11:40:30 +0800] "GET /v2/app/ab-test-status HTTP/2.0" 200 16 "-" "Mozilla/5.0 (Android 12; HUAWEI; HUAWEI; ANA-AN00) feiyu/5.2.14"
36.22.5.60 - - [10/Jan/2023:11:40:30 +0800] "GET /v2/app/tiamat-info HTTP/2.0" 200 16 "-" "Mozilla/5.0 (Android 12; HUAWEI; HUAWEI; ANA-AN00) feiyu/5.2.14"
223.104.194.156 - - [10/Jan/2023:11:40:30 +0800] "GET /v2/users/4ceeda38-656d-4a22-8907-e261cda8107b/createdPostsV2?guest=true&size=20&image_width=1080&background_width=359 HTTP/2.0" 200 2 "-" "Mozilla/5.0 (Android 12; HONOR; HONOR; ANY-AN00) feiyu/5.2.14"
223.104.194.156 - - [10/Jan/2023:11:40:30 +0800] "GET /v2/users/4ceeda38-656d-4a22-8907-e261cda8107b/likedPostsV2?guest=true&size=20&image_width=1080&background_width=359 HTTP/2.0" 200 2 "-" "Mozilla/5.0 (Android 12; HONOR; HONOR; ANY-AN00) feiyu/5.2.14"
223.104.194.156 - - [10/Jan/2023:11:40:30 +0800] "GET /v2/users/4ceeda38-656d-4a22-8907-e261cda8107b HTTP/2.0" 200 405 "-" "Mozilla/5.0 (Android 12; HONOR; HONOR; ANY-AN00) feiyu/5.2.14"
111.183.67.183 - - [10/Jan/2023:11:40:30 +0800] "GET /v2/gallery/images/134ed3ae-1925-4e5d-af01-d45df62b283f?width=1080 HTTP/2.0" 200 518 "-" "Mozilla/5.0 (Android 12; OnePlus; OnePlus; LE2110) feiyu/5.2.14"
183.209.225.152 - - [10/Jan/2023:11:40:31 +0800] "GET /v2/gallery/randomImagesV2?size=50&width=540&content=%E5%98%9A%E7%91%9F%E4%BA%86%E5%90%A7%EF%BC%8C%E7%9C%8B%E5%A4%B4%E7%96%BC%E4%BA%86%E5%93%A6%7E%0A555%7E HTTP/2.0" 200 23562 "-" "Mozilla/5.0 (Android 12; HUAWEI; HUAWEI; JER-AN20) feiyu/5.2.14"
223.104.194.156 - - [10/Jan/2023:11:40:31 +0800] "GET /v2/users/4ceeda38-656d-4a22-8907-e261cda8107b/followeesV2?size=20 HTTP/2.0" 200 422 "-" "Mozilla/5.0 (Android 12; HONOR; HONOR; ANY-AN00) feiyu/5.2.14"
223.104.194.156 - - [10/Jan/2023:11:40:31 +0800] "GET /v2/users/4ceeda38-656d-4a22-8907-e261cda8107b/subscribed-tags?size=20 HTTP/2.0" 200 2 "-" "Mozilla/5.0 (Android 12; HONOR; HONOR; ANY-AN00) feiyu/5.2.14"
223.104.194.156 - - [10/Jan/2023:11:40:31 +0800] "GET /v2/users/4ceeda38-656d-4a22-8907-e261cda8107b/followeesV2?timestamp=2021-10-14%2003%3A08%3A31&size=20 HTTP/2.0" 200 2 "-" "Mozilla/5.0 (Android 12; HONOR; HONOR; ANY-AN00) feiyu/5.2.14"
39.154.128.115 - - [10/Jan/2023:11:40:31 +0800] "GET /v2/gallery/categories/d1569b14-497d-474c-8c41-732c10584cb4/imagesV3?page=1&size=20&width=360 HTTP/2.0" 200 9471 "-" "Mozilla/5.0 (Android 12; vivo; vivo; V2203A) feiyu/5.2.14"
223.104.194.156 - - [10/Jan/2023:11:40:31 +0800] "GET /v2/users/4ceeda38-656d-4a22-8907-e261cda8107b/followersV2?size=20 HTTP/2.0" 200 2 "-" "Mozilla/5.0 (Android 12; HONOR; HONOR; ANY-AN00) feiyu/5.2.14"
39.154.128.115 - - [10/Jan/2023:11:40:32 +0800] "GET /v2/gallery/categories/d1569b14-497d-474c-8c41-732c10584cb4/imagesV3?page=2&size=20&width=360 HTTP/2.0" 200 9505 "-" "Mozilla/5.0 (Android 12; vivo; vivo; V2203A) feiyu/5.2.14"
39.154.128.115 - - [10/Jan/2023:11:40:21 +0800] "GET /v2/near/canvas-war/accounts/a4c9af21-aaad-4d15-8a75-775af6fb584d HTTP/2.0" 200 527 "-" "Mozilla/5.0 (Android 12; vivo; vivo; V2203A) feiyu/5.2.14"
175.2.21.170 - - [10/Jan/2023:11:40:32 +0800] "GET /v2/gallery/categories/d2a3f358-1dea-43f3-a62e-27c832e8f188/imagesV3?page=1&size=20&width=360 HTTP/2.0" 200 9477 "-" "Mozilla/5.0 (Android 12; Xiaomi; Xiaomi; M2102J2SC) feiyu/5.2.11"
223.104.31.199 - - [10/Jan/2023:11:40:33 +0800] "GET /v2/app/upgrade?platform=iOS&version_code=98 HTTP/2.0" 200 4 "-" "Mozilla/5.0 (iOS 16.1.1; Apple; Apple; iPhone12,1) feiyu/5.2.14"
223.104.31.199 - - [10/Jan/2023:11:40:33 +0800] "GET /v2/lab-projects HTTP/2.0" 200 24905 "-" "Mozilla/5.0 (iOS 16.1.1; Apple; Apple; iPhone12,1) feiyu/5.2.14"
175.2.21.170 - - [10/Jan/2023:11:40:36 +0800] "GET /v2/gallery/categories/d2a3f358-1dea-43f3-a62e-27c832e8f188/imagesV3?page=2&size=20&width=360 HTTP/2.0" 200 9475 "-" "Mozilla/5.0 (Android 12; Xiaomi; Xiaomi; M2102J2SC) feiyu/5.2.11"
39.154.128.115 - - [10/Jan/2023:11:40:36 +0800] "GET /v2/gallery/categories/d1569b14-497d-474c-8c41-732c10584cb4/imagesV3?page=3&size=20&width=360 HTTP/2.0" 200 9467 "-" "Mozilla/5.0 (Android 12; vivo; vivo; V2203A) feiyu/5.2.14"
223.104.194.156 - - [10/Jan/2023:11:40:39 +0800] "GET /v2/users/c4673dcf-d688-4514-9d9c-2445290795e8/createdPostsV2?guest=true&size=20&image_width=1080&background_width=359 HTTP/2.0" 200 2 "-" "Mozilla/5.0 (Android 12; HONOR; HONOR; ANY-AN00) feiyu/5.2.14"
223.104.194.156 - - [10/Jan/2023:11:40:39 +0800] "GET /v2/users/c4673dcf-d688-4514-9d9c-2445290795e8/likedPostsV2?guest=true&size=20&image_width=1080&background_width=359 HTTP/2.0" 200 2 "-" "Mozilla/5.0 (Android 12; HONOR; HONOR; ANY-AN00) feiyu/5.2.14"
223.104.194.156 - - [10/Jan/2023:11:40:39 +0800] "GET /v2/users/c4673dcf-d688-4514-9d9c-2445290795e8 HTTP/2.0" 200 442 "-" "Mozilla/5.0 (Android 12; HONOR; HONOR; ANY-AN00) feiyu/5.2.14"
111.183.67.183 - - [10/Jan/2023:11:40:39 +0800] "GET /v2/gallery/images/82543161-ebca-4fcf-b994-a3b573474687?width=1080 HTTP/2.0" 200 462 "-" "Mozilla/5.0 (Android 12; OnePlus; OnePlus; LE2110) feiyu/5.2.14"
39.154.128.115 - - [10/Jan/2023:11:40:39 +0800] "GET /v2/gallery/images/68799783-a544-4ffc-82fe-a83ea0d91309?width=1080 HTTP/2.0" 200 459 "-" "Mozilla/5.0 (Android 12; vivo; vivo; V2203A) feiyu/5.2.14"
121.33.124.166 - - [10/Jan/2023:11:40:39 +0800] "GET /v2/gallery/randomImagesV2?content=%E8%A9%B9%E6%98%8E%E7%BF%94%EF%BC%880333%EF%BC%89&size=50&width=390 HTTP/2.0" 200 23789 "-" "Mozilla/5.0 (iOS 16.1.1; Apple; Apple; iPhone14,7) feiyu/5.2.14"
111.183.67.183 - - [10/Jan/2023:11:40:41 +0800] "POST /v2/app/upload HTTP/2.0" 200 351 "-" "Mozilla/5.0 (Android 12; OnePlus; OnePlus; LE2110) feiyu/5.2.14"
39.154.128.115 - - [10/Jan/2023:11:40:41 +0800] "GET /v2/messages/unreadCount?timestamp=1970-01-01%2000%3A00%3A00 HTTP/2.0" 200 26 "-" "Mozilla/5.0 (Android 12; vivo; vivo; V2203A) feiyu/5.2.14"
39.154.128.115 - - [10/Jan/2023:11:40:41 +0800] "GET /v2/users/a4c9af21-aaad-4d15-8a75-775af6fb584d/settings HTTP/2.0" 200 313 "-" "Mozilla/5.0 (Android 12; vivo; vivo; V2203A) feiyu/5.2.14"
39.154.128.115 - - [10/Jan/2023:11:40:41 +0800] "GET /v2/campaigns/newest HTTP/2.0" 200 443 "-" "Mozilla/5.0 (Android 12; vivo; vivo; V2203A) feiyu/5.2.14"
39.154.128.115 - - [10/Jan/2023:11:40:41 +0800] "GET /v2/users/a4c9af21-aaad-4d15-8a75-775af6fb584d HTTP/2.0" 200 424 "-" "Mozilla/5.0 (Android 12; vivo; vivo; V2203A) feiyu/5.2.14"
39.154.128.115 - - [10/Jan/2023:11:40:41 +0800] "GET /v2/clock-ins/stats HTTP/2.0" 200 385 "-" "Mozilla/5.0 (Android 12; vivo; vivo; V2203A) feiyu/5.2.14"
39.154.128.115 - - [10/Jan/2023:11:40:41 +0800] "GET /v2/near/canvas-war/accounts/a4c9af21-aaad-4d15-8a75-775af6fb584d HTTP/2.0" 200 528 "-" "Mozilla/5.0 (Android 12; vivo; vivo; V2203A) feiyu/5.2.14"
111.183.67.183 - - [10/Jan/2023:11:40:41 +0800] "POST /v2/posts/uploadCompleteV2 HTTP/2.0" 200 1318 "-" "Mozilla/5.0 (Android 12; OnePlus; OnePlus; LE2110) feiyu/5.2.14"
39.154.128.115 - - [10/Jan/2023:11:40:42 +0800] "GET /v2/gallery/categories/d1569b14-497d-474c-8c41-732c10584cb4/imagesV3?page=4&size=20&width=360 HTTP/2.0" 200 9486 "-" "Mozilla/5.0 (Android 12; vivo; vivo; V2203A) feiyu/5.2.14"
223.104.31.199 - - [10/Jan/2023:11:40:44 +0800] "POST /v2/users/oauth HTTP/2.0" 200 929 "-" "Mozilla/5.0 (iOS 16.1.1; Apple; Apple; iPhone12,1) feiyu/5.2.14"
223.104.31.199 - - [10/Jan/2023:11:40:45 +0800] "POST /v2/users/44df273f-4880-40cb-82a1-9c17e26b2fb8/follow HTTP/2.0" 404 51 "-" "Mozilla/5.0 (iOS 16.1.1; Apple; Apple; iPhone12,1) feiyu/5.2.14"
223.104.31.199 - - [10/Jan/2023:11:40:45 +0800] "GET /v2/users/4e0d7cc3-80e1-4862-8936-6e1dec7efdd7/settings HTTP/2.0" 200 313 "-" "Mozilla/5.0 (iOS 16.1.1; Apple; Apple; iPhone12,1) feiyu/5.2.14"
39.171.223.16 - - [10/Jan/2023:11:40:45 +0800] "POST /v2/app/uploadMulti HTTP/2.0" 200 1055 "-" "Mozilla/5.0 (Android 11; PTAC; Hinova; Hera-BD00) feiyu/5.2.14"
223.104.194.156 - - [10/Jan/2023:11:40:46 +0800] "GET /v2/posts/160ec7c7-16a2-45d9-9c87-4ceb34f288fc/likes HTTP/2.0" 200 2 "-" "Mozilla/5.0 (Android 12; HONOR; HONOR; ANY-AN00) feiyu/5.2.14"
223.104.194.156 - - [10/Jan/2023:11:40:46 +0800] "GET /v2/posts/160ec7c7-16a2-45d9-9c87-4ceb34f288fc/commentsV4?size=20 HTTP/2.0" 200 2 "-" "Mozilla/5.0 (Android 12; HONOR; HONOR; ANY-AN00) feiyu/5.2.14"
223.104.194.156 - - [10/Jan/2023:11:40:46 +0800] "GET /v2/posts/160ec7c7-16a2-45d9-9c87-4ceb34f288fc/detail?image_width=1080&background_width=1080 HTTP/2.0" 200 1250 "-" "Mozilla/5.0 (Android 12; HONOR; HONOR; ANY-AN00) feiyu/5.2.14"
175.2.21.170 - - [10/Jan/2023:11:40:46 +0800] "GET /v2/messages/unreadCount?timestamp=2022-11-30%2007%3A58%3A50 HTTP/2.0" 200 26 "-" "Mozilla/5.0 (Android 12; Xiaomi; Xiaomi; M2102J2SC) feiyu/5.2.11"
175.2.21.170 - - [10/Jan/2023:11:40:46 +0800] "GET /v2/users/3b715f09-2e49-4855-9539-9f78ce366979 HTTP/2.0" 200 414 "-" "Mozilla/5.0 (Android 12; Xiaomi; Xiaomi; M2102J2SC) feiyu/5.2.11"
121.33.124.166 - - [10/Jan/2023:11:40:46 +0800] "GET /v2/gallery/images/c809d7b7-866b-44ea-a39e-022457a06db7?width=1170 HTTP/2.0" 200 510 "-" "Mozilla/5.0 (iOS 16.1.1; Apple; Apple; iPhone14,7) feiyu/5.2.14"
223.104.31.199 - - [10/Jan/2023:11:40:46 +0800] "GET /v2/posts/followeesV4?background_width=828&image_width=828&type=0 HTTP/2.0" 200 87269 "-" "Mozilla/5.0 (iOS 16.1.1; Apple; Apple; iPhone12,1) feiyu/5.2.14"
223.104.31.199 - - [10/Jan/2023:11:40:47 +0800] "GET /v2/explore/searchHint HTTP/2.0" 200 23 "-" "Mozilla/5.0 (iOS 16.1.1; Apple; Apple; iPhone12,1) feiyu/5.2.14"
223.104.31.199 - - [10/Jan/2023:11:40:47 +0800] "GET /v2/explore/banner?scene=2 HTTP/2.0" 200 441 "-" "Mozilla/5.0 (iOS 16.1.1; Apple; Apple; iPhone12,1) feiyu/5.2.14"
223.104.31.199 - - [10/Jan/2023:11:40:47 +0800] "GET /v2/explore/banner?scene=1 HTTP/2.0" 200 2312 "-" "Mozilla/5.0 (iOS 16.1.1; Apple; Apple; iPhone12,1) feiyu/5.2.14"
223.104.31.199 - - [10/Jan/2023:11:40:47 +0800] "GET /v2/ads?scene=0 HTTP/2.0" 200 2 "-" "Mozilla/5.0 (iOS 16.1.1; Apple; Apple; iPhone12,1) feiyu/5.2.14"
223.104.31.199 - - [10/Jan/2023:11:40:47 +0800] "GET /v2/posts/recommended/sticky?background_width=828&image_width=828 HTTP/2.0" 200 3844 "-" "Mozilla/5.0 (iOS 16.1.1; Apple; Apple; iPhone12,1) feiyu/5.2.14"
223.104.31.199 - - [10/Jan/2023:11:40:47 +0800] "GET /v2/content-series/explore HTTP/2.0" 200 68474 "-" "Mozilla/5.0 (iOS 16.1.1; Apple; Apple; iPhone12,1) feiyu/5.2.14"
39.171.223.16 - - [10/Jan/2023:11:40:47 +0800] "POST /v2/posts/multiUploadComplete HTTP/2.0" 200 2870 "-" "Mozilla/5.0 (Android 11; PTAC; Hinova; Hera-BD00) feiyu/5.2.14"
223.104.31.199 - - [10/Jan/2023:11:40:47 +0800] "GET /v2/posts/recommended?background_width=828&image_width=828&size=20 HTTP/2.0" 200 68256 "-" "Mozilla/5.0 (iOS 16.1.1; Apple; Apple; iPhone12,1) feiyu/5.2.14"
121.33.124.166 - - [10/Jan/2023:11:40:47 +0800] "POST /v2/app/upload HTTP/2.0" 200 349 "-" "Mozilla/5.0 (iOS 16.1.1; Apple; Apple; iPhone14,7) feiyu/5.2.14"
121.33.124.166 - - [10/Jan/2023:11:40:47 +0800] "POST /v2/posts/uploadCompleteV2 HTTP/2.0" 200 1188 "-" "Mozilla/5.0 (iOS 16.1.1; Apple; Apple; iPhone14,7) feiyu/5.2.14"
39.154.128.115 - - [10/Jan/2023:11:40:47 +0800] "GET /v2/gallery/categories/d1569b14-497d-474c-8c41-732c10584cb4/imagesV3?page=5&size=20&width=360 HTTP/2.0" 200 9483 "-" "Mozilla/5.0 (Android 12; vivo; vivo; V2203A) feiyu/5.2.14"
183.209.225.152 - - [10/Jan/2023:11:40:49 +0800] "GET /v2/gallery/categoriesV4 HTTP/2.0" 200 13176 "-" "Mozilla/5.0 (Android 12; HUAWEI; HUAWEI; JER-AN20) feiyu/5.2.14"
183.209.225.152 - - [10/Jan/2023:11:40:49 +0800] "GET /v2/gallery/categories/1e3bd6cc-e816-4cec-a975-7d2c39b1a292/imagesV3?page=1&size=20&width=540 HTTP/2.0" 200 9769 "-" "Mozilla/5.0 (Android 12; HUAWEI; HUAWEI; JER-AN20) feiyu/5.2.14"
223.104.31.199 - - [10/Jan/2023:11:40:50 +0800] "GET /v2/messages/unreadCount?timestamp=1970-01-01%2000%3A00%3A01 HTTP/2.0" 200 26 "-" "Mozilla/5.0 (iOS 16.1.1; Apple; Apple; iPhone12,1) feiyu/5.2.14"
223.104.31.199 - - [10/Jan/2023:11:40:50 +0800] "GET /v2/gallery/categoriesV4 HTTP/2.0" 200 13182 "-" "Mozilla/5.0 (iOS 16.1.1; Apple; Apple; iPhone12,1) feiyu/5.2.14"
223.104.31.199 - - [10/Jan/2023:11:40:50 +0800] "GET /v2/gallery/categories/1e3bd6cc-e816-4cec-a975-7d2c39b1a292/imagesV3?page=1&size=30&width=276 HTTP/2.0" 200 2 "-" "Mozilla/5.0 (iOS 16.1.1; Apple; Apple; iPhone12,1) feiyu/5.2.14"
39.154.128.115 - - [10/Jan/2023:11:40:51 +0800] "GET /v2/gallery/categories/d1569b14-497d-474c-8c41-732c10584cb4/imagesV3?page=6&size=20&width=360 HTTP/2.0" 200 9503 "-" "Mozilla/5.0 (Android 12; vivo; vivo; V2203A) feiyu/5.2.14"
113.248.164.118 - - [10/Jan/2023:11:40:52 +0800] "GET /v2/gallery/randomImagesV2?size=50&width=540&content=%E6%84%9F%E8%A7%89%E8%87%AA%E5%B7%B1%E5%8F%98%E5%82%BB%E4%BA%86%0A%20%20%E6%98%AF%E2%80%9C%E8%84%91%E9%9B%BE%E2%80%9D%E5%90%97%EF%BC%9F HTTP/2.0" 200 23480 "-" "Mozilla/5.0 (Android 12; Xiaomi; Redmi; M2012K11AC) feiyu/5.2.14"
39.171.223.16 - - [10/Jan/2023:11:40:52 +0800] "GET /v2/gallery/images/5db3bf19-bfb5-4ef9-a432-b94cd24dbae2?width=1080 HTTP/2.0" 200 508 "-" "Mozilla/5.0 (Android 11; PTAC; Hinova; Hera-BD00) feiyu/5.2.14"
223.104.31.199 - - [10/Jan/2023:11:40:53 +0800] "GET /v2/messages/unreadCount?timestamp=1970-01-01%2000%3A00%3A01 HTTP/2.0" 200 26 "-" "Mozilla/5.0 (iOS 16.1.1; Apple; Apple; iPhone12,1) feiyu/5.2.14"
183.209.225.152 - - [10/Jan/2023:11:40:54 +0800] "GET /v2/gallery/categories/1e3bd6cc-e816-4cec-a975-7d2c39b1a292/imagesV3?page=2&size=20&width=540 HTTP/2.0" 200 9728 "-" "Mozilla/5.0 (Android 12; HUAWEI; HUAWEI; JER-AN20) feiyu/5.2.14"
39.171.223.16 - - [10/Jan/2023:11:40:55 +0800] "GET /v2/gallery/images/5db3bf19-bfb5-4ef9-a432-b94cd24dbae2?width=1080 HTTP/2.0" 200 508 "-" "Mozilla/5.0 (Android 11; PTAC; Hinova; Hera-BD00) feiyu/5.2.14"
39.154.128.115 - - [10/Jan/2023:11:40:56 +0800] "GET /v2/gallery/categories/b9007a00-e8de-480a-9762-cbe486c12c0f/imagesV3?page=1&size=20&width=360 HTTP/2.0" 200 9556 "-" "Mozilla/5.0 (Android 12; vivo; vivo; V2203A) feiyu/5.2.14"
39.171.223.16 - - [10/Jan/2023:11:40:56 +0800] "GET /v2/gallery/categoriesV4 HTTP/2.0" 200 13190 "-" "Mozilla/5.0 (Android 11; PTAC; Hinova; Hera-BD00) feiyu/5.2.14"
39.171.223.16 - - [10/Jan/2023:11:40:56 +0800] "GET /v2/gallery/categories/1e3bd6cc-e816-4cec-a975-7d2c39b1a292/imagesV3?page=1&size=20&width=540 HTTP/2.0" 200 9591 "-" "Mozilla/5.0 (Android 11; PTAC; Hinova; Hera-BD00) feiyu/5.2.14"
39.171.223.16 - - [10/Jan/2023:11:40:58 +0800] "GET /v2/messages/unreadCount?timestamp=1970-01-01%2000%3A00%3A00 HTTP/2.0" 200 26 "-" "Mozilla/5.0 (Android 11; PTAC; Hinova; Hera-BD00) feiyu/5.2.14"
223.104.194.156 - - [10/Jan/2023:11:40:58 +0800] "GET /v2/explore/query-tag?key=%E8%9B%99&page=1&size=20&show_allow_status=false HTTP/2.0" 200 2 "-" "Mozilla/5.0 (Android 12; HONOR; HONOR; ANY-AN00) feiyu/5.2.14"
39.171.223.16 - - [10/Jan/2023:11:40:58 +0800] "GET /v2/users/1719b33f-4627-4e1e-8e7e-6da45efef366/settings HTTP/2.0" 200 313 "-" "Mozilla/5.0 (Android 11; PTAC; Hinova; Hera-BD00) feiyu/5.2.14"
39.171.223.16 - - [10/Jan/2023:11:40:58 +0800] "GET /v2/campaigns/newest HTTP/2.0" 200 443 "-" "Mozilla/5.0 (Android 11; PTAC; Hinova; Hera-BD00) feiyu/5.2.14"
223.104.194.156 - - [10/Jan/2023:11:40:58 +0800] "GET /v2/explore/queryUser?name=%E8%9B%99&show_follow_status=false&page=1&size=20 HTTP/2.0" 200 5198 "-" "Mozilla/5.0 (Android 12; HONOR; HONOR; ANY-AN00) feiyu/5.2.14"
223.104.194.156 - - [10/Jan/2023:11:40:58 +0800] "GET /v2/explore/queryPost?content=%E8%9B%99&page=1&size=20&image_width=540&background_width=540 HTTP/2.0" 200 11621 "-" "Mozilla/5.0 (Android 12; HONOR; HONOR; ANY-AN00) feiyu/5.2.14"
39.154.128.115 - - [10/Jan/2023:11:40:59 +0800] "GET /v2/gallery/categories/4320ad77-cbb4-4fa1-9d8c-4fafc8c56826/imagesV3?page=1&size=20&width=360 HTTP/2.0" 200 9506 "-" "Mozilla/5.0 (Android 12; vivo; vivo; V2203A) feiyu/5.2.14"
39.171.223.16 - - [10/Jan/2023:11:41:00 +0800] "GET /v2/users/1719b33f-4627-4e1e-8e7e-6da45efef366 HTTP/2.0" 200 418 "-" "Mozilla/5.0 (Android 11; PTAC; Hinova; Hera-BD00) feiyu/5.2.14"
39.171.223.16 - - [10/Jan/2023:11:41:00 +0800] "GET /v2/messages/unreadCount?timestamp=1970-01-01%2000%3A00%3A00 HTTP/2.0" 200 26 "-" "Mozilla/5.0 (Android 11; PTAC; Hinova; Hera-BD00) feiyu/5.2.14"
39.171.223.16 - - [10/Jan/2023:11:41:00 +0800] "GET /v2/users/1719b33f-4627-4e1e-8e7e-6da45efef366/likedPostsV2?guest=false&size=20&image_width=1080&background_width=359 HTTP/2.0" 200 2 "-" "Mozilla/5.0 (Android 11; PTAC; Hinova; Hera-BD00) feiyu/5.2.14"
39.171.223.16 - - [10/Jan/2023:11:41:00 +0800] "GET /v2/users/1719b33f-4627-4e1e-8e7e-6da45efef366 HTTP/2.0" 200 418 "-" "Mozilla/5.0 (Android 11; PTAC; Hinova; Hera-BD00) feiyu/5.2.14"
39.171.223.16 - - [10/Jan/2023:11:41:00 +0800] "GET /v2/clock-ins/stats HTTP/2.0" 200 385 "-" "Mozilla/5.0 (Android 11; PTAC; Hinova; Hera-BD00) feiyu/5.2.14"
39.171.223.16 - - [10/Jan/2023:11:41:00 +0800] "GET /v2/users/1719b33f-4627-4e1e-8e7e-6da45efef366 HTTP/2.0" 200 418 "-" "Mozilla/5.0 (Android 11; PTAC; Hinova; Hera-BD00) feiyu/5.2.14"
39.171.223.16 - - [10/Jan/2023:11:41:00 +0800] "GET /v2/users/1719b33f-4627-4e1e-8e7e-6da45efef366/favoritedPosts?size=20&image_width=1080&background_width=359 HTTP/2.0" 200 2 "-" "Mozilla/5.0 (Android 11; PTAC; Hinova; Hera-BD00) feiyu/5.2.14"
39.171.223.16 - - [10/Jan/2023:11:41:00 +0800] "GET /v2/users/1719b33f-4627-4e1e-8e7e-6da45efef366/createdPostsV2?guest=false&size=20&image_width=1080&background_width=359 HTTP/2.0" 200 37107 "-" "Mozilla/5.0 (Android 11; PTAC; Hinova; Hera-BD00) feiyu/5.2.14"
39.171.223.16 - - [10/Jan/2023:11:41:00 +0800] "GET /v2/near/canvas-war/accounts/1719b33f-4627-4e1e-8e7e-6da45efef366 HTTP/2.0" 200 520 "-" "Mozilla/5.0 (Android 11; PTAC; Hinova; Hera-BD00) feiyu/5.2.14"
39.154.128.115 - - [10/Jan/2023:11:41:00 +0800] "GET /v2/gallery/categories/243f3443-4102-4506-9141-36d6dbf50ce5/imagesV3?page=1&size=20&width=360 HTTP/2.0" 200 9527 "-" "Mozilla/5.0 (Android 12; vivo; vivo; V2203A) feiyu/5.2.14"
223.104.194.156 - - [10/Jan/2023:11:41:00 +0800] "GET /v2/users/6285ca08-c16c-4c81-afb2-65131adcf8e8/createdPostsV2?guest=true&size=20&image_width=1080&background_width=359 HTTP/2.0" 200 2 "-" "Mozilla/5.0 (Android 12; HONOR; HONOR; ANY-AN00) feiyu/5.2.14"
106.118.193.36 - - [10/Jan/2023:11:41:00 +0800] "GET /v2/gallery/images/ef45f97f-c901-4573-8d80-1cc230a00371?width=1080 HTTP/2.0" 200 459 "-" "Mozilla/5.0 (Android 11; vivo; vivo; V2133A) feiyu/5.2.14"
223.104.194.156 - - [10/Jan/2023:11:41:00 +0800] "GET /v2/users/6285ca08-c16c-4c81-afb2-65131adcf8e8/likedPostsV2?guest=true&size=20&image_width=1080&background_width=359 HTTP/2.0" 200 2 "-" "Mozilla/5.0 (Android 12; HONOR; HONOR; ANY-AN00) feiyu/5.2.14"
223.104.194.156 - - [10/Jan/2023:11:41:00 +0800] "GET /v2/users/6285ca08-c16c-4c81-afb2-65131adcf8e8 HTTP/2.0" 200 355 "-" "Mozilla/5.0 (Android 12; HONOR; HONOR; ANY-AN00) feiyu/5.2.14"
39.154.128.115 - - [10/Jan/2023:11:41:01 +0800] "GET /v2/gallery/categories/55e8c3f5-d687-40f8-9172-be70de285dbc/imagesV3?page=1&size=20&width=360 HTTP/2.0" 200 9523 "-" "Mozilla/5.0 (Android 12; vivo; vivo; V2203A) feiyu/5.2.14"
39.171.223.16 - - [10/Jan/2023:11:41:03 +0800] "GET /v2/posts/de882d2f-c9fd-4b5a-8138-617354bf34e2/commentsV4?size=20 HTTP/2.0" 200 2 "-" "Mozilla/5.0 (Android 11; PTAC; Hinova; Hera-BD00) feiyu/5.2.14"
223.104.194.156 - - [10/Jan/2023:11:41:03 +0800] "GET /v2/users/6285ca08-c16c-4c81-afb2-65131adcf8e8/followeesV2?size=20 HTTP/2.0" 200 424 "-" "Mozilla/5.0 (Android 12; HONOR; HONOR; ANY-AN00) feiyu/5.2.14"
39.171.223.16 - - [10/Jan/2023:11:41:03 +0800] "GET /v2/posts/de882d2f-c9fd-4b5a-8138-617354bf34e2/likes HTTP/2.0" 200 2 "-" "Mozilla/5.0 (Android 11; PTAC; Hinova; Hera-BD00) feiyu/5.2.14"
223.104.194.156 - - [10/Jan/2023:11:41:03 +0800] "GET /v2/users/6285ca08-c16c-4c81-afb2-65131adcf8e8/subscribed-tags?size=20 HTTP/2.0" 200 2 "-" "Mozilla/5.0 (Android 12; HONOR; HONOR; ANY-AN00) feiyu/5.2.14"
39.171.223.16 - - [10/Jan/2023:11:41:03 +0800] "GET /v2/posts/de882d2f-c9fd-4b5a-8138-617354bf34e2/detail?image_width=1080&background_width=1080 HTTP/2.0" 200 3095 "-" "Mozilla/5.0 (Android 11; PTAC; Hinova; Hera-BD00) feiyu/5.2.14"
223.104.194.156 - - [10/Jan/2023:11:41:03 +0800] "GET /v2/users/6285ca08-c16c-4c81-afb2-65131adcf8e8/followeesV2?timestamp=2021-09-06%2008%3A26%3A05&size=20 HTTP/2.0" 200 2 "-" "Mozilla/5.0 (Android 12; HONOR; HONOR; ANY-AN00) feiyu/5.2.14"
223.104.194.156 - - [10/Jan/2023:11:41:03 +0800] "GET /v2/users/6285ca08-c16c-4c81-afb2-65131adcf8e8/followersV2?size=20 HTTP/2.0" 200 2 "-" "Mozilla/5.0 (Android 12; HONOR; HONOR; ANY-AN00) feiyu/5.2.14"
39.154.128.115 - - [10/Jan/2023:11:41:04 +0800] "GET /v2/gallery/categories/5ccda0b7-3979-4de5-9516-d759cc604e69/imagesV3?page=1&size=20&width=360 HTTP/2.0" 200 9518 "-" "Mozilla/5.0 (Android 12; vivo; vivo; V2203A) feiyu/5.2.14"
183.209.225.152 - - [10/Jan/2023:11:41:04 +0800] "GET /v2/gallery/categories/1e3bd6cc-e816-4cec-a975-7d2c39b1a292/imagesV3?page=3&size=20&width=540 HTTP/2.0" 200 9719 "-" "Mozilla/5.0 (Android 12; HUAWEI; HUAWEI; JER-AN20) feiyu/5.2.14"
39.154.128.115 - - [10/Jan/2023:11:41:05 +0800] "GET /v2/gallery/categories/2a07ecd5-8606-4b06-bd13-f00cd0e471b9/imagesV3?page=1&size=20&width=360 HTTP/2.0" 200 9601 "-" "Mozilla/5.0 (Android 12; vivo; vivo; V2203A) feiyu/5.2.14"
183.209.225.152 - - [10/Jan/2023:11:41:06 +0800] "GET /v2/gallery/categories/d2a3f358-1dea-43f3-a62e-27c832e8f188/imagesV3?page=1&size=20&width=540 HTTP/2.0" 200 9487 "-" "Mozilla/5.0 (Android 12; HUAWEI; HUAWEI; JER-AN20) feiyu/5.2.14"
183.209.225.152 - - [10/Jan/2023:11:41:10 +0800] "GET /v2/gallery/categories/d2a3f358-1dea-43f3-a62e-27c832e8f188/imagesV3?page=2&size=20&width=540 HTTP/2.0" 200 9473 "-" "Mozilla/5.0 (Android 12; HUAWEI; HUAWEI; JER-AN20) feiyu/5.2.14"
39.154.128.115 - - [10/Jan/2023:11:41:10 +0800] "GET /v2/gallery/categories/d2a3f358-1dea-43f3-a62e-27c832e8f188/imagesV3?page=1&size=20&width=360 HTTP/2.0" 200 9481 "-" "Mozilla/5.0 (Android 12; vivo; vivo; V2203A) feiyu/5.2.14"
223.104.194.156 - - [10/Jan/2023:11:41:11 +0800] "GET /v2/explore/query-tag?key=%E8%9B%99&page=1&size=20&show_allow_status=false HTTP/2.0" 200 2 "-" "Mozilla/5.0 (Android 12; HONOR; HONOR; ANY-AN00) feiyu/5.2.14"
223.104.194.156 - - [10/Jan/2023:11:41:11 +0800] "GET /v2/explore/queryUser?name=%E8%9B%99&show_follow_status=false&page=1&size=20 HTTP/2.0" 200 5198 "-" "Mozilla/5.0 (Android 12; HONOR; HONOR; ANY-AN00) feiyu/5.2.14"
223.104.194.156 - - [10/Jan/2023:11:41:11 +0800] "GET /v2/explore/queryPost?content=%E8%9B%99&page=1&size=20&image_width=540&background_width=540 HTTP/2.0" 200 11627 "-" "Mozilla/5.0 (Android 12; HONOR; HONOR; ANY-AN00) feiyu/5.2.14"
39.154.128.115 - - [10/Jan/2023:11:41:15 +0800] "GET /v2/gallery/categories/57ae3f3f-f384-45aa-9fcd-84b2f9728cf2/imagesV3?page=1&size=20&width=360 HTTP/2.0" 200 9490 "-" "Mozilla/5.0 (Android 12; vivo; vivo; V2203A) feiyu/5.2.14"
223.104.194.156 - - [10/Jan/2023:11:41:16 +0800] "GET /v2/explore/queryUser?name=%E8%9B%99&show_follow_status=false&page=1&size=20 HTTP/2.0" 200 5194 "-" "Mozilla/5.0 (Android 12; HONOR; HONOR; ANY-AN00) feiyu/5.2.14"
223.104.194.156 - - [10/Jan/2023:11:41:16 +0800] "GET /v2/explore/queryPost?content=%E8%9B%99&page=1&size=20&image_width=540&background_width=540 HTTP/2.0" 200 11621 "-" "Mozilla/5.0 (Android 12; HONOR; HONOR; ANY-AN00) feiyu/5.2.14"
223.104.194.156 - - [10/Jan/2023:11:41:16 +0800] "GET /v2/explore/query-tag?key=%E8%9B%99&page=1&size=20&show_allow_status=false HTTP/2.0" 200 2 "-" "Mozilla/5.0 (Android 12; HONOR; HONOR; ANY-AN00) feiyu/5.2.14"
106.118.193.36 - - [10/Jan/2023:11:41:17 +0800] "GET /v2/gallery/images/ef45f97f-c901-4573-8d80-1cc230a00371?width=1080 HTTP/2.0" 200 457 "-" "Mozilla/5.0 (Android 11; vivo; vivo; V2133A) feiyu/5.2.14"
223.104.194.156 - - [10/Jan/2023:11:41:18 +0800] "GET /v2/explore/queryUser?name=%E8%9B%99&show_follow_status=false&page=1&size=20 HTTP/2.0" 200 5196 "-" "Mozilla/5.0 (Android 12; HONOR; HONOR; ANY-AN00) feiyu/5.2.14"
223.104.194.156 - - [10/Jan/2023:11:41:18 +0800] "GET /v2/explore/queryPost?content=%E8%9B%99&page=1&size=20&image_width=540&background_width=540 HTTP/2.0" 200 11621 "-" "Mozilla/5.0 (Android 12; HONOR; HONOR; ANY-AN00) feiyu/5.2.14"
223.104.194.156 - - [10/Jan/2023:11:41:18 +0800] "GET /v2/explore/query-tag?key=%E8%9B%99&page=1&size=20&show_allow_status=false HTTP/2.0" 200 2 "-" "Mozilla/5.0 (Android 12; HONOR; HONOR; ANY-AN00) feiyu/5.2.14"
39.154.128.115 - - [10/Jan/2023:11:41:19 +0800] "GET /v2/gallery/categories/d1569b14-497d-474c-8c41-732c10584cb4/imagesV3?page=1&size=20&width=360 HTTP/2.0" 200 9477 "-" "Mozilla/5.0 (Android 12; vivo; vivo; V2203A) feiyu/5.2.14"
183.209.225.152 - - [10/Jan/2023:11:41:21 +0800] "GET /v2/gallery/categories/d2a3f358-1dea-43f3-a62e-27c832e8f188/imagesV3?page=3&size=20&width=540 HTTP/2.0" 200 9491 "-" "Mozilla/5.0 (Android 12; HUAWEI; HUAWEI; JER-AN20) feiyu/5.2.14"
111.19.80.1 - - [10/Jan/2023:11:41:21 +0800] "GET /v2/explore/searchHint HTTP/2.0" 200 23 "-" "Mozilla/5.0 (Android 11; vivo; vivo; V2047A) feiyu/5.2.14"
111.19.80.1 - - [10/Jan/2023:11:41:21 +0800] "GET /v2/campaigns/newest HTTP/2.0" 200 443 "-" "Mozilla/5.0 (Android 11; vivo; vivo; V2047A) feiyu/5.2.14"
111.19.80.1 - - [10/Jan/2023:11:41:21 +0800] "GET /v2/users/03d28343-57b3-4cd1-be90-371060ba5336/settings HTTP/2.0" 200 313 "-" "Mozilla/5.0 (Android 11; vivo; vivo; V2047A) feiyu/5.2.14"
111.19.80.1 - - [10/Jan/2023:11:41:21 +0800] "GET /v2/messages/unreadCount?timestamp=1970-01-01%2000%3A00%3A00 HTTP/2.0" 200 26 "-" "Mozilla/5.0 (Android 11; vivo; vivo; V2047A) feiyu/5.2.14"
223.104.194.156 - - [10/Jan/2023:11:41:22 +0800] "GET /v2/explore/queryUser?name=%E8%9B%99&show_follow_status=true&page=1&size=20 HTTP/2.0" 200 5194 "-" "Mozilla/5.0 (Android 12; HONOR; HONOR; ANY-AN00) feiyu/5.2.14"
223.104.194.156 - - [10/Jan/2023:11:41:23 +0800] "GET /v2/explore/queryUser?name=%E8%9B%99&show_follow_status=true&page=2&size=20 HTTP/2.0" 200 5259 "-" "Mozilla/5.0 (Android 12; HONOR; HONOR; ANY-AN00) feiyu/5.2.14"
39.154.128.115 - - [10/Jan/2023:11:41:26 +0800] "GET /v2/gallery/images/462bd1cc-a6a3-4c71-aa01-0b40bbd8e597?width=1080 HTTP/2.0" 200 458 "-" "Mozilla/5.0 (Android 12; vivo; vivo; V2203A) feiyu/5.2.14"
223.104.194.156 - - [10/Jan/2023:11:41:27 +0800] "GET /v2/explore/queryUser?name=%E8%9B%99&show_follow_status=true&page=3&size=20 HTTP/2.0" 200 4943 "-" "Mozilla/5.0 (Android 12; HONOR; HONOR; ANY-AN00) feiyu/5.2.14"
183.209.225.152 - - [10/Jan/2023:11:41:27 +0800] "GET /v2/gallery/categories/f51d22d1-683a-4671-a81d-da5cbc8eeebc/imagesV3?page=1&size=20&width=540 HTTP/2.0" 200 9493 "-" "Mozilla/5.0 (Android 12; HUAWEI; HUAWEI; JER-AN20) feiyu/5.2.14"
39.190.109.44 - - [10/Jan/2023:11:41:29 +0800] "GET /v2/gallery/randomImagesV2?size=50&width=540&content=%E4%BD%90%E8%9E%8D%7C%E6%B7%B1%E8%80%95%E5%B0%8F%E5%BE%AE%0A%E2%80%9C%E4%BF%A1%E7%94%A8%E5%B0%8F%E5%BE%AE%E2%80%9D%E6%AF%8F%E6%97%A5%E9%87%91%E5%8F%A5%EF%BC%88%E7%AC%AC1%E6%9D%A1%EF%BC%89%0A%E4%BF%A1%E8%B4%B7%E6%96%87%E5%8C%96%E6%98%AF%E6%88%90%E6%9C%AC%E6%9C%80%E4%BD%8E%E7%9A%84%E9%A3%8E%E6%8E%A7%0A%E6%B3%A8%EF%BC%9A%E6%AC%A2%E8%BF%8E%E5%A4%A7%E5%AE%B6%E6%8E%A2%E8%AE%A8%E4%BA%A4%E6%B5%81%EF%BC%8C%E4%B8%80%E5%90%8C%E6%80%BB%E7%BB%93%E6%8F%90%E7%82%BC HTTP/2.0" 200 23513 "-" "Mozilla/5.0 (Android 10; HUAWEI; HUAWEI; SPN-AL00) feiyu/5.2.14"
39.154.128.115 - - [10/Jan/2023:11:41:30 +0800] "GET /v2/messages/unreadCount?timestamp=1970-01-01%2000%3A00%3A00 HTTP/2.0" 200 26 "-" "Mozilla/5.0 (Android 12; vivo; vivo; V2203A) feiyu/5.2.14"
39.154.128.115 - - [10/Jan/2023:11:41:30 +0800] "GET /v2/users/a4c9af21-aaad-4d15-8a75-775af6fb584d/settings HTTP/2.0" 200 313 "-" "Mozilla/5.0 (Android 12; vivo; vivo; V2203A) feiyu/5.2.14"
39.154.128.115 - - [10/Jan/2023:11:41:30 +0800] "GET /v2/campaigns/newest HTTP/2.0" 200 443 "-" "Mozilla/5.0 (Android 12; vivo; vivo; V2203A) feiyu/5.2.14"
39.154.128.115 - - [10/Jan/2023:11:41:30 +0800] "GET /v2/users/a4c9af21-aaad-4d15-8a75-775af6fb584d HTTP/2.0" 200 424 "-" "Mozilla/5.0 (Android 12; vivo; vivo; V2203A) feiyu/5.2.14"
39.154.128.115 - - [10/Jan/2023:11:41:30 +0800] "GET /v2/clock-ins/stats HTTP/2.0" 200 385 "-" "Mozilla/5.0 (Android 12; vivo; vivo; V2203A) feiyu/5.2.14"
223.104.194.156 - - [10/Jan/2023:11:41:30 +0800] "GET /v2/explore/queryUser?name=%E8%9B%99&show_follow_status=true&page=4&size=20 HTTP/2.0" 200 5969 "-" "Mozilla/5.0 (Android 12; HONOR; HONOR; ANY-AN00) feiyu/5.2.14"
39.154.128.115 - - [10/Jan/2023:11:41:30 +0800] "GET /v2/near/canvas-war/accounts/a4c9af21-aaad-4d15-8a75-775af6fb584d HTTP/2.0" 200 528 "-" "Mozilla/5.0 (Android 12; vivo; vivo; V2203A) feiyu/5.2.14"
39.154.128.115 - - [10/Jan/2023:11:41:31 +0800] "GET /v2/gallery/categories/d1569b14-497d-474c-8c41-732c10584cb4/imagesV3?page=2&size=20&width=360 HTTP/2.0" 200 9491 "-" "Mozilla/5.0 (Android 12; vivo; vivo; V2203A) feiyu/5.2.14"
39.154.128.115 - - [10/Jan/2023:11:41:35 +0800] "GET /v2/gallery/images/37c1e775-4c84-40ba-8ee2-a5f89d37e135?width=1080 HTTP/2.0" 200 452 "-" "Mozilla/5.0 (Android 12; vivo; vivo; V2203A) feiyu/5.2.14"
113.248.164.118 - - [10/Jan/2023:11:41:35 +0800] "GET /v2/gallery/images/6d71a7e3-73ef-46a0-a5b8-14923ac476d7?width=1080 HTTP/2.0" 200 522 "-" "Mozilla/5.0 (Android 12; Xiaomi; Redmi; M2012K11AC) feiyu/5.2.14"
183.209.225.152 - - [10/Jan/2023:11:41:35 +0800] "GET /v2/gallery/categories/f8a5a62e-e303-43dd-83b3-84b2d610f456/imagesV3?page=1&size=20&width=540 HTTP/2.0" 200 9507 "-" "Mozilla/5.0 (Android 12; HUAWEI; HUAWEI; JER-AN20) feiyu/5.2.14"
113.248.164.118 - - [10/Jan/2023:11:41:37 +0800] "POST /v2/app/upload HTTP/2.0" 200 349 "-" "Mozilla/5.0 (Android 12; Xiaomi; Redmi; M2012K11AC) feiyu/5.2.14"
183.209.225.152 - - [10/Jan/2023:11:41:37 +0800] "GET /v2/gallery/categories/57ae3f3f-f384-45aa-9fcd-84b2f9728cf2/imagesV3?page=1&size=20&width=540 HTTP/2.0" 200 9492 "-" "Mozilla/5.0 (Android 12; HUAWEI; HUAWEI; JER-AN20) feiyu/5.2.14"
39.154.128.115 - - [10/Jan/2023:11:41:37 +0800] "GET /v2/messages/unreadCount?timestamp=1970-01-01%2000%3A00%3A00 HTTP/2.0" 200 26 "-" "Mozilla/5.0 (Android 12; vivo; vivo; V2203A) feiyu/5.2.14"
39.154.128.115 - - [10/Jan/2023:11:41:37 +0800] "GET /v2/campaigns/newest HTTP/2.0" 200 447 "-" "Mozilla/5.0 (Android 12; vivo; vivo; V2203A) feiyu/5.2.14"
39.154.128.115 - - [10/Jan/2023:11:41:37 +0800] "GET /v2/clock-ins/stats HTTP/2.0" 200 385 "-" "Mozilla/5.0 (Android 12; vivo; vivo; V2203A) feiyu/5.2.14"
39.154.128.115 - - [10/Jan/2023:11:41:37 +0800] "GET /v2/users/a4c9af21-aaad-4d15-8a75-775af6fb584d/settings HTTP/2.0" 200 313 "-" "Mozilla/5.0 (Android 12; vivo; vivo; V2203A) feiyu/5.2.14"
39.154.128.115 - - [10/Jan/2023:11:41:37 +0800] "GET /v2/users/a4c9af21-aaad-4d15-8a75-775af6fb584d HTTP/2.0" 200 424 "-" "Mozilla/5.0 (Android 12; vivo; vivo; V2203A) feiyu/5.2.14"
113.248.164.118 - - [10/Jan/2023:11:41:37 +0800] "POST /v2/posts/uploadCompleteV2 HTTP/2.0" 200 1222 "-" "Mozilla/5.0 (Android 12; Xiaomi; Redmi; M2012K11AC) feiyu/5.2.14"
39.154.128.115 - - [10/Jan/2023:11:41:37 +0800] "GET /v2/near/canvas-war/accounts/a4c9af21-aaad-4d15-8a75-775af6fb584d HTTP/2.0" 200 528 "-" "Mozilla/5.0 (Android 12; vivo; vivo; V2203A) feiyu/5.2.14"
39.154.128.115 - - [10/Jan/2023:11:41:38 +0800] "GET /v2/gallery/categories/d1569b14-497d-474c-8c41-732c10584cb4/imagesV3?page=3&size=20&width=360 HTTP/2.0" 200 9469 "-" "Mozilla/5.0 (Android 12; vivo; vivo; V2203A) feiyu/5.2.14"
183.209.225.152 - - [10/Jan/2023:11:41:39 +0800] "GET /v2/gallery/categories/4edeb491-671b-4601-b050-ade7fdd43abe/imagesV3?page=1&size=20&width=540 HTTP/2.0" 200 9491 "-" "Mozilla/5.0 (Android 12; HUAWEI; HUAWEI; JER-AN20) feiyu/5.2.14"
39.154.128.115 - - [10/Jan/2023:11:41:41 +0800] "GET /v2/gallery/images/7c11d038-d59e-4f5a-a96f-6f6f27276540?width=1080 HTTP/2.0" 200 458 "-" "Mozilla/5.0 (Android 12; vivo; vivo; V2203A) feiyu/5.2.14"
39.154.128.115 - - [10/Jan/2023:11:41:43 +0800] "GET /v2/messages/unreadCount?timestamp=1970-01-01%2000%3A00%3A00 HTTP/2.0" 200 26 "-" "Mozilla/5.0 (Android 12; vivo; vivo; V2203A) feiyu/5.2.14"
39.154.128.115 - - [10/Jan/2023:11:41:43 +0800] "GET /v2/clock-ins/stats HTTP/2.0" 200 385 "-" "Mozilla/5.0 (Android 12; vivo; vivo; V2203A) feiyu/5.2.14"
39.154.128.115 - - [10/Jan/2023:11:41:43 +0800] "GET /v2/campaigns/newest HTTP/2.0" 200 447 "-" "Mozilla/5.0 (Android 12; vivo; vivo; V2203A) feiyu/5.2.14"
39.154.128.115 - - [10/Jan/2023:11:41:43 +0800] "GET /v2/users/a4c9af21-aaad-4d15-8a75-775af6fb584d/settings HTTP/2.0" 200 313 "-" "Mozilla/5.0 (Android 12; vivo; vivo; V2203A) feiyu/5.2.14"
39.154.128.115 - - [10/Jan/2023:11:41:43 +0800] "GET /v2/users/a4c9af21-aaad-4d15-8a75-775af6fb584d HTTP/2.0" 200 424 "-" "Mozilla/5.0 (Android 12; vivo; vivo; V2203A) feiyu/5.2.14"
39.154.128.115 - - [10/Jan/2023:11:41:43 +0800] "GET /v2/near/canvas-war/accounts/a4c9af21-aaad-4d15-8a75-775af6fb584d HTTP/2.0" 200 528 "-" "Mozilla/5.0 (Android 12; vivo; vivo; V2203A) feiyu/5.2.14"
39.154.128.115 - - [10/Jan/2023:11:41:44 +0800] "GET /v2/gallery/categories/d1569b14-497d-474c-8c41-732c10584cb4/imagesV3?page=4&size=20&width=360 HTTP/2.0" 200 9492 "-" "Mozilla/5.0 (Android 12; vivo; vivo; V2203A) feiyu/5.2.14"
39.154.128.115 - - [10/Jan/2023:11:41:44 +0800] "GET /v2/gallery/categories/d1569b14-497d-474c-8c41-732c10584cb4/imagesV3?page=5&size=20&width=360 HTTP/2.0" 200 9483 "-" "Mozilla/5.0 (Android 12; vivo; vivo; V2203A) feiyu/5.2.14"
39.154.128.115 - - [10/Jan/2023:11:41:44 +0800] "GET /v2/gallery/categories/d1569b14-497d-474c-8c41-732c10584cb4/imagesV3?page=6&size=20&width=360 HTTP/2.0" 200 9505 "-" "Mozilla/5.0 (Android 12; vivo; vivo; V2203A) feiyu/5.2.14"
183.209.225.152 - - [10/Jan/2023:11:41:45 +0800] "GET /v2/gallery/categories/4edeb491-671b-4601-b050-ade7fdd43abe/imagesV3?page=2&size=20&width=540 HTTP/2.0" 200 9471 "-" "Mozilla/5.0 (Android 12; HUAWEI; HUAWEI; JER-AN20) feiyu/5.2.14"
39.154.128.115 - - [10/Jan/2023:11:41:46 +0800] "GET /v2/gallery/categories/d1569b14-497d-474c-8c41-732c10584cb4/imagesV3?page=7&size=20&width=360 HTTP/2.0" 200 9504 "-" "Mozilla/5.0 (Android 12; vivo; vivo; V2203A) feiyu/5.2.14"
39.154.128.115 - - [10/Jan/2023:11:41:46 +0800] "GET /v2/gallery/categories/d1569b14-497d-474c-8c41-732c10584cb4/imagesV3?page=8&size=20&width=360 HTTP/2.0" 200 9504 "-" "Mozilla/5.0 (Android 12; vivo; vivo; V2203A) feiyu/5.2.14"
106.118.193.36 - - [10/Jan/2023:11:41:47 +0800] "GET /v2/gallery/images/be468bee-68ae-4b65-8774-f16f278827db?width=1080 HTTP/2.0" 200 458 "-" "Mozilla/5.0 (Android 11; vivo; vivo; V2133A) feiyu/5.2.14"
39.154.128.115 - - [10/Jan/2023:11:41:49 +0800] "GET /v2/gallery/categories/d1569b14-497d-474c-8c41-732c10584cb4/imagesV3?page=9&size=20&width=360 HTTP/2.0" 200 9522 "-" "Mozilla/5.0 (Android 12; vivo; vivo; V2203A) feiyu/5.2.14"
183.209.225.152 - - [10/Jan/2023:11:41:50 +0800] "GET /v2/gallery/categories/66f203b4-92b8-4946-beab-e88665646b5c/imagesV3?page=1&size=20&width=540 HTTP/2.0" 200 9510 "-" "Mozilla/5.0 (Android 12; HUAWEI; HUAWEI; JER-AN20) feiyu/5.2.14"
39.154.128.115 - - [10/Jan/2023:11:41:52 +0800] "GET /v2/gallery/categories/d1569b14-497d-474c-8c41-732c10584cb4/imagesV3?page=10&size=20&width=360 HTTP/2.0" 200 9496 "-" "Mozilla/5.0 (Android 12; vivo; vivo; V2203A) feiyu/5.2.14"
183.209.225.152 - - [10/Jan/2023:11:41:52 +0800] "GET /v2/gallery/categories/d1569b14-497d-474c-8c41-732c10584cb4/imagesV3?page=1&size=20&width=540 HTTP/2.0" 200 9477 "-" "Mozilla/5.0 (Android 12; HUAWEI; HUAWEI; JER-AN20) feiyu/5.2.14"
39.154.128.115 - - [10/Jan/2023:11:41:53 +0800] "GET /v2/gallery/categories/d1569b14-497d-474c-8c41-732c10584cb4/imagesV3?page=11&size=20&width=360 HTTP/2.0" 200 9498 "-" "Mozilla/5.0 (Android 12; vivo; vivo; V2203A) feiyu/5.2.14"
183.209.225.152 - - [10/Jan/2023:11:41:55 +0800] "GET /v2/gallery/categories/b9007a00-e8de-480a-9762-cbe486c12c0f/imagesV3?page=1&size=20&width=540 HTTP/2.0" 200 9572 "-" "Mozilla/5.0 (Android 12; HUAWEI; HUAWEI; JER-AN20) feiyu/5.2.14"
39.154.128.115 - - [10/Jan/2023:11:41:58 +0800] "GET /v2/gallery/images/ad28755b-01bf-4fbc-a12d-a29f01029383?width=1080 HTTP/2.0" 200 459 "-" "Mozilla/5.0 (Android 12; vivo; vivo; V2203A) feiyu/5.2.14"
39.154.128.115 - - [10/Jan/2023:11:42:00 +0800] "GET /v2/messages/unreadCount?timestamp=1970-01-01%2000%3A00%3A00 HTTP/2.0" 200 26 "-" "Mozilla/5.0 (Android 12; vivo; vivo; V2203A) feiyu/5.2.14"
39.154.128.115 - - [10/Jan/2023:11:42:00 +0800] "GET /v2/users/a4c9af21-aaad-4d15-8a75-775af6fb584d/settings HTTP/2.0" 200 313 "-" "Mozilla/5.0 (Android 12; vivo; vivo; V2203A) feiyu/5.2.14"
39.154.128.115 - - [10/Jan/2023:11:42:00 +0800] "GET /v2/campaigns/newest HTTP/2.0" 200 447 "-" "Mozilla/5.0 (Android 12; vivo; vivo; V2203A) feiyu/5.2.14"
39.154.128.115 - - [10/Jan/2023:11:42:00 +0800] "GET /v2/clock-ins/stats HTTP/2.0" 200 385 "-" "Mozilla/5.0 (Android 12; vivo; vivo; V2203A) feiyu/5.2.14"
39.154.128.115 - - [10/Jan/2023:11:42:00 +0800] "GET /v2/users/a4c9af21-aaad-4d15-8a75-775af6fb584d HTTP/2.0" 200 424 "-" "Mozilla/5.0 (Android 12; vivo; vivo; V2203A) feiyu/5.2.14"
183.209.225.152 - - [10/Jan/2023:11:42:00 +0800] "GET /v2/gallery/categories/b9007a00-e8de-480a-9762-cbe486c12c0f/imagesV3?page=2&size=20&width=540 HTTP/2.0" 200 9569 "-" "Mozilla/5.0 (Android 12; HUAWEI; HUAWEI; JER-AN20) feiyu/5.2.14"
39.154.128.115 - - [10/Jan/2023:11:42:00 +0800] "GET /v2/near/canvas-war/accounts/a4c9af21-aaad-4d15-8a75-775af6fb584d HTTP/2.0" 200 528 "-" "Mozilla/5.0 (Android 12; vivo; vivo; V2203A) feiyu/5.2.14"
223.104.194.156 - - [10/Jan/2023:11:42:05 +0800] "GET /v2/explore/query-tag?key=%F0%9F%90%B8&page=1&size=20&show_allow_status=false HTTP/2.0" 200 103 "-" "Mozilla/5.0 (Android 12; HONOR; HONOR; ANY-AN00) feiyu/5.2.14"
223.104.194.156 - - [10/Jan/2023:11:42:05 +0800] "GET /v2/explore/queryPost?content=%F0%9F%90%B8&page=1&size=20&image_width=540&background_width=540 HTTP/2.0" 200 11814 "-" "Mozilla/5.0 (Android 12; HONOR; HONOR; ANY-AN00) feiyu/5.2.14"
223.104.194.156 - - [10/Jan/2023:11:42:05 +0800] "GET /v2/explore/queryUser?name=%F0%9F%90%B8&show_follow_status=false&page=1&size=20 HTTP/2.0" 200 6060 "-" "Mozilla/5.0 (Android 12; HONOR; HONOR; ANY-AN00) feiyu/5.2.14"
183.209.225.152 - - [10/Jan/2023:11:42:06 +0800] "GET /v2/gallery/categories/b9007a00-e8de-480a-9762-cbe486c12c0f/imagesV3?page=3&size=20&width=540 HTTP/2.0" 200 9497 "-" "Mozilla/5.0 (Android 12; HUAWEI; HUAWEI; JER-AN20) feiyu/5.2.14"
223.104.194.156 - - [10/Jan/2023:11:42:07 +0800] "GET /v2/users/0d643d5a-0b92-4d42-8bc6-602512c707bb/createdPostsV2?guest=true&size=20&image_width=1080&background_width=359 HTTP/2.0" 200 3626 "-" "Mozilla/5.0 (Android 12; HONOR; HONOR; ANY-AN00) feiyu/5.2.14"
223.104.194.156 - - [10/Jan/2023:11:42:07 +0800] "GET /v2/users/0d643d5a-0b92-4d42-8bc6-602512c707bb HTTP/2.0" 200 614 "-" "Mozilla/5.0 (Android 12; HONOR; HONOR; ANY-AN00) feiyu/5.2.14"
223.104.194.156 - - [10/Jan/2023:11:42:07 +0800] "GET /v2/users/0d643d5a-0b92-4d42-8bc6-602512c707bb/likedPostsV2?guest=true&size=20&image_width=1080&background_width=359 HTTP/2.0" 200 1082 "-" "Mozilla/5.0 (Android 12; HONOR; HONOR; ANY-AN00) feiyu/5.2.14"
223.104.194.156 - - [10/Jan/2023:11:42:07 +0800] "GET /v2/users/0d643d5a-0b92-4d42-8bc6-602512c707bb/createdPostsV2?timestamp=2018-06-11%2002%3A31%3A31&guest=true&size=20&image_width=1080&background_width=359 HTTP/2.0" 200 2 "-" "Mozilla/5.0 (Android 12; HONOR; HONOR; ANY-AN00) feiyu/5.2.14"
223.104.194.156 - - [10/Jan/2023:11:42:07 +0800] "GET /v2/users/0d643d5a-0b92-4d42-8bc6-602512c707bb/likedPostsV2?timestamp=2018-06-11%2002%3A30%3A02&guest=true&size=20&image_width=1080&background_width=359 HTTP/2.0" 200 2 "-" "Mozilla/5.0 (Android 12; HONOR; HONOR; ANY-AN00) feiyu/5.2.14"
183.209.225.152 - - [10/Jan/2023:11:42:08 +0800] "GET /v2/gallery/categories/9d12f818-2191-4cf9-bae8-5e26e01b20aa/imagesV3?page=1&size=20&width=540 HTTP/2.0" 200 9551 "-" "Mozilla/5.0 (Android 12; HUAWEI; HUAWEI; JER-AN20) feiyu/5.2.14"
106.118.193.36 - - [10/Jan/2023:11:42:10 +0800] "GET /v2/gallery/images/4cb3aa18-6712-4fd1-b0b6-43e3def6ffab?width=1080 HTTP/2.0" 200 464 "-" "Mozilla/5.0 (Android 11; vivo; vivo; V2133A) feiyu/5.2.14"
106.118.193.36 - - [10/Jan/2023:11:42:16 +0800] "GET /v2/gallery/images/5fcdaef2-df93-418a-a2d7-407326a361fd?width=1080 HTTP/2.0" 200 454 "-" "Mozilla/5.0 (Android 11; vivo; vivo; V2133A) feiyu/5.2.14"
223.104.194.156 - - [10/Jan/2023:11:42:16 +0800] "GET /v2/users/0d643d5a-0b92-4d42-8bc6-602512c707bb/subscribed-tags?size=20 HTTP/2.0" 200 2 "-" "Mozilla/5.0 (Android 12; HONOR; HONOR; ANY-AN00) feiyu/5.2.14"
223.104.194.156 - - [10/Jan/2023:11:42:16 +0800] "GET /v2/users/0d643d5a-0b92-4d42-8bc6-602512c707bb/followeesV2?size=20 HTTP/2.0" 200 422 "-" "Mozilla/5.0 (Android 12; HONOR; HONOR; ANY-AN00) feiyu/5.2.14"
223.104.194.156 - - [10/Jan/2023:11:42:16 +0800] "GET /v2/users/0d643d5a-0b92-4d42-8bc6-602512c707bb/followeesV2?timestamp=2021-03-28%2005%3A55%3A11&size=20 HTTP/2.0" 200 2 "-" "Mozilla/5.0 (Android 12; HONOR; HONOR; ANY-AN00) feiyu/5.2.14"
223.104.194.156 - - [10/Jan/2023:11:42:16 +0800] "GET /v2/users/0d643d5a-0b92-4d42-8bc6-602512c707bb/followersV2?size=20 HTTP/2.0" 200 2 "-" "Mozilla/5.0 (Android 12; HONOR; HONOR; ANY-AN00) feiyu/5.2.14"
223.104.194.156 - - [10/Jan/2023:11:42:19 +0800] "GET /v2/users/2de0b64c-f567-4db9-9da5-d01738912cda/createdPostsV2?guest=true&size=20&image_width=1080&background_width=359 HTTP/2.0" 200 1204 "-" "Mozilla/5.0 (Android 12; HONOR; HONOR; ANY-AN00) feiyu/5.2.14"
223.104.194.156 - - [10/Jan/2023:11:42:19 +0800] "GET /v2/users/2de0b64c-f567-4db9-9da5-d01738912cda/likedPostsV2?guest=true&size=20&image_width=1080&background_width=359 HTTP/2.0" 200 2 "-" "Mozilla/5.0 (Android 12; HONOR; HONOR; ANY-AN00) feiyu/5.2.14"
223.104.194.156 - - [10/Jan/2023:11:42:19 +0800] "GET /v2/users/2de0b64c-f567-4db9-9da5-d01738912cda HTTP/2.0" 200 441 "-" "Mozilla/5.0 (Android 12; HONOR; HONOR; ANY-AN00) feiyu/5.2.14"
223.104.194.156 - - [10/Jan/2023:11:42:19 +0800] "GET /v2/users/2de0b64c-f567-4db9-9da5-d01738912cda/createdPostsV2?timestamp=2020-08-25%2015%3A57%3A30&guest=true&size=20&image_width=1080&background_width=359 HTTP/2.0" 200 2 "-" "Mozilla/5.0 (Android 12; HONOR; HONOR; ANY-AN00) feiyu/5.2.14"
42.80.70.148 - - [10/Jan/2023:11:42:20 +0800] "GET /v2/campaigns/newest HTTP/2.0" 200 443 "-" "Mozilla/5.0 (Android 12; HUAWEI; HUAWEI; NOH-AN00) feiyu/5.2.14"
42.80.70.148 - - [10/Jan/2023:11:42:20 +0800] "GET /v2/messages/unreadCount?timestamp=2022-01-28%2011%3A21%3A28 HTTP/2.0" 200 26 "-" "Mozilla/5.0 (Android 12; HUAWEI; HUAWEI; NOH-AN00) feiyu/5.2.14"
42.80.70.148 - - [10/Jan/2023:11:42:20 +0800] "GET /v2/users/86b8d5ad-8ed9-4fac-a407-a785330c84ed/settings HTTP/2.0" 200 310 "-" "Mozilla/5.0 (Android 12; HUAWEI; HUAWEI; NOH-AN00) feiyu/5.2.14"
