221.201.213.62 - - [10/Jan/2023:11:47:34 +0800] "GET /v2/ads?scene=0 HTTP/2.0" 200 2 "-" "Mozilla/5.0 (Android 10; HUAWEI; HONOR; PCT-AL10) feiyu/5.2.14"
120.243.211.163 - - [10/Jan/2023:11:47:34 +0800] "GET /v2/app/randomHomeBackgroundImageV2 HTTP/2.0" 200 287 "-" "Mozilla/5.0 (Android 12; Xiaomi; Redmi; Redmi K30 Pro Zoom Edition) feiyu/5.2.12"
120.243.211.163 - - [10/Jan/2023:11:47:34 +0800] "GET /v2/campaigns/newest HTTP/2.0" 200 445 "-" "Mozilla/5.0 (Android 12; Xiaomi; Redmi; Redmi K30 Pro Zoom Edition) feiyu/5.2.12"
120.243.211.163 - - [10/Jan/2023:11:47:34 +0800] "GET /v2/messages/unreadCount?timestamp=2023-01-09%2015%3A56%3A44 HTTP/2.0" 200 26 "-" "Mozilla/5.0 (Android 12; Xiaomi; Redmi; Redmi K30 Pro Zoom Edition) feiyu/5.2.12"
120.243.211.163 - - [10/Jan/2023:11:47:34 +0800] "GET /v2/campaigns/newest HTTP/2.0" 200 445 "-" "Mozilla/5.0 (Android 12; Xiaomi; Redmi; Redmi K30 Pro Zoom Edition) feiyu/5.2.12"
120.243.211.163 - - [10/Jan/2023:11:47:34 +0800] "GET /v2/users/cf52aae3-fcfa-4303-a682-bd52acd26f8b/settings HTTP/2.0" 200 310 "-" "Mozilla/5.0 (Android 12; Xiaomi; Redmi; Redmi K30 Pro Zoom Edition) feiyu/5.2.12"
120.243.211.163 - - [10/Jan/2023:11:47:36 +0800] "GET /v2/users/cf52aae3-fcfa-4303-a682-bd52acd26f8b HTTP/2.0" 200 412 "-" "Mozilla/5.0 (Android 12; Xiaomi; Redmi; Redmi K30 Pro Zoom Edition) feiyu/5.2.12"
120.243.211.163 - - [10/Jan/2023:11:47:36 +0800] "GET /v2/messages/unreadCount?timestamp=2023-01-09%2015%3A56%3A44 HTTP/2.0" 200 26 "-" "Mozilla/5.0 (Android 12; Xiaomi; Redmi; Redmi K30 Pro Zoom Edition) feiyu/5.2.12"
120.243.211.163 - - [10/Jan/2023:11:47:36 +0800] "GET /v2/users/cf52aae3-fcfa-4303-a682-bd52acd26f8b/likedPostsV2?guest=false&size=20&image_width=1080&background_width=359 HTTP/2.0" 200 2 "-" "Mozilla/5.0 (Android 12; Xiaomi; Redmi; Redmi K30 Pro Zoom Edition) feiyu/5.2.12"
120.243.211.163 - - [10/Jan/2023:11:47:36 +0800] "GET /v2/users/cf52aae3-fcfa-4303-a682-bd52acd26f8b HTTP/2.0" 200 412 "-" "Mozilla/5.0 (Android 12; Xiaomi; Redmi; Redmi K30 Pro Zoom Edition) feiyu/5.2.12"
120.243.211.163 - - [10/Jan/2023:11:47:36 +0800] "GET /v2/users/cf52aae3-fcfa-4303-a682-bd52acd26f8b HTTP/2.0" 200 412 "-" "Mozilla/5.0 (Android 12; Xiaomi; Redmi; Redmi K30 Pro Zoom Edition) feiyu/5.2.12"
120.243.211.163 - - [10/Jan/2023:11:47:36 +0800] "GET /v2/clock-ins/stats HTTP/2.0" 200 385 "-" "Mozilla/5.0 (Android 12; Xiaomi; Redmi; Redmi K30 Pro Zoom Edition) feiyu/5.2.12"
120.243.211.163 - - [10/Jan/2023:11:47:36 +0800] "GET /v2/users/cf52aae3-fcfa-4303-a682-bd52acd26f8b/createdPostsV2?guest=false&size=20&image_width=1080&background_width=359 HTTP/2.0" 200 16664 "-" "Mozilla/5.0 (Android 12; Xiaomi; Redmi; Redmi K30 Pro Zoom Edition) feiyu/5.2.12"
120.243.211.163 - - [10/Jan/2023:11:47:36 +0800] "GET /v2/users/cf52aae3-fcfa-4303-a682-bd52acd26f8b/favoritedPosts?size=20&image_width=1080&background_width=359 HTTP/2.0" 200 2 "-" "Mozilla/5.0 (Android 12; Xiaomi; Redmi; Redmi K30 Pro Zoom Edition) feiyu/5.2.12"
122.193.66.35 - - [10/Jan/2023:11:47:36 +0800] "GET /v2/messages/unreadCount?timestamp=1970-01-01%2000%3A00%3A00 HTTP/2.0" 200 26 "-" "Mozilla/5.0 (Android 11; Xiaomi; Redmi; M2004J19C) feiyu/5.2.14"
122.193.66.35 - - [10/Jan/2023:11:47:36 +0800] "GET /v2/users/bd10b245-7108-4064-a23f-bd7bdecb29e2/settings HTTP/2.0" 200 313 "-" "Mozilla/5.0 (Android 11; Xiaomi; Redmi; M2004J19C) feiyu/5.2.14"
122.193.66.35 - - [10/Jan/2023:11:47:36 +0800] "GET /v2/campaigns/newest HTTP/2.0" 200 445 "-" "Mozilla/5.0 (Android 11; Xiaomi; Redmi; M2004J19C) feiyu/5.2.14"
122.193.66.35 - - [10/Jan/2023:11:47:36 +0800] "GET /v2/explore/searchHint HTTP/2.0" 200 23 "-" "Mozilla/5.0 (Android 11; Xiaomi; Redmi; M2004J19C) feiyu/5.2.14"
122.193.66.35 - - [10/Jan/2023:11:47:36 +0800] "GET /v2/clock-ins/stats HTTP/2.0" 200 385 "-" "Mozilla/5.0 (Android 11; Xiaomi; Redmi; M2004J19C) feiyu/5.2.14"
122.193.66.35 - - [10/Jan/2023:11:47:36 +0800] "GET /v2/users/bd10b245-7108-4064-a23f-bd7bdecb29e2 HTTP/2.0" 200 417 "-" "Mozilla/5.0 (Android 11; Xiaomi; Redmi; M2004J19C) feiyu/5.2.14"
120.243.211.163 - - [10/Jan/2023:11:47:36 +0800] "GET /v2/near/canvas-war/accounts/cf52aae3-fcfa-4303-a682-bd52acd26f8b HTTP/2.0" 200 516 "-" "Mozilla/5.0 (Android 12; Xiaomi; Redmi; Redmi K30 Pro Zoom Edition) feiyu/5.2.12"
120.243.211.163 - - [10/Jan/2023:11:47:36 +0800] "GET /v2/users/cf52aae3-fcfa-4303-a682-bd52acd26f8b/createdPostsV2?timestamp=2022-11-03%2013%3A44%3A39&guest=false&size=20&image_width=1080&background_width=359 HTTP/2.0" 200 2 "-" "Mozilla/5.0 (Android 12; Xiaomi; Redmi; Redmi K30 Pro Zoom Edition) feiyu/5.2.12"
117.44.106.28 - - [10/Jan/2023:11:47:37 +0800] "GET /v2/gallery/categoriesV4 HTTP/2.0" 200 12608 "-" "Mozilla/5.0 (Android 11; Xiaomi; Redmi; Redmi Note 8 Pro) feiyu/5.2.14"
117.44.106.28 - - [10/Jan/2023:11:47:37 +0800] "GET /v2/gallery/categories/1ab7a131-0b87-4435-a849-7b1aeaee0167/imagesV3?page=1&size=20&width=360 HTTP/2.0" 200 9491 "-" "Mozilla/5.0 (Android 11; Xiaomi; Redmi; Redmi Note 8 Pro) feiyu/5.2.14"
122.193.66.35 - - [10/Jan/2023:11:47:36 +0800] "GET /v2/near/canvas-war/accounts/bd10b245-7108-4064-a23f-bd7bdecb29e2 HTTP/2.0" 200 520 "-" "Mozilla/5.0 (Android 11; Xiaomi; Redmi; M2004J19C) feiyu/5.2.14"
221.201.213.62 - - [10/Jan/2023:11:47:37 +0800] "GET /v2/gallery/categoriesV4 HTTP/2.0" 200 13184 "-" "Mozilla/5.0 (Android 10; HUAWEI; HONOR; PCT-AL10) feiyu/5.2.14"
221.201.213.62 - - [10/Jan/2023:11:47:37 +0800] "GET /v2/gallery/categories/1e3bd6cc-e816-4cec-a975-7d2c39b1a292/imagesV3?page=1&size=20&width=360 HTTP/2.0" 200 477 "-" "Mozilla/5.0 (Android 10; HUAWEI; HONOR; PCT-AL10) feiyu/5.2.14"
221.201.213.62 - - [10/Jan/2023:11:47:37 +0800] "GET /v2/gallery/categories/1e3bd6cc-e816-4cec-a975-7d2c39b1a292/imagesV3?page=2&size=20&width=360 HTTP/2.0" 200 2 "-" "Mozilla/5.0 (Android 10; HUAWEI; HONOR; PCT-AL10) feiyu/5.2.14"
117.44.106.28 - - [10/Jan/2023:11:47:38 +0800] "GET /v2/gallery/categories/1ab7a131-0b87-4435-a849-7b1aeaee0167/imagesV3?page=2&size=20&width=360 HTTP/2.0" 200 9484 "-" "Mozilla/5.0 (Android 11; Xiaomi; Redmi; Redmi Note 8 Pro) feiyu/5.2.14"
122.193.66.35 - - [10/Jan/2023:11:47:27 +0800] "GET /v2/near/canvas-war/accounts/bd10b245-7108-4064-a23f-bd7bdecb29e2 HTTP/2.0" 200 520 "-" "Mozilla/5.0 (Android 11; Xiaomi; Redmi; M2004J19C) feiyu/5.2.14"
101.206.170.1 - - [10/Jan/2023:11:47:39 +0800] "GET /v2/clock-ins/stats HTTP/2.0" 200 384 "-" "Mozilla/5.0 (Android 9; vivo; vivo; V1934A) feiyu/5.2.14"
101.206.170.1 - - [10/Jan/2023:11:47:39 +0800] "GET /v2/users/87150e14-2792-41f7-bc91-6100fc3be2fb HTTP/2.0" 200 510 "-" "Mozilla/5.0 (Android 9; vivo; vivo; V1934A) feiyu/5.2.14"
101.206.170.1 - - [10/Jan/2023:11:47:39 +0800] "GET /v2/users/87150e14-2792-41f7-bc91-6100fc3be2fb HTTP/2.0" 200 510 "-" "Mozilla/5.0 (Android 9; vivo; vivo; V1934A) feiyu/5.2.14"
101.206.170.1 - - [10/Jan/2023:11:47:39 +0800] "GET /v2/users/87150e14-2792-41f7-bc91-6100fc3be2fb HTTP/2.0" 200 510 "-" "Mozilla/5.0 (Android 9; vivo; vivo; V1934A) feiyu/5.2.14"
101.206.170.1 - - [10/Jan/2023:11:47:39 +0800] "GET /v2/messages/unreadCount?timestamp=2023-01-09%2012%3A44%3A48 HTTP/2.0" 200 26 "-" "Mozilla/5.0 (Android 9; vivo; vivo; V1934A) feiyu/5.2.14"
101.206.170.1 - - [10/Jan/2023:11:47:39 +0800] "GET /v2/users/87150e14-2792-41f7-bc91-6100fc3be2fb/createdPostsV2?guest=false&size=20&image_width=1080&background_width=359 HTTP/2.0" 200 22364 "-" "Mozilla/5.0 (Android 9; vivo; vivo; V1934A) feiyu/5.2.14"
101.206.170.1 - - [10/Jan/2023:11:47:39 +0800] "GET /v2/users/87150e14-2792-41f7-bc91-6100fc3be2fb/likedPostsV2?guest=false&size=20&image_width=1080&background_width=359 HTTP/2.0" 200 72919 "-" "Mozilla/5.0 (Android 9; vivo; vivo; V1934A) feiyu/5.2.14"
101.206.170.1 - - [10/Jan/2023:11:47:39 +0800] "GET /v2/users/87150e14-2792-41f7-bc91-6100fc3be2fb/favoritedPosts?size=20&image_width=1080&background_width=359 HTTP/2.0" 200 2 "-" "Mozilla/5.0 (Android 9; vivo; vivo; V1934A) feiyu/5.2.14"
101.206.170.1 - - [10/Jan/2023:11:47:39 +0800] "GET /v2/near/canvas-war/accounts/87150e14-2792-41f7-bc91-6100fc3be2fb HTTP/2.0" 200 612 "-" "Mozilla/5.0 (Android 9; vivo; vivo; V1934A) feiyu/5.2.14"
122.193.66.35 - - [10/Jan/2023:11:47:39 +0800] "GET /v2/messages/unreadCount?timestamp=1970-01-01%2000%3A00%3A00 HTTP/2.0" 200 26 "-" "Mozilla/5.0 (Android 11; Xiaomi; Redmi; M2004J19C) feiyu/5.2.14"
122.193.66.35 - - [10/Jan/2023:11:47:39 +0800] "GET /v2/users/bd10b245-7108-4064-a23f-bd7bdecb29e2 HTTP/2.0" 200 417 "-" "Mozilla/5.0 (Android 11; Xiaomi; Redmi; M2004J19C) feiyu/5.2.14"
120.243.211.163 - - [10/Jan/2023:11:47:39 +0800] "GET /v2/posts/8fa1a7b0-a310-41dd-b7e4-5cd81012d7a9/commentsV4?size=20 HTTP/2.0" 200 2 "-" "Mozilla/5.0 (Android 12; Xiaomi; Redmi; Redmi K30 Pro Zoom Edition) feiyu/5.2.12"
120.243.211.163 - - [10/Jan/2023:11:47:40 +0800] "GET /v2/posts/8fa1a7b0-a310-41dd-b7e4-5cd81012d7a9/likes HTTP/2.0" 200 2 "-" "Mozilla/5.0 (Android 12; Xiaomi; Redmi; Redmi K30 Pro Zoom Edition) feiyu/5.2.12"
120.243.211.163 - - [10/Jan/2023:11:47:40 +0800] "GET /v2/posts/8fa1a7b0-a310-41dd-b7e4-5cd81012d7a9/detail?image_width=1080&background_width=1080 HTTP/2.0" 200 6058 "-" "Mozilla/5.0 (Android 12; Xiaomi; Redmi; Redmi K30 Pro Zoom Edition) feiyu/5.2.12"
122.193.66.35 - - [10/Jan/2023:11:47:40 +0800] "GET /v2/app/randomHomeBackgroundImageV2 HTTP/2.0" 200 287 "-" "Mozilla/5.0 (Android 11; Xiaomi; Redmi; M2004J19C) feiyu/5.2.14"
122.193.66.35 - - [10/Jan/2023:11:47:40 +0800] "GET /v2/campaigns/newest HTTP/2.0" 200 443 "-" "Mozilla/5.0 (Android 11; Xiaomi; Redmi; M2004J19C) feiyu/5.2.14"
122.193.66.35 - - [10/Jan/2023:11:47:40 +0800] "GET /v2/messages/unreadCount?timestamp=1970-01-01%2000%3A00%3A00 HTTP/2.0" 200 26 "-" "Mozilla/5.0 (Android 11; Xiaomi; Redmi; M2004J19C) feiyu/5.2.14"
122.193.66.35 - - [10/Jan/2023:11:47:40 +0800] "GET /v2/users/bd10b245-7108-4064-a23f-bd7bdecb29e2/settings HTTP/2.0" 200 313 "-" "Mozilla/5.0 (Android 11; Xiaomi; Redmi; M2004J19C) feiyu/5.2.14"
122.193.66.35 - - [10/Jan/2023:11:47:40 +0800] "GET /v2/explore/searchHint HTTP/2.0" 200 23 "-" "Mozilla/5.0 (Android 11; Xiaomi; Redmi; M2004J19C) feiyu/5.2.14"
122.193.66.35 - - [10/Jan/2023:11:47:40 +0800] "GET /v2/campaigns/newest HTTP/2.0" 200 443 "-" "Mozilla/5.0 (Android 11; Xiaomi; Redmi; M2004J19C) feiyu/5.2.14"
122.193.66.35 - - [10/Jan/2023:11:47:40 +0800] "GET /v2/clock-ins/stats HTTP/2.0" 200 385 "-" "Mozilla/5.0 (Android 11; Xiaomi; Redmi; M2004J19C) feiyu/5.2.14"
122.193.66.35 - - [10/Jan/2023:11:47:40 +0800] "GET /v2/users/bd10b245-7108-4064-a23f-bd7bdecb29e2 HTTP/2.0" 200 417 "-" "Mozilla/5.0 (Android 11; Xiaomi; Redmi; M2004J19C) feiyu/5.2.14"
122.193.66.35 - - [10/Jan/2023:11:47:40 +0800] "GET /v2/near/canvas-war/accounts/bd10b245-7108-4064-a23f-bd7bdecb29e2 HTTP/2.0" 200 521 "-" "Mozilla/5.0 (Android 11; Xiaomi; Redmi; M2004J19C) feiyu/5.2.14"
183.95.67.13 - - [10/Jan/2023:11:47:41 +0800] "GET /v2/messages/unreadCount?timestamp=1970-01-01%2000%3A00%3A00 HTTP/2.0" 200 26 "-" "Mozilla/5.0 (Android 12; realme; realme; RMX2117) feiyu/5.2.14"
183.95.67.13 - - [10/Jan/2023:11:47:41 +0800] "GET /v2/campaigns/newest HTTP/2.0" 200 443 "-" "Mozilla/5.0 (Android 12; realme; realme; RMX2117) feiyu/5.2.14"
183.95.67.13 - - [10/Jan/2023:11:47:41 +0800] "GET /v2/explore/searchHint HTTP/2.0" 200 23 "-" "Mozilla/5.0 (Android 12; realme; realme; RMX2117) feiyu/5.2.14"
183.95.67.13 - - [10/Jan/2023:11:47:41 +0800] "GET /v2/users/8201d61a-7e67-40a6-af5b-1eed2de60d3e/settings HTTP/2.0" 200 313 "-" "Mozilla/5.0 (Android 12; realme; realme; RMX2117) feiyu/5.2.14"
120.243.211.163 - - [10/Jan/2023:11:47:41 +0800] "GET /v2/messages/unreadCount?timestamp=2023-01-09%2015%3A56%3A44 HTTP/2.0" 200 26 "-" "Mozilla/5.0 (Android 12; Xiaomi; Redmi; Redmi K30 Pro Zoom Edition) feiyu/5.2.12"
120.243.211.163 - - [10/Jan/2023:11:47:41 +0800] "GET /v2/users/cf52aae3-fcfa-4303-a682-bd52acd26f8b/settings HTTP/2.0" 200 310 "-" "Mozilla/5.0 (Android 12; Xiaomi; Redmi; Redmi K30 Pro Zoom Edition) feiyu/5.2.12"
120.243.211.163 - - [10/Jan/2023:11:47:41 +0800] "GET /v2/clock-ins/stats HTTP/2.0" 200 385 "-" "Mozilla/5.0 (Android 12; Xiaomi; Redmi; Redmi K30 Pro Zoom Edition) feiyu/5.2.12"
120.243.211.163 - - [10/Jan/2023:11:47:41 +0800] "GET /v2/campaigns/newest HTTP/2.0" 200 443 "-" "Mozilla/5.0 (Android 12; Xiaomi; Redmi; Redmi K30 Pro Zoom Edition) feiyu/5.2.12"
120.243.211.163 - - [10/Jan/2023:11:47:41 +0800] "GET /v2/users/cf52aae3-fcfa-4303-a682-bd52acd26f8b HTTP/2.0" 200 412 "-" "Mozilla/5.0 (Android 12; Xiaomi; Redmi; Redmi K30 Pro Zoom Edition) feiyu/5.2.12"
120.243.211.163 - - [10/Jan/2023:11:47:41 +0800] "GET /v2/near/canvas-war/accounts/cf52aae3-fcfa-4303-a682-bd52acd26f8b HTTP/2.0" 200 516 "-" "Mozilla/5.0 (Android 12; Xiaomi; Redmi; Redmi K30 Pro Zoom Edition) feiyu/5.2.12"
221.201.213.62 - - [10/Jan/2023:11:47:43 +0800] "GET /v2/gallery/images/query?key=%E5%AE%BD%E5%B8%A6&page=1&size=20&show_favorite_status=true HTTP/2.0" 200 9793 "-" "Mozilla/5.0 (Android 10; HUAWEI; HONOR; PCT-AL10) feiyu/5.2.14"
221.201.213.62 - - [10/Jan/2023:11:47:44 +0800] "GET /v2/gallery/images/query?key=%E5%AE%BD%E5%B8%A6&page=2&size=20&show_favorite_status=true HTTP/2.0" 200 7693 "-" "Mozilla/5.0 (Android 10; HUAWEI; HONOR; PCT-AL10) feiyu/5.2.14"
221.201.213.62 - - [10/Jan/2023:11:47:45 +0800] "GET /v2/gallery/images/query?key=%E5%AE%BD%E5%B8%A6&page=3&size=20&show_favorite_status=true HTTP/2.0" 200 2 "-" "Mozilla/5.0 (Android 10; HUAWEI; HONOR; PCT-AL10) feiyu/5.2.14"
221.201.213.62 - - [10/Jan/2023:11:47:49 +0800] "GET /v2/messages/unreadCount?timestamp=1970-01-01%2000%3A00%3A00 HTTP/2.0" 200 26 "-" "Mozilla/5.0 (Android 10; HUAWEI; HONOR; PCT-AL10) feiyu/5.2.14"
221.201.213.62 - - [10/Jan/2023:11:47:49 +0800] "GET /v2/users/f41d1f8f-f478-4616-a2b6-06feee148c46/settings HTTP/2.0" 200 310 "-" "Mozilla/5.0 (Android 10; HUAWEI; HONOR; PCT-AL10) feiyu/5.2.14"
221.201.213.62 - - [10/Jan/2023:11:47:49 +0800] "GET /v2/explore/searchHint HTTP/2.0" 200 23 "-" "Mozilla/5.0 (Android 10; HUAWEI; HONOR; PCT-AL10) feiyu/5.2.14"
221.201.213.62 - - [10/Jan/2023:11:47:49 +0800] "GET /v2/campaigns/newest HTTP/2.0" 200 445 "-" "Mozilla/5.0 (Android 10; HUAWEI; HONOR; PCT-AL10) feiyu/5.2.14"
120.243.211.163 - - [10/Jan/2023:11:47:53 +0800] "GET /v2/messages/list-v2?size=20 HTTP/2.0" 200 3211 "-" "Mozilla/5.0 (Android 12; Xiaomi; Redmi; Redmi K30 Pro Zoom Edition) feiyu/5.2.12"
120.243.211.163 - - [10/Jan/2023:11:47:53 +0800] "GET /v2/messages/list-v2?timestamp=2022-11-03%2016%3A09%3A36&size=20 HTTP/2.0" 200 2 "-" "Mozilla/5.0 (Android 12; Xiaomi; Redmi; Redmi K30 Pro Zoom Edition) feiyu/5.2.12"
221.201.213.62 - - [10/Jan/2023:11:47:59 +0800] "GET /v2/clock-ins/stats HTTP/2.0" 200 385 "-" "Mozilla/5.0 (Android 10; HUAWEI; HONOR; PCT-AL10) feiyu/5.2.14"
221.201.213.62 - - [10/Jan/2023:11:47:59 +0800] "GET /v2/users/f41d1f8f-f478-4616-a2b6-06feee148c46 HTTP/2.0" 200 415 "-" "Mozilla/5.0 (Android 10; HUAWEI; HONOR; PCT-AL10) feiyu/5.2.14"
221.201.213.62 - - [10/Jan/2023:11:47:59 +0800] "GET /v2/users/f41d1f8f-f478-4616-a2b6-06feee148c46 HTTP/2.0" 200 415 "-" "Mozilla/5.0 (Android 10; HUAWEI; HONOR; PCT-AL10) feiyu/5.2.14"
221.201.213.62 - - [10/Jan/2023:11:47:59 +0800] "GET /v2/messages/unreadCount?timestamp=1970-01-01%2000%3A00%3A00 HTTP/2.0" 200 26 "-" "Mozilla/5.0 (Android 10; HUAWEI; HONOR; PCT-AL10) feiyu/5.2.14"
221.201.213.62 - - [10/Jan/2023:11:47:59 +0800] "GET /v2/users/f41d1f8f-f478-4616-a2b6-06feee148c46/likedPostsV2?guest=false&size=20&image_width=1080&background_width=359 HTTP/2.0" 200 2 "-" "Mozilla/5.0 (Android 10; HUAWEI; HONOR; PCT-AL10) feiyu/5.2.14"
221.201.213.62 - - [10/Jan/2023:11:47:59 +0800] "GET /v2/users/f41d1f8f-f478-4616-a2b6-06feee148c46 HTTP/2.0" 200 415 "-" "Mozilla/5.0 (Android 10; HUAWEI; HONOR; PCT-AL10) feiyu/5.2.14"
221.201.213.62 - - [10/Jan/2023:11:47:59 +0800] "GET /v2/users/f41d1f8f-f478-4616-a2b6-06feee148c46/createdPostsV2?guest=false&size=20&image_width=1080&background_width=359 HTTP/2.0" 200 1217 "-" "Mozilla/5.0 (Android 10; HUAWEI; HONOR; PCT-AL10) feiyu/5.2.14"
221.201.213.62 - - [10/Jan/2023:11:47:59 +0800] "GET /v2/users/f41d1f8f-f478-4616-a2b6-06feee148c46/favoritedPosts?size=20&image_width=1080&background_width=359 HTTP/2.0" 200 2 "-" "Mozilla/5.0 (Android 10; HUAWEI; HONOR; PCT-AL10) feiyu/5.2.14"
221.201.213.62 - - [10/Jan/2023:11:47:59 +0800] "GET /v2/users/f41d1f8f-f478-4616-a2b6-06feee148c46/createdPostsV2?timestamp=2022-07-22%2023%3A53%3A06&guest=false&size=20&image_width=1080&background_width=359 HTTP/2.0" 200 2 "-" "Mozilla/5.0 (Android 10; HUAWEI; HONOR; PCT-AL10) feiyu/5.2.14"
221.201.213.62 - - [10/Jan/2023:11:47:59 +0800] "GET /v2/near/canvas-war/accounts/f41d1f8f-f478-4616-a2b6-06feee148c46 HTTP/2.0" 200 519 "-" "Mozilla/5.0 (Android 10; HUAWEI; HONOR; PCT-AL10) feiyu/5.2.14"
39.144.134.55 - - [10/Jan/2023:11:48:05 +0800] "GET /v2/messages/unreadCount?timestamp=1970-01-01%2000%3A00%3A01 HTTP/2.0" 401 54 "-" "Mozilla/5.0 (iOS 16.1.2; Apple; Apple; iPhone14,2) feiyu/5.2.14"
39.144.134.55 - - [10/Jan/2023:11:48:05 +0800] "GET /v2/lab-projects HTTP/2.0" 200 24919 "-" "Mozilla/5.0 (iOS 16.1.2; Apple; Apple; iPhone14,2) feiyu/5.2.14"
39.144.134.55 - - [10/Jan/2023:11:48:05 +0800] "POST /v2/users/756987ee-e900-4fea-8b4a-9c6f3db382fd/token HTTP/2.0" 200 642 "-" "surstromming/5.2.14 (cn.logicdesign.quotepic; build:98; iOS 16.1.2) Alamofire/5.4.4"
39.144.134.55 - - [10/Jan/2023:11:48:06 +0800] "GET /v2/messages/unreadCount?timestamp=1970-01-01%2000%3A00%3A01 HTTP/2.0" 200 26 "-" "Mozilla/5.0 (iOS 16.1.2; Apple; Apple; iPhone14,2) feiyu/5.2.14"
39.144.134.55 - - [10/Jan/2023:11:48:07 +0800] "GET /v2/posts/followeesV4?background_width=1170&image_width=1170&type=0 HTTP/2.0" 200 87333 "-" "Mozilla/5.0 (iOS 16.1.2; Apple; Apple; iPhone14,2) feiyu/5.2.14"
39.144.134.55 - - [10/Jan/2023:11:48:07 +0800] "GET /v2/explore/searchHint HTTP/2.0" 200 23 "-" "Mozilla/5.0 (iOS 16.1.2; Apple; Apple; iPhone14,2) feiyu/5.2.14"
39.144.134.55 - - [10/Jan/2023:11:48:07 +0800] "GET /v2/ads?scene=0 HTTP/2.0" 200 2 "-" "Mozilla/5.0 (iOS 16.1.2; Apple; Apple; iPhone14,2) feiyu/5.2.14"
39.144.134.55 - - [10/Jan/2023:11:48:07 +0800] "GET /v2/explore/banner?scene=2 HTTP/2.0" 200 441 "-" "Mozilla/5.0 (iOS 16.1.2; Apple; Apple; iPhone14,2) feiyu/5.2.14"
39.144.134.55 - - [10/Jan/2023:11:48:07 +0800] "GET /v2/explore/banner?scene=1 HTTP/2.0" 200 2312 "-" "Mozilla/5.0 (iOS 16.1.2; Apple; Apple; iPhone14,2) feiyu/5.2.14"
39.144.134.55 - - [10/Jan/2023:11:48:07 +0800] "GET /v2/posts/recommended/sticky?background_width=1170&image_width=1170 HTTP/2.0" 200 3848 "-" "Mozilla/5.0 (iOS 16.1.2; Apple; Apple; iPhone14,2) feiyu/5.2.14"
39.144.134.55 - - [10/Jan/2023:11:48:07 +0800] "GET /v2/content-series/explore HTTP/2.0" 200 68482 "-" "Mozilla/5.0 (iOS 16.1.2; Apple; Apple; iPhone14,2) feiyu/5.2.14"
39.144.134.55 - - [10/Jan/2023:11:48:07 +0800] "GET /v2/posts/recommended?background_width=1170&image_width=1170&size=20 HTTP/2.0" 200 68934 "-" "Mozilla/5.0 (iOS 16.1.2; Apple; Apple; iPhone14,2) feiyu/5.2.14"
39.144.134.55 - - [10/Jan/2023:11:48:14 +0800] "GET /v2/messages/unreadCount?timestamp=1970-01-01%2000%3A00%3A01 HTTP/2.0" 200 26 "-" "Mozilla/5.0 (iOS 16.1.2; Apple; Apple; iPhone14,2) feiyu/5.2.14"
39.144.134.55 - - [10/Jan/2023:11:48:16 +0800] "GET /v2/app/upgrade?platform=iOS&version_code=98 HTTP/2.0" 200 4 "-" "Mozilla/5.0 (iOS 16.1.2; Apple; Apple; iPhone14,2) feiyu/5.2.14"
39.144.134.55 - - [10/Jan/2023:11:48:16 +0800] "GET /v2/campaigns/newest HTTP/2.0" 200 449 "-" "Mozilla/5.0 (iOS 16.1.2; Apple; Apple; iPhone14,2) feiyu/5.2.14"
39.144.134.55 - - [10/Jan/2023:11:48:16 +0800] "GET /v2/messages/unreadCount?timestamp=1970-01-01%2000%3A00%3A01 HTTP/2.0" 200 26 "-" "Mozilla/5.0 (iOS 16.1.2; Apple; Apple; iPhone14,2) feiyu/5.2.14"
39.144.134.55 - - [10/Jan/2023:11:48:16 +0800] "GET /v2/app/randomHomeBackgroundImageV2 HTTP/2.0" 200 287 "-" "Mozilla/5.0 (iOS 16.1.2; Apple; Apple; iPhone14,2) feiyu/5.2.14"
221.201.213.62 - - [10/Jan/2023:11:48:17 +0800] "GET /v2/messages/unreadCount?timestamp=1970-01-01%2000%3A00%3A00 HTTP/2.0" 200 26 "-" "Mozilla/5.0 (Android 10; HUAWEI; HONOR; PCT-AL10) feiyu/5.2.14"
221.201.213.62 - - [10/Jan/2023:11:48:17 +0800] "GET /v2/explore/searchHint HTTP/2.0" 200 23 "-" "Mozilla/5.0 (Android 10; HUAWEI; HONOR; PCT-AL10) feiyu/5.2.14"
221.201.213.62 - - [10/Jan/2023:11:48:17 +0800] "GET /v2/campaigns/newest HTTP/2.0" 200 443 "-" "Mozilla/5.0 (Android 10; HUAWEI; HONOR; PCT-AL10) feiyu/5.2.14"
221.201.213.62 - - [10/Jan/2023:11:48:17 +0800] "GET /v2/clock-ins/stats HTTP/2.0" 200 385 "-" "Mozilla/5.0 (Android 10; HUAWEI; HONOR; PCT-AL10) feiyu/5.2.14"
221.201.213.62 - - [10/Jan/2023:11:48:17 +0800] "GET /v2/users/f41d1f8f-f478-4616-a2b6-06feee148c46/settings HTTP/2.0" 200 310 "-" "Mozilla/5.0 (Android 10; HUAWEI; HONOR; PCT-AL10) feiyu/5.2.14"
221.201.213.62 - - [10/Jan/2023:11:48:17 +0800] "GET /v2/users/f41d1f8f-f478-4616-a2b6-06feee148c46 HTTP/2.0" 200 415 "-" "Mozilla/5.0 (Android 10; HUAWEI; HONOR; PCT-AL10) feiyu/5.2.14"
221.201.213.62 - - [10/Jan/2023:11:48:17 +0800] "GET /v2/near/canvas-war/accounts/f41d1f8f-f478-4616-a2b6-06feee148c46 HTTP/2.0" 200 519 "-" "Mozilla/5.0 (Android 10; HUAWEI; HONOR; PCT-AL10) feiyu/5.2.14"
113.248.164.118 - - [10/Jan/2023:11:48:26 +0800] "GET /v2/campaigns/newest HTTP/2.0" 200 445 "-" "Mozilla/5.0 (Android 12; Xiaomi; Redmi; M2012K11AC) feiyu/5.2.14"
113.248.164.118 - - [10/Jan/2023:11:48:26 +0800] "GET /v2/users/bdb1d210-3f5f-4472-9c4f-b0d69010e4b0/settings HTTP/2.0" 200 313 "-" "Mozilla/5.0 (Android 12; Xiaomi; Redmi; M2012K11AC) feiyu/5.2.14"
113.248.164.118 - - [10/Jan/2023:11:48:26 +0800] "GET /v2/messages/unreadCount?timestamp=1970-01-01%2000%3A00%3A00 HTTP/2.0" 200 26 "-" "Mozilla/5.0 (Android 12; Xiaomi; Redmi; M2012K11AC) feiyu/5.2.14"
39.144.134.55 - - [10/Jan/2023:11:48:30 +0800] "GET /v2/gallery/randomImagesV2?content=%0A%E2%80%8B%0A%E2%80%8B%E9%BB%91%E5%A4%A9%E9%B9%85%E7%9A%84%E6%84%8F%E2%80%AE%E5%9C%A8%E4%B9%89%E2%80%AC%E4%BA%8E%EF%BC%9A%E5%8F%AA%E8%A6%81%E6%98%AF%E6%9C%89%E2%80%AE%E9%99%A9%E9%A3%8E%E2%80%AC%E7%9A%84%E4%BA%8B%E6%83%85%EF%BC%8C%E5%8F%AA%E8%A6%81%E5%9D%9A%E6%8C%81%E5%81%9A%EF%BC%8C%E9%95%BF%E6%9C%9F%E5%81%9A%EF%BC%8C&size=50&width=390 HTTP/2.0" 200 23379 "-" "Mozilla/5.0 (iOS 16.1.2; Apple; Apple; iPhone14,2) feiyu/5.2.14"
39.144.134.55 - - [10/Jan/2023:11:48:31 +0800] "GET /v2/messages/unreadCount?timestamp=1970-01-01%2000%3A00%3A01 HTTP/2.0" 200 26 "-" "Mozilla/5.0 (iOS 16.1.2; Apple; Apple; iPhone14,2) feiyu/5.2.14"
39.144.134.55 - - [10/Jan/2023:11:48:31 +0800] "GET /v2/app/randomHomeBackgroundImageV2 HTTP/2.0" 200 287 "-" "Mozilla/5.0 (iOS 16.1.2; Apple; Apple; iPhone14,2) feiyu/5.2.14"
101.206.170.1 - - [10/Jan/2023:11:48:27 +0800] "POST /v2/clock-ins/clock-in HTTP/2.0" 200 - "-" "Mozilla/5.0 (Android 9; vivo; vivo; V1934A) feiyu/5.2.14"
101.206.170.1 - - [10/Jan/2023:11:48:33 +0800] "GET /v2/clock-ins/stats HTTP/2.0" 200 382 "-" "Mozilla/5.0 (Android 9; vivo; vivo; V1934A) feiyu/5.2.14"
183.95.67.13 - - [10/Jan/2023:11:48:37 +0800] "GET /v2/messages/unreadCount?timestamp=1970-01-01%2000%3A00%3A00 HTTP/2.0" 200 26 "-" "Mozilla/5.0 (Android 12; realme; realme; RMX2117) feiyu/5.2.14"
183.95.67.13 - - [10/Jan/2023:11:48:37 +0800] "GET /v2/explore/searchHint HTTP/2.0" 200 23 "-" "Mozilla/5.0 (Android 12; realme; realme; RMX2117) feiyu/5.2.14"
183.95.67.13 - - [10/Jan/2023:11:48:37 +0800] "GET /v2/users/8201d61a-7e67-40a6-af5b-1eed2de60d3e/settings HTTP/2.0" 200 313 "-" "Mozilla/5.0 (Android 12; realme; realme; RMX2117) feiyu/5.2.14"
183.95.67.13 - - [10/Jan/2023:11:48:37 +0800] "GET /v2/campaigns/newest HTTP/2.0" 200 445 "-" "Mozilla/5.0 (Android 12; realme; realme; RMX2117) feiyu/5.2.14"
113.248.164.118 - - [10/Jan/2023:11:48:38 +0800] "GET /v2/gallery/randomImagesV2?size=50&width=540&content=%E5%A4%B1%E5%8E%BB%E5%91%B3%E8%A7%89 HTTP/2.0" 200 23524 "-" "Mozilla/5.0 (Android 12; Xiaomi; Redmi; M2012K11AC) feiyu/5.2.14"
113.248.164.118 - - [10/Jan/2023:11:48:43 +0800] "GET /v2/gallery/images/22e0dd60-6b7a-4262-922b-4f1c712baa5a?width=1080 HTTP/2.0" 200 462 "-" "Mozilla/5.0 (Android 12; Xiaomi; Redmi; M2012K11AC) feiyu/5.2.14"
183.95.67.13 - - [10/Jan/2023:11:48:50 +0800] "GET /v2/messages/unreadCount?timestamp=1970-01-01%2000%3A00%3A00 HTTP/2.0" 200 26 "-" "Mozilla/5.0 (Android 12; realme; realme; RMX2117) feiyu/5.2.14"
183.95.67.13 - - [10/Jan/2023:11:48:50 +0800] "GET /v2/campaigns/newest HTTP/2.0" 200 445 "-" "Mozilla/5.0 (Android 12; realme; realme; RMX2117) feiyu/5.2.14"
183.95.67.13 - - [10/Jan/2023:11:48:50 +0800] "GET /v2/explore/searchHint HTTP/2.0" 200 23 "-" "Mozilla/5.0 (Android 12; realme; realme; RMX2117) feiyu/5.2.14"
183.95.67.13 - - [10/Jan/2023:11:48:50 +0800] "GET /v2/users/8201d61a-7e67-40a6-af5b-1eed2de60d3e/settings HTTP/2.0" 200 313 "-" "Mozilla/5.0 (Android 12; realme; realme; RMX2117) feiyu/5.2.14"
116.237.130.18 - - [10/Jan/2023:11:48:54 +0800] "GET /v2/app/tiamat-info HTTP/2.0" 200 16 "-" "Mozilla/5.0 (Android 12; Xiaomi; Redmi; 22081212C) feiyu/5.2.14"
116.237.130.18 - - [10/Jan/2023:11:48:54 +0800] "GET /v2/app/ab-test-status HTTP/2.0" 200 16 "-" "Mozilla/5.0 (Android 12; Xiaomi; Redmi; 22081212C) feiyu/5.2.14"
116.237.130.18 - - [10/Jan/2023:11:48:54 +0800] "GET /v2/app/upgrade?version_code=65&platform=Android HTTP/2.0" 200 4 "-" "Mozilla/5.0 (Android 12; Xiaomi; Redmi; 22081212C) feiyu/5.2.14"
120.243.211.163 - - [10/Jan/2023:11:48:54 +0800] "GET /v2/posts/8fa1a7b0-a310-41dd-b7e4-5cd81012d7a9/likes HTTP/2.0" 200 2 "-" "Mozilla/5.0 (Android 12; Xiaomi; Redmi; Redmi K30 Pro Zoom Edition) feiyu/5.2.12"
120.243.211.163 - - [10/Jan/2023:11:48:54 +0800] "GET /v2/posts/8fa1a7b0-a310-41dd-b7e4-5cd81012d7a9/commentsV4?size=20 HTTP/2.0" 200 2 "-" "Mozilla/5.0 (Android 12; Xiaomi; Redmi; Redmi K30 Pro Zoom Edition) feiyu/5.2.12"
120.243.211.163 - - [10/Jan/2023:11:48:54 +0800] "GET /v2/posts/8fa1a7b0-a310-41dd-b7e4-5cd81012d7a9/detail?image_width=1080&background_width=1080 HTTP/2.0" 200 6064 "-" "Mozilla/5.0 (Android 12; Xiaomi; Redmi; Redmi K30 Pro Zoom Edition) feiyu/5.2.12"
116.237.130.18 - - [10/Jan/2023:11:48:55 +0800] "GET /v2/lab-projects HTTP/2.0" 200 24923 "-" "Mozilla/5.0 (Android 12; Xiaomi; Redmi; 22081212C) feiyu/5.2.14"
116.237.130.18 - - [10/Jan/2023:11:48:55 +0800] "GET /v2/app/upgrade?version_code=65&platform=Android HTTP/2.0" 200 4 "-" "Mozilla/5.0 (Android 12; Xiaomi; Redmi; 22081212C) feiyu/5.2.14"
116.237.130.18 - - [10/Jan/2023:11:48:55 +0800] "GET /v2/app/randomHomeBackgroundImageV2 HTTP/2.0" 200 290 "-" "Mozilla/5.0 (Android 12; Xiaomi; Redmi; 22081212C) feiyu/5.2.14"
116.237.130.18 - - [10/Jan/2023:11:48:55 +0800] "GET /v2/campaigns/newest HTTP/2.0" 200 445 "-" "Mozilla/5.0 (Android 12; Xiaomi; Redmi; 22081212C) feiyu/5.2.14"
116.237.130.18 - - [10/Jan/2023:11:48:55 +0800] "GET /v2/messages/unreadCount?timestamp=1970-01-01%2000%3A00%3A00 HTTP/2.0" 200 26 "-" "Mozilla/5.0 (Android 12; Xiaomi; Redmi; 22081212C) feiyu/5.2.14"
116.237.130.18 - - [10/Jan/2023:11:48:56 +0800] "GET /v2/campaigns/newest HTTP/2.0" 200 443 "-" "Mozilla/5.0 (Android 12; Xiaomi; Redmi; 22081212C) feiyu/5.2.14"
116.237.130.18 - - [10/Jan/2023:11:48:56 +0800] "GET /v2/users/a88d12a3-c0a0-4ddb-8db4-88fc1a91ba47/settings HTTP/2.0" 200 310 "-" "Mozilla/5.0 (Android 12; Xiaomi; Redmi; 22081212C) feiyu/5.2.14"
116.237.130.18 - - [10/Jan/2023:11:49:04 +0800] "GET /v2/gallery/randomImagesV2?size=50&width=610&category_safe_id=d1569b14-497d-474c-8c41-732c10584cb4&content=%E6%80%8E%E4%B9%88%E4%B8%8D%E5%8E%BB%E6%8A%A2 HTTP/2.0" 200 23310 "-" "Mozilla/5.0 (Android 12; Xiaomi; Redmi; 22081212C) feiyu/5.2.14"
113.248.164.118 - - [10/Jan/2023:11:49:05 +0800] "GET /v2/gallery/images/006de237-7ad4-4274-8fd7-e5cbd000f7db?width=1080 HTTP/2.0" 200 505 "-" "Mozilla/5.0 (Android 12; Xiaomi; Redmi; M2012K11AC) feiyu/5.2.14"
113.248.164.118 - - [10/Jan/2023:11:49:09 +0800] "POST /v2/app/upload HTTP/2.0" 200 349 "-" "Mozilla/5.0 (Android 12; Xiaomi; Redmi; M2012K11AC) feiyu/5.2.14"
113.248.164.118 - - [10/Jan/2023:11:49:09 +0800] "POST /v2/posts/uploadCompleteV2 HTTP/2.0" 200 1184 "-" "Mozilla/5.0 (Android 12; Xiaomi; Redmi; M2012K11AC) feiyu/5.2.14"
125.73.84.230 - - [10/Jan/2023:11:49:13 +0800] "GET /v2/messages/unreadCount?timestamp=1970-01-01%2000%3A00%3A01 HTTP/2.0" 200 26 "-" "Mozilla/5.0 (iOS 16.1.2; Apple; Apple; iPhone14,2) feiyu/5.2.14"
125.73.84.230 - - [10/Jan/2023:11:49:17 +0800] "GET /v2/messages/unreadCount?timestamp=1970-01-01%2000%3A00%3A01 HTTP/2.0" 200 26 "-" "Mozilla/5.0 (iOS 16.1.2; Apple; Apple; iPhone14,2) feiyu/5.2.14"
113.248.164.118 - - [10/Jan/2023:11:49:21 +0800] "GET /v2/campaigns/newest HTTP/2.0" 200 447 "-" "Mozilla/5.0 (Android 12; Xiaomi; Redmi; M2012K11AC) feiyu/5.2.14"
113.248.164.118 - - [10/Jan/2023:11:49:21 +0800] "GET /v2/messages/unreadCount?timestamp=1970-01-01%2000%3A00%3A00 HTTP/2.0" 200 26 "-" "Mozilla/5.0 (Android 12; Xiaomi; Redmi; M2012K11AC) feiyu/5.2.14"
113.248.164.118 - - [10/Jan/2023:11:49:21 +0800] "GET /v2/users/bdb1d210-3f5f-4472-9c4f-b0d69010e4b0/settings HTTP/2.0" 200 313 "-" "Mozilla/5.0 (Android 12; Xiaomi; Redmi; M2012K11AC) feiyu/5.2.14"
116.237.130.18 - - [10/Jan/2023:11:49:22 +0800] "GET /v2/messages/unreadCount?timestamp=1970-01-01%2000%3A00%3A00 HTTP/2.0" 200 26 "-" "Mozilla/5.0 (Android 12; Xiaomi; Redmi; 22081212C) feiyu/5.2.14"
116.237.130.18 - - [10/Jan/2023:11:49:22 +0800] "GET /v2/campaigns/newest HTTP/2.0" 200 443 "-" "Mozilla/5.0 (Android 12; Xiaomi; Redmi; 22081212C) feiyu/5.2.14"
116.237.130.18 - - [10/Jan/2023:11:49:22 +0800] "GET /v2/users/a88d12a3-c0a0-4ddb-8db4-88fc1a91ba47/settings HTTP/2.0" 200 310 "-" "Mozilla/5.0 (Android 12; Xiaomi; Redmi; 22081212C) feiyu/5.2.14"
125.73.84.230 - - [10/Jan/2023:11:49:22 +0800] "GET /v2/messages/unreadCount?timestamp=1970-01-01%2000%3A00%3A01 HTTP/2.0" 200 26 "-" "Mozilla/5.0 (iOS 16.1.2; Apple; Apple; iPhone14,2) feiyu/5.2.14"
116.237.130.18 - - [10/Jan/2023:11:49:24 +0800] "GET /v2/lab-projects HTTP/2.0" 200 24907 "-" "Mozilla/5.0 (Android 12; Xiaomi; Redmi; 22081212C) feiyu/5.2.14"
183.95.67.13 - - [10/Jan/2023:11:49:24 +0800] "GET /v2/messages/unreadCount?timestamp=1970-01-01%2000%3A00%3A00 HTTP/2.0" 200 26 "-" "Mozilla/5.0 (Android 12; realme; realme; RMX2117) feiyu/5.2.14"
183.95.67.13 - - [10/Jan/2023:11:49:24 +0800] "GET /v2/explore/searchHint HTTP/2.0" 200 23 "-" "Mozilla/5.0 (Android 12; realme; realme; RMX2117) feiyu/5.2.14"
183.95.67.13 - - [10/Jan/2023:11:49:24 +0800] "GET /v2/campaigns/newest HTTP/2.0" 200 447 "-" "Mozilla/5.0 (Android 12; realme; realme; RMX2117) feiyu/5.2.14"
183.95.67.13 - - [10/Jan/2023:11:49:24 +0800] "GET /v2/users/8201d61a-7e67-40a6-af5b-1eed2de60d3e/settings HTTP/2.0" 200 313 "-" "Mozilla/5.0 (Android 12; realme; realme; RMX2117) feiyu/5.2.14"
116.237.130.18 - - [10/Jan/2023:11:49:24 +0800] "GET /v2/lab-projects/active-users-count HTTP/2.0" 200 14 "-" "Mozilla/5.0 (Android 12; Xiaomi; Redmi; 22081212C) feiyu/5.2.14"
116.237.130.18 - - [10/Jan/2023:11:49:24 +0800] "GET /v2/gallery/categoriesV4 HTTP/2.0" 200 13190 "-" "Mozilla/5.0 (Android 12; Xiaomi; Redmi; 22081212C) feiyu/5.2.14"
116.237.130.18 - - [10/Jan/2023:11:49:25 +0800] "GET /v2/gallery/categories/1e3bd6cc-e816-4cec-a975-7d2c39b1a292/imagesV3?page=1&size=20&width=406 HTTP/2.0" 200 949 "-" "Mozilla/5.0 (Android 12; Xiaomi; Redmi; 22081212C) feiyu/5.2.14"
116.237.130.18 - - [10/Jan/2023:11:49:25 +0800] "GET /v2/gallery/categories/1e3bd6cc-e816-4cec-a975-7d2c39b1a292/imagesV3?page=2&size=20&width=406 HTTP/2.0" 200 2 "-" "Mozilla/5.0 (Android 12; Xiaomi; Redmi; 22081212C) feiyu/5.2.14"
120.243.211.163 - - [10/Jan/2023:11:49:27 +0800] "GET /v2/messages/unreadCount?timestamp=2023-01-10%2003%3A47%3A53 HTTP/2.0" 200 26 "-" "Mozilla/5.0 (Android 12; Xiaomi; Redmi; Redmi K30 Pro Zoom Edition) feiyu/5.2.12"
120.243.211.163 - - [10/Jan/2023:11:49:27 +0800] "GET /v2/clock-ins/stats HTTP/2.0" 200 385 "-" "Mozilla/5.0 (Android 12; Xiaomi; Redmi; Redmi K30 Pro Zoom Edition) feiyu/5.2.12"
120.243.211.163 - - [10/Jan/2023:11:49:27 +0800] "GET /v2/campaigns/newest HTTP/2.0" 200 443 "-" "Mozilla/5.0 (Android 12; Xiaomi; Redmi; Redmi K30 Pro Zoom Edition) feiyu/5.2.12"
120.243.211.163 - - [10/Jan/2023:11:49:27 +0800] "GET /v2/users/cf52aae3-fcfa-4303-a682-bd52acd26f8b/settings HTTP/2.0" 200 310 "-" "Mozilla/5.0 (Android 12; Xiaomi; Redmi; Redmi K30 Pro Zoom Edition) feiyu/5.2.12"
120.243.211.163 - - [10/Jan/2023:11:49:27 +0800] "GET /v2/users/cf52aae3-fcfa-4303-a682-bd52acd26f8b HTTP/2.0" 200 412 "-" "Mozilla/5.0 (Android 12; Xiaomi; Redmi; Redmi K30 Pro Zoom Edition) feiyu/5.2.12"
120.243.211.163 - - [10/Jan/2023:11:49:27 +0800] "GET /v2/near/canvas-war/accounts/cf52aae3-fcfa-4303-a682-bd52acd26f8b HTTP/2.0" 200 516 "-" "Mozilla/5.0 (Android 12; Xiaomi; Redmi; Redmi K30 Pro Zoom Edition) feiyu/5.2.12"
125.73.84.230 - - [10/Jan/2023:11:49:28 +0800] "GET /v2/messages/unreadCount?timestamp=1970-01-01%2000%3A00%3A01 HTTP/2.0" 200 26 "-" "Mozilla/5.0 (iOS 16.1.2; Apple; Apple; iPhone14,2) feiyu/5.2.14"
116.237.130.18 - - [10/Jan/2023:11:49:28 +0800] "GET /v2/gallery/images/query?key=%E6%84%A4%E6%80%92&page=1&size=20&show_favorite_status=true HTTP/2.0" 200 10104 "-" "Mozilla/5.0 (Android 12; Xiaomi; Redmi; 22081212C) feiyu/5.2.14"
116.237.130.18 - - [10/Jan/2023:11:49:29 +0800] "GET /v2/gallery/images/query?key=%E6%84%A4%E6%80%92&page=2&size=20&show_favorite_status=true HTTP/2.0" 200 9560 "-" "Mozilla/5.0 (Android 12; Xiaomi; Redmi; 22081212C) feiyu/5.2.14"
120.243.211.163 - - [10/Jan/2023:11:49:29 +0800] "GET /v2/app/randomHomeBackgroundImageV2 HTTP/2.0" 200 287 "-" "Mozilla/5.0 (Android 12; Xiaomi; Redmi; Redmi K30 Pro Zoom Edition) feiyu/5.2.12"
120.243.211.163 - - [10/Jan/2023:11:49:29 +0800] "GET /v2/campaigns/newest HTTP/2.0" 200 445 "-" "Mozilla/5.0 (Android 12; Xiaomi; Redmi; Redmi K30 Pro Zoom Edition) feiyu/5.2.12"
116.237.130.18 - - [10/Jan/2023:11:49:32 +0800] "GET /v2/gallery/images/query?key=%E6%84%A4%E6%80%92&page=3&size=20&show_favorite_status=true HTTP/2.0" 200 9746 "-" "Mozilla/5.0 (Android 12; Xiaomi; Redmi; 22081212C) feiyu/5.2.14"
116.237.130.18 - - [10/Jan/2023:11:49:33 +0800] "GET /v2/gallery/images/query?key=%E6%84%A4%E6%80%92&page=4&size=20&show_favorite_status=true HTTP/2.0" 200 9842 "-" "Mozilla/5.0 (Android 12; Xiaomi; Redmi; 22081212C) feiyu/5.2.14"
120.243.211.163 - - [10/Jan/2023:11:49:33 +0800] "GET /v2/messages/unreadCount?timestamp=2023-01-10%2003%3A47%3A53 HTTP/2.0" 200 26 "-" "Mozilla/5.0 (Android 12; Xiaomi; Redmi; Redmi K30 Pro Zoom Edition) feiyu/5.2.12"
120.243.211.163 - - [10/Jan/2023:11:49:33 +0800] "GET /v2/campaigns/newest HTTP/2.0" 200 449 "-" "Mozilla/5.0 (Android 12; Xiaomi; Redmi; Redmi K30 Pro Zoom Edition) feiyu/5.2.12"
120.243.211.163 - - [10/Jan/2023:11:49:33 +0800] "GET /v2/clock-ins/stats HTTP/2.0" 200 385 "-" "Mozilla/5.0 (Android 12; Xiaomi; Redmi; Redmi K30 Pro Zoom Edition) feiyu/5.2.12"
120.243.211.163 - - [10/Jan/2023:11:49:33 +0800] "GET /v2/users/cf52aae3-fcfa-4303-a682-bd52acd26f8b/settings HTTP/2.0" 200 310 "-" "Mozilla/5.0 (Android 12; Xiaomi; Redmi; Redmi K30 Pro Zoom Edition) feiyu/5.2.12"
120.243.211.163 - - [10/Jan/2023:11:49:33 +0800] "GET /v2/users/cf52aae3-fcfa-4303-a682-bd52acd26f8b HTTP/2.0" 200 412 "-" "Mozilla/5.0 (Android 12; Xiaomi; Redmi; Redmi K30 Pro Zoom Edition) feiyu/5.2.12"
120.243.211.163 - - [10/Jan/2023:11:49:33 +0800] "GET /v2/near/canvas-war/accounts/cf52aae3-fcfa-4303-a682-bd52acd26f8b HTTP/2.0" 200 516 "-" "Mozilla/5.0 (Android 12; Xiaomi; Redmi; Redmi K30 Pro Zoom Edition) feiyu/5.2.12"
125.73.84.230 - - [10/Jan/2023:11:49:34 +0800] "GET /v2/messages/unreadCount?timestamp=1970-01-01%2000%3A00%3A01 HTTP/2.0" 200 26 "-" "Mozilla/5.0 (iOS 16.1.2; Apple; Apple; iPhone14,2) feiyu/5.2.14"
116.237.130.18 - - [10/Jan/2023:11:49:34 +0800] "GET /v2/messages/unreadCount?timestamp=1970-01-01%2000%3A00%3A00 HTTP/2.0" 200 26 "-" "Mozilla/5.0 (Android 12; Xiaomi; Redmi; 22081212C) feiyu/5.2.14"
116.237.130.18 - - [10/Jan/2023:11:49:34 +0800] "GET /v2/campaigns/newest HTTP/2.0" 200 445 "-" "Mozilla/5.0 (Android 12; Xiaomi; Redmi; 22081212C) feiyu/5.2.14"
116.237.130.18 - - [10/Jan/2023:11:49:34 +0800] "GET /v2/users/a88d12a3-c0a0-4ddb-8db4-88fc1a91ba47/settings HTTP/2.0" 200 310 "-" "Mozilla/5.0 (Android 12; Xiaomi; Redmi; 22081212C) feiyu/5.2.14"
120.243.211.163 - - [10/Jan/2023:11:49:35 +0800] "GET /v2/users/cf52aae3-fcfa-4303-a682-bd52acd26f8b HTTP/2.0" 200 412 "-" "Mozilla/5.0 (Android 12; Xiaomi; Redmi; Redmi K30 Pro Zoom Edition) feiyu/5.2.12"
120.243.211.163 - - [10/Jan/2023:11:49:35 +0800] "GET /v2/messages/unreadCount?timestamp=2023-01-10%2003%3A47%3A53 HTTP/2.0" 200 26 "-" "Mozilla/5.0 (Android 12; Xiaomi; Redmi; Redmi K30 Pro Zoom Edition) feiyu/5.2.12"
125.73.84.230 - - [10/Jan/2023:11:49:36 +0800] "GET /v2/messages/unreadCount?timestamp=1970-01-01%2000%3A00%3A01 HTTP/2.0" 200 26 "-" "Mozilla/5.0 (iOS 16.1.2; Apple; Apple; iPhone14,2) feiyu/5.2.14"
120.243.211.163 - - [10/Jan/2023:11:49:37 +0800] "GET /v2/posts/8fa1a7b0-a310-41dd-b7e4-5cd81012d7a9/commentsV4?size=20 HTTP/2.0" 200 2 "-" "Mozilla/5.0 (Android 12; Xiaomi; Redmi; Redmi K30 Pro Zoom Edition) feiyu/5.2.12"
120.243.211.163 - - [10/Jan/2023:11:49:37 +0800] "GET /v2/posts/8fa1a7b0-a310-41dd-b7e4-5cd81012d7a9/likes HTTP/2.0" 200 2 "-" "Mozilla/5.0 (Android 12; Xiaomi; Redmi; Redmi K30 Pro Zoom Edition) feiyu/5.2.12"
120.243.211.163 - - [10/Jan/2023:11:49:37 +0800] "GET /v2/posts/8fa1a7b0-a310-41dd-b7e4-5cd81012d7a9/detail?image_width=1080&background_width=1080 HTTP/2.0" 200 6050 "-" "Mozilla/5.0 (Android 12; Xiaomi; Redmi; Redmi K30 Pro Zoom Edition) feiyu/5.2.12"
125.73.84.230 - - [10/Jan/2023:11:49:42 +0800] "GET /v2/messages/unreadCount?timestamp=1970-01-01%2000%3A00%3A01 HTTP/2.0" 200 26 "-" "Mozilla/5.0 (iOS 16.1.2; Apple; Apple; iPhone14,2) feiyu/5.2.14"
113.248.164.118 - - [10/Jan/2023:11:49:43 +0800] "GET /v2/gallery/randomImagesV2?size=50&width=540&content=%E2%80%9C%E9%98%B3%E5%BA%B7%E2%80%9D%E5%90%8E HTTP/2.0" 200 23610 "-" "Mozilla/5.0 (Android 12; Xiaomi; Redmi; M2012K11AC) feiyu/5.2.14"
124.160.218.207 - - [10/Jan/2023:11:49:44 +0800] "GET /v2/messages/unreadCount?timestamp=1970-01-01%2000%3A00%3A01 HTTP/2.0" 200 26 "-" "Mozilla/5.0 (iOS 16.1.1; Apple; Apple; iPhone10,3) feiyu/5.2.14"
124.160.218.207 - - [10/Jan/2023:11:49:44 +0800] "GET /v2/lab-projects HTTP/2.0" 200 24901 "-" "Mozilla/5.0 (iOS 16.1.1; Apple; Apple; iPhone10,3) feiyu/5.2.14"
124.160.218.207 - - [10/Jan/2023:11:49:46 +0800] "GET /v2/posts/followeesV4?background_width=1125&image_width=1125&type=0 HTTP/2.0" 200 87351 "-" "Mozilla/5.0 (iOS 16.1.1; Apple; Apple; iPhone10,3) feiyu/5.2.14"
124.160.218.207 - - [10/Jan/2023:11:49:46 +0800] "GET /v2/explore/searchHint HTTP/2.0" 200 23 "-" "Mozilla/5.0 (iOS 16.1.1; Apple; Apple; iPhone10,3) feiyu/5.2.14"
124.160.218.207 - - [10/Jan/2023:11:49:46 +0800] "GET /v2/explore/banner?scene=2 HTTP/2.0" 200 439 "-" "Mozilla/5.0 (iOS 16.1.1; Apple; Apple; iPhone10,3) feiyu/5.2.14"
124.160.218.207 - - [10/Jan/2023:11:49:46 +0800] "GET /v2/content-series/explore HTTP/2.0" 200 68530 "-" "Mozilla/5.0 (iOS 16.1.1; Apple; Apple; iPhone10,3) feiyu/5.2.14"
124.160.218.207 - - [10/Jan/2023:11:49:46 +0800] "GET /v2/ads?scene=0 HTTP/2.0" 200 2 "-" "Mozilla/5.0 (iOS 16.1.1; Apple; Apple; iPhone10,3) feiyu/5.2.14"
124.160.218.207 - - [10/Jan/2023:11:49:46 +0800] "GET /v2/explore/banner?scene=1 HTTP/2.0" 200 2314 "-" "Mozilla/5.0 (iOS 16.1.1; Apple; Apple; iPhone10,3) feiyu/5.2.14"
124.160.218.207 - - [10/Jan/2023:11:49:46 +0800] "GET /v2/posts/recommended/sticky?background_width=1125&image_width=1125 HTTP/2.0" 200 3850 "-" "Mozilla/5.0 (iOS 16.1.1; Apple; Apple; iPhone10,3) feiyu/5.2.14"
124.160.218.207 - - [10/Jan/2023:11:49:46 +0800] "GET /v2/posts/recommended?background_width=1125&image_width=1125&size=20 HTTP/2.0" 200 74831 "-" "Mozilla/5.0 (iOS 16.1.1; Apple; Apple; iPhone10,3) feiyu/5.2.14"
124.160.218.207 - - [10/Jan/2023:11:49:50 +0800] "GET /v2/near/canvas-war/page-settings HTTP/2.0" 200 412 "-" "Mozilla/5.0 (iOS 16.1.1; Apple; Apple; iPhone10,3) feiyu/5.2.14"
120.235.166.238 - - [10/Jan/2023:11:49:50 +0800] "GET /v2/messages/unreadCount?timestamp=2022-04-27%2010%3A35%3A17 HTTP/2.0" 200 26 "-" "Mozilla/5.0 (iOS 16.1.1; Apple; Apple; iPhone11,6) feiyu/5.2.14"
124.160.218.207 - - [10/Jan/2023:11:49:50 +0800] "GET /v2/near/canvas-war/page-settings HTTP/2.0" 200 412 "-" "Mozilla/5.0 (iOS 16.1.1; Apple; Apple; iPhone10,3) feiyu/5.2.14"
124.160.218.207 - - [10/Jan/2023:11:49:50 +0800] "GET /v2/lab-projects HTTP/2.0" 200 24899 "-" "Mozilla/5.0 (iOS 16.1.1; Apple; Apple; iPhone10,3) feiyu/5.2.14"
124.160.218.207 - - [10/Jan/2023:11:49:50 +0800] "GET /v2/messages/unreadCount?timestamp=1970-01-01%2000%3A00%3A01 HTTP/2.0" 200 26 "-" "Mozilla/5.0 (iOS 16.1.1; Apple; Apple; iPhone10,3) feiyu/5.2.14"
124.160.218.207 - - [10/Jan/2023:11:49:50 +0800] "GET /v2/lab-projects/active-users-count HTTP/2.0" 200 14 "-" "Mozilla/5.0 (iOS 16.1.1; Apple; Apple; iPhone10,3) feiyu/5.2.14"
125.73.84.230 - - [10/Jan/2023:11:49:50 +0800] "GET /v2/messages/unreadCount?timestamp=1970-01-01%2000%3A00%3A01 HTTP/2.0" 200 26 "-" "Mozilla/5.0 (iOS 16.1.2; Apple; Apple; iPhone14,2) feiyu/5.2.14"
120.243.211.163 - - [10/Jan/2023:11:49:51 +0800] "GET /v2/clock-ins/stats HTTP/2.0" 200 385 "-" "Mozilla/5.0 (Android 12; Xiaomi; Redmi; Redmi K30 Pro Zoom Edition) feiyu/5.2.12"
120.243.211.163 - - [10/Jan/2023:11:49:51 +0800] "GET /v2/campaigns/newest HTTP/2.0" 200 445 "-" "Mozilla/5.0 (Android 12; Xiaomi; Redmi; Redmi K30 Pro Zoom Edition) feiyu/5.2.12"
120.243.211.163 - - [10/Jan/2023:11:49:51 +0800] "GET /v2/users/cf52aae3-fcfa-4303-a682-bd52acd26f8b HTTP/2.0" 200 412 "-" "Mozilla/5.0 (Android 12; Xiaomi; Redmi; Redmi K30 Pro Zoom Edition) feiyu/5.2.12"
120.243.211.163 - - [10/Jan/2023:11:49:51 +0800] "GET /v2/messages/unreadCount?timestamp=2023-01-10%2003%3A47%3A53 HTTP/2.0" 200 26 "-" "Mozilla/5.0 (Android 12; Xiaomi; Redmi; Redmi K30 Pro Zoom Edition) feiyu/5.2.12"
120.243.211.163 - - [10/Jan/2023:11:49:51 +0800] "GET /v2/users/cf52aae3-fcfa-4303-a682-bd52acd26f8b/settings HTTP/2.0" 200 310 "-" "Mozilla/5.0 (Android 12; Xiaomi; Redmi; Redmi K30 Pro Zoom Edition) feiyu/5.2.12"
120.243.211.163 - - [10/Jan/2023:11:49:51 +0800] "GET /v2/near/canvas-war/accounts/cf52aae3-fcfa-4303-a682-bd52acd26f8b HTTP/2.0" 200 516 "-" "Mozilla/5.0 (Android 12; Xiaomi; Redmi; Redmi K30 Pro Zoom Edition) feiyu/5.2.12"
125.73.84.230 - - [10/Jan/2023:11:49:52 +0800] "GET /v2/gallery/randomImagesV2?content=%E5%A6%82%E4%BD%95%E7%94%A8%E4%B8%80%E5%8F%A5%E8%AF%9D%E8%BF%9E%E7%BB%AD%E4%BC%A4%E5%AE%B3%E5%88%AB%E4%BA%BA3%E6%AC%A1%EF%BC%9F%0A%0A%E4%BD%A0%E5%B9%B4%E7%BA%AA%E8%BF%99%E4%B9%88%E5%A4%A7%EF%BC%8C%E8%BF%98%E5%8D%95%E8%BA%AB%EF%BC%8C%E4%B8%80%E5%AE%9A%E5%AD%98%E4%BA%86%E5%BE%88%E5%A4%9A%E9%92%B1%E5%90%A7%EF%BC%9F&size=50&width=390 HTTP/2.0" 200 23814 "-" "Mozilla/5.0 (iOS 16.1.2; Apple; Apple; iPhone14,2) feiyu/5.2.14"
183.95.67.13 - - [10/Jan/2023:11:49:53 +0800] "GET /v2/messages/unreadCount?timestamp=1970-01-01%2000%3A00%3A00 HTTP/2.0" 200 26 "-" "Mozilla/5.0 (Android 12; realme; realme; RMX2117) feiyu/5.2.14"
183.95.67.13 - - [10/Jan/2023:11:49:53 +0800] "GET /v2/explore/searchHint HTTP/2.0" 200 23 "-" "Mozilla/5.0 (Android 12; realme; realme; RMX2117) feiyu/5.2.14"
183.95.67.13 - - [10/Jan/2023:11:49:53 +0800] "GET /v2/campaigns/newest HTTP/2.0" 200 445 "-" "Mozilla/5.0 (Android 12; realme; realme; RMX2117) feiyu/5.2.14"
183.95.67.13 - - [10/Jan/2023:11:49:53 +0800] "GET /v2/users/8201d61a-7e67-40a6-af5b-1eed2de60d3e/settings HTTP/2.0" 200 313 "-" "Mozilla/5.0 (Android 12; realme; realme; RMX2117) feiyu/5.2.14"
120.235.166.238 - - [10/Jan/2023:11:49:53 +0800] "GET /v2/gallery/categoriesV4 HTTP/2.0" 200 13196 "-" "Mozilla/5.0 (iOS 16.1.1; Apple; Apple; iPhone11,6) feiyu/5.2.14"
120.243.211.163 - - [10/Jan/2023:11:49:53 +0800] "GET /v2/app/randomHomeBackgroundImageV2 HTTP/2.0" 200 292 "-" "Mozilla/5.0 (Android 12; Xiaomi; Redmi; Redmi K30 Pro Zoom Edition) feiyu/5.2.12"
120.243.211.163 - - [10/Jan/2023:11:49:53 +0800] "GET /v2/campaigns/newest HTTP/2.0" 200 445 "-" "Mozilla/5.0 (Android 12; Xiaomi; Redmi; Redmi K30 Pro Zoom Edition) feiyu/5.2.12"
120.235.166.238 - - [10/Jan/2023:11:49:53 +0800] "GET /v2/messages/unreadCount?timestamp=2022-04-27%2010%3A35%3A17 HTTP/2.0" 200 26 "-" "Mozilla/5.0 (iOS 16.1.1; Apple; Apple; iPhone11,6) feiyu/5.2.14"
120.235.166.238 - - [10/Jan/2023:11:49:53 +0800] "GET /v2/gallery/categories/1e3bd6cc-e816-4cec-a975-7d2c39b1a292/imagesV3?page=1&size=30&width=276 HTTP/2.0" 200 14511 "-" "Mozilla/5.0 (iOS 16.1.1; Apple; Apple; iPhone11,6) feiyu/5.2.14"
124.160.218.207 - - [10/Jan/2023:11:49:57 +0800] "GET /v2/messages/unreadCount?timestamp=1970-01-01%2000%3A00%3A01 HTTP/2.0" 200 26 "-" "Mozilla/5.0 (iOS 16.1.1; Apple; Apple; iPhone10,3) feiyu/5.2.14"
124.160.218.207 - - [10/Jan/2023:11:49:57 +0800] "GET /v2/lab-projects/active-users-count HTTP/2.0" 200 14 "-" "Mozilla/5.0 (iOS 16.1.1; Apple; Apple; iPhone10,3) feiyu/5.2.14"
120.235.166.238 - - [10/Jan/2023:11:49:58 +0800] "GET /v2/app/upgrade?platform=iOS&version_code=98 HTTP/2.0" 200 4 "-" "Mozilla/5.0 (iOS 16.1.1; Apple; Apple; iPhone11,6) feiyu/5.2.14"
120.235.166.238 - - [10/Jan/2023:11:49:58 +0800] "GET /v2/campaigns/newest HTTP/2.0" 200 445 "-" "Mozilla/5.0 (iOS 16.1.1; Apple; Apple; iPhone11,6) feiyu/5.2.14"
120.235.166.238 - - [10/Jan/2023:11:49:58 +0800] "GET /v2/messages/unreadCount?timestamp=2022-04-27%2010%3A35%3A17 HTTP/2.0" 200 26 "-" "Mozilla/5.0 (iOS 16.1.1; Apple; Apple; iPhone11,6) feiyu/5.2.14"
120.235.166.238 - - [10/Jan/2023:11:49:58 +0800] "GET /v2/app/randomHomeBackgroundImageV2 HTTP/2.0" 200 291 "-" "Mozilla/5.0 (iOS 16.1.1; Apple; Apple; iPhone11,6) feiyu/5.2.14"
183.95.67.13 - - [10/Jan/2023:11:50:08 +0800] "GET /v2/messages/unreadCount?timestamp=1970-01-01%2000%3A00%3A00 HTTP/2.0" 200 26 "-" "Mozilla/5.0 (Android 12; realme; realme; RMX2117) feiyu/5.2.14"
183.95.67.13 - - [10/Jan/2023:11:50:08 +0800] "GET /v2/campaigns/newest HTTP/2.0" 200 449 "-" "Mozilla/5.0 (Android 12; realme; realme; RMX2117) feiyu/5.2.14"
183.95.67.13 - - [10/Jan/2023:11:50:08 +0800] "GET /v2/explore/searchHint HTTP/2.0" 200 23 "-" "Mozilla/5.0 (Android 12; realme; realme; RMX2117) feiyu/5.2.14"
183.95.67.13 - - [10/Jan/2023:11:50:08 +0800] "GET /v2/users/8201d61a-7e67-40a6-af5b-1eed2de60d3e/settings HTTP/2.0" 200 313 "-" "Mozilla/5.0 (Android 12; realme; realme; RMX2117) feiyu/5.2.14"
120.235.166.238 - - [10/Jan/2023:11:50:08 +0800] "GET /v2/gallery/randomImagesV2?content=%E6%94%92%E4%B8%8B%E9%92%B1%E8%B4%A2%EF%BC%8C%E8%AE%A9%E6%88%91%E4%BB%AC%E6%9C%89%E5%8F%AF%E9%80%89%E6%8B%A9%E7%9A%84%E8%B5%84%E6%9C%AC%0A%E6%94%92%E4%B8%8B%E5%81%A5%E5%BA%B7%EF%BC%8C%E8%AE%A9%E6%88%91%E4%BB%AC%E5%8F%AF%E4%BB%A5%E6%9C%89%E6%9B%B4%E5%A4%9A%E7%9A%84%E5%8F%AF%E8%83%BD%0A%E6%94%92%E4%B8%8B%E5%96%84%E6%84%8F%EF%BC%8C%E8%AE%A9%E6%88%91%E4%BB%AC%E4%B8%BA%E4%B8%8B%E4%B8%80%E4%BB%A3%E7%A7%AF%E7%B4%AF%E7%A6%8F%E5%BE%B7%0A%E6%94%92%E4%B8%8B%E8%83%BD%E5%8A%9B%EF%BC%8C%E6%88%91%E4%BB%AC%E6%9C%89%E6%9C%BA%E4%BC%9A%E5%B8%AE%E5%8A%A9%E9%9C%80%E8%A6%81%E5%B8%AE%E5%8A%A9%E7%9A%84%E4%BA%BA%5B%E7%88%B1%E5%BF%83%5D&size=50&width=414 HTTP/2.0" 200 23361 "-" "Mozilla/5.0 (iOS 16.1.1; Apple; Apple; iPhone11,6) feiyu/5.2.14"
120.235.166.238 - - [10/Jan/2023:11:50:13 +0800] "GET /v2/gallery/images/ee40808d-17dd-41b4-983c-c57c504a0889?width=1242 HTTP/2.0" 200 519 "-" "Mozilla/5.0 (iOS 16.1.1; Apple; Apple; iPhone11,6) feiyu/5.2.14"
113.248.164.118 - - [10/Jan/2023:11:50:17 +0800] "GET /v2/gallery/images/ca419903-bc1b-456d-91e9-6c0f8f45d9bb?width=1080 HTTP/2.0" 200 458 "-" "Mozilla/5.0 (Android 12; Xiaomi; Redmi; M2012K11AC) feiyu/5.2.14"
113.248.164.118 - - [10/Jan/2023:11:50:19 +0800] "POST /v2/app/upload HTTP/2.0" 200 349 "-" "Mozilla/5.0 (Android 12; Xiaomi; Redmi; M2012K11AC) feiyu/5.2.14"
113.248.164.118 - - [10/Jan/2023:11:50:19 +0800] "POST /v2/posts/uploadCompleteV2 HTTP/2.0" 200 1137 "-" "Mozilla/5.0 (Android 12; Xiaomi; Redmi; M2012K11AC) feiyu/5.2.14"
124.160.218.207 - - [10/Jan/2023:11:50:20 +0800] "GET /v2/lab-projects/active-users-count HTTP/2.0" 200 14 "-" "Mozilla/5.0 (iOS 16.1.1; Apple; Apple; iPhone10,3) feiyu/5.2.14"
124.160.218.207 - - [10/Jan/2023:11:50:20 +0800] "GET /v2/messages/unreadCount?timestamp=1970-01-01%2000%3A00%3A01 HTTP/2.0" 200 26 "-" "Mozilla/5.0 (iOS 16.1.1; Apple; Apple; iPhone10,3) feiyu/5.2.14"
113.248.164.118 - - [10/Jan/2023:11:50:21 +0800] "GET /v2/messages/unreadCount?timestamp=1970-01-01%2000%3A00%3A00 HTTP/2.0" 200 26 "-" "Mozilla/5.0 (Android 12; Xiaomi; Redmi; M2012K11AC) feiyu/5.2.14"
113.248.164.118 - - [10/Jan/2023:11:50:21 +0800] "GET /v2/users/bdb1d210-3f5f-4472-9c4f-b0d69010e4b0/settings HTTP/2.0" 200 313 "-" "Mozilla/5.0 (Android 12; Xiaomi; Redmi; M2012K11AC) feiyu/5.2.14"
113.248.164.118 - - [10/Jan/2023:11:50:21 +0800] "GET /v2/campaigns/newest HTTP/2.0" 200 443 "-" "Mozilla/5.0 (Android 12; Xiaomi; Redmi; M2012K11AC) feiyu/5.2.14"
113.248.164.118 - - [10/Jan/2023:11:50:23 +0800] "GET /v2/users/bdb1d210-3f5f-4472-9c4f-b0d69010e4b0 HTTP/2.0" 200 423 "-" "Mozilla/5.0 (Android 12; Xiaomi; Redmi; M2012K11AC) feiyu/5.2.14"
113.248.164.118 - - [10/Jan/2023:11:50:23 +0800] "GET /v2/clock-ins/stats HTTP/2.0" 200 385 "-" "Mozilla/5.0 (Android 12; Xiaomi; Redmi; M2012K11AC) feiyu/5.2.14"
113.248.164.118 - - [10/Jan/2023:11:50:23 +0800] "GET /v2/messages/unreadCount?timestamp=1970-01-01%2000%3A00%3A00 HTTP/2.0" 200 26 "-" "Mozilla/5.0 (Android 12; Xiaomi; Redmi; M2012K11AC) feiyu/5.2.14"
113.248.164.118 - - [10/Jan/2023:11:50:23 +0800] "GET /v2/users/bdb1d210-3f5f-4472-9c4f-b0d69010e4b0 HTTP/2.0" 200 423 "-" "Mozilla/5.0 (Android 12; Xiaomi; Redmi; M2012K11AC) feiyu/5.2.14"
113.248.164.118 - - [10/Jan/2023:11:50:23 +0800] "GET /v2/users/bdb1d210-3f5f-4472-9c4f-b0d69010e4b0 HTTP/2.0" 200 423 "-" "Mozilla/5.0 (Android 12; Xiaomi; Redmi; M2012K11AC) feiyu/5.2.14"
