60.233.16.177 - - [10/Jan/2023:11:17:27 +0800] "POST /v2/near/canvas-war/canvas/draw HTTP/2.0" 200 - "-" "Mozilla/5.0 (Android 11; HONOR; HONOR; CMA-AN00) feiyu/5.2.14"
117.36.147.102 - - [10/Jan/2023:11:17:47 +0800] "PUT /v2/users/ac0146be-fca3-48da-a0ba-1f64402df119/settings HTTP/2.0" 200 310 "-" "Mozilla/5.0 (Android 8.1.0; HUAWEI; HUAWEI; DUB-AL00) feiyu/5.2.14"
117.36.147.102 - - [10/Jan/2023:11:17:48 +0800] "GET /v2/users/ac0146be-fca3-48da-a0ba-1f64402df119/settings HTTP/2.0" 200 310 "-" "Mozilla/5.0 (Android 8.1.0; HUAWEI; HUAWEI; DUB-AL00) feiyu/5.2.14"
117.36.147.102 - - [10/Jan/2023:11:17:49 +0800] "PUT /v2/users/ac0146be-fca3-48da-a0ba-1f64402df119/settings HTTP/2.0" 200 310 "-" "Mozilla/5.0 (Android 8.1.0; HUAWEI; HUAWEI; DUB-AL00) feiyu/5.2.14"
60.233.16.177 - - [10/Jan/2023:11:17:38 +0800] "POST /v2/near/canvas-war/canvas/draw HTTP/2.0" 200 - "-" "Mozilla/5.0 (Android 11; HONOR; HONOR; CMA-AN00) feiyu/5.2.14"
117.36.147.102 - - [10/Jan/2023:11:17:52 +0800] "GET /v2/users/ac0146be-fca3-48da-a0ba-1f64402df119/settings HTTP/2.0" 200 310 "-" "Mozilla/5.0 (Android 8.1.0; HUAWEI; HUAWEI; DUB-AL00) feiyu/5.2.14"
117.36.147.102 - - [10/Jan/2023:11:17:53 +0800] "PUT /v2/users/ac0146be-fca3-48da-a0ba-1f64402df119/settings HTTP/2.0" 200 310 "-" "Mozilla/5.0 (Android 8.1.0; HUAWEI; HUAWEI; DUB-AL00) feiyu/5.2.14"
120.243.70.75 - - [10/Jan/2023:11:17:54 +0800] "GET /v2/app/ab-test-status HTTP/2.0" 200 16 "-" "Mozilla/5.0 (Android 12; Xiaomi; Xiaomi; M2102K1C) feiyu/5.2.14"
120.243.70.75 - - [10/Jan/2023:11:17:54 +0800] "GET /v2/app/tiamat-info HTTP/2.0" 200 16 "-" "Mozilla/5.0 (Android 12; Xiaomi; Xiaomi; M2102K1C) feiyu/5.2.14"
120.243.70.75 - - [10/Jan/2023:11:17:54 +0800] "GET /v2/app/upgrade?version_code=65&platform=Android HTTP/2.0" 200 4 "-" "Mozilla/5.0 (Android 12; Xiaomi; Xiaomi; M2102K1C) feiyu/5.2.14"
120.243.70.75 - - [10/Jan/2023:11:18:00 +0800] "POST /v2/users/oauth HTTP/2.0" 200 903 "-" "Mozilla/5.0 (Android 12; Xiaomi; Xiaomi; M2102K1C) feiyu/5.2.14"
120.243.70.75 - - [10/Jan/2023:11:18:02 +0800] "GET /v2/users/a4563663-f6ca-462d-a66d-ce6bc8ab57f5/settings HTTP/2.0" 200 313 "-" "Mozilla/5.0 (Android 12; Xiaomi; Xiaomi; M2102K1C) feiyu/5.2.14"
120.243.70.75 - - [10/Jan/2023:11:18:02 +0800] "GET /v2/lab-projects HTTP/2.0" 200 24893 "-" "Mozilla/5.0 (Android 12; Xiaomi; Xiaomi; M2102K1C) feiyu/5.2.14"
120.243.70.75 - - [10/Jan/2023:11:18:02 +0800] "GET /v2/app/upgrade?version_code=65&platform=Android HTTP/2.0" 200 4 "-" "Mozilla/5.0 (Android 12; Xiaomi; Xiaomi; M2102K1C) feiyu/5.2.14"
120.243.70.75 - - [10/Jan/2023:11:18:02 +0800] "GET /v2/messages/unreadCount?timestamp=1970-01-01%2000%3A00%3A00 HTTP/2.0" 200 26 "-" "Mozilla/5.0 (Android 12; Xiaomi; Xiaomi; M2102K1C) feiyu/5.2.14"
120.243.70.75 - - [10/Jan/2023:11:18:02 +0800] "GET /v2/users/a4563663-f6ca-462d-a66d-ce6bc8ab57f5/settings HTTP/2.0" 200 313 "-" "Mozilla/5.0 (Android 12; Xiaomi; Xiaomi; M2102K1C) feiyu/5.2.14"
120.243.70.75 - - [10/Jan/2023:11:18:02 +0800] "GET /v2/campaigns/newest HTTP/2.0" 200 445 "-" "Mozilla/5.0 (Android 12; Xiaomi; Xiaomi; M2102K1C) feiyu/5.2.14"
120.243.70.75 - - [10/Jan/2023:11:18:02 +0800] "GET /v2/explore/banner?scene=2 HTTP/2.0" 200 441 "-" "Mozilla/5.0 (Android 12; Xiaomi; Xiaomi; M2102K1C) feiyu/5.2.14"
120.243.70.75 - - [10/Jan/2023:11:18:02 +0800] "GET /v2/explore/searchHint HTTP/2.0" 200 23 "-" "Mozilla/5.0 (Android 12; Xiaomi; Xiaomi; M2102K1C) feiyu/5.2.14"
120.243.70.75 - - [10/Jan/2023:11:18:02 +0800] "GET /v2/content-series/explore HTTP/2.0" 200 68502 "-" "Mozilla/5.0 (Android 12; Xiaomi; Xiaomi; M2102K1C) feiyu/5.2.14"
120.243.70.75 - - [10/Jan/2023:11:18:02 +0800] "GET /v2/posts/followees-v5?type=0&size=20&image_width=1440&background_width=479 HTTP/2.0" 200 88227 "-" "Mozilla/5.0 (Android 12; Xiaomi; Xiaomi; M2102K1C) feiyu/5.2.14"
117.36.147.102 - - [10/Jan/2023:11:18:03 +0800] "GET /v2/users/ac0146be-fca3-48da-a0ba-1f64402df119/settings HTTP/2.0" 200 310 "-" "Mozilla/5.0 (Android 8.1.0; HUAWEI; HUAWEI; DUB-AL00) feiyu/5.2.14"
120.243.70.75 - - [10/Jan/2023:11:18:02 +0800] "GET /v2/posts/followees-v5?type=0&size=20&image_width=1440&background_width=479 HTTP/2.0" 200 88337 "-" "Mozilla/5.0 (Android 12; Xiaomi; Xiaomi; M2102K1C) feiyu/5.2.14"
120.243.70.75 - - [10/Jan/2023:11:18:03 +0800] "GET /v2/posts/recommended/sticky?image_width=1440&background_width=479 HTTP/2.0" 200 3860 "-" "Mozilla/5.0 (Android 12; Xiaomi; Xiaomi; M2102K1C) feiyu/5.2.14"
120.243.70.75 - - [10/Jan/2023:11:18:03 +0800] "GET /v2/explore/banner?scene=1 HTTP/2.0" 200 2314 "-" "Mozilla/5.0 (Android 12; Xiaomi; Xiaomi; M2102K1C) feiyu/5.2.14"
120.243.70.75 - - [10/Jan/2023:11:18:03 +0800] "GET /v2/posts/recommended?size=20&image_width=1440&background_width=479 HTTP/2.0" 200 86934 "-" "Mozilla/5.0 (Android 12; Xiaomi; Xiaomi; M2102K1C) feiyu/5.2.14"
120.243.70.75 - - [10/Jan/2023:11:18:03 +0800] "GET /v2/ads?scene=0 HTTP/2.0" 200 2 "-" "Mozilla/5.0 (Android 12; Xiaomi; Xiaomi; M2102K1C) feiyu/5.2.14"
117.36.147.102 - - [10/Jan/2023:11:18:03 +0800] "PUT /v2/users/ac0146be-fca3-48da-a0ba-1f64402df119/settings HTTP/2.0" 200 310 "-" "Mozilla/5.0 (Android 8.1.0; HUAWEI; HUAWEI; DUB-AL00) feiyu/5.2.14"
124.163.174.249 - - [10/Jan/2023:11:18:03 +0800] "GET /v2/gallery/randomImagesV2?content=%E6%9C%89%E6%B2%A1%E6%9C%89%E5%BE%8B%E5%B8%88%E6%8F%90%E4%BE%9B%E5%90%88%E5%90%8C%E5%AE%A1%E6%9F%A5%EF%BC%9F%E4%BB%B7%E6%A0%BC%E6%98%AF%E5%A4%9A%E5%B0%91%E5%91%A2%EF%BC%9F%E9%81%87%E5%88%B0%E4%BA%86%E6%84%9F%E8%A7%89%E6%9C%89%E9%97%AE%E9%A2%98%E7%9A%84%E5%90%88%E5%90%8C%EF%BC%8C%E6%83%B3%E6%89%BE%E4%B8%93%E4%B8%9A%E7%9A%84%E4%BA%BA%E6%9C%89%E5%81%BF%E7%9C%8B%E5%90%88%E5%90%8C%EF%BC%81%EF%BC%81%EF%BC%81&size=50&width=428 HTTP/2.0" 200 23529 "-" "Mozilla/5.0 (iOS 16.2; Apple; Apple; iPhone15,3) feiyu/5.2.14"
117.36.147.102 - - [10/Jan/2023:11:18:04 +0800] "GET /v2/users/ac0146be-fca3-48da-a0ba-1f64402df119/block-list?page=1&size=20 HTTP/2.0" 200 2 "-" "Mozilla/5.0 (Android 8.1.0; HUAWEI; HUAWEI; DUB-AL00) feiyu/5.2.14"
60.233.16.177 - - [10/Jan/2023:11:17:55 +0800] "POST /v2/near/canvas-war/canvas/draw HTTP/2.0" 200 - "-" "Mozilla/5.0 (Android 11; HONOR; HONOR; CMA-AN00) feiyu/5.2.14"
117.36.147.102 - - [10/Jan/2023:11:18:06 +0800] "GET /v2/users/ac0146be-fca3-48da-a0ba-1f64402df119/settings HTTP/2.0" 200 310 "-" "Mozilla/5.0 (Android 8.1.0; HUAWEI; HUAWEI; DUB-AL00) feiyu/5.2.14"
117.36.147.102 - - [10/Jan/2023:11:18:08 +0800] "PUT /v2/users/ac0146be-fca3-48da-a0ba-1f64402df119/settings HTTP/2.0" 200 310 "-" "Mozilla/5.0 (Android 8.1.0; HUAWEI; HUAWEI; DUB-AL00) feiyu/5.2.14"
223.77.128.114 - - [10/Jan/2023:11:18:11 +0800] "GET /v2/app/ab-test-status HTTP/2.0" 200 16 "-" "Mozilla/5.0 (Android 7.1.2; vivo; vivo; vivo X9Plus) feiyu/5.2.14"
223.77.128.114 - - [10/Jan/2023:11:18:11 +0800] "GET /v2/app/upgrade?version_code=65&platform=Android HTTP/2.0" 200 4 "-" "Mozilla/5.0 (Android 7.1.2; vivo; vivo; vivo X9Plus) feiyu/5.2.14"
223.77.128.114 - - [10/Jan/2023:11:18:11 +0800] "GET /v2/app/tiamat-info HTTP/2.0" 200 16 "-" "Mozilla/5.0 (Android 7.1.2; vivo; vivo; vivo X9Plus) feiyu/5.2.14"
117.36.147.102 - - [10/Jan/2023:11:18:12 +0800] "GET /v2/messages/unreadCount?timestamp=1970-01-01%2000%3A00%3A00 HTTP/2.0" 200 26 "-" "Mozilla/5.0 (Android 8.1.0; HUAWEI; HUAWEI; DUB-AL00) feiyu/5.2.14"
117.36.147.102 - - [10/Jan/2023:11:18:12 +0800] "GET /v2/campaigns/newest HTTP/2.0" 200 451 "-" "Mozilla/5.0 (Android 8.1.0; HUAWEI; HUAWEI; DUB-AL00) feiyu/5.2.14"
117.36.147.102 - - [10/Jan/2023:11:18:12 +0800] "GET /v2/explore/searchHint HTTP/2.0" 200 23 "-" "Mozilla/5.0 (Android 8.1.0; HUAWEI; HUAWEI; DUB-AL00) feiyu/5.2.14"
117.36.147.102 - - [10/Jan/2023:11:18:12 +0800] "GET /v2/clock-ins/stats HTTP/2.0" 200 385 "-" "Mozilla/5.0 (Android 8.1.0; HUAWEI; HUAWEI; DUB-AL00) feiyu/5.2.14"
117.36.147.102 - - [10/Jan/2023:11:18:12 +0800] "GET /v2/users/ac0146be-fca3-48da-a0ba-1f64402df119/settings HTTP/2.0" 200 310 "-" "Mozilla/5.0 (Android 8.1.0; HUAWEI; HUAWEI; DUB-AL00) feiyu/5.2.14"
117.36.147.102 - - [10/Jan/2023:11:18:12 +0800] "GET /v2/users/ac0146be-fca3-48da-a0ba-1f64402df119 HTTP/2.0" 200 425 "-" "Mozilla/5.0 (Android 8.1.0; HUAWEI; HUAWEI; DUB-AL00) feiyu/5.2.14"
117.36.147.102 - - [10/Jan/2023:11:18:12 +0800] "GET /v2/near/canvas-war/accounts/ac0146be-fca3-48da-a0ba-1f64402df119 HTTP/2.0" 200 546 "-" "Mozilla/5.0 (Android 8.1.0; HUAWEI; HUAWEI; DUB-AL00) feiyu/5.2.14"
223.77.128.114 - - [10/Jan/2023:11:18:13 +0800] "GET /v2/lab-projects HTTP/2.0" 200 24895 "-" "Mozilla/5.0 (Android 7.1.2; vivo; vivo; vivo X9Plus) feiyu/5.2.14"
223.77.128.114 - - [10/Jan/2023:11:18:13 +0800] "GET /v2/app/upgrade?version_code=65&platform=Android HTTP/2.0" 200 4 "-" "Mozilla/5.0 (Android 7.1.2; vivo; vivo; vivo X9Plus) feiyu/5.2.14"
223.77.128.114 - - [10/Jan/2023:11:18:14 +0800] "GET /v2/app/randomHomeBackgroundImageV2 HTTP/2.0" 200 291 "-" "Mozilla/5.0 (Android 7.1.2; vivo; vivo; vivo X9Plus) feiyu/5.2.14"
223.77.128.114 - - [10/Jan/2023:11:18:14 +0800] "GET /v2/campaigns/newest HTTP/2.0" 200 445 "-" "Mozilla/5.0 (Android 7.1.2; vivo; vivo; vivo X9Plus) feiyu/5.2.14"
223.77.128.114 - - [10/Jan/2023:11:18:14 +0800] "GET /v2/messages/unreadCount?timestamp=2022-04-06%2013%3A33%3A55 HTTP/2.0" 200 26 "-" "Mozilla/5.0 (Android 7.1.2; vivo; vivo; vivo X9Plus) feiyu/5.2.14"
223.77.128.114 - - [10/Jan/2023:11:18:15 +0800] "GET /v2/campaigns/newest HTTP/2.0" 200 449 "-" "Mozilla/5.0 (Android 7.1.2; vivo; vivo; vivo X9Plus) feiyu/5.2.14"
223.77.128.114 - - [10/Jan/2023:11:18:15 +0800] "GET /v2/users/670eb3b1-a0f7-4013-b472-64236262fa5c/settings HTTP/2.0" 200 313 "-" "Mozilla/5.0 (Android 7.1.2; vivo; vivo; vivo X9Plus) feiyu/5.2.14"
117.36.147.102 - - [10/Jan/2023:11:18:15 +0800] "GET /v2/gallery/categoriesV4 HTTP/2.0" 200 13182 "-" "Mozilla/5.0 (Android 8.1.0; HUAWEI; HUAWEI; DUB-AL00) feiyu/5.2.14"
117.36.147.102 - - [10/Jan/2023:11:18:15 +0800] "GET /v2/gallery/categories/1e3bd6cc-e816-4cec-a975-7d2c39b1a292/imagesV3?page=1&size=20&width=240 HTTP/2.0" 200 2 "-" "Mozilla/5.0 (Android 8.1.0; HUAWEI; HUAWEI; DUB-AL00) feiyu/5.2.14"
223.77.128.114 - - [10/Jan/2023:11:18:18 +0800] "GET /v2/users/670eb3b1-a0f7-4013-b472-64236262fa5c HTTP/2.0" 200 426 "-" "Mozilla/5.0 (Android 7.1.2; vivo; vivo; vivo X9Plus) feiyu/5.2.14"
223.77.128.114 - - [10/Jan/2023:11:18:18 +0800] "GET /v2/messages/unreadCount?timestamp=2022-04-06%2013%3A33%3A55 HTTP/2.0" 200 26 "-" "Mozilla/5.0 (Android 7.1.2; vivo; vivo; vivo X9Plus) feiyu/5.2.14"
223.77.128.114 - - [10/Jan/2023:11:18:18 +0800] "GET /v2/users/670eb3b1-a0f7-4013-b472-64236262fa5c HTTP/2.0" 200 426 "-" "Mozilla/5.0 (Android 7.1.2; vivo; vivo; vivo X9Plus) feiyu/5.2.14"
223.77.128.114 - - [10/Jan/2023:11:18:18 +0800] "GET /v2/clock-ins/stats HTTP/2.0" 200 385 "-" "Mozilla/5.0 (Android 7.1.2; vivo; vivo; vivo X9Plus) feiyu/5.2.14"
223.77.128.114 - - [10/Jan/2023:11:18:18 +0800] "GET /v2/users/670eb3b1-a0f7-4013-b472-64236262fa5c HTTP/2.0" 200 426 "-" "Mozilla/5.0 (Android 7.1.2; vivo; vivo; vivo X9Plus) feiyu/5.2.14"
223.77.128.114 - - [10/Jan/2023:11:18:18 +0800] "GET /v2/near/canvas-war/accounts/670eb3b1-a0f7-4013-b472-64236262fa5c HTTP/2.0" 200 527 "-" "Mozilla/5.0 (Android 7.1.2; vivo; vivo; vivo X9Plus) feiyu/5.2.14"
223.77.128.114 - - [10/Jan/2023:11:18:19 +0800] "GET /v2/users/670eb3b1-a0f7-4013-b472-64236262fa5c/createdPostsV2?guest=false&size=20&image_width=1080&background_width=359 HTTP/2.0" 200 21775 "-" "Mozilla/5.0 (Android 7.1.2; vivo; vivo; vivo X9Plus) feiyu/5.2.14"
223.77.128.114 - - [10/Jan/2023:11:18:19 +0800] "GET /v2/users/670eb3b1-a0f7-4013-b472-64236262fa5c/likedPostsV2?guest=false&size=20&image_width=1080&background_width=359 HTTP/2.0" 200 5003 "-" "Mozilla/5.0 (Android 7.1.2; vivo; vivo; vivo X9Plus) feiyu/5.2.14"
223.77.128.114 - - [10/Jan/2023:11:18:19 +0800] "GET /v2/users/670eb3b1-a0f7-4013-b472-64236262fa5c/favoritedPosts?size=20&image_width=1080&background_width=359 HTTP/2.0" 200 2 "-" "Mozilla/5.0 (Android 7.1.2; vivo; vivo; vivo X9Plus) feiyu/5.2.14"
223.77.128.114 - - [10/Jan/2023:11:18:20 +0800] "GET /v2/users/670eb3b1-a0f7-4013-b472-64236262fa5c/likedPostsV2?timestamp=2022-04-06%2013%3A32%3A49&guest=false&size=20&image_width=1080&background_width=359 HTTP/2.0" 200 2 "-" "Mozilla/5.0 (Android 7.1.2; vivo; vivo; vivo X9Plus) feiyu/5.2.14"
124.163.174.249 - - [10/Jan/2023:11:18:20 +0800] "GET /v2/gallery/images/a65cc9d3-23a0-4e70-827e-36e64e7877c2?width=1284 HTTP/2.0" 200 459 "-" "Mozilla/5.0 (iOS 16.2; Apple; Apple; iPhone15,3) feiyu/5.2.14"
124.163.174.249 - - [10/Jan/2023:11:18:22 +0800] "POST /v2/app/upload HTTP/2.0" 200 349 "-" "Mozilla/5.0 (iOS 16.2; Apple; Apple; iPhone15,3) feiyu/5.2.14"
124.163.174.249 - - [10/Jan/2023:11:18:23 +0800] "POST /v2/posts/uploadCompleteV2 HTTP/2.0" 200 1255 "-" "Mozilla/5.0 (iOS 16.2; Apple; Apple; iPhone15,3) feiyu/5.2.14"
60.233.16.177 - - [10/Jan/2023:11:18:14 +0800] "POST /v2/near/canvas-war/canvas/draw HTTP/2.0" 200 - "-" "Mozilla/5.0 (Android 11; HONOR; HONOR; CMA-AN00) feiyu/5.2.14"
39.171.223.16 - - [10/Jan/2023:11:18:28 +0800] "GET /v2/campaigns/newest HTTP/2.0" 200 445 "-" "Mozilla/5.0 (Android 11; PTAC; Hinova; Hera-BD00) feiyu/5.2.14"
39.171.223.16 - - [10/Jan/2023:11:18:28 +0800] "GET /v2/messages/unreadCount?timestamp=1970-01-01%2000%3A00%3A00 HTTP/2.0" 200 26 "-" "Mozilla/5.0 (Android 11; PTAC; Hinova; Hera-BD00) feiyu/5.2.14"
39.171.223.16 - - [10/Jan/2023:11:18:28 +0800] "GET /v2/users/1719b33f-4627-4e1e-8e7e-6da45efef366/settings HTTP/2.0" 200 313 "-" "Mozilla/5.0 (Android 11; PTAC; Hinova; Hera-BD00) feiyu/5.2.14"
223.77.128.114 - - [10/Jan/2023:11:18:30 +0800] "PUT /v2/users/670eb3b1-a0f7-4013-b472-64236262fa5c/settings HTTP/2.0" 200 310 "-" "Mozilla/5.0 (Android 7.1.2; vivo; vivo; vivo X9Plus) feiyu/5.2.14"
223.77.128.114 - - [10/Jan/2023:11:18:32 +0800] "GET /v2/messages/unreadCount?timestamp=2022-04-06%2013%3A33%3A55 HTTP/2.0" 200 26 "-" "Mozilla/5.0 (Android 7.1.2; vivo; vivo; vivo X9Plus) feiyu/5.2.14"
120.243.70.75 - - [10/Jan/2023:11:18:32 +0800] "GET /v2/users/a4563663-f6ca-462d-a66d-ce6bc8ab57f5 HTTP/2.0" 200 386 "-" "Mozilla/5.0 (Android 12; Xiaomi; Xiaomi; M2102K1C) feiyu/5.2.14"
120.243.70.75 - - [10/Jan/2023:11:18:32 +0800] "GET /v2/users/a4563663-f6ca-462d-a66d-ce6bc8ab57f5 HTTP/2.0" 200 386 "-" "Mozilla/5.0 (Android 12; Xiaomi; Xiaomi; M2102K1C) feiyu/5.2.14"
120.243.70.75 - - [10/Jan/2023:11:18:32 +0800] "GET /v2/messages/unreadCount?timestamp=1970-01-01%2000%3A00%3A00 HTTP/2.0" 200 26 "-" "Mozilla/5.0 (Android 12; Xiaomi; Xiaomi; M2102K1C) feiyu/5.2.14"
120.243.70.75 - - [10/Jan/2023:11:18:32 +0800] "GET /v2/clock-ins/stats HTTP/2.0" 200 385 "-" "Mozilla/5.0 (Android 12; Xiaomi; Xiaomi; M2102K1C) feiyu/5.2.14"
120.243.70.75 - - [10/Jan/2023:11:18:32 +0800] "GET /v2/users/a4563663-f6ca-462d-a66d-ce6bc8ab57f5 HTTP/2.0" 200 386 "-" "Mozilla/5.0 (Android 12; Xiaomi; Xiaomi; M2102K1C) feiyu/5.2.14"
120.243.70.75 - - [10/Jan/2023:11:18:32 +0800] "GET /v2/users/a4563663-f6ca-462d-a66d-ce6bc8ab57f5/createdPostsV2?guest=false&size=20&image_width=1440&background_width=479 HTTP/2.0" 200 2 "-" "Mozilla/5.0 (Android 12; Xiaomi; Xiaomi; M2102K1C) feiyu/5.2.14"
120.243.70.75 - - [10/Jan/2023:11:18:32 +0800] "GET /v2/users/a4563663-f6ca-462d-a66d-ce6bc8ab57f5/likedPostsV2?guest=false&size=20&image_width=1440&background_width=479 HTTP/2.0" 200 2 "-" "Mozilla/5.0 (Android 12; Xiaomi; Xiaomi; M2102K1C) feiyu/5.2.14"
223.77.128.114 - - [10/Jan/2023:11:18:32 +0800] "GET /v2/users/670eb3b1-a0f7-4013-b472-64236262fa5c/settings HTTP/2.0" 200 310 "-" "Mozilla/5.0 (Android 7.1.2; vivo; vivo; vivo X9Plus) feiyu/5.2.14"
120.243.70.75 - - [10/Jan/2023:11:18:32 +0800] "GET /v2/users/a4563663-f6ca-462d-a66d-ce6bc8ab57f5/favoritedPosts?size=20&image_width=1440&background_width=479 HTTP/2.0" 200 2 "-" "Mozilla/5.0 (Android 12; Xiaomi; Xiaomi; M2102K1C) feiyu/5.2.14"
223.77.128.114 - - [10/Jan/2023:11:18:32 +0800] "GET /v2/users/670eb3b1-a0f7-4013-b472-64236262fa5c HTTP/2.0" 200 426 "-" "Mozilla/5.0 (Android 7.1.2; vivo; vivo; vivo X9Plus) feiyu/5.2.14"
223.77.128.114 - - [10/Jan/2023:11:18:32 +0800] "GET /v2/campaigns/newest HTTP/2.0" 200 445 "-" "Mozilla/5.0 (Android 7.1.2; vivo; vivo; vivo X9Plus) feiyu/5.2.14"
223.77.128.114 - - [10/Jan/2023:11:18:32 +0800] "GET /v2/clock-ins/stats HTTP/2.0" 200 385 "-" "Mozilla/5.0 (Android 7.1.2; vivo; vivo; vivo X9Plus) feiyu/5.2.14"
223.77.128.114 - - [10/Jan/2023:11:18:32 +0800] "GET /v2/near/canvas-war/accounts/670eb3b1-a0f7-4013-b472-64236262fa5c HTTP/2.0" 200 527 "-" "Mozilla/5.0 (Android 7.1.2; vivo; vivo; vivo X9Plus) feiyu/5.2.14"
120.243.70.75 - - [10/Jan/2023:11:18:33 +0800] "GET /v2/lab-projects HTTP/2.0" 200 24875 "-" "Mozilla/5.0 (Android 12; Xiaomi; Xiaomi; M2102K1C) feiyu/5.2.14"
120.243.70.75 - - [10/Jan/2023:11:18:34 +0800] "GET /v2/lab-projects/active-users-count HTTP/2.0" 200 14 "-" "Mozilla/5.0 (Android 12; Xiaomi; Xiaomi; M2102K1C) feiyu/5.2.14"
120.243.70.75 - - [10/Jan/2023:11:18:36 +0800] "GET /v2/gallery/categoriesV4 HTTP/2.0" 200 13208 "-" "Mozilla/5.0 (Android 12; Xiaomi; Xiaomi; M2102K1C) feiyu/5.2.14"
120.243.70.75 - - [10/Jan/2023:11:18:36 +0800] "GET /v2/gallery/categories/1e3bd6cc-e816-4cec-a975-7d2c39b1a292/imagesV3?page=1&size=20&width=480 HTTP/2.0" 200 2 "-" "Mozilla/5.0 (Android 12; Xiaomi; Xiaomi; M2102K1C) feiyu/5.2.14"
60.233.16.177 - - [10/Jan/2023:11:18:26 +0800] "POST /v2/near/canvas-war/canvas/draw HTTP/2.0" 200 - "-" "Mozilla/5.0 (Android 11; HONOR; HONOR; CMA-AN00) feiyu/5.2.14"
183.198.101.251 - - [10/Jan/2023:11:18:41 +0800] "GET /v2/app/upgrade?version_code=65&platform=Android HTTP/2.0" 200 4 "-" "Mozilla/5.0 (Android 12; HONOR; HONOR; ANY-AN00) feiyu/5.2.14"
183.198.101.251 - - [10/Jan/2023:11:18:41 +0800] "GET /v2/app/ab-test-status HTTP/2.0" 200 16 "-" "Mozilla/5.0 (Android 12; HONOR; HONOR; ANY-AN00) feiyu/5.2.14"
183.198.101.251 - - [10/Jan/2023:11:18:41 +0800] "GET /v2/app/tiamat-info HTTP/2.0" 200 16 "-" "Mozilla/5.0 (Android 12; HONOR; HONOR; ANY-AN00) feiyu/5.2.14"
183.198.101.251 - - [10/Jan/2023:11:18:43 +0800] "GET /v2/lab-projects HTTP/2.0" 200 24889 "-" "Mozilla/5.0 (Android 12; HONOR; HONOR; ANY-AN00) feiyu/5.2.14"
183.198.101.251 - - [10/Jan/2023:11:18:43 +0800] "GET /v2/app/upgrade?version_code=65&platform=Android HTTP/2.0" 200 4 "-" "Mozilla/5.0 (Android 12; HONOR; HONOR; ANY-AN00) feiyu/5.2.14"
183.198.101.251 - - [10/Jan/2023:11:18:43 +0800] "GET /v2/messages/unreadCount?timestamp=1970-01-01%2000%3A00%3A00 HTTP/2.0" 200 26 "-" "Mozilla/5.0 (Android 12; HONOR; HONOR; ANY-AN00) feiyu/5.2.14"
183.198.101.251 - - [10/Jan/2023:11:18:43 +0800] "GET /v2/users/a7bb45b9-c661-4756-a083-91a90f06f5ac/settings HTTP/2.0" 200 313 "-" "Mozilla/5.0 (Android 12; HONOR; HONOR; ANY-AN00) feiyu/5.2.14"
183.198.101.251 - - [10/Jan/2023:11:18:43 +0800] "GET /v2/campaigns/newest HTTP/2.0" 200 443 "-" "Mozilla/5.0 (Android 12; HONOR; HONOR; ANY-AN00) feiyu/5.2.14"
183.198.101.251 - - [10/Jan/2023:11:18:44 +0800] "GET /v2/explore/searchHint HTTP/2.0" 200 23 "-" "Mozilla/5.0 (Android 12; HONOR; HONOR; ANY-AN00) feiyu/5.2.14"
183.198.101.251 - - [10/Jan/2023:11:18:44 +0800] "GET /v2/explore/banner?scene=2 HTTP/2.0" 200 439 "-" "Mozilla/5.0 (Android 12; HONOR; HONOR; ANY-AN00) feiyu/5.2.14"
183.198.101.251 - - [10/Jan/2023:11:18:43 +0800] "GET /v2/posts/followees-v5?type=0&size=20&image_width=1080&background_width=359 HTTP/2.0" 200 88193 "-" "Mozilla/5.0 (Android 12; HONOR; HONOR; ANY-AN00) feiyu/5.2.14"
183.198.101.251 - - [10/Jan/2023:11:18:44 +0800] "GET /v2/content-series/explore HTTP/2.0" 200 68524 "-" "Mozilla/5.0 (Android 12; HONOR; HONOR; ANY-AN00) feiyu/5.2.14"
183.198.101.251 - - [10/Jan/2023:11:18:44 +0800] "GET /v2/posts/followees-v5?type=0&size=20&image_width=1080&background_width=359 HTTP/2.0" 200 88193 "-" "Mozilla/5.0 (Android 12; HONOR; HONOR; ANY-AN00) feiyu/5.2.14"
183.198.101.251 - - [10/Jan/2023:11:18:44 +0800] "GET /v2/posts/recommended/sticky?image_width=1080&background_width=359 HTTP/2.0" 200 3846 "-" "Mozilla/5.0 (Android 12; HONOR; HONOR; ANY-AN00) feiyu/5.2.14"
183.198.101.251 - - [10/Jan/2023:11:18:44 +0800] "GET /v2/explore/banner?scene=1 HTTP/2.0" 200 2306 "-" "Mozilla/5.0 (Android 12; HONOR; HONOR; ANY-AN00) feiyu/5.2.14"
183.198.101.251 - - [10/Jan/2023:11:18:44 +0800] "GET /v2/posts/recommended?size=20&image_width=1080&background_width=359 HTTP/2.0" 200 79355 "-" "Mozilla/5.0 (Android 12; HONOR; HONOR; ANY-AN00) feiyu/5.2.14"
183.198.101.251 - - [10/Jan/2023:11:18:45 +0800] "GET /v2/ads?scene=0 HTTP/2.0" 200 2 "-" "Mozilla/5.0 (Android 12; HONOR; HONOR; ANY-AN00) feiyu/5.2.14"
120.243.70.75 - - [10/Jan/2023:11:18:32 +0800] "GET /v2/near/canvas-war/accounts/a4563663-f6ca-462d-a66d-ce6bc8ab57f5 HTTP/2.0" 200 489 "-" "Mozilla/5.0 (Android 12; Xiaomi; Xiaomi; M2102K1C) feiyu/5.2.14"
223.77.128.114 - - [10/Jan/2023:11:18:47 +0800] "GET /v2/messages/list-v2?size=20 HTTP/2.0" 200 2 "-" "Mozilla/5.0 (Android 7.1.2; vivo; vivo; vivo X9Plus) feiyu/5.2.14"
60.233.16.177 - - [10/Jan/2023:11:18:39 +0800] "POST /v2/near/canvas-war/canvas/draw HTTP/2.0" 200 - "-" "Mozilla/5.0 (Android 11; HONOR; HONOR; CMA-AN00) feiyu/5.2.14"
183.198.101.251 - - [10/Jan/2023:11:18:54 +0800] "GET /v2/posts/6a78229e-64bf-43f8-a926-950836790918/likes HTTP/2.0" 200 1959 "-" "Mozilla/5.0 (Android 12; HONOR; HONOR; ANY-AN00) feiyu/5.2.14"
183.198.101.251 - - [10/Jan/2023:11:18:54 +0800] "GET /v2/posts/6a78229e-64bf-43f8-a926-950836790918/commentsV4?size=20 HTTP/2.0" 200 451 "-" "Mozilla/5.0 (Android 12; HONOR; HONOR; ANY-AN00) feiyu/5.2.14"
183.198.101.251 - - [10/Jan/2023:11:18:54 +0800] "GET /v2/posts/6a78229e-64bf-43f8-a926-950836790918/detail?image_width=1080&background_width=1080 HTTP/2.0" 200 2060 "-" "Mozilla/5.0 (Android 12; HONOR; HONOR; ANY-AN00) feiyu/5.2.14"
183.198.101.251 - - [10/Jan/2023:11:18:54 +0800] "GET /v2/posts/6a78229e-64bf-43f8-a926-950836790918/commentsV4?timestamp=2021-04-09%2009%3A27%3A07&size=20 HTTP/2.0" 200 2 "-" "Mozilla/5.0 (Android 12; HONOR; HONOR; ANY-AN00) feiyu/5.2.14"
223.77.128.114 - - [10/Jan/2023:11:19:01 +0800] "GET /v2/gallery/categoriesV4 HTTP/2.0" 200 13184 "-" "Mozilla/5.0 (Android 7.1.2; vivo; vivo; vivo X9Plus) feiyu/5.2.14"
223.77.128.114 - - [10/Jan/2023:11:19:01 +0800] "GET /v2/gallery/categories/1e3bd6cc-e816-4cec-a975-7d2c39b1a292/imagesV3?page=1&size=20&width=360 HTTP/2.0" 200 4805 "-" "Mozilla/5.0 (Android 7.1.2; vivo; vivo; vivo X9Plus) feiyu/5.2.14"
60.233.16.177 - - [10/Jan/2023:11:18:51 +0800] "POST /v2/near/canvas-war/canvas/draw HTTP/2.0" 200 - "-" "Mozilla/5.0 (Android 11; HONOR; HONOR; CMA-AN00) feiyu/5.2.14"
117.36.147.102 - - [10/Jan/2023:11:19:02 +0800] "GET /v2/messages/unreadCount?timestamp=1970-01-01%2000%3A00%3A00 HTTP/2.0" 200 26 "-" "Mozilla/5.0 (Android 8.1.0; HUAWEI; HUAWEI; DUB-AL00) feiyu/5.2.14"
117.36.147.102 - - [10/Jan/2023:11:19:02 +0800] "GET /v2/campaigns/newest HTTP/2.0" 200 443 "-" "Mozilla/5.0 (Android 8.1.0; HUAWEI; HUAWEI; DUB-AL00) feiyu/5.2.14"
117.36.147.102 - - [10/Jan/2023:11:19:02 +0800] "GET /v2/explore/searchHint HTTP/2.0" 200 23 "-" "Mozilla/5.0 (Android 8.1.0; HUAWEI; HUAWEI; DUB-AL00) feiyu/5.2.14"
117.36.147.102 - - [10/Jan/2023:11:19:02 +0800] "GET /v2/users/ac0146be-fca3-48da-a0ba-1f64402df119/settings HTTP/2.0" 200 310 "-" "Mozilla/5.0 (Android 8.1.0; HUAWEI; HUAWEI; DUB-AL00) feiyu/5.2.14"
117.36.147.102 - - [10/Jan/2023:11:19:02 +0800] "GET /v2/clock-ins/stats HTTP/2.0" 200 385 "-" "Mozilla/5.0 (Android 8.1.0; HUAWEI; HUAWEI; DUB-AL00) feiyu/5.2.14"
117.36.147.102 - - [10/Jan/2023:11:19:02 +0800] "GET /v2/users/ac0146be-fca3-48da-a0ba-1f64402df119 HTTP/2.0" 200 425 "-" "Mozilla/5.0 (Android 8.1.0; HUAWEI; HUAWEI; DUB-AL00) feiyu/5.2.14"
117.36.147.102 - - [10/Jan/2023:11:19:02 +0800] "GET /v2/near/canvas-war/accounts/ac0146be-fca3-48da-a0ba-1f64402df119 HTTP/2.0" 200 546 "-" "Mozilla/5.0 (Android 8.1.0; HUAWEI; HUAWEI; DUB-AL00) feiyu/5.2.14"
223.77.128.114 - - [10/Jan/2023:11:19:03 +0800] "GET /v2/gallery/categories/1e3bd6cc-e816-4cec-a975-7d2c39b1a292/imagesV3?page=2&size=20&width=360 HTTP/2.0" 200 2 "-" "Mozilla/5.0 (Android 7.1.2; vivo; vivo; vivo X9Plus) feiyu/5.2.14"
183.198.101.251 - - [10/Jan/2023:11:19:03 +0800] "GET /v2/messages/unreadCount?timestamp=1970-01-01%2000%3A00%3A00 HTTP/2.0" 200 26 "-" "Mozilla/5.0 (Android 12; HONOR; HONOR; ANY-AN00) feiyu/5.2.14"
183.198.101.251 - - [10/Jan/2023:11:19:03 +0800] "GET /v2/explore/searchHint HTTP/2.0" 200 23 "-" "Mozilla/5.0 (Android 12; HONOR; HONOR; ANY-AN00) feiyu/5.2.14"
183.198.101.251 - - [10/Jan/2023:11:19:03 +0800] "GET /v2/users/a7bb45b9-c661-4756-a083-91a90f06f5ac/settings HTTP/2.0" 200 313 "-" "Mozilla/5.0 (Android 12; HONOR; HONOR; ANY-AN00) feiyu/5.2.14"
183.198.101.251 - - [10/Jan/2023:11:19:03 +0800] "GET /v2/campaigns/newest HTTP/2.0" 200 443 "-" "Mozilla/5.0 (Android 12; HONOR; HONOR; ANY-AN00) feiyu/5.2.14"
171.43.160.6 - - [10/Jan/2023:11:19:04 +0800] "GET /v2/messages/unreadCount?timestamp=1970-01-01%2000%3A00%3A01 HTTP/2.0" 200 26 "-" "Mozilla/5.0 (iOS 16.1.1; Apple; Apple; iPhone11,2) feiyu/5.2.14"
223.77.128.114 - - [10/Jan/2023:11:19:07 +0800] "GET /v2/gallery/categories/1ab7a131-0b87-4435-a849-7b1aeaee0167/imagesV3?page=1&size=20&width=360 HTTP/2.0" 200 9485 "-" "Mozilla/5.0 (Android 7.1.2; vivo; vivo; vivo X9Plus) feiyu/5.2.14"
171.43.160.6 - - [10/Jan/2023:11:19:07 +0800] "GET /v2/messages/unreadCount?timestamp=1970-01-01%2000%3A00%3A01 HTTP/2.0" 200 26 "-" "Mozilla/5.0 (iOS 16.1.1; Apple; Apple; iPhone11,2) feiyu/5.2.14"
223.77.128.114 - - [10/Jan/2023:11:19:08 +0800] "GET /v2/gallery/categories/1ab7a131-0b87-4435-a849-7b1aeaee0167/imagesV3?page=2&size=20&width=360 HTTP/2.0" 200 9480 "-" "Mozilla/5.0 (Android 7.1.2; vivo; vivo; vivo X9Plus) feiyu/5.2.14"
171.43.160.6 - - [10/Jan/2023:11:19:11 +0800] "GET /v2/gallery/images/5cbae768-7f48-4e25-a4ed-589770398c50?width=1125 HTTP/2.0" 200 457 "-" "Mozilla/5.0 (iOS 16.1.1; Apple; Apple; iPhone11,2) feiyu/5.2.14"
223.77.128.114 - - [10/Jan/2023:11:19:15 +0800] "GET /v2/gallery/categories/1ab7a131-0b87-4435-a849-7b1aeaee0167/imagesV3?page=3&size=20&width=360 HTTP/2.0" 200 9473 "-" "Mozilla/5.0 (Android 7.1.2; vivo; vivo; vivo X9Plus) feiyu/5.2.14"
183.198.101.251 - - [10/Jan/2023:11:19:22 +0800] "GET /v2/posts/b63c4980-d6b3-40d0-88e5-789f33a06df1/detail?image_width=1080&background_width=1080 HTTP/2.0" 200 2374 "-" "Mozilla/5.0 (Android 12; HONOR; HONOR; ANY-AN00) feiyu/5.2.14"
183.198.101.251 - - [10/Jan/2023:11:19:22 +0800] "GET /v2/posts/b63c4980-d6b3-40d0-88e5-789f33a06df1/likes HTTP/2.0" 200 9896 "-" "Mozilla/5.0 (Android 12; HONOR; HONOR; ANY-AN00) feiyu/5.2.14"
183.198.101.251 - - [10/Jan/2023:11:19:22 +0800] "GET /v2/posts/b63c4980-d6b3-40d0-88e5-789f33a06df1/commentsV4?size=20 HTTP/2.0" 200 4767 "-" "Mozilla/5.0 (Android 12; HONOR; HONOR; ANY-AN00) feiyu/5.2.14"
113.248.164.118 - - [10/Jan/2023:11:19:22 +0800] "GET /v2/campaigns/newest HTTP/2.0" 200 443 "-" "Mozilla/5.0 (Android 12; Xiaomi; Redmi; M2012K11AC) feiyu/5.2.14"
113.248.164.118 - - [10/Jan/2023:11:19:22 +0800] "GET /v2/messages/unreadCount?timestamp=1970-01-01%2000%3A00%3A00 HTTP/2.0" 200 26 "-" "Mozilla/5.0 (Android 12; Xiaomi; Redmi; M2012K11AC) feiyu/5.2.14"
113.248.164.118 - - [10/Jan/2023:11:19:22 +0800] "GET /v2/users/bdb1d210-3f5f-4472-9c4f-b0d69010e4b0/settings HTTP/2.0" 200 313 "-" "Mozilla/5.0 (Android 12; Xiaomi; Redmi; M2012K11AC) feiyu/5.2.14"
183.198.101.251 - - [10/Jan/2023:11:19:22 +0800] "GET /v2/posts/b63c4980-d6b3-40d0-88e5-789f33a06df1/commentsV4?timestamp=2022-12-30%2009%3A45%3A36&size=20 HTTP/2.0" 200 2 "-" "Mozilla/5.0 (Android 12; HONOR; HONOR; ANY-AN00) feiyu/5.2.14"
60.233.16.177 - - [10/Jan/2023:11:19:19 +0800] "POST /v2/near/canvas-war/canvas/draw HTTP/2.0" 500 78 "-" "Mozilla/5.0 (Android 11; HONOR; HONOR; CMA-AN00) feiyu/5.2.14"
60.233.16.177 - - [10/Jan/2023:11:19:25 +0800] "GET /v2/near/canvas-war/accounts/f559c2cf-6e68-4f1f-99b3-ea1a80810d25 HTTP/2.0" 200 498 "-" "Mozilla/5.0 (Android 11; HONOR; HONOR; CMA-AN00) feiyu/5.2.14"
60.233.16.177 - - [10/Jan/2023:11:19:25 +0800] "GET /v2/near/canvas-war/canvas HTTP/2.0" 200 18045 "-" "Mozilla/5.0 (Android 11; HONOR; HONOR; CMA-AN00) feiyu/5.2.14"
223.77.128.114 - - [10/Jan/2023:11:19:26 +0800] "GET /v2/gallery/categories/1ab7a131-0b87-4435-a849-7b1aeaee0167/imagesV3?page=4&size=20&width=360 HTTP/2.0" 200 9502 "-" "Mozilla/5.0 (Android 7.1.2; vivo; vivo; vivo X9Plus) feiyu/5.2.14"
183.198.101.251 - - [10/Jan/2023:11:19:28 +0800] "GET /v2/messages/unreadCount?timestamp=1970-01-01%2000%3A00%3A00 HTTP/2.0" 200 26 "-" "Mozilla/5.0 (Android 12; HONOR; HONOR; ANY-AN00) feiyu/5.2.14"
183.198.101.251 - - [10/Jan/2023:11:19:28 +0800] "GET /v2/campaigns/newest HTTP/2.0" 200 443 "-" "Mozilla/5.0 (Android 12; HONOR; HONOR; ANY-AN00) feiyu/5.2.14"
183.198.101.251 - - [10/Jan/2023:11:19:28 +0800] "GET /v2/users/a7bb45b9-c661-4756-a083-91a90f06f5ac/settings HTTP/2.0" 200 313 "-" "Mozilla/5.0 (Android 12; HONOR; HONOR; ANY-AN00) feiyu/5.2.14"
223.77.128.114 - - [10/Jan/2023:11:19:29 +0800] "GET /v2/gallery/categories/1ab7a131-0b87-4435-a849-7b1aeaee0167/imagesV3?page=5&size=20&width=360 HTTP/2.0" 200 9502 "-" "Mozilla/5.0 (Android 7.1.2; vivo; vivo; vivo X9Plus) feiyu/5.2.14"
117.183.2.4 - - [10/Jan/2023:11:19:31 +0800] "GET /v2/app/ab-test-status HTTP/2.0" 200 16 "-" "Mozilla/5.0 (Android 10; Xiaomi; Xiaomi; Mi 10) feiyu/5.2.12"
117.183.2.4 - - [10/Jan/2023:11:19:31 +0800] "GET /v2/app/upgrade?version_code=63&platform=Android HTTP/2.0" 200 4 "-" "Mozilla/5.0 (Android 10; Xiaomi; Xiaomi; Mi 10) feiyu/5.2.12"
117.183.2.4 - - [10/Jan/2023:11:19:33 +0800] "GET /v2/lab-projects HTTP/2.0" 200 24889 "-" "Mozilla/5.0 (Android 10; Xiaomi; Xiaomi; Mi 10) feiyu/5.2.12"
117.183.2.4 - - [10/Jan/2023:11:19:33 +0800] "GET /v2/app/upgrade?version_code=63&platform=Android HTTP/2.0" 200 4 "-" "Mozilla/5.0 (Android 10; Xiaomi; Xiaomi; Mi 10) feiyu/5.2.12"
117.183.2.4 - - [10/Jan/2023:11:19:33 +0800] "GET /v2/app/randomHomeBackgroundImageV2 HTTP/2.0" 200 287 "-" "Mozilla/5.0 (Android 10; Xiaomi; Xiaomi; Mi 10) feiyu/5.2.12"
117.183.2.4 - - [10/Jan/2023:11:19:33 +0800] "GET /v2/campaigns/newest HTTP/2.0" 200 445 "-" "Mozilla/5.0 (Android 10; Xiaomi; Xiaomi; Mi 10) feiyu/5.2.12"
117.183.2.4 - - [10/Jan/2023:11:19:33 +0800] "GET /v2/messages/unreadCount?timestamp=1970-01-01%2000%3A00%3A00 HTTP/2.0" 200 26 "-" "Mozilla/5.0 (Android 10; Xiaomi; Xiaomi; Mi 10) feiyu/5.2.12"
117.183.2.4 - - [10/Jan/2023:11:19:33 +0800] "GET /v2/users/5f41da42-1342-42a4-8db0-2e667cd90638/settings HTTP/2.0" 200 313 "-" "Mozilla/5.0 (Android 10; Xiaomi; Xiaomi; Mi 10) feiyu/5.2.12"
117.183.2.4 - - [10/Jan/2023:11:19:33 +0800] "GET /v2/campaigns/newest HTTP/2.0" 200 445 "-" "Mozilla/5.0 (Android 10; Xiaomi; Xiaomi; Mi 10) feiyu/5.2.12"
223.77.128.114 - - [10/Jan/2023:11:19:35 +0800] "GET /v2/gallery/categories/1ab7a131-0b87-4435-a849-7b1aeaee0167/imagesV3?page=6&size=20&width=360 HTTP/2.0" 200 9498 "-" "Mozilla/5.0 (Android 7.1.2; vivo; vivo; vivo X9Plus) feiyu/5.2.14"
117.183.2.4 - - [10/Jan/2023:11:19:35 +0800] "GET /v2/lab-projects HTTP/2.0" 200 24901 "-" "Mozilla/5.0 (Android 10; Xiaomi; Xiaomi; Mi 10) feiyu/5.2.12"
117.183.2.4 - - [10/Jan/2023:11:19:35 +0800] "GET /v2/lab-projects/active-users-count HTTP/2.0" 200 14 "-" "Mozilla/5.0 (Android 10; Xiaomi; Xiaomi; Mi 10) feiyu/5.2.12"
223.77.128.114 - - [10/Jan/2023:11:19:38 +0800] "GET /v2/gallery/categories/1ab7a131-0b87-4435-a849-7b1aeaee0167/imagesV3?page=7&size=20&width=360 HTTP/2.0" 200 9489 "-" "Mozilla/5.0 (Android 7.1.2; vivo; vivo; vivo X9Plus) feiyu/5.2.14"
120.245.122.184 - - [10/Jan/2023:11:19:39 +0800] "GET /v2/app/upgrade?platform=iOS&version_code=86 HTTP/2.0" 200 4 "-" "Mozilla/5.0 (iOS 15.3.1; Apple; Apple; iPhone14,5) feiyu/5.2.3"
120.245.122.184 - - [10/Jan/2023:11:19:39 +0800] "GET /v2/lab-projects HTTP/2.0" 200 24877 "-" "Mozilla/5.0 (iOS 15.3.1; Apple; Apple; iPhone14,5) feiyu/5.2.3"
218.92.240.34 - - [10/Jan/2023:11:19:40 +0800] "POST /v2/app/upload HTTP/2.0" 200 352 "-" "Mozilla/5.0 (Android 12; Xiaomi; Redmi; M2012K11AC) feiyu/5.2.12"
223.77.128.114 - - [10/Jan/2023:11:19:41 +0800] "GET /v2/gallery/categories/1ab7a131-0b87-4435-a849-7b1aeaee0167/imagesV3?page=8&size=20&width=360 HTTP/2.0" 200 9488 "-" "Mozilla/5.0 (Android 7.1.2; vivo; vivo; vivo X9Plus) feiyu/5.2.14"
218.92.240.34 - - [10/Jan/2023:11:19:41 +0800] "POST /v2/users/uploadAvatarComplete HTTP/2.0" 200 355 "-" "Mozilla/5.0 (Android 12; Xiaomi; Redmi; M2012K11AC) feiyu/5.2.12"
218.92.240.34 - - [10/Jan/2023:11:19:41 +0800] "GET /v2/users/8a116a3d-0029-4b0d-8f0f-dca45236fa10/settings HTTP/2.0" 200 313 "-" "Mozilla/5.0 (Android 12; Xiaomi; Redmi; M2012K11AC) feiyu/5.2.12"
223.77.128.114 - - [10/Jan/2023:11:19:42 +0800] "GET /v2/gallery/categories/1ab7a131-0b87-4435-a849-7b1aeaee0167/imagesV3?page=9&size=20&width=360 HTTP/2.0" 200 9494 "-" "Mozilla/5.0 (Android 7.1.2; vivo; vivo; vivo X9Plus) feiyu/5.2.14"
223.77.128.114 - - [10/Jan/2023:11:19:45 +0800] "GET /v2/gallery/categories/1ab7a131-0b87-4435-a849-7b1aeaee0167/imagesV3?page=10&size=20&width=360 HTTP/2.0" 200 9555 "-" "Mozilla/5.0 (Android 7.1.2; vivo; vivo; vivo X9Plus) feiyu/5.2.14"
223.77.128.114 - - [10/Jan/2023:11:19:47 +0800] "GET /v2/gallery/categories/1ab7a131-0b87-4435-a849-7b1aeaee0167/imagesV3?page=11&size=20&width=360 HTTP/2.0" 200 9490 "-" "Mozilla/5.0 (Android 7.1.2; vivo; vivo; vivo X9Plus) feiyu/5.2.14"
116.253.137.35 - - [10/Jan/2023:11:19:48 +0800] "GET /v2/app/ab-test-status HTTP/2.0" 200 16 "-" "Mozilla/5.0 (Android 12; HUAWEI; HUAWEI; ANA-AN00) feiyu/5.2.14"
116.253.137.35 - - [10/Jan/2023:11:19:48 +0800] "GET /v2/app/tiamat-info HTTP/2.0" 200 16 "-" "Mozilla/5.0 (Android 12; HUAWEI; HUAWEI; ANA-AN00) feiyu/5.2.14"
116.253.137.35 - - [10/Jan/2023:11:19:48 +0800] "GET /v2/app/upgrade?version_code=65&platform=Android HTTP/2.0" 200 4 "-" "Mozilla/5.0 (Android 12; HUAWEI; HUAWEI; ANA-AN00) feiyu/5.2.14"
112.39.73.92 - - [10/Jan/2023:11:19:52 +0800] "GET /v2/app/tiamat-info HTTP/2.0" 200 16 "-" "Mozilla/5.0 (Android 10; Liantong; Liantong; VP002) feiyu/5.2.14"
112.39.73.92 - - [10/Jan/2023:11:19:52 +0800] "GET /v2/app/ab-test-status HTTP/2.0" 200 16 "-" "Mozilla/5.0 (Android 10; Liantong; Liantong; VP002) feiyu/5.2.14"
112.39.73.92 - - [10/Jan/2023:11:19:52 +0800] "GET /v2/app/upgrade?version_code=65&platform=Android HTTP/2.0" 200 4 "-" "Mozilla/5.0 (Android 10; Liantong; Liantong; VP002) feiyu/5.2.14"
60.233.16.177 - - [10/Jan/2023:11:19:41 +0800] "POST /v2/near/canvas-war/canvas/draw HTTP/2.0" 200 - "-" "Mozilla/5.0 (Android 11; HONOR; HONOR; CMA-AN00) feiyu/5.2.14"
218.92.240.34 - - [10/Jan/2023:11:19:52 +0800] "GET /v2/messages/unreadCount?timestamp=1970-01-01%2000%3A00%3A00 HTTP/2.0" 200 26 "-" "Mozilla/5.0 (Android 12; Xiaomi; Redmi; M2012K11AC) feiyu/5.2.12"
218.92.240.34 - - [10/Jan/2023:11:19:52 +0800] "GET /v2/users/8a116a3d-0029-4b0d-8f0f-dca45236fa10 HTTP/2.0" 200 515 "-" "Mozilla/5.0 (Android 12; Xiaomi; Redmi; M2012K11AC) feiyu/5.2.12"
218.92.240.34 - - [10/Jan/2023:11:19:52 +0800] "GET /v2/clock-ins/stats HTTP/2.0" 200 385 "-" "Mozilla/5.0 (Android 12; Xiaomi; Redmi; M2012K11AC) feiyu/5.2.12"
218.92.240.34 - - [10/Jan/2023:11:19:52 +0800] "GET /v2/users/8a116a3d-0029-4b0d-8f0f-dca45236fa10/settings HTTP/2.0" 200 313 "-" "Mozilla/5.0 (Android 12; Xiaomi; Redmi; M2012K11AC) feiyu/5.2.12"
218.92.240.34 - - [10/Jan/2023:11:19:52 +0800] "GET /v2/near/canvas-war/accounts/8a116a3d-0029-4b0d-8f0f-dca45236fa10 HTTP/2.0" 200 609 "-" "Mozilla/5.0 (Android 12; Xiaomi; Redmi; M2012K11AC) feiyu/5.2.12"
218.92.240.34 - - [10/Jan/2023:11:19:53 +0800] "GET /v2/explore/searchHint HTTP/2.0" 200 23 "-" "Mozilla/5.0 (Android 12; Xiaomi; Redmi; M2012K11AC) feiyu/5.2.12"
223.77.128.114 - - [10/Jan/2023:11:19:53 +0800] "GET /v2/gallery/categories/1ab7a131-0b87-4435-a849-7b1aeaee0167/imagesV3?page=12&size=20&width=360 HTTP/2.0" 200 9553 "-" "Mozilla/5.0 (Android 7.1.2; vivo; vivo; vivo X9Plus) feiyu/5.2.14"
218.92.240.34 - - [10/Jan/2023:11:19:53 +0800] "GET /v2/campaigns/newest HTTP/2.0" 200 443 "-" "Mozilla/5.0 (Android 12; Xiaomi; Redmi; M2012K11AC) feiyu/5.2.12"
223.77.128.114 - - [10/Jan/2023:11:19:56 +0800] "GET /v2/gallery/categories/1ab7a131-0b87-4435-a849-7b1aeaee0167/imagesV3?page=13&size=20&width=360 HTTP/2.0" 200 9505 "-" "Mozilla/5.0 (Android 7.1.2; vivo; vivo; vivo X9Plus) feiyu/5.2.14"
117.136.52.100 - - [10/Jan/2023:11:19:58 +0800] "GET /v2/app/tiamat-info HTTP/2.0" 200 16 "-" "Mozilla/5.0 (Android 12; HUAWEI; HUAWEI; ANA-AN00) feiyu/5.2.14"
117.136.52.100 - - [10/Jan/2023:11:19:58 +0800] "GET /v2/app/ab-test-status HTTP/2.0" 200 16 "-" "Mozilla/5.0 (Android 12; HUAWEI; HUAWEI; ANA-AN00) feiyu/5.2.14"
117.136.52.100 - - [10/Jan/2023:11:19:58 +0800] "GET /v2/app/upgrade?version_code=65&platform=Android HTTP/2.0" 200 4 "-" "Mozilla/5.0 (Android 12; HUAWEI; HUAWEI; ANA-AN00) feiyu/5.2.14"
223.77.128.114 - - [10/Jan/2023:11:19:58 +0800] "GET /v2/gallery/categories/1ab7a131-0b87-4435-a849-7b1aeaee0167/imagesV3?page=14&size=20&width=360 HTTP/2.0" 200 9491 "-" "Mozilla/5.0 (Android 7.1.2; vivo; vivo; vivo X9Plus) feiyu/5.2.14"
218.92.240.34 - - [10/Jan/2023:11:20:00 +0800] "GET /v2/users/8a116a3d-0029-4b0d-8f0f-dca45236fa10/subscribed-tags?size=20 HTTP/2.0" 200 2 "-" "Mozilla/5.0 (Android 12; Xiaomi; Redmi; M2012K11AC) feiyu/5.2.12"
218.92.240.34 - - [10/Jan/2023:11:20:00 +0800] "GET /v2/users/8a116a3d-0029-4b0d-8f0f-dca45236fa10/followeesV2?size=20 HTTP/2.0" 200 729 "-" "Mozilla/5.0 (Android 12; Xiaomi; Redmi; M2012K11AC) feiyu/5.2.12"
218.92.240.34 - - [10/Jan/2023:11:20:00 +0800] "GET /v2/users/8a116a3d-0029-4b0d-8f0f-dca45236fa10/followeesV2?timestamp=2022-12-11%2019%3A10%3A04&size=20 HTTP/2.0" 200 2 "-" "Mozilla/5.0 (Android 12; Xiaomi; Redmi; M2012K11AC) feiyu/5.2.12"
60.233.16.177 - - [10/Jan/2023:11:19:48 +0800] "POST /v2/near/canvas-war/canvas/draw HTTP/2.0" 200 - "-" "Mozilla/5.0 (Android 11; HONOR; HONOR; CMA-AN00) feiyu/5.2.14"
218.92.240.34 - - [10/Jan/2023:11:20:00 +0800] "GET /v2/users/8a116a3d-0029-4b0d-8f0f-dca45236fa10/followersV2?size=20 HTTP/2.0" 200 2 "-" "Mozilla/5.0 (Android 12; Xiaomi; Redmi; M2012K11AC) feiyu/5.2.12"
223.77.128.114 - - [10/Jan/2023:11:20:01 +0800] "GET /v2/gallery/categories/1ab7a131-0b87-4435-a849-7b1aeaee0167/imagesV3?page=15&size=20&width=360 HTTP/2.0" 200 9515 "-" "Mozilla/5.0 (Android 7.1.2; vivo; vivo; vivo X9Plus) feiyu/5.2.14"
218.92.240.34 - - [10/Jan/2023:11:20:02 +0800] "DELETE /v2/users/ccb5183a-e90e-4dcf-a888-a3e7d0d7dc25/follow HTTP/2.0" 200 - "-" "Mozilla/5.0 (Android 12; Xiaomi; Redmi; M2012K11AC) feiyu/5.2.12"
223.77.128.114 - - [10/Jan/2023:11:20:02 +0800] "GET /v2/gallery/categories/1ab7a131-0b87-4435-a849-7b1aeaee0167/imagesV3?page=16&size=20&width=360 HTTP/2.0" 200 9492 "-" "Mozilla/5.0 (Android 7.1.2; vivo; vivo; vivo X9Plus) feiyu/5.2.14"
218.92.240.34 - - [10/Jan/2023:11:20:03 +0800] "GET /v2/messages/unreadCount?timestamp=1970-01-01%2000%3A00%3A00 HTTP/2.0" 200 26 "-" "Mozilla/5.0 (Android 12; Xiaomi; Redmi; M2012K11AC) feiyu/5.2.12"
218.92.240.34 - - [10/Jan/2023:11:20:03 +0800] "GET /v2/users/8a116a3d-0029-4b0d-8f0f-dca45236fa10/settings HTTP/2.0" 200 313 "-" "Mozilla/5.0 (Android 12; Xiaomi; Redmi; M2012K11AC) feiyu/5.2.12"
218.92.240.34 - - [10/Jan/2023:11:20:03 +0800] "GET /v2/explore/searchHint HTTP/2.0" 200 23 "-" "Mozilla/5.0 (Android 12; Xiaomi; Redmi; M2012K11AC) feiyu/5.2.12"
218.92.240.34 - - [10/Jan/2023:11:20:03 +0800] "GET /v2/campaigns/newest HTTP/2.0" 200 443 "-" "Mozilla/5.0 (Android 12; Xiaomi; Redmi; M2012K11AC) feiyu/5.2.12"
218.92.240.34 - - [10/Jan/2023:11:20:03 +0800] "GET /v2/clock-ins/stats HTTP/2.0" 200 385 "-" "Mozilla/5.0 (Android 12; Xiaomi; Redmi; M2012K11AC) feiyu/5.2.12"
218.92.240.34 - - [10/Jan/2023:11:20:03 +0800] "GET /v2/users/8a116a3d-0029-4b0d-8f0f-dca45236fa10 HTTP/2.0" 200 505 "-" "Mozilla/5.0 (Android 12; Xiaomi; Redmi; M2012K11AC) feiyu/5.2.12"
218.92.240.34 - - [10/Jan/2023:11:20:03 +0800] "GET /v2/near/canvas-war/accounts/8a116a3d-0029-4b0d-8f0f-dca45236fa10 HTTP/2.0" 200 609 "-" "Mozilla/5.0 (Android 12; Xiaomi; Redmi; M2012K11AC) feiyu/5.2.12"
223.77.128.114 - - [10/Jan/2023:11:20:04 +0800] "GET /v2/gallery/categories/1ab7a131-0b87-4435-a849-7b1aeaee0167/imagesV3?page=17&size=20&width=360 HTTP/2.0" 200 9503 "-" "Mozilla/5.0 (Android 7.1.2; vivo; vivo; vivo X9Plus) feiyu/5.2.14"
218.92.240.34 - - [10/Jan/2023:11:20:05 +0800] "GET /v2/users/8a116a3d-0029-4b0d-8f0f-dca45236fa10 HTTP/2.0" 200 505 "-" "Mozilla/5.0 (Android 12; Xiaomi; Redmi; M2012K11AC) feiyu/5.2.12"
218.92.240.34 - - [10/Jan/2023:11:20:05 +0800] "GET /v2/users/8a116a3d-0029-4b0d-8f0f-dca45236fa10/likedPostsV2?guest=false&size=20&image_width=1080&background_width=359 HTTP/2.0" 200 2 "-" "Mozilla/5.0 (Android 12; Xiaomi; Redmi; M2012K11AC) feiyu/5.2.12"
223.77.128.114 - - [10/Jan/2023:11:20:06 +0800] "GET /v2/gallery/categories/1ab7a131-0b87-4435-a849-7b1aeaee0167/imagesV3?page=18&size=20&width=360 HTTP/2.0" 200 9514 "-" "Mozilla/5.0 (Android 7.1.2; vivo; vivo; vivo X9Plus) feiyu/5.2.14"
223.77.128.114 - - [10/Jan/2023:11:20:09 +0800] "GET /v2/gallery/categories/1ab7a131-0b87-4435-a849-7b1aeaee0167/imagesV3?page=19&size=20&width=360 HTTP/2.0" 200 9505 "-" "Mozilla/5.0 (Android 7.1.2; vivo; vivo; vivo X9Plus) feiyu/5.2.14"
223.77.128.114 - - [10/Jan/2023:11:20:11 +0800] "GET /v2/gallery/images/17050ccb-84c5-475e-ae13-936b924b4e75?width=1080 HTTP/2.0" 200 461 "-" "Mozilla/5.0 (Android 7.1.2; vivo; vivo; vivo X9Plus) feiyu/5.2.14"
218.92.240.34 - - [10/Jan/2023:11:20:07 +0800] "POST /v2/clock-ins/clock-in HTTP/2.0" 200 - "-" "Mozilla/5.0 (Android 12; Xiaomi; Redmi; M2012K11AC) feiyu/5.2.12"
218.92.240.34 - - [10/Jan/2023:11:20:13 +0800] "GET /v2/clock-ins/stats HTTP/2.0" 200 383 "-" "Mozilla/5.0 (Android 12; Xiaomi; Redmi; M2012K11AC) feiyu/5.2.12"
223.77.128.114 - - [10/Jan/2023:11:20:15 +0800] "GET /v2/messages/unreadCount?timestamp=2023-01-10%2003%3A18%3A48 HTTP/2.0" 200 26 "-" "Mozilla/5.0 (Android 7.1.2; vivo; vivo; vivo X9Plus) feiyu/5.2.14"
223.77.128.114 - - [10/Jan/2023:11:20:16 +0800] "GET /v2/users/670eb3b1-a0f7-4013-b472-64236262fa5c/settings HTTP/2.0" 200 310 "-" "Mozilla/5.0 (Android 7.1.2; vivo; vivo; vivo X9Plus) feiyu/5.2.14"
223.77.128.114 - - [10/Jan/2023:11:20:16 +0800] "GET /v2/campaigns/newest HTTP/2.0" 200 443 "-" "Mozilla/5.0 (Android 7.1.2; vivo; vivo; vivo X9Plus) feiyu/5.2.14"
223.77.128.114 - - [10/Jan/2023:11:20:16 +0800] "GET /v2/clock-ins/stats HTTP/2.0" 200 385 "-" "Mozilla/5.0 (Android 7.1.2; vivo; vivo; vivo X9Plus) feiyu/5.2.14"
223.77.128.114 - - [10/Jan/2023:11:20:16 +0800] "GET /v2/users/670eb3b1-a0f7-4013-b472-64236262fa5c HTTP/2.0" 200 426 "-" "Mozilla/5.0 (Android 7.1.2; vivo; vivo; vivo X9Plus) feiyu/5.2.14"
223.77.128.114 - - [10/Jan/2023:11:20:16 +0800] "GET /v2/near/canvas-war/accounts/670eb3b1-a0f7-4013-b472-64236262fa5c HTTP/2.0" 200 527 "-" "Mozilla/5.0 (Android 7.1.2; vivo; vivo; vivo X9Plus) feiyu/5.2.14"
223.77.128.114 - - [10/Jan/2023:11:20:18 +0800] "GET /v2/gallery/categories/1ab7a131-0b87-4435-a849-7b1aeaee0167/imagesV3?page=20&size=20&width=360 HTTP/2.0" 200 9501 "-" "Mozilla/5.0 (Android 7.1.2; vivo; vivo; vivo X9Plus) feiyu/5.2.14"
223.77.128.114 - - [10/Jan/2023:11:20:20 +0800] "GET /v2/gallery/categories/1ab7a131-0b87-4435-a849-7b1aeaee0167/imagesV3?page=21&size=20&width=360 HTTP/2.0" 200 9504 "-" "Mozilla/5.0 (Android 7.1.2; vivo; vivo; vivo X9Plus) feiyu/5.2.14"
171.43.160.6 - - [10/Jan/2023:11:20:23 +0800] "POST /v2/app/upload HTTP/2.0" 200 349 "-" "Mozilla/5.0 (iOS 16.1.1; Apple; Apple; iPhone11,2) feiyu/5.2.14"
223.77.128.114 - - [10/Jan/2023:11:20:23 +0800] "GET /v2/gallery/categories/1ab7a131-0b87-4435-a849-7b1aeaee0167/imagesV3?page=22&size=20&width=360 HTTP/2.0" 200 9516 "-" "Mozilla/5.0 (Android 7.1.2; vivo; vivo; vivo X9Plus) feiyu/5.2.14"
171.43.160.6 - - [10/Jan/2023:11:20:24 +0800] "POST /v2/posts/uploadCompleteV2 HTTP/2.0" 200 1159 "-" "Mozilla/5.0 (iOS 16.1.1; Apple; Apple; iPhone11,2) feiyu/5.2.14"
117.36.147.102 - - [10/Jan/2023:11:20:26 +0800] "GET /v2/messages/unreadCount?timestamp=1970-01-01%2000%3A00%3A00 HTTP/2.0" 200 26 "-" "Mozilla/5.0 (Android 8.1.0; HUAWEI; HUAWEI; DUB-AL00) feiyu/5.2.14"
117.36.147.102 - - [10/Jan/2023:11:20:26 +0800] "GET /v2/users/ac0146be-fca3-48da-a0ba-1f64402df119/settings HTTP/2.0" 200 310 "-" "Mozilla/5.0 (Android 8.1.0; HUAWEI; HUAWEI; DUB-AL00) feiyu/5.2.14"
117.36.147.102 - - [10/Jan/2023:11:20:26 +0800] "GET /v2/campaigns/newest HTTP/2.0" 200 445 "-" "Mozilla/5.0 (Android 8.1.0; HUAWEI; HUAWEI; DUB-AL00) feiyu/5.2.14"
117.36.147.102 - - [10/Jan/2023:11:20:26 +0800] "GET /v2/explore/searchHint HTTP/2.0" 200 23 "-" "Mozilla/5.0 (Android 8.1.0; HUAWEI; HUAWEI; DUB-AL00) feiyu/5.2.14"
117.36.147.102 - - [10/Jan/2023:11:20:26 +0800] "GET /v2/users/ac0146be-fca3-48da-a0ba-1f64402df119 HTTP/2.0" 200 425 "-" "Mozilla/5.0 (Android 8.1.0; HUAWEI; HUAWEI; DUB-AL00) feiyu/5.2.14"
117.36.147.102 - - [10/Jan/2023:11:20:26 +0800] "GET /v2/clock-ins/stats HTTP/2.0" 200 385 "-" "Mozilla/5.0 (Android 8.1.0; HUAWEI; HUAWEI; DUB-AL00) feiyu/5.2.14"
117.36.147.102 - - [10/Jan/2023:11:20:26 +0800] "GET /v2/near/canvas-war/accounts/ac0146be-fca3-48da-a0ba-1f64402df119 HTTP/2.0" 200 546 "-" "Mozilla/5.0 (Android 8.1.0; HUAWEI; HUAWEI; DUB-AL00) feiyu/5.2.14"
124.163.174.249 - - [10/Jan/2023:11:20:29 +0800] "GET /v2/messages/unreadCount?timestamp=1970-01-01%2000%3A00%3A01 HTTP/2.0" 200 26 "-" "Mozilla/5.0 (iOS 16.2; Apple; Apple; iPhone15,3) feiyu/5.2.14"
60.233.16.177 - - [10/Jan/2023:11:20:32 +0800] "POST /v2/near/canvas-war/canvas/draw HTTP/2.0" 200 - "-" "Mozilla/5.0 (Android 11; HONOR; HONOR; CMA-AN00) feiyu/5.2.14"
39.171.223.16 - - [10/Jan/2023:11:20:52 +0800] "GET /v2/messages/unreadCount?timestamp=1970-01-01%2000%3A00%3A00 HTTP/2.0" 200 26 "-" "Mozilla/5.0 (Android 11; PTAC; Hinova; Hera-BD00) feiyu/5.2.14"
39.171.223.16 - - [10/Jan/2023:11:20:52 +0800] "GET /v2/campaigns/newest HTTP/2.0" 200 445 "-" "Mozilla/5.0 (Android 11; PTAC; Hinova; Hera-BD00) feiyu/5.2.14"
39.171.223.16 - - [10/Jan/2023:11:20:52 +0800] "GET /v2/users/1719b33f-4627-4e1e-8e7e-6da45efef366/settings HTTP/2.0" 200 313 "-" "Mozilla/5.0 (Android 11; PTAC; Hinova; Hera-BD00) feiyu/5.2.14"
218.92.240.34 - - [10/Jan/2023:11:21:03 +0800] "GET /v2/app/ab-test-status HTTP/2.0" 200 16 "-" "Mozilla/5.0 (Android 12; Xiaomi; Redmi; M2012K11AC) feiyu/5.2.12"
218.92.240.34 - - [10/Jan/2023:11:21:03 +0800] "GET /v2/app/upgrade?version_code=63&platform=Android HTTP/2.0" 200 4 "-" "Mozilla/5.0 (Android 12; Xiaomi; Redmi; M2012K11AC) feiyu/5.2.12"
218.92.240.34 - - [10/Jan/2023:11:21:04 +0800] "GET /v2/lab-projects HTTP/2.0" 200 24883 "-" "Mozilla/5.0 (Android 12; Xiaomi; Redmi; M2012K11AC) feiyu/5.2.12"
218.92.240.34 - - [10/Jan/2023:11:21:05 +0800] "GET /v2/app/upgrade?version_code=63&platform=Android HTTP/2.0" 200 4 "-" "Mozilla/5.0 (Android 12; Xiaomi; Redmi; M2012K11AC) feiyu/5.2.12"
218.92.240.34 - - [10/Jan/2023:11:21:05 +0800] "GET /v2/campaigns/newest HTTP/2.0" 200 445 "-" "Mozilla/5.0 (Android 12; Xiaomi; Redmi; M2012K11AC) feiyu/5.2.12"
218.92.240.34 - - [10/Jan/2023:11:21:05 +0800] "GET /v2/messages/unreadCount?timestamp=1970-01-01%2000%3A00%3A00 HTTP/2.0" 200 26 "-" "Mozilla/5.0 (Android 12; Xiaomi; Redmi; M2012K11AC) feiyu/5.2.12"
218.92.240.34 - - [10/Jan/2023:11:21:05 +0800] "GET /v2/app/randomHomeBackgroundImageV2 HTTP/2.0" 200 291 "-" "Mozilla/5.0 (Android 12; Xiaomi; Redmi; M2012K11AC) feiyu/5.2.12"
218.92.240.34 - - [10/Jan/2023:11:21:05 +0800] "GET /v2/campaigns/newest HTTP/2.0" 200 445 "-" "Mozilla/5.0 (Android 12; Xiaomi; Redmi; M2012K11AC) feiyu/5.2.12"
218.92.240.34 - - [10/Jan/2023:11:21:05 +0800] "GET /v2/users/8a116a3d-0029-4b0d-8f0f-dca45236fa10/settings HTTP/2.0" 200 313 "-" "Mozilla/5.0 (Android 12; Xiaomi; Redmi; M2012K11AC) feiyu/5.2.12"
218.92.240.34 - - [10/Jan/2023:11:21:10 +0800] "GET /v2/gallery/categoriesV4 HTTP/2.0" 200 13192 "-" "Mozilla/5.0 (Android 12; Xiaomi; Redmi; M2012K11AC) feiyu/5.2.12"
218.92.240.34 - - [10/Jan/2023:11:21:10 +0800] "GET /v2/gallery/categories/1e3bd6cc-e816-4cec-a975-7d2c39b1a292/imagesV3?page=1&size=20&width=360 HTTP/2.0" 200 2 "-" "Mozilla/5.0 (Android 12; Xiaomi; Redmi; M2012K11AC) feiyu/5.2.12"
218.92.240.34 - - [10/Jan/2023:11:21:14 +0800] "GET /v2/gallery/categories/1ab7a131-0b87-4435-a849-7b1aeaee0167/imagesV3?page=1&size=20&width=360 HTTP/2.0" 200 9473 "-" "Mozilla/5.0 (Android 12; Xiaomi; Redmi; M2012K11AC) feiyu/5.2.12"
218.92.240.34 - - [10/Jan/2023:11:21:14 +0800] "GET /v2/gallery/categories/1ab7a131-0b87-4435-a849-7b1aeaee0167/imagesV3?page=2&size=20&width=360 HTTP/2.0" 200 9478 "-" "Mozilla/5.0 (Android 12; Xiaomi; Redmi; M2012K11AC) feiyu/5.2.12"
60.233.16.177 - - [10/Jan/2023:11:21:14 +0800] "GET /v2/messages/unreadCount?timestamp=1970-01-01%2000%3A00%3A00 HTTP/2.0" 200 26 "-" "Mozilla/5.0 (Android 11; HONOR; HONOR; CMA-AN00) feiyu/5.2.14"
60.233.16.177 - - [10/Jan/2023:11:21:14 +0800] "GET /v2/campaigns/newest HTTP/2.0" 200 443 "-" "Mozilla/5.0 (Android 11; HONOR; HONOR; CMA-AN00) feiyu/5.2.14"
60.233.16.177 - - [10/Jan/2023:11:21:14 +0800] "GET /v2/users/f559c2cf-6e68-4f1f-99b3-ea1a80810d25 HTTP/2.0" 200 378 "-" "Mozilla/5.0 (Android 11; HONOR; HONOR; CMA-AN00) feiyu/5.2.14"
60.233.16.177 - - [10/Jan/2023:11:21:14 +0800] "GET /v2/users/f559c2cf-6e68-4f1f-99b3-ea1a80810d25/settings HTTP/2.0" 200 313 "-" "Mozilla/5.0 (Android 11; HONOR; HONOR; CMA-AN00) feiyu/5.2.14"
60.233.16.177 - - [10/Jan/2023:11:21:14 +0800] "GET /v2/clock-ins/stats HTTP/2.0" 200 383 "-" "Mozilla/5.0 (Android 11; HONOR; HONOR; CMA-AN00) feiyu/5.2.14"
60.233.16.177 - - [10/Jan/2023:11:21:14 +0800] "GET /v2/near/canvas-war/accounts/f559c2cf-6e68-4f1f-99b3-ea1a80810d25 HTTP/2.0" 200 498 "-" "Mozilla/5.0 (Android 11; HONOR; HONOR; CMA-AN00) feiyu/5.2.14"
60.233.16.177 - - [10/Jan/2023:11:21:14 +0800] "POST /v2/near/canvas-war/canvas/draw HTTP/2.0" 200 - "-" "Mozilla/5.0 (Android 11; HONOR; HONOR; CMA-AN00) feiyu/5.2.14"
