61.185.207.94 - - [10/Jan/2023:11:35:32 +0800] "GET /v2/app/randomHomeBackgroundImageV2 HTTP/2.0" 200 289 "-" "Mozilla/5.0 (Android 10; HUAWEI; HONOR; OXF-AN10) feiyu/5.2.14"
61.185.207.94 - - [10/Jan/2023:11:35:32 +0800] "GET /v2/campaigns/newest HTTP/2.0" 200 445 "-" "Mozilla/5.0 (Android 10; HUAWEI; HONOR; OXF-AN10) feiyu/5.2.14"
61.185.207.94 - - [10/Jan/2023:11:35:32 +0800] "GET /v2/messages/unreadCount?timestamp=1970-01-01%2000%3A00%3A00 HTTP/2.0" 200 26 "-" "Mozilla/5.0 (Android 10; HUAWEI; HONOR; OXF-AN10) feiyu/5.2.14"
61.185.207.94 - - [10/Jan/2023:11:35:32 +0800] "GET /v2/users/9ec6030f-b8b7-4c87-a07e-c3296eb84b99/settings HTTP/2.0" 200 310 "-" "Mozilla/5.0 (Android 10; HUAWEI; HONOR; OXF-AN10) feiyu/5.2.14"
61.185.207.94 - - [10/Jan/2023:11:35:32 +0800] "GET /v2/campaigns/newest HTTP/2.0" 200 445 "-" "Mozilla/5.0 (Android 10; HUAWEI; HONOR; OXF-AN10) feiyu/5.2.14"
39.154.128.115 - - [10/Jan/2023:11:35:32 +0800] "GET /v2/app/ab-test-status HTTP/2.0" 200 16 "-" "Mozilla/5.0 (Android 12; vivo; vivo; V2203A) feiyu/5.2.14"
39.154.128.115 - - [10/Jan/2023:11:35:32 +0800] "GET /v2/app/tiamat-info HTTP/2.0" 200 16 "-" "Mozilla/5.0 (Android 12; vivo; vivo; V2203A) feiyu/5.2.14"
39.154.128.115 - - [10/Jan/2023:11:35:32 +0800] "GET /v2/app/upgrade?version_code=65&platform=Android HTTP/2.0" 200 4 "-" "Mozilla/5.0 (Android 12; vivo; vivo; V2203A) feiyu/5.2.14"
61.185.207.94 - - [10/Jan/2023:11:35:33 +0800] "GET /v2/explore/searchHint HTTP/2.0" 200 23 "-" "Mozilla/5.0 (Android 10; HUAWEI; HONOR; OXF-AN10) feiyu/5.2.14"
61.185.207.94 - - [10/Jan/2023:11:35:33 +0800] "GET /v2/explore/banner?scene=2 HTTP/2.0" 200 441 "-" "Mozilla/5.0 (Android 10; HUAWEI; HONOR; OXF-AN10) feiyu/5.2.14"
61.185.207.94 - - [10/Jan/2023:11:35:33 +0800] "GET /v2/content-series/explore HTTP/2.0" 200 68458 "-" "Mozilla/5.0 (Android 10; HUAWEI; HONOR; OXF-AN10) feiyu/5.2.14"
61.185.207.94 - - [10/Jan/2023:11:35:33 +0800] "GET /v2/posts/followees-v5?type=0&size=20&image_width=1080&background_width=359 HTTP/2.0" 200 62604 "-" "Mozilla/5.0 (Android 10; HUAWEI; HONOR; OXF-AN10) feiyu/5.2.14"
61.185.207.94 - - [10/Jan/2023:11:35:33 +0800] "GET /v2/posts/followees-v5?type=0&size=20&image_width=1080&background_width=359 HTTP/2.0" 200 62604 "-" "Mozilla/5.0 (Android 10; HUAWEI; HONOR; OXF-AN10) feiyu/5.2.14"
61.185.207.94 - - [10/Jan/2023:11:35:34 +0800] "GET /v2/posts/recommended/sticky?image_width=1080&background_width=359 HTTP/2.0" 200 3846 "-" "Mozilla/5.0 (Android 10; HUAWEI; HONOR; OXF-AN10) feiyu/5.2.14"
61.185.207.94 - - [10/Jan/2023:11:35:34 +0800] "GET /v2/explore/banner?scene=1 HTTP/2.0" 200 2310 "-" "Mozilla/5.0 (Android 10; HUAWEI; HONOR; OXF-AN10) feiyu/5.2.14"
61.185.207.94 - - [10/Jan/2023:11:35:34 +0800] "GET /v2/posts/recommended?size=20&image_width=1080&background_width=359 HTTP/2.0" 200 77013 "-" "Mozilla/5.0 (Android 10; HUAWEI; HONOR; OXF-AN10) feiyu/5.2.14"
61.185.207.94 - - [10/Jan/2023:11:35:34 +0800] "GET /v2/ads?scene=0 HTTP/2.0" 200 2 "-" "Mozilla/5.0 (Android 10; HUAWEI; HONOR; OXF-AN10) feiyu/5.2.14"
36.142.157.0 - - [10/Jan/2023:11:35:37 +0800] "GET /v2/messages/unreadCount?timestamp=1970-01-01%2000%3A00%3A01 HTTP/2.0" 200 26 "-" "Mozilla/5.0 (iOS 16.2; Apple; Apple; iPhone14,2) feiyu/5.2.14"
36.142.157.0 - - [10/Jan/2023:11:35:37 +0800] "GET /v2/gallery/categoriesV4 HTTP/2.0" 200 13206 "-" "Mozilla/5.0 (iOS 16.2; Apple; Apple; iPhone14,2) feiyu/5.2.14"
36.142.157.0 - - [10/Jan/2023:11:35:37 +0800] "GET /v2/gallery/categories/1e3bd6cc-e816-4cec-a975-7d2c39b1a292/imagesV3?page=1&size=30&width=260 HTTP/2.0" 200 2 "-" "Mozilla/5.0 (iOS 16.2; Apple; Apple; iPhone14,2) feiyu/5.2.14"
36.142.157.0 - - [10/Jan/2023:11:35:40 +0800] "GET /v2/near/canvas-war/page-settings HTTP/2.0" 200 410 "-" "Mozilla/5.0 (iOS 16.2; Apple; Apple; iPhone14,2) feiyu/5.2.14"
36.142.157.0 - - [10/Jan/2023:11:35:40 +0800] "GET /v2/near/canvas-war/page-settings HTTP/2.0" 200 410 "-" "Mozilla/5.0 (iOS 16.2; Apple; Apple; iPhone14,2) feiyu/5.2.14"
36.142.157.0 - - [10/Jan/2023:11:35:40 +0800] "GET /v2/lab-projects HTTP/2.0" 200 24907 "-" "Mozilla/5.0 (iOS 16.2; Apple; Apple; iPhone14,2) feiyu/5.2.14"
36.142.157.0 - - [10/Jan/2023:11:35:40 +0800] "GET /v2/messages/unreadCount?timestamp=1970-01-01%2000%3A00%3A01 HTTP/2.0" 200 26 "-" "Mozilla/5.0 (iOS 16.2; Apple; Apple; iPhone14,2) feiyu/5.2.14"
36.142.157.0 - - [10/Jan/2023:11:35:40 +0800] "GET /v2/lab-projects/active-users-count HTTP/2.0" 200 14 "-" "Mozilla/5.0 (iOS 16.2; Apple; Apple; iPhone14,2) feiyu/5.2.14"
36.142.157.0 - - [10/Jan/2023:11:35:41 +0800] "GET /v2/app/upgrade?platform=iOS&version_code=98 HTTP/2.0" 200 4 "-" "Mozilla/5.0 (iOS 16.2; Apple; Apple; iPhone14,2) feiyu/5.2.14"
36.142.157.0 - - [10/Jan/2023:11:35:41 +0800] "GET /v2/campaigns/newest HTTP/2.0" 200 443 "-" "Mozilla/5.0 (iOS 16.2; Apple; Apple; iPhone14,2) feiyu/5.2.14"
36.142.157.0 - - [10/Jan/2023:11:35:41 +0800] "GET /v2/messages/unreadCount?timestamp=1970-01-01%2000%3A00%3A01 HTTP/2.0" 200 26 "-" "Mozilla/5.0 (iOS 16.2; Apple; Apple; iPhone14,2) feiyu/5.2.14"
36.142.157.0 - - [10/Jan/2023:11:35:41 +0800] "GET /v2/app/randomHomeBackgroundImageV2 HTTP/2.0" 200 287 "-" "Mozilla/5.0 (iOS 16.2; Apple; Apple; iPhone14,2) feiyu/5.2.14"
36.142.157.0 - - [10/Jan/2023:11:35:41 +0800] "GET /v2/messages/unreadCount?timestamp=1970-01-01%2000%3A00%3A01 HTTP/2.0" 200 26 "-" "Mozilla/5.0 (iOS 16.2; Apple; Apple; iPhone14,2) feiyu/5.2.14"
39.154.128.115 - - [10/Jan/2023:11:35:40 +0800] "POST /v2/users/oauth HTTP/2.0" 200 941 "-" "Mozilla/5.0 (Android 12; vivo; vivo; V2203A) feiyu/5.2.14"
39.154.128.115 - - [10/Jan/2023:11:35:42 +0800] "GET /v2/users/a4c9af21-aaad-4d15-8a75-775af6fb584d/settings HTTP/2.0" 200 313 "-" "Mozilla/5.0 (Android 12; vivo; vivo; V2203A) feiyu/5.2.14"
39.154.128.115 - - [10/Jan/2023:11:35:42 +0800] "GET /v2/lab-projects HTTP/2.0" 200 24879 "-" "Mozilla/5.0 (Android 12; vivo; vivo; V2203A) feiyu/5.2.14"
39.154.128.115 - - [10/Jan/2023:11:35:42 +0800] "GET /v2/app/upgrade?version_code=65&platform=Android HTTP/2.0" 200 4 "-" "Mozilla/5.0 (Android 12; vivo; vivo; V2203A) feiyu/5.2.14"
39.154.128.115 - - [10/Jan/2023:11:35:42 +0800] "GET /v2/messages/unreadCount?timestamp=1970-01-01%2000%3A00%3A00 HTTP/2.0" 200 26 "-" "Mozilla/5.0 (Android 12; vivo; vivo; V2203A) feiyu/5.2.14"
39.154.128.115 - - [10/Jan/2023:11:35:42 +0800] "GET /v2/users/a4c9af21-aaad-4d15-8a75-775af6fb584d/settings HTTP/2.0" 200 313 "-" "Mozilla/5.0 (Android 12; vivo; vivo; V2203A) feiyu/5.2.14"
39.154.128.115 - - [10/Jan/2023:11:35:42 +0800] "GET /v2/campaigns/newest HTTP/2.0" 200 445 "-" "Mozilla/5.0 (Android 12; vivo; vivo; V2203A) feiyu/5.2.14"
39.154.128.115 - - [10/Jan/2023:11:35:42 +0800] "GET /v2/explore/searchHint HTTP/2.0" 200 23 "-" "Mozilla/5.0 (Android 12; vivo; vivo; V2203A) feiyu/5.2.14"
39.154.128.115 - - [10/Jan/2023:11:35:42 +0800] "GET /v2/explore/banner?scene=2 HTTP/2.0" 200 441 "-" "Mozilla/5.0 (Android 12; vivo; vivo; V2203A) feiyu/5.2.14"
39.154.128.115 - - [10/Jan/2023:11:35:42 +0800] "GET /v2/posts/followees-v5?type=0&size=20&image_width=1080&background_width=359 HTTP/2.0" 200 88259 "-" "Mozilla/5.0 (Android 12; vivo; vivo; V2203A) feiyu/5.2.14"
1.29.91.161 - - [10/Jan/2023:11:35:42 +0800] "GET /v2/app/ab-test-status HTTP/2.0" 200 16 "-" "Mozilla/5.0 (Android 12; Xiaomi; Redmi; 22041216C) feiyu/5.2.14"
39.154.128.115 - - [10/Jan/2023:11:35:42 +0800] "GET /v2/content-series/explore HTTP/2.0" 200 68466 "-" "Mozilla/5.0 (Android 12; vivo; vivo; V2203A) feiyu/5.2.14"
1.29.91.161 - - [10/Jan/2023:11:35:42 +0800] "GET /v2/app/tiamat-info HTTP/2.0" 200 16 "-" "Mozilla/5.0 (Android 12; Xiaomi; Redmi; 22041216C) feiyu/5.2.14"
1.29.91.161 - - [10/Jan/2023:11:35:42 +0800] "GET /v2/app/upgrade?version_code=65&platform=Android HTTP/2.0" 200 4 "-" "Mozilla/5.0 (Android 12; Xiaomi; Redmi; 22041216C) feiyu/5.2.14"
39.154.128.115 - - [10/Jan/2023:11:35:42 +0800] "GET /v2/posts/followees-v5?type=0&size=20&image_width=1080&background_width=359 HTTP/2.0" 200 88259 "-" "Mozilla/5.0 (Android 12; vivo; vivo; V2203A) feiyu/5.2.14"
39.154.128.115 - - [10/Jan/2023:11:35:43 +0800] "GET /v2/posts/recommended/sticky?image_width=1080&background_width=359 HTTP/2.0" 200 3844 "-" "Mozilla/5.0 (Android 12; vivo; vivo; V2203A) feiyu/5.2.14"
39.154.128.115 - - [10/Jan/2023:11:35:43 +0800] "GET /v2/explore/banner?scene=1 HTTP/2.0" 200 2310 "-" "Mozilla/5.0 (Android 12; vivo; vivo; V2203A) feiyu/5.2.14"
39.154.128.115 - - [10/Jan/2023:11:35:43 +0800] "GET /v2/posts/recommended?size=20&image_width=1080&background_width=359 HTTP/2.0" 200 76985 "-" "Mozilla/5.0 (Android 12; vivo; vivo; V2203A) feiyu/5.2.14"
39.154.128.115 - - [10/Jan/2023:11:35:43 +0800] "GET /v2/ads?scene=0 HTTP/2.0" 200 2 "-" "Mozilla/5.0 (Android 12; vivo; vivo; V2203A) feiyu/5.2.14"
1.29.91.161 - - [10/Jan/2023:11:35:44 +0800] "GET /v2/lab-projects HTTP/2.0" 200 24897 "-" "Mozilla/5.0 (Android 12; Xiaomi; Redmi; 22041216C) feiyu/5.2.14"
1.29.91.161 - - [10/Jan/2023:11:35:44 +0800] "GET /v2/app/upgrade?version_code=65&platform=Android HTTP/2.0" 200 4 "-" "Mozilla/5.0 (Android 12; Xiaomi; Redmi; 22041216C) feiyu/5.2.14"
1.29.91.161 - - [10/Jan/2023:11:35:44 +0800] "GET /v2/messages/unreadCount?timestamp=2023-01-10%2002%3A24%3A13 HTTP/2.0" 200 26 "-" "Mozilla/5.0 (Android 12; Xiaomi; Redmi; 22041216C) feiyu/5.2.14"
1.29.91.161 - - [10/Jan/2023:11:35:44 +0800] "GET /v2/users/9e216dab-8245-48d4-b33d-bef390006632/settings HTTP/2.0" 200 317 "-" "Mozilla/5.0 (Android 12; Xiaomi; Redmi; 22041216C) feiyu/5.2.14"
1.29.91.161 - - [10/Jan/2023:11:35:44 +0800] "GET /v2/campaigns/newest HTTP/2.0" 200 445 "-" "Mozilla/5.0 (Android 12; Xiaomi; Redmi; 22041216C) feiyu/5.2.14"
1.29.91.161 - - [10/Jan/2023:11:35:44 +0800] "GET /v2/explore/searchHint HTTP/2.0" 200 23 "-" "Mozilla/5.0 (Android 12; Xiaomi; Redmi; 22041216C) feiyu/5.2.14"
1.29.91.161 - - [10/Jan/2023:11:35:44 +0800] "GET /v2/explore/banner?scene=2 HTTP/2.0" 200 439 "-" "Mozilla/5.0 (Android 12; Xiaomi; Redmi; 22041216C) feiyu/5.2.14"
1.29.91.161 - - [10/Jan/2023:11:35:44 +0800] "GET /v2/content-series/explore HTTP/2.0" 200 68496 "-" "Mozilla/5.0 (Android 12; Xiaomi; Redmi; 22041216C) feiyu/5.2.14"
1.29.91.161 - - [10/Jan/2023:11:35:44 +0800] "GET /v2/posts/followees-v5?type=0&size=20&image_width=1080&background_width=359 HTTP/2.0" 200 44594 "-" "Mozilla/5.0 (Android 12; Xiaomi; Redmi; 22041216C) feiyu/5.2.14"
1.29.91.161 - - [10/Jan/2023:11:35:44 +0800] "GET /v2/posts/followees-v5?type=0&size=20&image_width=1080&background_width=359 HTTP/2.0" 200 44594 "-" "Mozilla/5.0 (Android 12; Xiaomi; Redmi; 22041216C) feiyu/5.2.14"
1.29.91.161 - - [10/Jan/2023:11:35:45 +0800] "GET /v2/posts/featured/sticky-v2?image_width=1080&background_width=359 HTTP/2.0" 200 4263 "-" "Mozilla/5.0 (Android 12; Xiaomi; Redmi; 22041216C) feiyu/5.2.14"
1.29.91.161 - - [10/Jan/2023:11:35:45 +0800] "GET /v2/explore/banner?scene=1 HTTP/2.0" 200 2316 "-" "Mozilla/5.0 (Android 12; Xiaomi; Redmi; 22041216C) feiyu/5.2.14"
1.29.91.161 - - [10/Jan/2023:11:35:46 +0800] "GET /v2/messages/unreadCount?timestamp=2023-01-10%2002%3A24%3A13 HTTP/2.0" 200 26 "-" "Mozilla/5.0 (Android 12; Xiaomi; Redmi; 22041216C) feiyu/5.2.14"
1.29.91.161 - - [10/Jan/2023:11:35:46 +0800] "GET /v2/users/9e216dab-8245-48d4-b33d-bef390006632 HTTP/2.0" 200 547 "-" "Mozilla/5.0 (Android 12; Xiaomi; Redmi; 22041216C) feiyu/5.2.14"
1.29.91.161 - - [10/Jan/2023:11:35:46 +0800] "GET /v2/users/9e216dab-8245-48d4-b33d-bef390006632 HTTP/2.0" 200 547 "-" "Mozilla/5.0 (Android 12; Xiaomi; Redmi; 22041216C) feiyu/5.2.14"
1.29.91.161 - - [10/Jan/2023:11:35:46 +0800] "GET /v2/clock-ins/stats HTTP/2.0" 200 384 "-" "Mozilla/5.0 (Android 12; Xiaomi; Redmi; 22041216C) feiyu/5.2.14"
1.29.91.161 - - [10/Jan/2023:11:35:46 +0800] "GET /v2/users/9e216dab-8245-48d4-b33d-bef390006632/favoritedPosts?size=20&image_width=1080&background_width=359 HTTP/2.0" 200 2 "-" "Mozilla/5.0 (Android 12; Xiaomi; Redmi; 22041216C) feiyu/5.2.14"
1.29.91.161 - - [10/Jan/2023:11:35:46 +0800] "GET /v2/users/9e216dab-8245-48d4-b33d-bef390006632 HTTP/2.0" 200 547 "-" "Mozilla/5.0 (Android 12; Xiaomi; Redmi; 22041216C) feiyu/5.2.14"
1.29.91.161 - - [10/Jan/2023:11:35:46 +0800] "GET /v2/users/9e216dab-8245-48d4-b33d-bef390006632/createdPostsV2?guest=false&size=20&image_width=1080&background_width=359 HTTP/2.0" 200 54047 "-" "Mozilla/5.0 (Android 12; Xiaomi; Redmi; 22041216C) feiyu/5.2.14"
1.29.91.161 - - [10/Jan/2023:11:35:46 +0800] "GET /v2/users/9e216dab-8245-48d4-b33d-bef390006632/likedPostsV2?guest=false&size=20&image_width=1080&background_width=359 HTTP/2.0" 200 60938 "-" "Mozilla/5.0 (Android 12; Xiaomi; Redmi; 22041216C) feiyu/5.2.14"
1.29.91.161 - - [10/Jan/2023:11:35:46 +0800] "GET /v2/near/canvas-war/accounts/9e216dab-8245-48d4-b33d-bef390006632 HTTP/2.0" 200 607 "-" "Mozilla/5.0 (Android 12; Xiaomi; Redmi; 22041216C) feiyu/5.2.14"
36.142.157.0 - - [10/Jan/2023:11:35:46 +0800] "GET /v2/users/a6ea076d-86c2-4ede-b34f-831ac904a583/createdPostsV2?background_width=1170&image_width=1170&size=20 HTTP/2.0" 200 2 "-" "Mozilla/5.0 (iOS 16.2; Apple; Apple; iPhone14,2) feiyu/5.2.14"
36.142.157.0 - - [10/Jan/2023:11:35:46 +0800] "GET /v2/messages/list-v2 HTTP/2.0" 200 2 "-" "Mozilla/5.0 (iOS 16.2; Apple; Apple; iPhone14,2) feiyu/5.2.14"
36.142.157.0 - - [10/Jan/2023:11:35:46 +0800] "GET /v2/users/a6ea076d-86c2-4ede-b34f-831ac904a583 HTTP/2.0" 200 377 "-" "Mozilla/5.0 (iOS 16.2; Apple; Apple; iPhone14,2) feiyu/5.2.14"
36.142.157.0 - - [10/Jan/2023:11:35:46 +0800] "GET /v2/users/a6ea076d-86c2-4ede-b34f-831ac904a583/likedPostsV2?background_width=1170&image_width=1170&size=20 HTTP/2.0" 200 2 "-" "Mozilla/5.0 (iOS 16.2; Apple; Apple; iPhone14,2) feiyu/5.2.14"
36.142.157.0 - - [10/Jan/2023:11:35:46 +0800] "GET /v2/clock-ins/stats HTTP/2.0" 200 385 "-" "Mozilla/5.0 (iOS 16.2; Apple; Apple; iPhone14,2) feiyu/5.2.14"
36.142.157.0 - - [10/Jan/2023:11:35:46 +0800] "GET /v2/messages/unreadCount?timestamp=1970-01-01%2000%3A00%3A01 HTTP/2.0" 200 26 "-" "Mozilla/5.0 (iOS 16.2; Apple; Apple; iPhone14,2) feiyu/5.2.14"
36.142.157.0 - - [10/Jan/2023:11:35:46 +0800] "GET /v2/users/a6ea076d-86c2-4ede-b34f-831ac904a583/favoritedPosts?background_width=1170&image_width=1170&size=20 HTTP/2.0" 200 2 "-" "Mozilla/5.0 (iOS 16.2; Apple; Apple; iPhone14,2) feiyu/5.2.14"
36.142.157.0 - - [10/Jan/2023:11:35:46 +0800] "GET /v2/near/canvas-war/accounts/a6ea076d-86c2-4ede-b34f-831ac904a583 HTTP/2.0" 200 481 "-" "Mozilla/5.0 (iOS 16.2; Apple; Apple; iPhone14,2) feiyu/5.2.14"
1.29.91.161 - - [10/Jan/2023:11:35:47 +0800] "GET /v2/messages/list-v2?size=20 HTTP/2.0" 200 18158 "-" "Mozilla/5.0 (Android 12; Xiaomi; Redmi; 22041216C) feiyu/5.2.14"
1.29.91.161 - - [10/Jan/2023:11:35:47 +0800] "GET /v2/messages/list-v2?size=20 HTTP/2.0" 200 18158 "-" "Mozilla/5.0 (Android 12; Xiaomi; Redmi; 22041216C) feiyu/5.2.14"
39.154.128.115 - - [10/Jan/2023:11:35:48 +0800] "GET /v2/posts/followees-v5?type=0&size=20&image_width=1080&background_width=359 HTTP/2.0" 200 88255 "-" "Mozilla/5.0 (Android 12; vivo; vivo; V2203A) feiyu/5.2.14"
1.29.91.161 - - [10/Jan/2023:11:35:45 +0800] "GET /v2/posts/featured-v4?size=20&image_width=1080&background_width=359 HTTP/2.0" 200 71887 "-" "Mozilla/5.0 (Android 12; Xiaomi; Redmi; 22041216C) feiyu/5.2.14"
1.29.91.161 - - [10/Jan/2023:11:35:49 +0800] "GET /v2/ads?scene=1 HTTP/2.0" 200 2 "-" "Mozilla/5.0 (Android 12; Xiaomi; Redmi; 22041216C) feiyu/5.2.14"
39.154.128.115 - - [10/Jan/2023:11:35:50 +0800] "GET /v2/lab-projects HTTP/2.0" 200 24901 "-" "Mozilla/5.0 (Android 12; vivo; vivo; V2203A) feiyu/5.2.14"
39.154.128.115 - - [10/Jan/2023:11:35:50 +0800] "GET /v2/lab-projects/active-users-count HTTP/2.0" 200 14 "-" "Mozilla/5.0 (Android 12; vivo; vivo; V2203A) feiyu/5.2.14"
36.142.157.0 - - [10/Jan/2023:11:35:50 +0800] "GET /v2/messages/unreadCount?timestamp=1970-01-01%2000%3A00%3A01 HTTP/2.0" 200 26 "-" "Mozilla/5.0 (iOS 16.2; Apple; Apple; iPhone14,2) feiyu/5.2.14"
1.29.91.161 - - [10/Jan/2023:11:35:48 +0800] "POST /v2/clock-ins/clock-in HTTP/2.0" 200 - "-" "Mozilla/5.0 (Android 12; Xiaomi; Redmi; 22041216C) feiyu/5.2.14"
221.201.214.95 - - [10/Jan/2023:11:36:02 +0800] "GET /v2/messages/unreadCount?timestamp=1970-01-01%2000%3A00%3A00 HTTP/2.0" 200 26 "-" "Mozilla/5.0 (Android 12; HONOR; HONOR; NTN-AN20) feiyu/5.2.14"
221.201.214.95 - - [10/Jan/2023:11:36:02 +0800] "GET /v2/users/a8f594f5-4779-4ef2-9217-cf9d672a8b89/settings HTTP/2.0" 200 313 "-" "Mozilla/5.0 (Android 12; HONOR; HONOR; NTN-AN20) feiyu/5.2.14"
221.201.214.95 - - [10/Jan/2023:11:36:03 +0800] "GET /v2/explore/searchHint HTTP/2.0" 200 23 "-" "Mozilla/5.0 (Android 12; HONOR; HONOR; NTN-AN20) feiyu/5.2.14"
221.201.214.95 - - [10/Jan/2023:11:36:03 +0800] "GET /v2/campaigns/newest HTTP/2.0" 200 443 "-" "Mozilla/5.0 (Android 12; HONOR; HONOR; NTN-AN20) feiyu/5.2.14"
221.201.214.95 - - [10/Jan/2023:11:36:03 +0800] "GET /v2/users/a8f594f5-4779-4ef2-9217-cf9d672a8b89 HTTP/2.0" 200 425 "-" "Mozilla/5.0 (Android 12; HONOR; HONOR; NTN-AN20) feiyu/5.2.14"
221.201.214.95 - - [10/Jan/2023:11:36:03 +0800] "GET /v2/clock-ins/stats HTTP/2.0" 200 385 "-" "Mozilla/5.0 (Android 12; HONOR; HONOR; NTN-AN20) feiyu/5.2.14"
221.201.214.95 - - [10/Jan/2023:11:36:02 +0800] "GET /v2/near/canvas-war/accounts/a8f594f5-4779-4ef2-9217-cf9d672a8b89 HTTP/2.0" 200 529 "-" "Mozilla/5.0 (Android 12; HONOR; HONOR; NTN-AN20) feiyu/5.2.14"
221.201.214.95 - - [10/Jan/2023:11:36:04 +0800] "GET /v2/gallery/images/8b3fe8a5-7190-45e9-8040-d84aa53b82ea?width=1080 HTTP/2.0" 200 452 "-" "Mozilla/5.0 (Android 12; HONOR; HONOR; NTN-AN20) feiyu/5.2.14"
61.185.207.94 - - [10/Jan/2023:11:36:11 +0800] "GET /v2/messages/unreadCount?timestamp=1970-01-01%2000%3A00%3A00 HTTP/2.0" 200 26 "-" "Mozilla/5.0 (Android 10; HUAWEI; HONOR; OXF-AN10) feiyu/5.2.14"
61.185.207.94 - - [10/Jan/2023:11:36:11 +0800] "GET /v2/explore/searchHint HTTP/2.0" 200 23 "-" "Mozilla/5.0 (Android 10; HUAWEI; HONOR; OXF-AN10) feiyu/5.2.14"
61.185.207.94 - - [10/Jan/2023:11:36:11 +0800] "GET /v2/campaigns/newest HTTP/2.0" 200 443 "-" "Mozilla/5.0 (Android 10; HUAWEI; HONOR; OXF-AN10) feiyu/5.2.14"
61.185.207.94 - - [10/Jan/2023:11:36:11 +0800] "GET /v2/users/9ec6030f-b8b7-4c87-a07e-c3296eb84b99/settings HTTP/2.0" 200 310 "-" "Mozilla/5.0 (Android 10; HUAWEI; HONOR; OXF-AN10) feiyu/5.2.14"
119.164.120.254 - - [10/Jan/2023:11:36:12 +0800] "GET /v2/app/ab-test-status HTTP/2.0" 200 16 "-" "Mozilla/5.0 (Android 12; vivo; vivo; V2199A) feiyu/5.2.14"
119.164.120.254 - - [10/Jan/2023:11:36:12 +0800] "GET /v2/app/tiamat-info HTTP/2.0" 200 16 "-" "Mozilla/5.0 (Android 12; vivo; vivo; V2199A) feiyu/5.2.14"
119.164.120.254 - - [10/Jan/2023:11:36:12 +0800] "GET /v2/app/upgrade?version_code=65&platform=Android HTTP/2.0" 200 4 "-" "Mozilla/5.0 (Android 12; vivo; vivo; V2199A) feiyu/5.2.14"
119.164.120.254 - - [10/Jan/2023:11:36:13 +0800] "GET /v2/lab-projects HTTP/2.0" 200 24907 "-" "Mozilla/5.0 (Android 12; vivo; vivo; V2199A) feiyu/5.2.14"
119.164.120.254 - - [10/Jan/2023:11:36:13 +0800] "GET /v2/app/upgrade?version_code=65&platform=Android HTTP/2.0" 200 4 "-" "Mozilla/5.0 (Android 12; vivo; vivo; V2199A) feiyu/5.2.14"
183.197.203.25 - - [10/Jan/2023:11:36:13 +0800] "GET /v2/messages/unreadCount?timestamp=2023-01-10%2003%3A24%3A57 HTTP/2.0" 200 26 "-" "Mozilla/5.0 (Android 10; HUAWEI; HONOR; OXF-AN10) feiyu/5.2.14"
183.197.203.25 - - [10/Jan/2023:11:36:13 +0800] "GET /v2/users/daa6fe48-3b4e-4872-8b69-d540692b015d HTTP/2.0" 200 555 "-" "Mozilla/5.0 (Android 10; HUAWEI; HONOR; OXF-AN10) feiyu/5.2.14"
119.164.120.254 - - [10/Jan/2023:11:36:13 +0800] "GET /v2/app/randomHomeBackgroundImageV2 HTTP/2.0" 200 291 "-" "Mozilla/5.0 (Android 12; vivo; vivo; V2199A) feiyu/5.2.14"
183.197.203.25 - - [10/Jan/2023:11:36:13 +0800] "GET /v2/explore/searchHint HTTP/2.0" 200 23 "-" "Mozilla/5.0 (Android 10; HUAWEI; HONOR; OXF-AN10) feiyu/5.2.14"
183.197.203.25 - - [10/Jan/2023:11:36:13 +0800] "GET /v2/campaigns/newest HTTP/2.0" 200 443 "-" "Mozilla/5.0 (Android 10; HUAWEI; HONOR; OXF-AN10) feiyu/5.2.14"
183.197.203.25 - - [10/Jan/2023:11:36:13 +0800] "GET /v2/users/daa6fe48-3b4e-4872-8b69-d540692b015d/settings HTTP/2.0" 200 309 "-" "Mozilla/5.0 (Android 10; HUAWEI; HONOR; OXF-AN10) feiyu/5.2.14"
183.197.203.25 - - [10/Jan/2023:11:36:13 +0800] "GET /v2/clock-ins/stats HTTP/2.0" 200 382 "-" "Mozilla/5.0 (Android 10; HUAWEI; HONOR; OXF-AN10) feiyu/5.2.14"
119.164.120.254 - - [10/Jan/2023:11:36:13 +0800] "GET /v2/campaigns/newest HTTP/2.0" 200 443 "-" "Mozilla/5.0 (Android 12; vivo; vivo; V2199A) feiyu/5.2.14"
119.164.120.254 - - [10/Jan/2023:11:36:13 +0800] "GET /v2/messages/unreadCount?timestamp=1970-01-01%2000%3A00%3A00 HTTP/2.0" 200 26 "-" "Mozilla/5.0 (Android 12; vivo; vivo; V2199A) feiyu/5.2.14"
119.164.120.254 - - [10/Jan/2023:11:36:13 +0800] "GET /v2/users/a8e971a0-6a58-453e-9593-d93b75920191/settings HTTP/2.0" 200 313 "-" "Mozilla/5.0 (Android 12; vivo; vivo; V2199A) feiyu/5.2.14"
119.164.120.254 - - [10/Jan/2023:11:36:13 +0800] "GET /v2/campaigns/newest HTTP/2.0" 200 443 "-" "Mozilla/5.0 (Android 12; vivo; vivo; V2199A) feiyu/5.2.14"
183.197.203.25 - - [10/Jan/2023:11:36:13 +0800] "GET /v2/near/canvas-war/accounts/daa6fe48-3b4e-4872-8b69-d540692b015d HTTP/2.0" 200 636 "-" "Mozilla/5.0 (Android 10; HUAWEI; HONOR; OXF-AN10) feiyu/5.2.14"
183.197.203.25 - - [10/Jan/2023:11:36:16 +0800] "GET /v2/lab-projects HTTP/2.0" 200 24905 "-" "Mozilla/5.0 (Android 10; HUAWEI; HONOR; OXF-AN10) feiyu/5.2.14"
183.197.203.25 - - [10/Jan/2023:11:36:16 +0800] "GET /v2/lab-projects/active-users-count HTTP/2.0" 200 14 "-" "Mozilla/5.0 (Android 10; HUAWEI; HONOR; OXF-AN10) feiyu/5.2.14"
61.185.207.94 - - [10/Jan/2023:11:36:19 +0800] "GET /v2/gallery/categoriesV4 HTTP/2.0" 200 13198 "-" "Mozilla/5.0 (Android 10; HUAWEI; HONOR; OXF-AN10) feiyu/5.2.14"
61.185.207.94 - - [10/Jan/2023:11:36:19 +0800] "GET /v2/gallery/categories/1e3bd6cc-e816-4cec-a975-7d2c39b1a292/imagesV3?page=1&size=20&width=360 HTTP/2.0" 200 1427 "-" "Mozilla/5.0 (Android 10; HUAWEI; HONOR; OXF-AN10) feiyu/5.2.14"
61.185.207.94 - - [10/Jan/2023:11:36:20 +0800] "GET /v2/gallery/categories/1e3bd6cc-e816-4cec-a975-7d2c39b1a292/imagesV3?page=2&size=20&width=360 HTTP/2.0" 200 2 "-" "Mozilla/5.0 (Android 10; HUAWEI; HONOR; OXF-AN10) feiyu/5.2.14"
183.197.203.25 - - [10/Jan/2023:11:36:20 +0800] "GET /v2/lab-projects HTTP/2.0" 200 24929 "-" "Mozilla/5.0 (Android 10; HUAWEI; HONOR; OXF-AN10) feiyu/5.2.14"
119.164.120.254 - - [10/Jan/2023:11:36:20 +0800] "GET /v2/gallery/randomImagesV2?size=50&width=540&content=%E8%B0%A2%E8%B0%A2%E4%BB%96%E5%A7%91 HTTP/2.0" 200 23466 "-" "Mozilla/5.0 (Android 12; vivo; vivo; V2199A) feiyu/5.2.14"
221.201.214.95 - - [10/Jan/2023:11:36:23 +0800] "GET /v2/messages/unreadCount?timestamp=1970-01-01%2000%3A00%3A00 HTTP/2.0" 200 26 "-" "Mozilla/5.0 (Android 12; HONOR; HONOR; NTN-AN20) feiyu/5.2.14"
221.201.214.95 - - [10/Jan/2023:11:36:23 +0800] "GET /v2/campaigns/newest HTTP/2.0" 200 445 "-" "Mozilla/5.0 (Android 12; HONOR; HONOR; NTN-AN20) feiyu/5.2.14"
221.201.214.95 - - [10/Jan/2023:11:36:23 +0800] "GET /v2/explore/searchHint HTTP/2.0" 200 23 "-" "Mozilla/5.0 (Android 12; HONOR; HONOR; NTN-AN20) feiyu/5.2.14"
221.201.214.95 - - [10/Jan/2023:11:36:23 +0800] "GET /v2/clock-ins/stats HTTP/2.0" 200 385 "-" "Mozilla/5.0 (Android 12; HONOR; HONOR; NTN-AN20) feiyu/5.2.14"
221.201.214.95 - - [10/Jan/2023:11:36:23 +0800] "GET /v2/users/a8f594f5-4779-4ef2-9217-cf9d672a8b89/settings HTTP/2.0" 200 313 "-" "Mozilla/5.0 (Android 12; HONOR; HONOR; NTN-AN20) feiyu/5.2.14"
221.201.214.95 - - [10/Jan/2023:11:36:23 +0800] "GET /v2/users/a8f594f5-4779-4ef2-9217-cf9d672a8b89 HTTP/2.0" 200 425 "-" "Mozilla/5.0 (Android 12; HONOR; HONOR; NTN-AN20) feiyu/5.2.14"
221.201.214.95 - - [10/Jan/2023:11:36:23 +0800] "GET /v2/near/canvas-war/accounts/a8f594f5-4779-4ef2-9217-cf9d672a8b89 HTTP/2.0" 200 529 "-" "Mozilla/5.0 (Android 12; HONOR; HONOR; NTN-AN20) feiyu/5.2.14"
183.197.203.25 - - [10/Jan/2023:11:36:30 +0800] "GET /v2/messages/unreadCount?timestamp=2023-01-10%2003%3A24%3A57 HTTP/2.0" 200 26 "-" "Mozilla/5.0 (Android 10; HUAWEI; HONOR; OXF-AN10) feiyu/5.2.14"
183.197.203.25 - - [10/Jan/2023:11:36:30 +0800] "GET /v2/campaigns/newest HTTP/2.0" 200 443 "-" "Mozilla/5.0 (Android 10; HUAWEI; HONOR; OXF-AN10) feiyu/5.2.14"
183.197.203.25 - - [10/Jan/2023:11:36:30 +0800] "GET /v2/explore/searchHint HTTP/2.0" 200 23 "-" "Mozilla/5.0 (Android 10; HUAWEI; HONOR; OXF-AN10) feiyu/5.2.14"
183.197.203.25 - - [10/Jan/2023:11:36:30 +0800] "GET /v2/clock-ins/stats HTTP/2.0" 200 382 "-" "Mozilla/5.0 (Android 10; HUAWEI; HONOR; OXF-AN10) feiyu/5.2.14"
183.197.203.25 - - [10/Jan/2023:11:36:30 +0800] "GET /v2/users/daa6fe48-3b4e-4872-8b69-d540692b015d HTTP/2.0" 200 555 "-" "Mozilla/5.0 (Android 10; HUAWEI; HONOR; OXF-AN10) feiyu/5.2.14"
183.197.203.25 - - [10/Jan/2023:11:36:30 +0800] "GET /v2/users/daa6fe48-3b4e-4872-8b69-d540692b015d/settings HTTP/2.0" 200 309 "-" "Mozilla/5.0 (Android 10; HUAWEI; HONOR; OXF-AN10) feiyu/5.2.14"
183.197.203.25 - - [10/Jan/2023:11:36:30 +0800] "GET /v2/near/canvas-war/accounts/daa6fe48-3b4e-4872-8b69-d540692b015d HTTP/2.0" 200 636 "-" "Mozilla/5.0 (Android 10; HUAWEI; HONOR; OXF-AN10) feiyu/5.2.14"
119.164.120.254 - - [10/Jan/2023:11:36:31 +0800] "GET /v2/messages/unreadCount?timestamp=1970-01-01%2000%3A00%3A00 HTTP/2.0" 200 26 "-" "Mozilla/5.0 (Android 12; vivo; vivo; V2199A) feiyu/5.2.14"
119.164.120.254 - - [10/Jan/2023:11:36:31 +0800] "GET /v2/campaigns/newest HTTP/2.0" 200 443 "-" "Mozilla/5.0 (Android 12; vivo; vivo; V2199A) feiyu/5.2.14"
119.164.120.254 - - [10/Jan/2023:11:36:31 +0800] "GET /v2/users/a8e971a0-6a58-453e-9593-d93b75920191/settings HTTP/2.0" 200 313 "-" "Mozilla/5.0 (Android 12; vivo; vivo; V2199A) feiyu/5.2.14"
183.197.203.25 - - [10/Jan/2023:11:36:31 +0800] "GET /v2/near/canvas-war/comments HTTP/2.0" 200 591 "-" "Mozilla/5.0 (Android 10; HUAWEI; HONOR; OXF-AN10) feiyu/5.2.14"
183.197.203.25 - - [10/Jan/2023:11:36:31 +0800] "GET /v2/near/canvas-war/comments HTTP/2.0" 200 591 "-" "Mozilla/5.0 (Android 10; HUAWEI; HONOR; OXF-AN10) feiyu/5.2.14"
183.197.203.25 - - [10/Jan/2023:11:36:31 +0800] "GET /v2/near/canvas-war/accounts/daa6fe48-3b4e-4872-8b69-d540692b015d HTTP/2.0" 200 638 "-" "Mozilla/5.0 (Android 10; HUAWEI; HONOR; OXF-AN10) feiyu/5.2.14"
183.197.203.25 - - [10/Jan/2023:11:36:31 +0800] "GET /v2/near/canvas-war/canvas HTTP/2.0" 200 18045 "-" "Mozilla/5.0 (Android 10; HUAWEI; HONOR; OXF-AN10) feiyu/5.2.14"
183.197.203.25 - - [10/Jan/2023:11:36:31 +0800] "GET /v2/near/canvas-war/canvas/leaderboard HTTP/2.0" 200 10066 "-" "Mozilla/5.0 (Android 10; HUAWEI; HONOR; OXF-AN10) feiyu/5.2.14"
183.197.203.25 - - [10/Jan/2023:11:36:32 +0800] "POST /v2/near/canvas-war/accounts/daa6fe48-3b4e-4872-8b69-d540692b015d/clock-in HTTP/2.0" 200 166 "-" "Mozilla/5.0 (Android 10; HUAWEI; HONOR; OXF-AN10) feiyu/5.2.14"
183.197.203.25 - - [10/Jan/2023:11:36:39 +0800] "GET /v2/near/canvas-war/page-settings HTTP/2.0" 200 412 "-" "Mozilla/5.0 (Android 10; HUAWEI; HONOR; OXF-AN10) feiyu/5.2.14"
119.164.120.254 - - [10/Jan/2023:11:36:40 +0800] "GET /v2/gallery/randomImagesV2?size=50&width=540&content=%E8%B0%A2%E8%B0%A2%E4%BB%96%E5%A7%91%E5%A7%91 HTTP/2.0" 200 23937 "-" "Mozilla/5.0 (Android 12; vivo; vivo; V2199A) feiyu/5.2.14"
183.197.203.25 - - [10/Jan/2023:11:36:44 +0800] "GET /v2/near/canvas-war/comments HTTP/2.0" 200 591 "-" "Mozilla/5.0 (Android 10; HUAWEI; HONOR; OXF-AN10) feiyu/5.2.14"
119.164.120.254 - - [10/Jan/2023:11:36:44 +0800] "GET /v2/gallery/images/b23aeb71-4d2a-4db6-ac91-54df9dcf7371?width=1080 HTTP/2.0" 200 462 "-" "Mozilla/5.0 (Android 12; vivo; vivo; V2199A) feiyu/5.2.14"
111.19.80.1 - - [10/Jan/2023:11:36:48 +0800] "GET /v2/app/ab-test-status HTTP/2.0" 200 16 "-" "Mozilla/5.0 (Android 11; vivo; vivo; V2047A) feiyu/5.2.14"
111.19.80.1 - - [10/Jan/2023:11:36:48 +0800] "GET /v2/app/tiamat-info HTTP/2.0" 200 16 "-" "Mozilla/5.0 (Android 11; vivo; vivo; V2047A) feiyu/5.2.14"
111.19.80.1 - - [10/Jan/2023:11:36:48 +0800] "GET /v2/app/upgrade?version_code=65&platform=Android HTTP/2.0" 200 4 "-" "Mozilla/5.0 (Android 11; vivo; vivo; V2047A) feiyu/5.2.14"
183.197.203.25 - - [10/Jan/2023:11:36:44 +0800] "POST /v2/near/canvas-war/accounts/daa6fe48-3b4e-4872-8b69-d540692b015d/get-share-reward HTTP/2.0" 200 84 "-" "Mozilla/5.0 (Android 10; HUAWEI; HONOR; OXF-AN10) feiyu/5.2.14"
183.197.203.25 - - [10/Jan/2023:11:36:50 +0800] "GET /v2/near/canvas-war/accounts/daa6fe48-3b4e-4872-8b69-d540692b015d HTTP/2.0" 200 636 "-" "Mozilla/5.0 (Android 10; HUAWEI; HONOR; OXF-AN10) feiyu/5.2.14"
119.164.120.254 - - [10/Jan/2023:11:36:50 +0800] "POST /v2/app/upload HTTP/2.0" 200 353 "-" "Mozilla/5.0 (Android 12; vivo; vivo; V2199A) feiyu/5.2.14"
119.164.120.254 - - [10/Jan/2023:11:36:51 +0800] "POST /v2/posts/uploadCompleteV2 HTTP/2.0" 200 1134 "-" "Mozilla/5.0 (Android 12; vivo; vivo; V2199A) feiyu/5.2.14"
183.197.203.25 - - [10/Jan/2023:11:36:51 +0800] "GET /v2/messages/unreadCount?timestamp=2023-01-10%2003%3A24%3A57 HTTP/2.0" 200 26 "-" "Mozilla/5.0 (Android 10; HUAWEI; HONOR; OXF-AN10) feiyu/5.2.14"
183.197.203.25 - - [10/Jan/2023:11:36:51 +0800] "GET /v2/campaigns/newest HTTP/2.0" 200 443 "-" "Mozilla/5.0 (Android 10; HUAWEI; HONOR; OXF-AN10) feiyu/5.2.14"
183.197.203.25 - - [10/Jan/2023:11:36:51 +0800] "GET /v2/explore/searchHint HTTP/2.0" 200 23 "-" "Mozilla/5.0 (Android 10; HUAWEI; HONOR; OXF-AN10) feiyu/5.2.14"
183.197.203.25 - - [10/Jan/2023:11:36:51 +0800] "GET /v2/clock-ins/stats HTTP/2.0" 200 382 "-" "Mozilla/5.0 (Android 10; HUAWEI; HONOR; OXF-AN10) feiyu/5.2.14"
183.197.203.25 - - [10/Jan/2023:11:36:51 +0800] "GET /v2/users/daa6fe48-3b4e-4872-8b69-d540692b015d/settings HTTP/2.0" 200 309 "-" "Mozilla/5.0 (Android 10; HUAWEI; HONOR; OXF-AN10) feiyu/5.2.14"
183.197.203.25 - - [10/Jan/2023:11:36:51 +0800] "GET /v2/users/daa6fe48-3b4e-4872-8b69-d540692b015d HTTP/2.0" 200 555 "-" "Mozilla/5.0 (Android 10; HUAWEI; HONOR; OXF-AN10) feiyu/5.2.14"
183.197.203.25 - - [10/Jan/2023:11:36:51 +0800] "GET /v2/near/canvas-war/accounts/daa6fe48-3b4e-4872-8b69-d540692b015d HTTP/2.0" 200 636 "-" "Mozilla/5.0 (Android 10; HUAWEI; HONOR; OXF-AN10) feiyu/5.2.14"
183.197.203.25 - - [10/Jan/2023:11:36:52 +0800] "GET /v2/messages/unreadCount?timestamp=2023-01-10%2003%3A24%3A57 HTTP/2.0" 200 26 "-" "Mozilla/5.0 (Android 10; HUAWEI; HONOR; OXF-AN10) feiyu/5.2.14"
183.197.203.25 - - [10/Jan/2023:11:36:52 +0800] "GET /v2/users/daa6fe48-3b4e-4872-8b69-d540692b015d HTTP/2.0" 200 557 "-" "Mozilla/5.0 (Android 10; HUAWEI; HONOR; OXF-AN10) feiyu/5.2.14"
183.197.203.25 - - [10/Jan/2023:11:36:53 +0800] "GET /v2/messages/unreadCount?timestamp=2023-01-10%2003%3A24%3A57 HTTP/2.0" 200 26 "-" "Mozilla/5.0 (Android 10; HUAWEI; HONOR; OXF-AN10) feiyu/5.2.14"
183.197.203.25 - - [10/Jan/2023:11:36:53 +0800] "GET /v2/users/daa6fe48-3b4e-4872-8b69-d540692b015d HTTP/2.0" 200 559 "-" "Mozilla/5.0 (Android 10; HUAWEI; HONOR; OXF-AN10) feiyu/5.2.14"
42.80.70.148 - - [10/Jan/2023:11:37:01 +0800] "GET /v2/app/tiamat-info HTTP/2.0" 200 16 "-" "Mozilla/5.0 (Android 12; HUAWEI; HUAWEI; NOH-AN00) feiyu/5.2.14"
42.80.70.148 - - [10/Jan/2023:11:37:01 +0800] "GET /v2/app/ab-test-status HTTP/2.0" 200 16 "-" "Mozilla/5.0 (Android 12; HUAWEI; HUAWEI; NOH-AN00) feiyu/5.2.14"
42.80.70.148 - - [10/Jan/2023:11:37:01 +0800] "GET /v2/app/upgrade?version_code=65&platform=Android HTTP/2.0" 200 4 "-" "Mozilla/5.0 (Android 12; HUAWEI; HUAWEI; NOH-AN00) feiyu/5.2.14"
42.80.70.148 - - [10/Jan/2023:11:37:02 +0800] "GET /v2/lab-projects HTTP/2.0" 200 24893 "-" "Mozilla/5.0 (Android 12; HUAWEI; HUAWEI; NOH-AN00) feiyu/5.2.14"
42.80.70.148 - - [10/Jan/2023:11:37:02 +0800] "GET /v2/app/upgrade?version_code=65&platform=Android HTTP/2.0" 200 4 "-" "Mozilla/5.0 (Android 12; HUAWEI; HUAWEI; NOH-AN00) feiyu/5.2.14"
42.80.70.148 - - [10/Jan/2023:11:37:03 +0800] "GET /v2/campaigns/newest HTTP/2.0" 200 445 "-" "Mozilla/5.0 (Android 12; HUAWEI; HUAWEI; NOH-AN00) feiyu/5.2.14"
42.80.70.148 - - [10/Jan/2023:11:37:03 +0800] "GET /v2/messages/unreadCount?timestamp=2022-01-28%2011%3A21%3A28 HTTP/2.0" 401 54 "-" "Mozilla/5.0 (Android 12; HUAWEI; HUAWEI; NOH-AN00) feiyu/5.2.14"
42.80.70.148 - - [10/Jan/2023:11:37:03 +0800] "GET /v2/app/randomHomeBackgroundImageV2 HTTP/2.0" 200 287 "-" "Mozilla/5.0 (Android 12; HUAWEI; HUAWEI; NOH-AN00) feiyu/5.2.14"
42.80.70.148 - - [10/Jan/2023:11:37:03 +0800] "GET /v2/campaigns/newest HTTP/2.0" 200 445 "-" "Mozilla/5.0 (Android 12; HUAWEI; HUAWEI; NOH-AN00) feiyu/5.2.14"
42.80.70.148 - - [10/Jan/2023:11:37:03 +0800] "GET /v2/users/86b8d5ad-8ed9-4fac-a407-a785330c84ed/settings HTTP/2.0" 401 54 "-" "Mozilla/5.0 (Android 12; HUAWEI; HUAWEI; NOH-AN00) feiyu/5.2.14"
42.80.70.148 - - [10/Jan/2023:11:37:03 +0800] "POST /v2/users/86b8d5ad-8ed9-4fac-a407-a785330c84ed/token HTTP/2.0" 200 642 "-" "Mozilla/5.0 (Android 12; HUAWEI; HUAWEI; NOH-AN00) feiyu/5.2.14"
42.80.70.148 - - [10/Jan/2023:11:37:03 +0800] "POST /v2/users/86b8d5ad-8ed9-4fac-a407-a785330c84ed/token HTTP/2.0" 200 642 "-" "Mozilla/5.0 (Android 12; HUAWEI; HUAWEI; NOH-AN00) feiyu/5.2.14"
42.80.70.148 - - [10/Jan/2023:11:37:03 +0800] "GET /v2/messages/unreadCount?timestamp=2022-01-28%2011%3A21%3A28 HTTP/2.0" 200 26 "-" "Mozilla/5.0 (Android 12; HUAWEI; HUAWEI; NOH-AN00) feiyu/5.2.14"
42.80.70.148 - - [10/Jan/2023:11:37:03 +0800] "GET /v2/users/86b8d5ad-8ed9-4fac-a407-a785330c84ed/settings HTTP/2.0" 200 310 "-" "Mozilla/5.0 (Android 12; HUAWEI; HUAWEI; NOH-AN00) feiyu/5.2.14"
183.95.67.13 - - [10/Jan/2023:11:37:04 +0800] "GET /v2/app/ab-test-status HTTP/2.0" 200 16 "-" "Mozilla/5.0 (Android 12; realme; realme; RMX2117) feiyu/5.2.14"
183.95.67.13 - - [10/Jan/2023:11:37:04 +0800] "GET /v2/app/tiamat-info HTTP/2.0" 200 16 "-" "Mozilla/5.0 (Android 12; realme; realme; RMX2117) feiyu/5.2.14"
183.95.67.13 - - [10/Jan/2023:11:37:04 +0800] "GET /v2/app/upgrade?version_code=65&platform=Android HTTP/2.0" 200 4 "-" "Mozilla/5.0 (Android 12; realme; realme; RMX2117) feiyu/5.2.14"
183.95.67.13 - - [10/Jan/2023:11:37:05 +0800] "GET /v2/lab-projects HTTP/2.0" 200 24867 "-" "Mozilla/5.0 (Android 12; realme; realme; RMX2117) feiyu/5.2.14"
183.95.67.13 - - [10/Jan/2023:11:37:05 +0800] "GET /v2/app/upgrade?version_code=65&platform=Android HTTP/2.0" 200 4 "-" "Mozilla/5.0 (Android 12; realme; realme; RMX2117) feiyu/5.2.14"
183.95.67.13 - - [10/Jan/2023:11:37:05 +0800] "GET /v2/messages/unreadCount?timestamp=1970-01-01%2000%3A00%3A00 HTTP/2.0" 200 26 "-" "Mozilla/5.0 (Android 12; realme; realme; RMX2117) feiyu/5.2.14"
183.95.67.13 - - [10/Jan/2023:11:37:06 +0800] "GET /v2/users/8201d61a-7e67-40a6-af5b-1eed2de60d3e/settings HTTP/2.0" 200 313 "-" "Mozilla/5.0 (Android 12; realme; realme; RMX2117) feiyu/5.2.14"
183.95.67.13 - - [10/Jan/2023:11:37:06 +0800] "GET /v2/campaigns/newest HTTP/2.0" 200 445 "-" "Mozilla/5.0 (Android 12; realme; realme; RMX2117) feiyu/5.2.14"
183.95.67.13 - - [10/Jan/2023:11:37:06 +0800] "GET /v2/explore/searchHint HTTP/2.0" 200 23 "-" "Mozilla/5.0 (Android 12; realme; realme; RMX2117) feiyu/5.2.14"
183.95.67.13 - - [10/Jan/2023:11:37:06 +0800] "GET /v2/explore/banner?scene=2 HTTP/2.0" 200 439 "-" "Mozilla/5.0 (Android 12; realme; realme; RMX2117) feiyu/5.2.14"
183.95.67.13 - - [10/Jan/2023:11:37:06 +0800] "GET /v2/content-series/explore HTTP/2.0" 200 68460 "-" "Mozilla/5.0 (Android 12; realme; realme; RMX2117) feiyu/5.2.14"
183.95.67.13 - - [10/Jan/2023:11:37:06 +0800] "GET /v2/posts/followees-v5?type=0&size=20&image_width=1080&background_width=359 HTTP/2.0" 200 88221 "-" "Mozilla/5.0 (Android 12; realme; realme; RMX2117) feiyu/5.2.14"
183.95.67.13 - - [10/Jan/2023:11:37:06 +0800] "GET /v2/posts/followees-v5?type=0&size=20&image_width=1080&background_width=359 HTTP/2.0" 200 88221 "-" "Mozilla/5.0 (Android 12; realme; realme; RMX2117) feiyu/5.2.14"
183.95.67.13 - - [10/Jan/2023:11:37:06 +0800] "GET /v2/posts/featured/sticky-v2?image_width=1080&background_width=359 HTTP/2.0" 200 4269 "-" "Mozilla/5.0 (Android 12; realme; realme; RMX2117) feiyu/5.2.14"
183.95.67.13 - - [10/Jan/2023:11:37:07 +0800] "GET /v2/explore/banner?scene=1 HTTP/2.0" 200 2312 "-" "Mozilla/5.0 (Android 12; realme; realme; RMX2117) feiyu/5.2.14"
183.95.67.13 - - [10/Jan/2023:11:37:07 +0800] "GET /v2/posts/featured-v4?size=20&image_width=1080&background_width=359 HTTP/2.0" 200 71823 "-" "Mozilla/5.0 (Android 12; realme; realme; RMX2117) feiyu/5.2.14"
183.95.67.13 - - [10/Jan/2023:11:37:10 +0800] "GET /v2/ads?scene=1 HTTP/2.0" 200 2 "-" "Mozilla/5.0 (Android 12; realme; realme; RMX2117) feiyu/5.2.14"
106.118.193.36 - - [10/Jan/2023:11:37:17 +0800] "GET /v2/app/ab-test-status HTTP/2.0" 200 16 "-" "Mozilla/5.0 (Android 11; vivo; vivo; V2133A) feiyu/5.2.14"
106.118.193.36 - - [10/Jan/2023:11:37:17 +0800] "GET /v2/app/tiamat-info HTTP/2.0" 200 16 "-" "Mozilla/5.0 (Android 11; vivo; vivo; V2133A) feiyu/5.2.14"
106.118.193.36 - - [10/Jan/2023:11:37:17 +0800] "GET /v2/app/upgrade?version_code=65&platform=Android HTTP/2.0" 200 4 "-" "Mozilla/5.0 (Android 11; vivo; vivo; V2133A) feiyu/5.2.14"
106.118.193.36 - - [10/Jan/2023:11:37:19 +0800] "GET /v2/lab-projects HTTP/2.0" 200 24903 "-" "Mozilla/5.0 (Android 11; vivo; vivo; V2133A) feiyu/5.2.14"
106.118.193.36 - - [10/Jan/2023:11:37:19 +0800] "GET /v2/app/upgrade?version_code=65&platform=Android HTTP/2.0" 200 4 "-" "Mozilla/5.0 (Android 11; vivo; vivo; V2133A) feiyu/5.2.14"
106.118.193.36 - - [10/Jan/2023:11:37:19 +0800] "GET /v2/messages/unreadCount?timestamp=1970-01-01%2000%3A00%3A00 HTTP/2.0" 200 26 "-" "Mozilla/5.0 (Android 11; vivo; vivo; V2133A) feiyu/5.2.14"
106.118.193.36 - - [10/Jan/2023:11:37:19 +0800] "GET /v2/campaigns/newest HTTP/2.0" 200 443 "-" "Mozilla/5.0 (Android 11; vivo; vivo; V2133A) feiyu/5.2.14"
106.118.193.36 - - [10/Jan/2023:11:37:19 +0800] "GET /v2/users/9017081c-9cde-434d-a47e-39ccc7d21dba/settings HTTP/2.0" 200 313 "-" "Mozilla/5.0 (Android 11; vivo; vivo; V2133A) feiyu/5.2.14"
106.118.193.36 - - [10/Jan/2023:11:37:19 +0800] "GET /v2/explore/searchHint HTTP/2.0" 200 23 "-" "Mozilla/5.0 (Android 11; vivo; vivo; V2133A) feiyu/5.2.14"
106.118.193.36 - - [10/Jan/2023:11:37:19 +0800] "GET /v2/explore/banner?scene=2 HTTP/2.0" 200 439 "-" "Mozilla/5.0 (Android 11; vivo; vivo; V2133A) feiyu/5.2.14"
106.118.193.36 - - [10/Jan/2023:11:37:19 +0800] "GET /v2/content-series/explore HTTP/2.0" 200 68474 "-" "Mozilla/5.0 (Android 11; vivo; vivo; V2133A) feiyu/5.2.14"
106.118.193.36 - - [10/Jan/2023:11:37:19 +0800] "GET /v2/posts/followees-v5?type=0&size=20&image_width=1080&background_width=359 HTTP/2.0" 200 88287 "-" "Mozilla/5.0 (Android 11; vivo; vivo; V2133A) feiyu/5.2.14"
106.118.193.36 - - [10/Jan/2023:11:37:19 +0800] "GET /v2/posts/followees-v5?type=0&size=20&image_width=1080&background_width=359 HTTP/2.0" 200 88287 "-" "Mozilla/5.0 (Android 11; vivo; vivo; V2133A) feiyu/5.2.14"
106.118.193.36 - - [10/Jan/2023:11:37:19 +0800] "GET /v2/posts/recommended/sticky?image_width=1080&background_width=359 HTTP/2.0" 200 3856 "-" "Mozilla/5.0 (Android 11; vivo; vivo; V2133A) feiyu/5.2.14"
106.118.193.36 - - [10/Jan/2023:11:37:19 +0800] "GET /v2/explore/banner?scene=1 HTTP/2.0" 200 2312 "-" "Mozilla/5.0 (Android 11; vivo; vivo; V2133A) feiyu/5.2.14"
106.118.193.36 - - [10/Jan/2023:11:37:19 +0800] "GET /v2/posts/recommended?size=20&image_width=1080&background_width=359 HTTP/2.0" 200 77011 "-" "Mozilla/5.0 (Android 11; vivo; vivo; V2133A) feiyu/5.2.14"
106.118.193.36 - - [10/Jan/2023:11:37:20 +0800] "GET /v2/ads?scene=0 HTTP/2.0" 200 2 "-" "Mozilla/5.0 (Android 11; vivo; vivo; V2133A) feiyu/5.2.14"
106.118.193.36 - - [10/Jan/2023:11:37:21 +0800] "GET /v2/gallery/categoriesV4 HTTP/2.0" 200 13188 "-" "Mozilla/5.0 (Android 11; vivo; vivo; V2133A) feiyu/5.2.14"
106.118.193.36 - - [10/Jan/2023:11:37:21 +0800] "GET /v2/gallery/categories/1e3bd6cc-e816-4cec-a975-7d2c39b1a292/imagesV3?page=1&size=20&width=360 HTTP/2.0" 200 2 "-" "Mozilla/5.0 (Android 11; vivo; vivo; V2133A) feiyu/5.2.14"
106.118.193.36 - - [10/Jan/2023:11:37:25 +0800] "GET /v2/gallery/images/query?key=%E6%94%BE%E5%81%87&page=1&size=20&show_favorite_status=true HTTP/2.0" 200 9726 "-" "Mozilla/5.0 (Android 11; vivo; vivo; V2133A) feiyu/5.2.14"
106.118.193.36 - - [10/Jan/2023:11:37:26 +0800] "GET /v2/gallery/images/query?key=%E6%94%BE%E5%81%87&page=2&size=20&show_favorite_status=true HTTP/2.0" 200 9724 "-" "Mozilla/5.0 (Android 11; vivo; vivo; V2133A) feiyu/5.2.14"
106.118.193.36 - - [10/Jan/2023:11:37:31 +0800] "GET /v2/gallery/images/8fe084c5-c4d5-406a-8c67-62790cfd17d4?width=1080 HTTP/2.0" 200 459 "-" "Mozilla/5.0 (Android 11; vivo; vivo; V2133A) feiyu/5.2.14"
111.19.80.1 - - [10/Jan/2023:11:37:31 +0800] "POST /v2/users/oauth HTTP/2.0" 200 936 "-" "Mozilla/5.0 (Android 11; vivo; vivo; V2047A) feiyu/5.2.14"
111.19.80.1 - - [10/Jan/2023:11:37:32 +0800] "GET /v2/users/03d28343-57b3-4cd1-be90-371060ba5336/settings HTTP/2.0" 200 313 "-" "Mozilla/5.0 (Android 11; vivo; vivo; V2047A) feiyu/5.2.14"
111.19.80.1 - - [10/Jan/2023:11:37:32 +0800] "GET /v2/lab-projects HTTP/2.0" 200 24903 "-" "Mozilla/5.0 (Android 11; vivo; vivo; V2047A) feiyu/5.2.14"
111.19.80.1 - - [10/Jan/2023:11:37:32 +0800] "GET /v2/app/upgrade?version_code=65&platform=Android HTTP/2.0" 200 4 "-" "Mozilla/5.0 (Android 11; vivo; vivo; V2047A) feiyu/5.2.14"
111.19.80.1 - - [10/Jan/2023:11:37:32 +0800] "GET /v2/messages/unreadCount?timestamp=1970-01-01%2000%3A00%3A00 HTTP/2.0" 200 26 "-" "Mozilla/5.0 (Android 11; vivo; vivo; V2047A) feiyu/5.2.14"
111.19.80.1 - - [10/Jan/2023:11:37:32 +0800] "GET /v2/users/03d28343-57b3-4cd1-be90-371060ba5336/settings HTTP/2.0" 200 313 "-" "Mozilla/5.0 (Android 11; vivo; vivo; V2047A) feiyu/5.2.14"
111.19.80.1 - - [10/Jan/2023:11:37:32 +0800] "GET /v2/campaigns/newest HTTP/2.0" 200 445 "-" "Mozilla/5.0 (Android 11; vivo; vivo; V2047A) feiyu/5.2.14"
111.19.80.1 - - [10/Jan/2023:11:37:32 +0800] "GET /v2/explore/searchHint HTTP/2.0" 200 23 "-" "Mozilla/5.0 (Android 11; vivo; vivo; V2047A) feiyu/5.2.14"
111.19.80.1 - - [10/Jan/2023:11:37:32 +0800] "GET /v2/explore/banner?scene=2 HTTP/2.0" 200 445 "-" "Mozilla/5.0 (Android 11; vivo; vivo; V2047A) feiyu/5.2.14"
111.19.80.1 - - [10/Jan/2023:11:37:32 +0800] "GET /v2/posts/followees-v5?type=0&size=20&image_width=1080&background_width=359 HTTP/2.0" 200 88193 "-" "Mozilla/5.0 (Android 11; vivo; vivo; V2047A) feiyu/5.2.14"
111.19.80.1 - - [10/Jan/2023:11:37:32 +0800] "GET /v2/content-series/explore HTTP/2.0" 200 68500 "-" "Mozilla/5.0 (Android 11; vivo; vivo; V2047A) feiyu/5.2.14"
111.19.80.1 - - [10/Jan/2023:11:37:32 +0800] "GET /v2/posts/followees-v5?type=0&size=20&image_width=1080&background_width=359 HTTP/2.0" 200 88193 "-" "Mozilla/5.0 (Android 11; vivo; vivo; V2047A) feiyu/5.2.14"
111.19.80.1 - - [10/Jan/2023:11:37:33 +0800] "GET /v2/posts/recommended/sticky?image_width=1080&background_width=359 HTTP/2.0" 200 3846 "-" "Mozilla/5.0 (Android 11; vivo; vivo; V2047A) feiyu/5.2.14"
111.19.80.1 - - [10/Jan/2023:11:37:33 +0800] "GET /v2/explore/banner?scene=1 HTTP/2.0" 200 2310 "-" "Mozilla/5.0 (Android 11; vivo; vivo; V2047A) feiyu/5.2.14"
111.19.80.1 - - [10/Jan/2023:11:37:33 +0800] "GET /v2/posts/recommended?size=20&image_width=1080&background_width=359 HTTP/2.0" 200 77011 "-" "Mozilla/5.0 (Android 11; vivo; vivo; V2047A) feiyu/5.2.14"
111.19.80.1 - - [10/Jan/2023:11:37:34 +0800] "GET /v2/ads?scene=0 HTTP/2.0" 200 2 "-" "Mozilla/5.0 (Android 11; vivo; vivo; V2047A) feiyu/5.2.14"
39.154.128.115 - - [10/Jan/2023:11:37:35 +0800] "GET /v2/messages/unreadCount?timestamp=1970-01-01%2000%3A00%3A00 HTTP/2.0" 200 26 "-" "Mozilla/5.0 (Android 12; vivo; vivo; V2203A) feiyu/5.2.14"
39.154.128.115 - - [10/Jan/2023:11:37:35 +0800] "GET /v2/campaigns/newest HTTP/2.0" 200 445 "-" "Mozilla/5.0 (Android 12; vivo; vivo; V2203A) feiyu/5.2.14"
39.154.128.115 - - [10/Jan/2023:11:37:35 +0800] "GET /v2/users/a4c9af21-aaad-4d15-8a75-775af6fb584d/settings HTTP/2.0" 200 313 "-" "Mozilla/5.0 (Android 12; vivo; vivo; V2203A) feiyu/5.2.14"
106.118.193.36 - - [10/Jan/2023:11:37:36 +0800] "GET /v2/gallery/images/query?key=%E6%94%BE%E5%81%87&page=3&size=20&show_favorite_status=true HTTP/2.0" 200 9685 "-" "Mozilla/5.0 (Android 11; vivo; vivo; V2133A) feiyu/5.2.14"
106.118.193.36 - - [10/Jan/2023:11:37:39 +0800] "GET /v2/gallery/images/query?key=%E6%94%BE%E5%81%87&page=4&size=20&show_favorite_status=true HTTP/2.0" 200 9659 "-" "Mozilla/5.0 (Android 11; vivo; vivo; V2133A) feiyu/5.2.14"
106.118.193.36 - - [10/Jan/2023:11:37:40 +0800] "GET /v2/messages/unreadCount?timestamp=1970-01-01%2000%3A00%3A00 HTTP/2.0" 200 26 "-" "Mozilla/5.0 (Android 11; vivo; vivo; V2133A) feiyu/5.2.14"
106.118.193.36 - - [10/Jan/2023:11:37:40 +0800] "GET /v2/users/9017081c-9cde-434d-a47e-39ccc7d21dba/settings HTTP/2.0" 200 313 "-" "Mozilla/5.0 (Android 11; vivo; vivo; V2133A) feiyu/5.2.14"
106.118.193.36 - - [10/Jan/2023:11:37:40 +0800] "GET /v2/campaigns/newest HTTP/2.0" 200 443 "-" "Mozilla/5.0 (Android 11; vivo; vivo; V2133A) feiyu/5.2.14"
106.118.193.36 - - [10/Jan/2023:11:37:40 +0800] "GET /v2/explore/searchHint HTTP/2.0" 200 23 "-" "Mozilla/5.0 (Android 11; vivo; vivo; V2133A) feiyu/5.2.14"
106.118.193.36 - - [10/Jan/2023:11:37:41 +0800] "GET /v2/lab-projects HTTP/2.0" 200 24885 "-" "Mozilla/5.0 (Android 11; vivo; vivo; V2133A) feiyu/5.2.14"
106.118.193.36 - - [10/Jan/2023:11:37:41 +0800] "GET /v2/lab-projects/active-users-count HTTP/2.0" 200 14 "-" "Mozilla/5.0 (Android 11; vivo; vivo; V2133A) feiyu/5.2.14"
106.118.193.36 - - [10/Jan/2023:11:37:44 +0800] "GET /v2/app/randomHomeBackgroundImageV2 HTTP/2.0" 200 287 "-" "Mozilla/5.0 (Android 11; vivo; vivo; V2133A) feiyu/5.2.14"
106.118.193.36 - - [10/Jan/2023:11:37:44 +0800] "GET /v2/campaigns/newest HTTP/2.0" 200 443 "-" "Mozilla/5.0 (Android 11; vivo; vivo; V2133A) feiyu/5.2.14"
61.147.15.65 - - [10/Jan/2023:11:37:46 +0800] "GET /favicon.ico HTTP/1.1" 404 275 "-" "Dalvik/2.1.0 (Linux; U; Android 9.0; ZTE BA520 Build/MRA58K)"
183.95.67.13 - - [10/Jan/2023:11:37:48 +0800] "GET /v2/lab-projects HTTP/2.0" 200 24887 "-" "Mozilla/5.0 (Android 12; realme; realme; RMX2117) feiyu/5.2.14"
183.95.67.13 - - [10/Jan/2023:11:37:48 +0800] "GET /v2/lab-projects/active-users-count HTTP/2.0" 200 14 "-" "Mozilla/5.0 (Android 12; realme; realme; RMX2117) feiyu/5.2.14"
106.118.193.36 - - [10/Jan/2023:11:37:51 +0800] "GET /v2/gallery/randomImagesV2?size=50&width=540&content=%E6%94%BE%E5%81%87 HTTP/2.0" 200 23779 "-" "Mozilla/5.0 (Android 11; vivo; vivo; V2133A) feiyu/5.2.14"
106.118.193.36 - - [10/Jan/2023:11:38:00 +0800] "GET /v2/gallery/images/29aff0a7-79e7-4c63-a4fc-ac56c333eb59?width=1080 HTTP/2.0" 200 454 "-" "Mozilla/5.0 (Android 11; vivo; vivo; V2133A) feiyu/5.2.14"
39.154.128.115 - - [10/Jan/2023:11:38:02 +0800] "GET /v2/messages/unreadCount?timestamp=1970-01-01%2000%3A00%3A00 HTTP/2.0" 200 26 "-" "Mozilla/5.0 (Android 12; vivo; vivo; V2203A) feiyu/5.2.14"
39.154.128.115 - - [10/Jan/2023:11:38:02 +0800] "GET /v2/campaigns/newest HTTP/2.0" 200 445 "-" "Mozilla/5.0 (Android 12; vivo; vivo; V2203A) feiyu/5.2.14"
39.154.128.115 - - [10/Jan/2023:11:38:02 +0800] "GET /v2/users/a4c9af21-aaad-4d15-8a75-775af6fb584d/settings HTTP/2.0" 200 313 "-" "Mozilla/5.0 (Android 12; vivo; vivo; V2203A) feiyu/5.2.14"
39.154.128.115 - - [10/Jan/2023:11:38:04 +0800] "GET /v2/lab-projects HTTP/2.0" 200 24917 "-" "Mozilla/5.0 (Android 12; vivo; vivo; V2203A) feiyu/5.2.14"
223.104.194.156 - - [10/Jan/2023:11:38:16 +0800] "GET /v2/app/ab-test-status HTTP/2.0" 200 16 "-" "Mozilla/5.0 (Android 12; HONOR; HONOR; ANY-AN00) feiyu/5.2.14"
223.104.194.156 - - [10/Jan/2023:11:38:16 +0800] "GET /v2/app/tiamat-info HTTP/2.0" 200 16 "-" "Mozilla/5.0 (Android 12; HONOR; HONOR; ANY-AN00) feiyu/5.2.14"
223.104.194.156 - - [10/Jan/2023:11:38:16 +0800] "GET /v2/app/upgrade?version_code=65&platform=Android HTTP/2.0" 200 4 "-" "Mozilla/5.0 (Android 12; HONOR; HONOR; ANY-AN00) feiyu/5.2.14"
223.104.194.156 - - [10/Jan/2023:11:38:17 +0800] "GET /v2/lab-projects HTTP/2.0" 200 24903 "-" "Mozilla/5.0 (Android 12; HONOR; HONOR; ANY-AN00) feiyu/5.2.14"
223.104.194.156 - - [10/Jan/2023:11:38:17 +0800] "GET /v2/app/upgrade?version_code=65&platform=Android HTTP/2.0" 200 4 "-" "Mozilla/5.0 (Android 12; HONOR; HONOR; ANY-AN00) feiyu/5.2.14"
223.104.194.156 - - [10/Jan/2023:11:38:17 +0800] "GET /v2/app/randomHomeBackgroundImageV2 HTTP/2.0" 200 293 "-" "Mozilla/5.0 (Android 12; HONOR; HONOR; ANY-AN00) feiyu/5.2.14"
223.104.194.156 - - [10/Jan/2023:11:38:17 +0800] "GET /v2/campaigns/newest HTTP/2.0" 200 445 "-" "Mozilla/5.0 (Android 12; HONOR; HONOR; ANY-AN00) feiyu/5.2.14"
223.104.194.156 - - [10/Jan/2023:11:38:17 +0800] "GET /v2/messages/unreadCount?timestamp=2022-09-27%2016%3A27%3A43 HTTP/2.0" 200 26 "-" "Mozilla/5.0 (Android 12; HONOR; HONOR; ANY-AN00) feiyu/5.2.14"
223.104.194.156 - - [10/Jan/2023:11:38:17 +0800] "GET /v2/campaigns/newest HTTP/2.0" 200 445 "-" "Mozilla/5.0 (Android 12; HONOR; HONOR; ANY-AN00) feiyu/5.2.14"
223.104.194.156 - - [10/Jan/2023:11:38:17 +0800] "GET /v2/users/a07e1077-e8c9-45b6-aecc-e2a291b6301b/settings HTTP/2.0" 200 313 "-" "Mozilla/5.0 (Android 12; HONOR; HONOR; ANY-AN00) feiyu/5.2.14"
61.147.15.67 - - [10/Jan/2023:11:38:18 +0800] "GET / HTTP/1.1" 200 5 "-" "Mozilla/5.0 (Macintosh; Intel Mac OS X 10_11) AppleWebKit/601.1.27 (KHTML, like Gecko) Chrome/47.0.2526.106 Safari/601.1.27"
223.104.194.156 - - [10/Jan/2023:11:38:20 +0800] "GET /v2/explore/searchHint HTTP/2.0" 200 23 "-" "Mozilla/5.0 (Android 12; HONOR; HONOR; ANY-AN00) feiyu/5.2.14"
223.104.194.156 - - [10/Jan/2023:11:38:20 +0800] "GET /v2/explore/banner?scene=2 HTTP/2.0" 200 441 "-" "Mozilla/5.0 (Android 12; HONOR; HONOR; ANY-AN00) feiyu/5.2.14"
223.104.194.156 - - [10/Jan/2023:11:38:20 +0800] "GET /v2/posts/followees-v5?type=0&size=20&image_width=1080&background_width=359 HTTP/2.0" 200 96381 "-" "Mozilla/5.0 (Android 12; HONOR; HONOR; ANY-AN00) feiyu/5.2.14"
223.104.194.156 - - [10/Jan/2023:11:38:20 +0800] "GET /v2/content-series/explore HTTP/2.0" 200 68506 "-" "Mozilla/5.0 (Android 12; HONOR; HONOR; ANY-AN00) feiyu/5.2.14"
