218.74.250.250 - - [10/Jan/2023:11:02:51 +0800] "GET /v2/gallery/images/query?key=%E6%96%99%E5%8A%A0%E5%A4%9A%E7%9A%84%E5%A5%B6%E8%8C%B6%E6%98%AF%E7%B2%A5&page=2&size=20&show_favorite_status=true HTTP/2.0" 200 9898 "-" "Mozilla/5.0 (Android 12; OPPO; OPPO; PFDM00) feiyu/5.2.14"
39.144.153.147 - - [10/Jan/2023:11:02:40 +0800] "GET /v2/near/canvas-war/accounts/576fdce0-e350-40c7-ba74-d2e1b0ffdffa HTTP/2.0" 200 526 "-" "Mozilla/5.0 (Android 11; vivo; vivo; V2163A) feiyu/5.2.14"
124.64.122.191 - - [10/Jan/2023:11:02:54 +0800] "GET /v2/explore/tagSearchHint HTTP/2.0" 200 11 "-" "Mozilla/5.0 (iOS 16.2; Apple; Apple; iPhone13,2) feiyu/5.2.14"
124.64.122.191 - - [10/Jan/2023:11:02:54 +0800] "GET /v2/explore/tagsV3?page=1&scene=explore&size=20 HTTP/2.0" 200 12583 "-" "Mozilla/5.0 (iOS 16.2; Apple; Apple; iPhone13,2) feiyu/5.2.14"
124.64.122.191 - - [10/Jan/2023:11:02:55 +0800] "GET /v2/explore/tagsV3?page=2&scene=explore&size=20 HTTP/2.0" 200 12472 "-" "Mozilla/5.0 (iOS 16.2; Apple; Apple; iPhone13,2) feiyu/5.2.14"
117.36.147.102 - - [10/Jan/2023:11:02:57 +0800] "GET /v2/messages/unreadCount?timestamp=1970-01-01%2000%3A00%3A00 HTTP/2.0" 200 26 "-" "Mozilla/5.0 (Android 8.1.0; HUAWEI; HUAWEI; DUB-AL00) feiyu/5.2.14"
117.36.147.102 - - [10/Jan/2023:11:02:57 +0800] "GET /v2/users/ac0146be-fca3-48da-a0ba-1f64402df119/settings HTTP/2.0" 200 313 "-" "Mozilla/5.0 (Android 8.1.0; HUAWEI; HUAWEI; DUB-AL00) feiyu/5.2.14"
117.36.147.102 - - [10/Jan/2023:11:02:57 +0800] "GET /v2/campaigns/newest HTTP/2.0" 200 443 "-" "Mozilla/5.0 (Android 8.1.0; HUAWEI; HUAWEI; DUB-AL00) feiyu/5.2.14"
117.36.147.102 - - [10/Jan/2023:11:02:57 +0800] "GET /v2/explore/searchHint HTTP/2.0" 200 23 "-" "Mozilla/5.0 (Android 8.1.0; HUAWEI; HUAWEI; DUB-AL00) feiyu/5.2.14"
218.74.250.250 - - [10/Jan/2023:11:02:59 +0800] "GET /v2/gallery/images/query?key=%E9%9C%87%E6%83%8A&page=1&size=20&show_favorite_status=true HTTP/2.0" 200 10093 "-" "Mozilla/5.0 (Android 12; OPPO; OPPO; PFDM00) feiyu/5.2.14"
39.144.153.147 - - [10/Jan/2023:11:02:59 +0800] "GET /v2/users/576fdce0-e350-40c7-ba74-d2e1b0ffdffa/createdPostsV2?timestamp=2022-12-06%2012%3A53%3A53&guest=false&size=20&image_width=1080&background_width=359 HTTP/2.0" 200 2 "-" "Mozilla/5.0 (Android 11; vivo; vivo; V2163A) feiyu/5.2.14"
218.74.250.250 - - [10/Jan/2023:11:03:01 +0800] "GET /v2/gallery/images/query?key=%E9%9C%87%E6%83%8A&page=4&size=20&show_favorite_status=true HTTP/2.0" 200 9944 "-" "Mozilla/5.0 (Android 12; OPPO; OPPO; PFDM00) feiyu/5.2.14"
223.115.88.75 - - [10/Jan/2023:11:03:02 +0800] "GET /v2/explore/tags/279f9ac6-9015-4a71-b01a-3afd7bab0de2 HTTP/2.0" 200 597 "-" "Mozilla/5.0 (Android 10; HUAWEI; HONOR; YAL-AL00) feiyu/5.2.14"
124.64.122.191 - - [10/Jan/2023:11:03:02 +0800] "POST /v2/app/upload HTTP/2.0" 200 351 "-" "Mozilla/5.0 (iOS 16.2; Apple; Apple; iPhone13,2) feiyu/5.2.14"
124.64.122.191 - - [10/Jan/2023:11:03:02 +0800] "POST /v2/posts/uploadCompleteV2 HTTP/2.0" 200 1376 "-" "Mozilla/5.0 (iOS 16.2; Apple; Apple; iPhone13,2) feiyu/5.2.14"
223.115.88.75 - - [10/Jan/2023:11:03:02 +0800] "GET /v2/explore/tags/279f9ac6-9015-4a71-b01a-3afd7bab0de2/trending-v2?page=1&size=20&image_width=1080&background_width=359 HTTP/2.0" 200 78536 "-" "Mozilla/5.0 (Android 10; HUAWEI; HONOR; YAL-AL00) feiyu/5.2.14"
124.64.122.191 - - [10/Jan/2023:11:03:04 +0800] "GET /v2/ads?scene=1 HTTP/2.0" 200 2 "-" "Mozilla/5.0 (iOS 16.2; Apple; Apple; iPhone13,2) feiyu/5.2.14"
124.64.122.191 - - [10/Jan/2023:11:03:04 +0800] "GET /v2/posts/featured/sticky-v2?background_width=1170&image_width=1170 HTTP/2.0" 200 4260 "-" "Mozilla/5.0 (iOS 16.2; Apple; Apple; iPhone13,2) feiyu/5.2.14"
124.64.122.191 - - [10/Jan/2023:11:03:04 +0800] "GET /v2/explore/banner?scene=1 HTTP/2.0" 200 2310 "-" "Mozilla/5.0 (iOS 16.2; Apple; Apple; iPhone13,2) feiyu/5.2.14"
124.64.122.191 - - [10/Jan/2023:11:03:04 +0800] "GET /v2/posts/followeesV4?background_width=1170&image_width=1170&type=0 HTTP/2.0" 200 55541 "-" "Mozilla/5.0 (iOS 16.2; Apple; Apple; iPhone13,2) feiyu/5.2.14"
124.64.122.191 - - [10/Jan/2023:11:03:06 +0800] "GET /v2/posts/80ad6674-2c38-460d-8491-93f27c29fb1c/detail?width=1170 HTTP/2.0" 200 2047 "-" "Mozilla/5.0 (iOS 16.2; Apple; Apple; iPhone13,2) feiyu/5.2.14"
124.64.122.191 - - [10/Jan/2023:11:03:06 +0800] "GET /v2/posts/80ad6674-2c38-460d-8491-93f27c29fb1c/likes HTTP/2.0" 200 5587 "-" "Mozilla/5.0 (iOS 16.2; Apple; Apple; iPhone13,2) feiyu/5.2.14"
124.64.122.191 - - [10/Jan/2023:11:03:06 +0800] "GET /v2/posts/80ad6674-2c38-460d-8491-93f27c29fb1c/commentsV4 HTTP/2.0" 200 20378 "-" "Mozilla/5.0 (iOS 16.2; Apple; Apple; iPhone13,2) feiyu/5.2.14"
124.64.122.191 - - [10/Jan/2023:11:03:04 +0800] "GET /v2/posts/featured-v4?background_width=1170&image_width=1170 HTTP/2.0" 200 71306 "-" "Mozilla/5.0 (iOS 16.2; Apple; Apple; iPhone13,2) feiyu/5.2.14"
39.144.153.147 - - [10/Jan/2023:11:03:11 +0800] "GET /v2/posts/3975dc68-be49-47a2-9a55-0f0b0f53e6a8/likes HTTP/2.0" 200 2 "-" "Mozilla/5.0 (Android 11; vivo; vivo; V2163A) feiyu/5.2.14"
39.144.153.147 - - [10/Jan/2023:11:03:11 +0800] "GET /v2/posts/3975dc68-be49-47a2-9a55-0f0b0f53e6a8/detail?image_width=1080&background_width=1080 HTTP/2.0" 200 1289 "-" "Mozilla/5.0 (Android 11; vivo; vivo; V2163A) feiyu/5.2.14"
39.144.153.147 - - [10/Jan/2023:11:03:11 +0800] "GET /v2/posts/3975dc68-be49-47a2-9a55-0f0b0f53e6a8/commentsV4?size=20 HTTP/2.0" 200 2 "-" "Mozilla/5.0 (Android 11; vivo; vivo; V2163A) feiyu/5.2.14"
124.64.122.191 - - [10/Jan/2023:11:03:12 +0800] "PUT /v2/posts/80ad6674-2c38-460d-8491-93f27c29fb1c/comments/2a405e03-9484-4c38-847f-1f9e03b6ab06/like HTTP/2.0" 200 316 "-" "Mozilla/5.0 (iOS 16.2; Apple; Apple; iPhone13,2) feiyu/5.2.14"
223.115.88.75 - - [10/Jan/2023:11:03:17 +0800] "GET /v2/explore/searchHint HTTP/2.0" 200 23 "-" "Mozilla/5.0 (Android 10; HUAWEI; HONOR; YAL-AL00) feiyu/5.2.14"
223.115.88.75 - - [10/Jan/2023:11:03:17 +0800] "GET /v2/campaigns/newest HTTP/2.0" 200 443 "-" "Mozilla/5.0 (Android 10; HUAWEI; HONOR; YAL-AL00) feiyu/5.2.14"
223.115.88.75 - - [10/Jan/2023:11:03:22 +0800] "GET /v2/topics/ade38972-a781-402d-8601-72550d043c47/detail?image_width=1080&background_width=359 HTTP/2.0" 200 30167 "-" "Mozilla/5.0 (Android 10; HUAWEI; HONOR; YAL-AL00) feiyu/5.2.14"
221.206.141.116 - - [10/Jan/2023:11:03:22 +0800] "GET /v2/music?page=1&size=100 HTTP/2.0" 200 6290 "-" "Mozilla/5.0 (Android 10; HUAWEI; HUAWEI; ART-AL00x) feiyu/5.2.14"
223.115.88.75 - - [10/Jan/2023:11:03:31 +0800] "GET /v2/explore/searchHint HTTP/2.0" 200 23 "-" "Mozilla/5.0 (Android 10; HUAWEI; HONOR; YAL-AL00) feiyu/5.2.14"
223.115.88.75 - - [10/Jan/2023:11:03:31 +0800] "GET /v2/campaigns/newest HTTP/2.0" 200 443 "-" "Mozilla/5.0 (Android 10; HUAWEI; HONOR; YAL-AL00) feiyu/5.2.14"
218.74.250.250 - - [10/Jan/2023:11:03:08 +0800] "GET /v2/gallery/images/query?key=%E9%9C%87%E6%83%8A&page=5&size=20&show_favorite_status=true HTTP/2.0" 500 219 "-" "Mozilla/5.0 (Android 12; OPPO; OPPO; PFDM00) feiyu/5.2.14"
117.36.147.102 - - [10/Jan/2023:11:03:45 +0800] "GET /v2/messages/unreadCount?timestamp=1970-01-01%2000%3A00%3A00 HTTP/2.0" 200 26 "-" "Mozilla/5.0 (Android 8.1.0; HUAWEI; HUAWEI; DUB-AL00) feiyu/5.2.14"
117.36.147.102 - - [10/Jan/2023:11:03:45 +0800] "GET /v2/explore/searchHint HTTP/2.0" 200 23 "-" "Mozilla/5.0 (Android 8.1.0; HUAWEI; HUAWEI; DUB-AL00) feiyu/5.2.14"
117.36.147.102 - - [10/Jan/2023:11:03:45 +0800] "GET /v2/campaigns/newest HTTP/2.0" 200 443 "-" "Mozilla/5.0 (Android 8.1.0; HUAWEI; HUAWEI; DUB-AL00) feiyu/5.2.14"
117.36.147.102 - - [10/Jan/2023:11:03:45 +0800] "GET /v2/users/ac0146be-fca3-48da-a0ba-1f64402df119/settings HTTP/2.0" 200 313 "-" "Mozilla/5.0 (Android 8.1.0; HUAWEI; HUAWEI; DUB-AL00) feiyu/5.2.14"
223.115.88.75 - - [10/Jan/2023:11:03:53 +0800] "GET /v2/app/ab-test-status HTTP/2.0" 200 16 "-" "Mozilla/5.0 (Android 10; HUAWEI; HONOR; YAL-AL00) feiyu/5.2.14"
223.115.88.75 - - [10/Jan/2023:11:03:53 +0800] "GET /v2/app/tiamat-info HTTP/2.0" 200 16 "-" "Mozilla/5.0 (Android 10; HUAWEI; HONOR; YAL-AL00) feiyu/5.2.14"
223.115.88.75 - - [10/Jan/2023:11:03:53 +0800] "GET /v2/app/upgrade?version_code=65&platform=Android HTTP/2.0" 200 4 "-" "Mozilla/5.0 (Android 10; HUAWEI; HONOR; YAL-AL00) feiyu/5.2.14"
223.115.88.75 - - [10/Jan/2023:11:03:54 +0800] "GET /v2/lab-projects HTTP/2.0" 200 24915 "-" "Mozilla/5.0 (Android 10; HUAWEI; HONOR; YAL-AL00) feiyu/5.2.14"
223.115.88.75 - - [10/Jan/2023:11:03:55 +0800] "GET /v2/campaigns/newest HTTP/2.0" 200 445 "-" "Mozilla/5.0 (Android 10; HUAWEI; HONOR; YAL-AL00) feiyu/5.2.14"
223.115.88.75 - - [10/Jan/2023:11:03:55 +0800] "GET /v2/app/upgrade?version_code=65&platform=Android HTTP/2.0" 200 4 "-" "Mozilla/5.0 (Android 10; HUAWEI; HONOR; YAL-AL00) feiyu/5.2.14"
223.115.88.75 - - [10/Jan/2023:11:03:55 +0800] "GET /v2/posts/followees-v5?type=0&size=20&image_width=1080&background_width=359 HTTP/2.0" 200 2 "-" "Mozilla/5.0 (Android 10; HUAWEI; HONOR; YAL-AL00) feiyu/5.2.14"
223.115.88.75 - - [10/Jan/2023:11:03:55 +0800] "GET /v2/explore/banner?scene=2 HTTP/2.0" 200 441 "-" "Mozilla/5.0 (Android 10; HUAWEI; HONOR; YAL-AL00) feiyu/5.2.14"
223.115.88.75 - - [10/Jan/2023:11:03:55 +0800] "GET /v2/explore/searchHint HTTP/2.0" 200 23 "-" "Mozilla/5.0 (Android 10; HUAWEI; HONOR; YAL-AL00) feiyu/5.2.14"
223.115.88.75 - - [10/Jan/2023:11:03:55 +0800] "GET /v2/posts/followees-v5?type=0&size=20&image_width=1080&background_width=359 HTTP/2.0" 200 2 "-" "Mozilla/5.0 (Android 10; HUAWEI; HONOR; YAL-AL00) feiyu/5.2.14"
223.115.88.75 - - [10/Jan/2023:11:03:55 +0800] "GET /v2/content-series/explore HTTP/2.0" 200 68458 "-" "Mozilla/5.0 (Android 10; HUAWEI; HONOR; YAL-AL00) feiyu/5.2.14"
223.115.88.75 - - [10/Jan/2023:11:03:55 +0800] "GET /v2/posts/followees-v5?type=0&size=20&image_width=1080&background_width=359 HTTP/2.0" 200 2 "-" "Mozilla/5.0 (Android 10; HUAWEI; HONOR; YAL-AL00) feiyu/5.2.14"
223.115.88.75 - - [10/Jan/2023:11:03:55 +0800] "GET /v2/explore/banner?scene=1 HTTP/2.0" 200 2312 "-" "Mozilla/5.0 (Android 10; HUAWEI; HONOR; YAL-AL00) feiyu/5.2.14"
39.171.223.16 - - [10/Jan/2023:11:03:58 +0800] "GET /v2/messages/unreadCount?timestamp=1970-01-01%2000%3A00%3A00 HTTP/2.0" 200 26 "-" "Mozilla/5.0 (Android 11; PTAC; Hinova; Hera-BD00) feiyu/5.2.14"
39.171.223.16 - - [10/Jan/2023:11:03:58 +0800] "GET /v2/campaigns/newest HTTP/2.0" 200 445 "-" "Mozilla/5.0 (Android 11; PTAC; Hinova; Hera-BD00) feiyu/5.2.14"
221.206.141.116 - - [10/Jan/2023:11:03:58 +0800] "GET /v2/campaigns/newest HTTP/2.0" 200 445 "-" "Mozilla/5.0 (Android 10; HUAWEI; HUAWEI; ART-AL00x) feiyu/5.2.14"
221.206.141.116 - - [10/Jan/2023:11:03:58 +0800] "GET /v2/messages/unreadCount?timestamp=1970-01-01%2000%3A00%3A00 HTTP/2.0" 200 26 "-" "Mozilla/5.0 (Android 10; HUAWEI; HUAWEI; ART-AL00x) feiyu/5.2.14"
39.171.223.16 - - [10/Jan/2023:11:03:58 +0800] "GET /v2/users/1719b33f-4627-4e1e-8e7e-6da45efef366/settings HTTP/2.0" 200 313 "-" "Mozilla/5.0 (Android 11; PTAC; Hinova; Hera-BD00) feiyu/5.2.14"
221.206.141.116 - - [10/Jan/2023:11:03:58 +0800] "GET /v2/users/0be030f2-1e5c-42e9-8d1c-ab06ecab875b/settings HTTP/2.0" 200 313 "-" "Mozilla/5.0 (Android 10; HUAWEI; HUAWEI; ART-AL00x) feiyu/5.2.14"
221.206.141.116 - - [10/Jan/2023:11:03:58 +0800] "GET /v2/explore/searchHint HTTP/2.0" 200 23 "-" "Mozilla/5.0 (Android 10; HUAWEI; HUAWEI; ART-AL00x) feiyu/5.2.14"
221.206.141.116 - - [10/Jan/2023:11:03:58 +0800] "GET /v2/clock-ins/stats HTTP/2.0" 200 385 "-" "Mozilla/5.0 (Android 10; HUAWEI; HUAWEI; ART-AL00x) feiyu/5.2.14"
221.206.141.116 - - [10/Jan/2023:11:03:58 +0800] "GET /v2/users/0be030f2-1e5c-42e9-8d1c-ab06ecab875b HTTP/2.0" 200 420 "-" "Mozilla/5.0 (Android 10; HUAWEI; HUAWEI; ART-AL00x) feiyu/5.2.14"
221.206.141.116 - - [10/Jan/2023:11:03:58 +0800] "GET /v2/near/canvas-war/accounts/0be030f2-1e5c-42e9-8d1c-ab06ecab875b HTTP/2.0" 200 524 "-" "Mozilla/5.0 (Android 10; HUAWEI; HUAWEI; ART-AL00x) feiyu/5.2.14"
223.115.88.75 - - [10/Jan/2023:11:03:55 +0800] "GET /v2/posts/trending-v2?page=1&size=20&image_width=1080&background_width=359 HTTP/2.0" 200 7935 "-" "Mozilla/5.0 (Android 10; HUAWEI; HONOR; YAL-AL00) feiyu/5.2.14"
111.44.170.109 - - [10/Jan/2023:11:04:04 +0800] "GET /v2/app/ab-test-status HTTP/2.0" 200 16 "-" "Mozilla/5.0 (Android 13; Xiaomi; Xiaomi; 2201123C) feiyu/5.2.14"
111.44.170.109 - - [10/Jan/2023:11:04:04 +0800] "GET /v2/app/tiamat-info HTTP/2.0" 200 16 "-" "Mozilla/5.0 (Android 13; Xiaomi; Xiaomi; 2201123C) feiyu/5.2.14"
111.44.170.109 - - [10/Jan/2023:11:04:04 +0800] "GET /v2/app/upgrade?version_code=65&platform=Android HTTP/2.0" 200 4 "-" "Mozilla/5.0 (Android 13; Xiaomi; Xiaomi; 2201123C) feiyu/5.2.14"
113.248.164.118 - - [10/Jan/2023:11:04:05 +0800] "GET /v2/app/tiamat-info HTTP/2.0" 200 16 "-" "Mozilla/5.0 (Android 12; Xiaomi; Redmi; M2012K11AC) feiyu/5.2.14"
113.248.164.118 - - [10/Jan/2023:11:04:05 +0800] "GET /v2/app/ab-test-status HTTP/2.0" 200 16 "-" "Mozilla/5.0 (Android 12; Xiaomi; Redmi; M2012K11AC) feiyu/5.2.14"
113.248.164.118 - - [10/Jan/2023:11:04:05 +0800] "GET /v2/app/upgrade?version_code=65&platform=Android HTTP/2.0" 200 4 "-" "Mozilla/5.0 (Android 12; Xiaomi; Redmi; M2012K11AC) feiyu/5.2.14"
113.248.164.118 - - [10/Jan/2023:11:04:06 +0800] "GET /v2/lab-projects HTTP/2.0" 200 24909 "-" "Mozilla/5.0 (Android 12; Xiaomi; Redmi; M2012K11AC) feiyu/5.2.14"
113.248.164.118 - - [10/Jan/2023:11:04:06 +0800] "GET /v2/app/upgrade?version_code=65&platform=Android HTTP/2.0" 200 4 "-" "Mozilla/5.0 (Android 12; Xiaomi; Redmi; M2012K11AC) feiyu/5.2.14"
113.248.164.118 - - [10/Jan/2023:11:04:07 +0800] "GET /v2/app/randomHomeBackgroundImageV2 HTTP/2.0" 200 293 "-" "Mozilla/5.0 (Android 12; Xiaomi; Redmi; M2012K11AC) feiyu/5.2.14"
113.248.164.118 - - [10/Jan/2023:11:04:07 +0800] "GET /v2/campaigns/newest HTTP/2.0" 200 443 "-" "Mozilla/5.0 (Android 12; Xiaomi; Redmi; M2012K11AC) feiyu/5.2.14"
113.248.164.118 - - [10/Jan/2023:11:04:07 +0800] "GET /v2/messages/unreadCount?timestamp=1970-01-01%2000%3A00%3A00 HTTP/2.0" 200 26 "-" "Mozilla/5.0 (Android 12; Xiaomi; Redmi; M2012K11AC) feiyu/5.2.14"
113.248.164.118 - - [10/Jan/2023:11:04:07 +0800] "GET /v2/campaigns/newest HTTP/2.0" 200 443 "-" "Mozilla/5.0 (Android 12; Xiaomi; Redmi; M2012K11AC) feiyu/5.2.14"
113.248.164.118 - - [10/Jan/2023:11:04:07 +0800] "GET /v2/users/bdb1d210-3f5f-4472-9c4f-b0d69010e4b0/settings HTTP/2.0" 200 313 "-" "Mozilla/5.0 (Android 12; Xiaomi; Redmi; M2012K11AC) feiyu/5.2.14"
124.240.90.117 - - [10/Jan/2023:11:04:08 +0800] "GET /v2/app/tiamat-info HTTP/2.0" 200 16 "-" "Mozilla/5.0 (Android 12; Xiaomi; Redmi; M2104K10AC) feiyu/5.2.14"
124.240.90.117 - - [10/Jan/2023:11:04:08 +0800] "GET /v2/app/ab-test-status HTTP/2.0" 200 16 "-" "Mozilla/5.0 (Android 12; Xiaomi; Redmi; M2104K10AC) feiyu/5.2.14"
124.240.90.117 - - [10/Jan/2023:11:04:10 +0800] "GET /v2/lab-projects HTTP/2.0" 200 24903 "-" "Mozilla/5.0 (Android 12; Xiaomi; Redmi; M2104K10AC) feiyu/5.2.14"
124.240.90.117 - - [10/Jan/2023:11:04:10 +0800] "GET /v2/app/upgrade?version_code=65&platform=Android HTTP/2.0" 200 4 "-" "Mozilla/5.0 (Android 12; Xiaomi; Redmi; M2104K10AC) feiyu/5.2.14"
124.240.90.117 - - [10/Jan/2023:11:04:10 +0800] "GET /v2/messages/unreadCount?timestamp=2022-10-02%2002%3A57%3A40 HTTP/2.0" 200 26 "-" "Mozilla/5.0 (Android 12; Xiaomi; Redmi; M2104K10AC) feiyu/5.2.14"
124.240.90.117 - - [10/Jan/2023:11:04:10 +0800] "GET /v2/users/f616a349-83c3-4549-b382-fe858ba36f7b/settings HTTP/2.0" 200 310 "-" "Mozilla/5.0 (Android 12; Xiaomi; Redmi; M2104K10AC) feiyu/5.2.14"
124.240.90.117 - - [10/Jan/2023:11:04:10 +0800] "GET /v2/campaigns/newest HTTP/2.0" 200 443 "-" "Mozilla/5.0 (Android 12; Xiaomi; Redmi; M2104K10AC) feiyu/5.2.14"
113.248.164.118 - - [10/Jan/2023:11:04:12 +0800] "GET /v2/gallery/randomImagesV2?size=50&width=540&content=%E5%A4%B1%E7%9C%A0 HTTP/2.0" 200 23372 "-" "Mozilla/5.0 (Android 12; Xiaomi; Redmi; M2012K11AC) feiyu/5.2.14"
117.136.41.73 - - [10/Jan/2023:11:04:13 +0800] "GET /v2/messages/unreadCount?timestamp=1970-01-01%2000%3A00%3A01 HTTP/2.0" 200 26 "-" "Mozilla/5.0 (iOS 16.0.3; Apple; Apple; iPhone14,7) feiyu/5.2.14"
117.136.41.73 - - [10/Jan/2023:11:04:13 +0800] "GET /v2/lab-projects HTTP/2.0" 200 24909 "-" "Mozilla/5.0 (iOS 16.0.3; Apple; Apple; iPhone14,7) feiyu/5.2.14"
210.83.172.2 - - [10/Jan/2023:11:04:14 +0800] "GET /v2/lab-projects HTTP/2.0" 200 24899 "-" "Mozilla/5.0 (iOS 16.1.1; Apple; Apple; iPhone11,6) feiyu/5.2.14"
210.83.172.2 - - [10/Jan/2023:11:04:14 +0800] "GET /v2/messages/unreadCount?timestamp=2022-11-16%2002%3A33%3A44 HTTP/2.0" 401 54 "-" "Mozilla/5.0 (iOS 16.1.1; Apple; Apple; iPhone11,6) feiyu/5.2.14"
210.83.172.2 - - [10/Jan/2023:11:04:14 +0800] "POST /v2/users/a982d00a-0935-481c-808b-5ce0268a4728/token HTTP/2.0" 200 642 "-" "surstromming/5.2.14 (cn.logicdesign.quotepic; build:98; iOS 16.1.1) Alamofire/5.4.4"
210.83.172.2 - - [10/Jan/2023:11:04:15 +0800] "GET /v2/messages/unreadCount?timestamp=2022-11-16%2002%3A33%3A44 HTTP/2.0" 200 26 "-" "Mozilla/5.0 (iOS 16.1.1; Apple; Apple; iPhone11,6) feiyu/5.2.14"
117.136.41.73 - - [10/Jan/2023:11:04:16 +0800] "GET /v2/posts/followeesV4?background_width=1170&image_width=1170&type=0 HTTP/2.0" 200 87315 "-" "Mozilla/5.0 (iOS 16.0.3; Apple; Apple; iPhone14,7) feiyu/5.2.14"
117.136.41.73 - - [10/Jan/2023:11:04:16 +0800] "GET /v2/explore/banner?scene=2 HTTP/2.0" 200 441 "-" "Mozilla/5.0 (iOS 16.0.3; Apple; Apple; iPhone14,7) feiyu/5.2.14"
117.136.41.73 - - [10/Jan/2023:11:04:16 +0800] "GET /v2/explore/searchHint HTTP/2.0" 200 23 "-" "Mozilla/5.0 (iOS 16.0.3; Apple; Apple; iPhone14,7) feiyu/5.2.14"
117.136.41.73 - - [10/Jan/2023:11:04:16 +0800] "GET /v2/ads?scene=0 HTTP/2.0" 200 2 "-" "Mozilla/5.0 (iOS 16.0.3; Apple; Apple; iPhone14,7) feiyu/5.2.14"
117.136.41.73 - - [10/Jan/2023:11:04:16 +0800] "GET /v2/explore/banner?scene=1 HTTP/2.0" 200 2310 "-" "Mozilla/5.0 (iOS 16.0.3; Apple; Apple; iPhone14,7) feiyu/5.2.14"
117.136.41.73 - - [10/Jan/2023:11:04:16 +0800] "GET /v2/posts/recommended/sticky?background_width=1170&image_width=1170 HTTP/2.0" 200 3848 "-" "Mozilla/5.0 (iOS 16.0.3; Apple; Apple; iPhone14,7) feiyu/5.2.14"
117.136.41.73 - - [10/Jan/2023:11:04:16 +0800] "GET /v2/content-series/explore HTTP/2.0" 200 68600 "-" "Mozilla/5.0 (iOS 16.0.3; Apple; Apple; iPhone14,7) feiyu/5.2.14"
117.136.41.73 - - [10/Jan/2023:11:04:16 +0800] "GET /v2/posts/recommended?background_width=1170&image_width=1170&size=20 HTTP/2.0" 200 87708 "-" "Mozilla/5.0 (iOS 16.0.3; Apple; Apple; iPhone14,7) feiyu/5.2.14"
210.83.172.2 - - [10/Jan/2023:11:04:17 +0800] "GET /v2/posts/followeesV4?background_width=1242&image_width=1242&type=0 HTTP/2.0" 200 87257 "-" "Mozilla/5.0 (iOS 16.1.1; Apple; Apple; iPhone11,6) feiyu/5.2.14"
210.83.172.2 - - [10/Jan/2023:11:04:17 +0800] "GET /v2/explore/searchHint HTTP/2.0" 200 23 "-" "Mozilla/5.0 (iOS 16.1.1; Apple; Apple; iPhone11,6) feiyu/5.2.14"
210.83.172.2 - - [10/Jan/2023:11:04:17 +0800] "GET /v2/ads?scene=0 HTTP/2.0" 200 2 "-" "Mozilla/5.0 (iOS 16.1.1; Apple; Apple; iPhone11,6) feiyu/5.2.14"
210.83.172.2 - - [10/Jan/2023:11:04:17 +0800] "GET /v2/explore/banner?scene=1 HTTP/2.0" 200 2310 "-" "Mozilla/5.0 (iOS 16.1.1; Apple; Apple; iPhone11,6) feiyu/5.2.14"
210.83.172.2 - - [10/Jan/2023:11:04:17 +0800] "GET /v2/explore/banner?scene=2 HTTP/2.0" 200 439 "-" "Mozilla/5.0 (iOS 16.1.1; Apple; Apple; iPhone11,6) feiyu/5.2.14"
210.83.172.2 - - [10/Jan/2023:11:04:17 +0800] "GET /v2/posts/recommended/sticky?background_width=1242&image_width=1242 HTTP/2.0" 200 3842 "-" "Mozilla/5.0 (iOS 16.1.1; Apple; Apple; iPhone11,6) feiyu/5.2.14"
210.83.172.2 - - [10/Jan/2023:11:04:17 +0800] "GET /v2/content-series/explore HTTP/2.0" 200 68504 "-" "Mozilla/5.0 (iOS 16.1.1; Apple; Apple; iPhone11,6) feiyu/5.2.14"
210.83.172.2 - - [10/Jan/2023:11:04:17 +0800] "GET /v2/posts/recommended?background_width=1242&image_width=1242&size=20 HTTP/2.0" 200 87698 "-" "Mozilla/5.0 (iOS 16.1.1; Apple; Apple; iPhone11,6) feiyu/5.2.14"
113.248.164.118 - - [10/Jan/2023:11:04:18 +0800] "GET /v2/gallery/images/15e3b40a-7281-49ea-852a-025eaa859730?width=1080 HTTP/2.0" 200 455 "-" "Mozilla/5.0 (Android 12; Xiaomi; Redmi; M2012K11AC) feiyu/5.2.14"
223.104.161.24 - - [10/Jan/2023:11:04:20 +0800] "GET /v2/messages/unreadCount?timestamp=1970-01-01%2000%3A00%3A01 HTTP/2.0" 200 26 "-" "Mozilla/5.0 (iOS 16.1.1; Apple; Apple; iPhone13,2) feiyu/5.2.14"
223.104.161.24 - - [10/Jan/2023:11:04:20 +0800] "GET /v2/lab-projects HTTP/2.0" 200 24897 "-" "Mozilla/5.0 (iOS 16.1.1; Apple; Apple; iPhone13,2) feiyu/5.2.14"
117.136.41.73 - - [10/Jan/2023:11:04:21 +0800] "GET /v2/messages/unreadCount?timestamp=1970-01-01%2000%3A00%3A01 HTTP/2.0" 200 26 "-" "Mozilla/5.0 (iOS 16.0.3; Apple; Apple; iPhone14,7) feiyu/5.2.14"
113.248.164.118 - - [10/Jan/2023:11:04:22 +0800] "POST /v2/app/upload HTTP/2.0" 200 353 "-" "Mozilla/5.0 (Android 12; Xiaomi; Redmi; M2012K11AC) feiyu/5.2.14"
223.104.161.24 - - [10/Jan/2023:11:04:22 +0800] "GET /v2/posts/followeesV4?background_width=1170&image_width=1170&type=0 HTTP/2.0" 200 87321 "-" "Mozilla/5.0 (iOS 16.1.1; Apple; Apple; iPhone13,2) feiyu/5.2.14"
223.104.161.24 - - [10/Jan/2023:11:04:23 +0800] "GET /v2/explore/banner?scene=2 HTTP/2.0" 200 439 "-" "Mozilla/5.0 (iOS 16.1.1; Apple; Apple; iPhone13,2) feiyu/5.2.14"
223.104.161.24 - - [10/Jan/2023:11:04:23 +0800] "GET /v2/explore/searchHint HTTP/2.0" 200 23 "-" "Mozilla/5.0 (iOS 16.1.1; Apple; Apple; iPhone13,2) feiyu/5.2.14"
223.104.161.24 - - [10/Jan/2023:11:04:23 +0800] "GET /v2/ads?scene=0 HTTP/2.0" 200 2 "-" "Mozilla/5.0 (iOS 16.1.1; Apple; Apple; iPhone13,2) feiyu/5.2.14"
223.104.161.24 - - [10/Jan/2023:11:04:23 +0800] "GET /v2/explore/banner?scene=1 HTTP/2.0" 200 2312 "-" "Mozilla/5.0 (iOS 16.1.1; Apple; Apple; iPhone13,2) feiyu/5.2.14"
223.104.161.24 - - [10/Jan/2023:11:04:23 +0800] "GET /v2/posts/recommended/sticky?background_width=1170&image_width=1170 HTTP/2.0" 200 3844 "-" "Mozilla/5.0 (iOS 16.1.1; Apple; Apple; iPhone13,2) feiyu/5.2.14"
223.104.161.24 - - [10/Jan/2023:11:04:23 +0800] "GET /v2/content-series/explore HTTP/2.0" 200 68548 "-" "Mozilla/5.0 (iOS 16.1.1; Apple; Apple; iPhone13,2) feiyu/5.2.14"
223.104.161.24 - - [10/Jan/2023:11:04:23 +0800] "GET /v2/posts/recommended?background_width=1170&image_width=1170&size=20 HTTP/2.0" 200 87752 "-" "Mozilla/5.0 (iOS 16.1.1; Apple; Apple; iPhone13,2) feiyu/5.2.14"
113.248.164.118 - - [10/Jan/2023:11:04:23 +0800] "POST /v2/posts/uploadCompleteV2 HTTP/2.0" 200 1128 "-" "Mozilla/5.0 (Android 12; Xiaomi; Redmi; M2012K11AC) feiyu/5.2.14"
117.136.41.73 - - [10/Jan/2023:11:04:23 +0800] "GET /v2/messages/unreadCount?timestamp=1970-01-01%2000%3A00%3A01 HTTP/2.0" 200 26 "-" "Mozilla/5.0 (iOS 16.0.3; Apple; Apple; iPhone14,7) feiyu/5.2.14"
223.104.161.24 - - [10/Jan/2023:11:04:25 +0800] "GET /v2/app/upgrade?platform=iOS&version_code=98 HTTP/2.0" 200 4 "-" "Mozilla/5.0 (iOS 16.1.1; Apple; Apple; iPhone13,2) feiyu/5.2.14"
223.104.161.24 - - [10/Jan/2023:11:04:25 +0800] "GET /v2/campaigns/newest HTTP/2.0" 200 443 "-" "Mozilla/5.0 (iOS 16.1.1; Apple; Apple; iPhone13,2) feiyu/5.2.14"
223.104.161.24 - - [10/Jan/2023:11:04:25 +0800] "GET /v2/messages/unreadCount?timestamp=1970-01-01%2000%3A00%3A01 HTTP/2.0" 200 26 "-" "Mozilla/5.0 (iOS 16.1.1; Apple; Apple; iPhone13,2) feiyu/5.2.14"
223.104.161.24 - - [10/Jan/2023:11:04:25 +0800] "GET /v2/app/randomHomeBackgroundImageV2 HTTP/2.0" 200 287 "-" "Mozilla/5.0 (iOS 16.1.1; Apple; Apple; iPhone13,2) feiyu/5.2.14"
210.83.172.2 - - [10/Jan/2023:11:04:28 +0800] "GET /v2/messages/unreadCount?timestamp=2022-11-16%2002%3A33%3A44 HTTP/2.0" 200 26 "-" "Mozilla/5.0 (iOS 16.1.1; Apple; Apple; iPhone11,6) feiyu/5.2.14"
210.83.172.2 - - [10/Jan/2023:11:04:28 +0800] "GET /v2/gallery/categoriesV4 HTTP/2.0" 200 13186 "-" "Mozilla/5.0 (iOS 16.1.1; Apple; Apple; iPhone11,6) feiyu/5.2.14"
210.83.172.2 - - [10/Jan/2023:11:04:28 +0800] "GET /v2/gallery/categories/1e3bd6cc-e816-4cec-a975-7d2c39b1a292/imagesV3?page=1&size=30&width=276 HTTP/2.0" 200 2500 "-" "Mozilla/5.0 (iOS 16.1.1; Apple; Apple; iPhone11,6) feiyu/5.2.14"
113.248.164.118 - - [10/Jan/2023:11:04:30 +0800] "GET /v2/gallery/images/15faecdf-450c-4830-b053-9df327543032?width=1080 HTTP/2.0" 200 454 "-" "Mozilla/5.0 (Android 12; Xiaomi; Redmi; M2012K11AC) feiyu/5.2.14"
210.83.172.2 - - [10/Jan/2023:11:04:30 +0800] "GET /v2/gallery/categories/1ab7a131-0b87-4435-a849-7b1aeaee0167/imagesV3?page=1&size=30&width=276 HTTP/2.0" 200 14206 "-" "Mozilla/5.0 (iOS 16.1.1; Apple; Apple; iPhone11,6) feiyu/5.2.14"
112.32.242.139 - - [10/Jan/2023:11:04:31 +0800] "GET /v2/app/ab-test-status HTTP/2.0" 200 16 "-" "Mozilla/5.0 (Android 8.1.0; HUAWEI; HONOR; DUA-TL00) feiyu/5.2.14"
112.32.242.139 - - [10/Jan/2023:11:04:31 +0800] "GET /v2/app/tiamat-info HTTP/2.0" 200 16 "-" "Mozilla/5.0 (Android 8.1.0; HUAWEI; HONOR; DUA-TL00) feiyu/5.2.14"
112.32.242.139 - - [10/Jan/2023:11:04:31 +0800] "GET /v2/app/upgrade?version_code=65&platform=Android HTTP/2.0" 200 4 "-" "Mozilla/5.0 (Android 8.1.0; HUAWEI; HONOR; DUA-TL00) feiyu/5.2.14"
113.248.164.118 - - [10/Jan/2023:11:04:33 +0800] "POST /v2/app/upload HTTP/2.0" 200 349 "-" "Mozilla/5.0 (Android 12; Xiaomi; Redmi; M2012K11AC) feiyu/5.2.14"
113.248.164.118 - - [10/Jan/2023:11:04:34 +0800] "POST /v2/posts/uploadCompleteV2 HTTP/2.0" 200 1129 "-" "Mozilla/5.0 (Android 12; Xiaomi; Redmi; M2012K11AC) feiyu/5.2.14"
210.83.172.2 - - [10/Jan/2023:11:04:40 +0800] "GET /v2/gallery/categories/1ab7a131-0b87-4435-a849-7b1aeaee0167/imagesV3?page=2&size=30&width=276 HTTP/2.0" 200 14211 "-" "Mozilla/5.0 (iOS 16.1.1; Apple; Apple; iPhone11,6) feiyu/5.2.14"
223.104.161.24 - - [10/Jan/2023:11:04:42 +0800] "GET /v2/gallery/randomImagesV2?content=CODT&size=50&width=390 HTTP/2.0" 200 24008 "-" "Mozilla/5.0 (iOS 16.1.1; Apple; Apple; iPhone13,2) feiyu/5.2.14"
117.36.147.102 - - [10/Jan/2023:11:04:43 +0800] "GET /v2/messages/unreadCount?timestamp=1970-01-01%2000%3A00%3A00 HTTP/2.0" 200 26 "-" "Mozilla/5.0 (Android 8.1.0; HUAWEI; HUAWEI; DUB-AL00) feiyu/5.2.14"
117.36.147.102 - - [10/Jan/2023:11:04:43 +0800] "GET /v2/users/ac0146be-fca3-48da-a0ba-1f64402df119/settings HTTP/2.0" 200 313 "-" "Mozilla/5.0 (Android 8.1.0; HUAWEI; HUAWEI; DUB-AL00) feiyu/5.2.14"
117.36.147.102 - - [10/Jan/2023:11:04:43 +0800] "GET /v2/campaigns/newest HTTP/2.0" 200 443 "-" "Mozilla/5.0 (Android 8.1.0; HUAWEI; HUAWEI; DUB-AL00) feiyu/5.2.14"
117.36.147.102 - - [10/Jan/2023:11:04:43 +0800] "GET /v2/explore/searchHint HTTP/2.0" 200 23 "-" "Mozilla/5.0 (Android 8.1.0; HUAWEI; HUAWEI; DUB-AL00) feiyu/5.2.14"
117.136.41.73 - - [10/Jan/2023:11:04:43 +0800] "GET /v2/messages/unreadCount?timestamp=1970-01-01%2000%3A00%3A01 HTTP/2.0" 200 26 "-" "Mozilla/5.0 (iOS 16.0.3; Apple; Apple; iPhone14,7) feiyu/5.2.14"
117.136.41.73 - - [10/Jan/2023:11:04:45 +0800] "GET /v2/users/f57d1fc2-28c5-457b-8add-4e540b42df25/createdPostsV2?background_width=1170&image_width=1170&size=20 HTTP/2.0" 200 20095 "-" "Mozilla/5.0 (iOS 16.0.3; Apple; Apple; iPhone14,7) feiyu/5.2.14"
117.136.41.73 - - [10/Jan/2023:11:04:45 +0800] "GET /v2/messages/list-v2 HTTP/2.0" 200 2 "-" "Mozilla/5.0 (iOS 16.0.3; Apple; Apple; iPhone14,7) feiyu/5.2.14"
117.136.41.73 - - [10/Jan/2023:11:04:45 +0800] "GET /v2/users/f57d1fc2-28c5-457b-8add-4e540b42df25 HTTP/2.0" 200 495 "-" "Mozilla/5.0 (iOS 16.0.3; Apple; Apple; iPhone14,7) feiyu/5.2.14"
117.136.41.73 - - [10/Jan/2023:11:04:45 +0800] "GET /v2/users/f57d1fc2-28c5-457b-8add-4e540b42df25/likedPostsV2?background_width=1170&image_width=1170&size=20 HTTP/2.0" 200 2 "-" "Mozilla/5.0 (iOS 16.0.3; Apple; Apple; iPhone14,7) feiyu/5.2.14"
117.136.41.73 - - [10/Jan/2023:11:04:45 +0800] "GET /v2/clock-ins/stats HTTP/2.0" 200 385 "-" "Mozilla/5.0 (iOS 16.0.3; Apple; Apple; iPhone14,7) feiyu/5.2.14"
117.136.41.73 - - [10/Jan/2023:11:04:45 +0800] "GET /v2/users/f57d1fc2-28c5-457b-8add-4e540b42df25/favoritedPosts?background_width=1170&image_width=1170&size=20 HTTP/2.0" 200 2 "-" "Mozilla/5.0 (iOS 16.0.3; Apple; Apple; iPhone14,7) feiyu/5.2.14"
117.136.41.73 - - [10/Jan/2023:11:04:45 +0800] "GET /v2/messages/unreadCount?timestamp=1970-01-01%2000%3A00%3A01 HTTP/2.0" 200 26 "-" "Mozilla/5.0 (iOS 16.0.3; Apple; Apple; iPhone14,7) feiyu/5.2.14"
117.136.41.73 - - [10/Jan/2023:11:04:45 +0800] "GET /v2/near/canvas-war/accounts/f57d1fc2-28c5-457b-8add-4e540b42df25 HTTP/2.0" 200 597 "-" "Mozilla/5.0 (iOS 16.0.3; Apple; Apple; iPhone14,7) feiyu/5.2.14"
210.83.172.2 - - [10/Jan/2023:11:04:46 +0800] "GET /v2/gallery/categories/d2a3f358-1dea-43f3-a62e-27c832e8f188/imagesV3?page=1&size=30&width=276 HTTP/2.0" 200 14229 "-" "Mozilla/5.0 (iOS 16.1.1; Apple; Apple; iPhone11,6) feiyu/5.2.14"
117.136.41.73 - - [10/Jan/2023:11:04:46 +0800] "GET /v2/messages/unreadCount?timestamp=1970-01-01%2000%3A00%3A01 HTTP/2.0" 200 26 "-" "Mozilla/5.0 (iOS 16.0.3; Apple; Apple; iPhone14,7) feiyu/5.2.14"
117.136.41.73 - - [10/Jan/2023:11:04:46 +0800] "GET /v2/gallery/categoriesV4 HTTP/2.0" 200 13192 "-" "Mozilla/5.0 (iOS 16.0.3; Apple; Apple; iPhone14,7) feiyu/5.2.14"
117.136.41.73 - - [10/Jan/2023:11:04:46 +0800] "GET /v2/gallery/categories/1e3bd6cc-e816-4cec-a975-7d2c39b1a292/imagesV3?page=1&size=30&width=260 HTTP/2.0" 200 10417 "-" "Mozilla/5.0 (iOS 16.0.3; Apple; Apple; iPhone14,7) feiyu/5.2.14"
223.104.161.24 - - [10/Jan/2023:11:04:47 +0800] "GET /v2/messages/unreadCount?timestamp=1970-01-01%2000%3A00%3A01 HTTP/2.0" 200 26 "-" "Mozilla/5.0 (iOS 16.1.1; Apple; Apple; iPhone13,2) feiyu/5.2.14"
223.104.161.24 - - [10/Jan/2023:11:04:47 +0800] "GET /v2/app/randomHomeBackgroundImageV2 HTTP/2.0" 200 289 "-" "Mozilla/5.0 (iOS 16.1.1; Apple; Apple; iPhone13,2) feiyu/5.2.14"
117.136.41.73 - - [10/Jan/2023:11:04:48 +0800] "GET /v2/users/f57d1fc2-28c5-457b-8add-4e540b42df25/likedPostsV2?background_width=1170&image_width=1170&size=20 HTTP/2.0" 200 2 "-" "Mozilla/5.0 (iOS 16.0.3; Apple; Apple; iPhone14,7) feiyu/5.2.14"
117.136.41.73 - - [10/Jan/2023:11:04:48 +0800] "GET /v2/messages/list-v2 HTTP/2.0" 200 2 "-" "Mozilla/5.0 (iOS 16.0.3; Apple; Apple; iPhone14,7) feiyu/5.2.14"
117.136.41.73 - - [10/Jan/2023:11:04:48 +0800] "GET /v2/users/f57d1fc2-28c5-457b-8add-4e540b42df25 HTTP/2.0" 200 495 "-" "Mozilla/5.0 (iOS 16.0.3; Apple; Apple; iPhone14,7) feiyu/5.2.14"
117.136.41.73 - - [10/Jan/2023:11:04:48 +0800] "GET /v2/clock-ins/stats HTTP/2.0" 200 385 "-" "Mozilla/5.0 (iOS 16.0.3; Apple; Apple; iPhone14,7) feiyu/5.2.14"
117.136.41.73 - - [10/Jan/2023:11:04:48 +0800] "GET /v2/messages/unreadCount?timestamp=1970-01-01%2000%3A00%3A01 HTTP/2.0" 200 26 "-" "Mozilla/5.0 (iOS 16.0.3; Apple; Apple; iPhone14,7) feiyu/5.2.14"
117.136.41.73 - - [10/Jan/2023:11:04:48 +0800] "GET /v2/users/f57d1fc2-28c5-457b-8add-4e540b42df25/favoritedPosts?background_width=1170&image_width=1170&size=20 HTTP/2.0" 200 2 "-" "Mozilla/5.0 (iOS 16.0.3; Apple; Apple; iPhone14,7) feiyu/5.2.14"
117.136.41.73 - - [10/Jan/2023:11:04:48 +0800] "GET /v2/users/f57d1fc2-28c5-457b-8add-4e540b42df25/createdPostsV2?background_width=1170&image_width=1170&size=20 HTTP/2.0" 200 20102 "-" "Mozilla/5.0 (iOS 16.0.3; Apple; Apple; iPhone14,7) feiyu/5.2.14"
117.136.41.73 - - [10/Jan/2023:11:04:48 +0800] "GET /v2/near/canvas-war/accounts/f57d1fc2-28c5-457b-8add-4e540b42df25 HTTP/2.0" 200 597 "-" "Mozilla/5.0 (iOS 16.0.3; Apple; Apple; iPhone14,7) feiyu/5.2.14"
111.44.170.109 - - [10/Jan/2023:11:04:50 +0800] "GET /v2/app/upgrade?version_code=65&platform=Android HTTP/2.0" 200 4 "-" "Mozilla/5.0 (Android 13; Xiaomi; Xiaomi; 2201123C) feiyu/5.2.14"
111.44.170.109 - - [10/Jan/2023:11:04:50 +0800] "GET /v2/lab-projects HTTP/2.0" 200 24919 "-" "Mozilla/5.0 (Android 13; Xiaomi; Xiaomi; 2201123C) feiyu/5.2.14"
111.44.170.109 - - [10/Jan/2023:11:04:50 +0800] "GET /v2/campaigns/newest HTTP/2.0" 200 443 "-" "Mozilla/5.0 (Android 13; Xiaomi; Xiaomi; 2201123C) feiyu/5.2.14"
111.44.170.109 - - [10/Jan/2023:11:04:50 +0800] "GET /v2/messages/unreadCount?timestamp=2023-01-09%2018%3A23%3A10 HTTP/2.0" 200 26 "-" "Mozilla/5.0 (Android 13; Xiaomi; Xiaomi; 2201123C) feiyu/5.2.14"
111.44.170.109 - - [10/Jan/2023:11:04:50 +0800] "GET /v2/app/randomHomeBackgroundImageV2 HTTP/2.0" 200 290 "-" "Mozilla/5.0 (Android 13; Xiaomi; Xiaomi; 2201123C) feiyu/5.2.14"
111.44.170.109 - - [10/Jan/2023:11:04:50 +0800] "GET /v2/campaigns/newest HTTP/2.0" 200 443 "-" "Mozilla/5.0 (Android 13; Xiaomi; Xiaomi; 2201123C) feiyu/5.2.14"
111.44.170.109 - - [10/Jan/2023:11:04:50 +0800] "GET /v2/users/38c92519-6243-4db5-a01b-86bdece757ee/settings HTTP/2.0" 200 313 "-" "Mozilla/5.0 (Android 13; Xiaomi; Xiaomi; 2201123C) feiyu/5.2.14"
117.136.41.73 - - [10/Jan/2023:11:04:54 +0800] "GET /v2/messages/unreadCount?timestamp=1970-01-01%2000%3A00%3A01 HTTP/2.0" 200 26 "-" "Mozilla/5.0 (iOS 16.0.3; Apple; Apple; iPhone14,7) feiyu/5.2.14"
111.44.170.109 - - [10/Jan/2023:11:04:55 +0800] "GET /v2/lab-projects HTTP/2.0" 200 24895 "-" "Mozilla/5.0 (Android 13; Xiaomi; Xiaomi; 2201123C) feiyu/5.2.14"
111.44.170.109 - - [10/Jan/2023:11:04:55 +0800] "GET /v2/lab-projects/active-users-count HTTP/2.0" 200 14 "-" "Mozilla/5.0 (Android 13; Xiaomi; Xiaomi; 2201123C) feiyu/5.2.14"
113.248.164.118 - - [10/Jan/2023:11:04:55 +0800] "GET /v2/messages/unreadCount?timestamp=1970-01-01%2000%3A00%3A00 HTTP/2.0" 200 26 "-" "Mozilla/5.0 (Android 12; Xiaomi; Redmi; M2012K11AC) feiyu/5.2.14"
113.248.164.118 - - [10/Jan/2023:11:04:55 +0800] "GET /v2/campaigns/newest HTTP/2.0" 200 445 "-" "Mozilla/5.0 (Android 12; Xiaomi; Redmi; M2012K11AC) feiyu/5.2.14"
113.248.164.118 - - [10/Jan/2023:11:04:55 +0800] "GET /v2/users/bdb1d210-3f5f-4472-9c4f-b0d69010e4b0/settings HTTP/2.0" 200 313 "-" "Mozilla/5.0 (Android 12; Xiaomi; Redmi; M2012K11AC) feiyu/5.2.14"
111.44.170.109 - - [10/Jan/2023:11:04:56 +0800] "GET /v2/posts/followees-v5?type=0&size=20&image_width=1080&background_width=359 HTTP/2.0" 200 88221 "-" "Mozilla/5.0 (Android 13; Xiaomi; Xiaomi; 2201123C) feiyu/5.2.14"
111.44.170.109 - - [10/Jan/2023:11:04:57 +0800] "GET /v2/explore/searchHint HTTP/2.0" 200 23 "-" "Mozilla/5.0 (Android 13; Xiaomi; Xiaomi; 2201123C) feiyu/5.2.14"
111.44.170.109 - - [10/Jan/2023:11:04:57 +0800] "GET /v2/explore/banner?scene=2 HTTP/2.0" 200 439 "-" "Mozilla/5.0 (Android 13; Xiaomi; Xiaomi; 2201123C) feiyu/5.2.14"
111.44.170.109 - - [10/Jan/2023:11:04:57 +0800] "GET /v2/content-series/explore HTTP/2.0" 200 68452 "-" "Mozilla/5.0 (Android 13; Xiaomi; Xiaomi; 2201123C) feiyu/5.2.14"
111.44.170.109 - - [10/Jan/2023:11:04:57 +0800] "GET /v2/posts/followees-v5?type=0&size=20&image_width=1080&background_width=359 HTTP/2.0" 200 88221 "-" "Mozilla/5.0 (Android 13; Xiaomi; Xiaomi; 2201123C) feiyu/5.2.14"
111.44.170.109 - - [10/Jan/2023:11:04:57 +0800] "GET /v2/posts/recommended/sticky?image_width=1080&background_width=359 HTTP/2.0" 200 3844 "-" "Mozilla/5.0 (Android 13; Xiaomi; Xiaomi; 2201123C) feiyu/5.2.14"
111.44.170.109 - - [10/Jan/2023:11:04:57 +0800] "GET /v2/explore/banner?scene=1 HTTP/2.0" 200 2318 "-" "Mozilla/5.0 (Android 13; Xiaomi; Xiaomi; 2201123C) feiyu/5.2.14"
111.44.170.109 - - [10/Jan/2023:11:04:57 +0800] "GET /v2/posts/recommended?size=20&image_width=1080&background_width=359 HTTP/2.0" 200 87700 "-" "Mozilla/5.0 (Android 13; Xiaomi; Xiaomi; 2201123C) feiyu/5.2.14"
111.44.170.109 - - [10/Jan/2023:11:04:58 +0800] "GET /v2/ads?scene=0 HTTP/2.0" 200 2 "-" "Mozilla/5.0 (Android 13; Xiaomi; Xiaomi; 2201123C) feiyu/5.2.14"
113.248.164.118 - - [10/Jan/2023:11:05:00 +0800] "GET /v2/messages/unreadCount?timestamp=1970-01-01%2000%3A00%3A00 HTTP/2.0" 200 26 "-" "Mozilla/5.0 (Android 12; Xiaomi; Redmi; M2012K11AC) feiyu/5.2.14"
113.248.164.118 - - [10/Jan/2023:11:05:00 +0800] "GET /v2/campaigns/newest HTTP/2.0" 200 443 "-" "Mozilla/5.0 (Android 12; Xiaomi; Redmi; M2012K11AC) feiyu/5.2.14"
113.248.164.118 - - [10/Jan/2023:11:05:00 +0800] "GET /v2/users/bdb1d210-3f5f-4472-9c4f-b0d69010e4b0/settings HTTP/2.0" 200 313 "-" "Mozilla/5.0 (Android 12; Xiaomi; Redmi; M2012K11AC) feiyu/5.2.14"
223.104.161.24 - - [10/Jan/2023:11:05:09 +0800] "GET /v2/gallery/randomImagesV2?content=%E5%A5%BD%E9%A1%B9%E7%9B%AE%E5%B0%B1%E9%80%89CODT&size=50&width=390 HTTP/2.0" 200 23965 "-" "Mozilla/5.0 (iOS 16.1.1; Apple; Apple; iPhone13,2) feiyu/5.2.14"
117.136.41.73 - - [10/Jan/2023:11:05:14 +0800] "GET /v2/gallery/categories/f51d22d1-683a-4671-a81d-da5cbc8eeebc/imagesV3?page=1&size=30&width=260 HTTP/2.0" 200 14250 "-" "Mozilla/5.0 (iOS 16.0.3; Apple; Apple; iPhone14,7) feiyu/5.2.14"
223.104.161.24 - - [10/Jan/2023:11:05:14 +0800] "GET /v2/gallery/images/58e3ca2a-828a-4021-8a47-83ca5d4a787a?width=1170 HTTP/2.0" 200 458 "-" "Mozilla/5.0 (iOS 16.1.1; Apple; Apple; iPhone13,2) feiyu/5.2.14"
221.206.141.116 - - [10/Jan/2023:11:05:19 +0800] "GET /v2/gallery/randomImagesV2?size=50&width=360&category_safe_id=d1569b14-497d-474c-8c41-732c10584cb4&content=%E5%B7%B4%E6%AF%94Q%E4%BA%86%E5%85%84%E5%BC%9F%E8%90%8C%EF%BC%8C%E6%88%91TMD HTTP/2.0" 200 23156 "-" "Mozilla/5.0 (Android 10; HUAWEI; HUAWEI; ART-AL00x) feiyu/5.2.14"
223.104.161.24 - - [10/Jan/2023:11:05:20 +0800] "POST /v2/app/upload HTTP/2.0" 200 349 "-" "Mozilla/5.0 (iOS 16.1.1; Apple; Apple; iPhone13,2) feiyu/5.2.14"
223.104.161.24 - - [10/Jan/2023:11:05:20 +0800] "POST /v2/posts/uploadCompleteV2 HTTP/2.0" 200 1132 "-" "Mozilla/5.0 (iOS 16.1.1; Apple; Apple; iPhone13,2) feiyu/5.2.14"
221.206.141.116 - - [10/Jan/2023:11:05:21 +0800] "POST /v2/gallery/split-content HTTP/2.0" 200 53 "-" "Mozilla/5.0 (Android 10; HUAWEI; HUAWEI; ART-AL00x) feiyu/5.2.14"
223.104.161.24 - - [10/Jan/2023:11:05:30 +0800] "GET /v2/messages/unreadCount?timestamp=1970-01-01%2000%3A00%3A01 HTTP/2.0" 200 26 "-" "Mozilla/5.0 (iOS 16.1.1; Apple; Apple; iPhone13,2) feiyu/5.2.14"
223.104.161.24 - - [10/Jan/2023:11:05:30 +0800] "GET /v2/app/randomHomeBackgroundImageV2 HTTP/2.0" 200 287 "-" "Mozilla/5.0 (iOS 16.1.1; Apple; Apple; iPhone13,2) feiyu/5.2.14"
117.136.41.73 - - [10/Jan/2023:11:05:40 +0800] "GET /v2/gallery/categories/f51d22d1-683a-4671-a81d-da5cbc8eeebc/imagesV3?page=2&size=30&width=260 HTTP/2.0" 200 14288 "-" "Mozilla/5.0 (iOS 16.0.3; Apple; Apple; iPhone14,7) feiyu/5.2.14"
117.36.147.102 - - [10/Jan/2023:11:05:42 +0800] "GET /v2/messages/unreadCount?timestamp=1970-01-01%2000%3A00%3A00 HTTP/2.0" 200 26 "-" "Mozilla/5.0 (Android 8.1.0; HUAWEI; HUAWEI; DUB-AL00) feiyu/5.2.14"
117.36.147.102 - - [10/Jan/2023:11:05:42 +0800] "GET /v2/explore/searchHint HTTP/2.0" 200 23 "-" "Mozilla/5.0 (Android 8.1.0; HUAWEI; HUAWEI; DUB-AL00) feiyu/5.2.14"
117.36.147.102 - - [10/Jan/2023:11:05:42 +0800] "GET /v2/campaigns/newest HTTP/2.0" 200 443 "-" "Mozilla/5.0 (Android 8.1.0; HUAWEI; HUAWEI; DUB-AL00) feiyu/5.2.14"
117.36.147.102 - - [10/Jan/2023:11:05:42 +0800] "GET /v2/users/ac0146be-fca3-48da-a0ba-1f64402df119/settings HTTP/2.0" 200 313 "-" "Mozilla/5.0 (Android 8.1.0; HUAWEI; HUAWEI; DUB-AL00) feiyu/5.2.14"
117.136.41.73 - - [10/Jan/2023:11:05:44 +0800] "GET /v2/gallery/categories/d1569b14-497d-474c-8c41-732c10584cb4/imagesV3?page=1&size=30&width=260 HTTP/2.0" 200 14230 "-" "Mozilla/5.0 (iOS 16.0.3; Apple; Apple; iPhone14,7) feiyu/5.2.14"
221.206.141.116 - - [10/Jan/2023:11:05:46 +0800] "GET /v2/gallery/categoriesV4 HTTP/2.0" 200 13196 "-" "Mozilla/5.0 (Android 10; HUAWEI; HUAWEI; ART-AL00x) feiyu/5.2.14"
221.206.141.116 - - [10/Jan/2023:11:05:46 +0800] "GET /v2/gallery/categories/1e3bd6cc-e816-4cec-a975-7d2c39b1a292/imagesV3?page=1&size=20&width=360 HTTP/2.0" 200 487 "-" "Mozilla/5.0 (Android 10; HUAWEI; HUAWEI; ART-AL00x) feiyu/5.2.14"
221.206.141.116 - - [10/Jan/2023:11:05:46 +0800] "GET /v2/gallery/categories/1e3bd6cc-e816-4cec-a975-7d2c39b1a292/imagesV3?page=2&size=20&width=360 HTTP/2.0" 200 2 "-" "Mozilla/5.0 (Android 10; HUAWEI; HUAWEI; ART-AL00x) feiyu/5.2.14"
221.206.141.116 - - [10/Jan/2023:11:05:52 +0800] "GET /v2/gallery/categories/f51d22d1-683a-4671-a81d-da5cbc8eeebc/imagesV3?page=1&size=20&width=360 HTTP/2.0" 200 9499 "-" "Mozilla/5.0 (Android 10; HUAWEI; HUAWEI; ART-AL00x) feiyu/5.2.14"
221.206.141.116 - - [10/Jan/2023:11:05:55 +0800] "GET /v2/gallery/categories/f51d22d1-683a-4671-a81d-da5cbc8eeebc/imagesV3?page=2&size=20&width=360 HTTP/2.0" 200 9501 "-" "Mozilla/5.0 (Android 10; HUAWEI; HUAWEI; ART-AL00x) feiyu/5.2.14"
221.206.141.116 - - [10/Jan/2023:11:06:00 +0800] "GET /v2/gallery/categories/57ae3f3f-f384-45aa-9fcd-84b2f9728cf2/imagesV3?page=1&size=20&width=360 HTTP/2.0" 200 9498 "-" "Mozilla/5.0 (Android 10; HUAWEI; HUAWEI; ART-AL00x) feiyu/5.2.14"
221.206.141.116 - - [10/Jan/2023:11:06:06 +0800] "GET /v2/gallery/categories/57ae3f3f-f384-45aa-9fcd-84b2f9728cf2/imagesV3?page=2&size=20&width=360 HTTP/2.0" 200 9492 "-" "Mozilla/5.0 (Android 10; HUAWEI; HUAWEI; ART-AL00x) feiyu/5.2.14"
223.104.161.24 - - [10/Jan/2023:11:06:10 +0800] "GET /v2/gallery/randomImagesV2?content=%E5%A5%BD%E9%A1%B9%E7%9B%AE%E5%B0%B1%E9%80%89CODT%0Azw9989-&size=50&width=390 HTTP/2.0" 200 23762 "-" "Mozilla/5.0 (iOS 16.1.1; Apple; Apple; iPhone13,2) feiyu/5.2.14"
221.206.141.116 - - [10/Jan/2023:11:06:12 +0800] "GET /v2/gallery/categories/57ae3f3f-f384-45aa-9fcd-84b2f9728cf2/imagesV3?page=3&size=20&width=360 HTTP/2.0" 200 9511 "-" "Mozilla/5.0 (Android 10; HUAWEI; HUAWEI; ART-AL00x) feiyu/5.2.14"
60.233.16.177 - - [10/Jan/2023:11:06:13 +0800] "GET /v2/campaigns/newest HTTP/2.0" 200 443 "-" "Mozilla/5.0 (Android 11; HONOR; HONOR; CMA-AN00) feiyu/5.2.14"
221.206.141.116 - - [10/Jan/2023:11:06:18 +0800] "GET /v2/messages/unreadCount?timestamp=1970-01-01%2000%3A00%3A00 HTTP/2.0" 200 26 "-" "Mozilla/5.0 (Android 10; HUAWEI; HUAWEI; ART-AL00x) feiyu/5.2.14"
221.206.141.116 - - [10/Jan/2023:11:06:18 +0800] "GET /v2/explore/searchHint HTTP/2.0" 200 23 "-" "Mozilla/5.0 (Android 10; HUAWEI; HUAWEI; ART-AL00x) feiyu/5.2.14"
221.206.141.116 - - [10/Jan/2023:11:06:18 +0800] "GET /v2/campaigns/newest HTTP/2.0" 200 449 "-" "Mozilla/5.0 (Android 10; HUAWEI; HUAWEI; ART-AL00x) feiyu/5.2.14"
221.206.141.116 - - [10/Jan/2023:11:06:18 +0800] "GET /v2/users/0be030f2-1e5c-42e9-8d1c-ab06ecab875b HTTP/2.0" 200 420 "-" "Mozilla/5.0 (Android 10; HUAWEI; HUAWEI; ART-AL00x) feiyu/5.2.14"
221.206.141.116 - - [10/Jan/2023:11:06:18 +0800] "GET /v2/clock-ins/stats HTTP/2.0" 200 385 "-" "Mozilla/5.0 (Android 10; HUAWEI; HUAWEI; ART-AL00x) feiyu/5.2.14"
221.206.141.116 - - [10/Jan/2023:11:06:18 +0800] "GET /v2/users/0be030f2-1e5c-42e9-8d1c-ab06ecab875b/settings HTTP/2.0" 200 313 "-" "Mozilla/5.0 (Android 10; HUAWEI; HUAWEI; ART-AL00x) feiyu/5.2.14"
221.206.141.116 - - [10/Jan/2023:11:06:18 +0800] "GET /v2/near/canvas-war/accounts/0be030f2-1e5c-42e9-8d1c-ab06ecab875b HTTP/2.0" 200 524 "-" "Mozilla/5.0 (Android 10; HUAWEI; HUAWEI; ART-AL00x) feiyu/5.2.14"
36.98.16.99 - - [10/Jan/2023:11:06:24 +0800] "GET /v2/clock-ins/stats HTTP/2.0" 200 385 "-" "Mozilla/5.0 (Android 12; OPPO; OPPO; PEHM00) feiyu/5.2.14"
36.98.16.99 - - [10/Jan/2023:11:06:24 +0800] "GET /v2/campaigns/newest HTTP/2.0" 200 443 "-" "Mozilla/5.0 (Android 12; OPPO; OPPO; PEHM00) feiyu/5.2.14"
36.98.16.99 - - [10/Jan/2023:11:06:24 +0800] "GET /v2/explore/searchHint HTTP/2.0" 200 23 "-" "Mozilla/5.0 (Android 12; OPPO; OPPO; PEHM00) feiyu/5.2.14"
36.98.16.99 - - [10/Jan/2023:11:06:24 +0800] "GET /v2/messages/unreadCount?timestamp=2022-04-10%2005%3A00%3A11 HTTP/2.0" 200 26 "-" "Mozilla/5.0 (Android 12; OPPO; OPPO; PEHM00) feiyu/5.2.14"
36.98.16.99 - - [10/Jan/2023:11:06:24 +0800] "GET /v2/users/91155fa4-0817-428f-b662-718b8d47c9c3 HTTP/2.0" 200 413 "-" "Mozilla/5.0 (Android 12; OPPO; OPPO; PEHM00) feiyu/5.2.14"
36.98.16.99 - - [10/Jan/2023:11:06:24 +0800] "GET /v2/users/91155fa4-0817-428f-b662-718b8d47c9c3/settings HTTP/2.0" 200 313 "-" "Mozilla/5.0 (Android 12; OPPO; OPPO; PEHM00) feiyu/5.2.14"
36.98.16.99 - - [10/Jan/2023:11:06:24 +0800] "GET /v2/near/canvas-war/accounts/91155fa4-0817-428f-b662-718b8d47c9c3 HTTP/2.0" 200 513 "-" "Mozilla/5.0 (Android 12; OPPO; OPPO; PEHM00) feiyu/5.2.14"
223.148.153.98 - - [10/Jan/2023:11:06:26 +0800] "GET /v2/app/tiamat-info HTTP/2.0" 200 16 "-" "Mozilla/5.0 (Android 10; Tianyi; Tianyi; TYH612M) feiyu/5.2.14"
223.148.153.98 - - [10/Jan/2023:11:06:26 +0800] "GET /v2/app/ab-test-status HTTP/2.0" 200 16 "-" "Mozilla/5.0 (Android 10; Tianyi; Tianyi; TYH612M) feiyu/5.2.14"
223.148.153.98 - - [10/Jan/2023:11:06:26 +0800] "GET /v2/app/upgrade?version_code=65&platform=Android HTTP/2.0" 200 4 "-" "Mozilla/5.0 (Android 10; Tianyi; Tianyi; TYH612M) feiyu/5.2.14"
223.104.161.24 - - [10/Jan/2023:11:06:27 +0800] "GET /v2/gallery/images/616ee70c-3f73-4bbc-86b9-611ed670c34b?width=1170 HTTP/2.0" 200 459 "-" "Mozilla/5.0 (iOS 16.1.1; Apple; Apple; iPhone13,2) feiyu/5.2.14"
223.104.63.41 - - [10/Jan/2023:11:06:30 +0800] "GET /v2/app/ab-test-status HTTP/2.0" 200 16 "-" "Mozilla/5.0 (Android 12; HUAWEI; HUAWEI; NOH-AL10) feiyu/5.2.14"
223.104.63.41 - - [10/Jan/2023:11:06:30 +0800] "GET /v2/app/tiamat-info HTTP/2.0" 200 16 "-" "Mozilla/5.0 (Android 12; HUAWEI; HUAWEI; NOH-AL10) feiyu/5.2.14"
223.104.63.41 - - [10/Jan/2023:11:06:30 +0800] "GET /v2/app/upgrade?version_code=65&platform=Android HTTP/2.0" 200 4 "-" "Mozilla/5.0 (Android 12; HUAWEI; HUAWEI; NOH-AL10) feiyu/5.2.14"
223.104.161.24 - - [10/Jan/2023:11:06:31 +0800] "POST /v2/app/upload HTTP/2.0" 200 351 "-" "Mozilla/5.0 (iOS 16.1.1; Apple; Apple; iPhone13,2) feiyu/5.2.14"
223.104.63.41 - - [10/Jan/2023:11:06:31 +0800] "GET /v2/app/upgrade?version_code=65&platform=Android HTTP/2.0" 200 4 "-" "Mozilla/5.0 (Android 12; HUAWEI; HUAWEI; NOH-AL10) feiyu/5.2.14"
223.104.63.41 - - [10/Jan/2023:11:06:31 +0800] "GET /v2/lab-projects HTTP/2.0" 200 24897 "-" "Mozilla/5.0 (Android 12; HUAWEI; HUAWEI; NOH-AL10) feiyu/5.2.14"
223.104.63.41 - - [10/Jan/2023:11:06:31 +0800] "GET /v2/messages/unreadCount?timestamp=2023-01-10%2000%3A45%3A30 HTTP/2.0" 200 26 "-" "Mozilla/5.0 (Android 12; HUAWEI; HUAWEI; NOH-AL10) feiyu/5.2.14"
223.104.63.41 - - [10/Jan/2023:11:06:31 +0800] "GET /v2/campaigns/newest HTTP/2.0" 200 443 "-" "Mozilla/5.0 (Android 12; HUAWEI; HUAWEI; NOH-AL10) feiyu/5.2.14"
223.104.63.41 - - [10/Jan/2023:11:06:31 +0800] "GET /v2/users/8579a83f-3496-49af-9099-448c4bc45b13/settings HTTP/2.0" 200 313 "-" "Mozilla/5.0 (Android 12; HUAWEI; HUAWEI; NOH-AL10) feiyu/5.2.14"
223.104.161.24 - - [10/Jan/2023:11:06:31 +0800] "POST /v2/posts/uploadCompleteV2 HTTP/2.0" 200 1142 "-" "Mozilla/5.0 (iOS 16.1.1; Apple; Apple; iPhone13,2) feiyu/5.2.14"
223.104.63.41 - - [10/Jan/2023:11:06:32 +0800] "GET /v2/explore/searchHint HTTP/2.0" 200 23 "-" "Mozilla/5.0 (Android 12; HUAWEI; HUAWEI; NOH-AL10) feiyu/5.2.14"
223.104.63.41 - - [10/Jan/2023:11:06:32 +0800] "GET /v2/explore/banner?scene=2 HTTP/2.0" 200 439 "-" "Mozilla/5.0 (Android 12; HUAWEI; HUAWEI; NOH-AL10) feiyu/5.2.14"
223.104.63.41 - - [10/Jan/2023:11:06:31 +0800] "GET /v2/posts/followees-v5?type=0&size=20&image_width=1152&background_width=383 HTTP/2.0" 200 88293 "-" "Mozilla/5.0 (Android 12; HUAWEI; HUAWEI; NOH-AL10) feiyu/5.2.14"
223.104.63.41 - - [10/Jan/2023:11:06:32 +0800] "GET /v2/content-series/explore HTTP/2.0" 200 68646 "-" "Mozilla/5.0 (Android 12; HUAWEI; HUAWEI; NOH-AL10) feiyu/5.2.14"
223.104.63.41 - - [10/Jan/2023:11:06:32 +0800] "GET /v2/posts/followees-v5?type=0&size=20&image_width=1152&background_width=383 HTTP/2.0" 200 88293 "-" "Mozilla/5.0 (Android 12; HUAWEI; HUAWEI; NOH-AL10) feiyu/5.2.14"
223.104.63.41 - - [10/Jan/2023:11:06:32 +0800] "GET /v2/explore/banner?scene=1 HTTP/2.0" 200 2312 "-" "Mozilla/5.0 (Android 12; HUAWEI; HUAWEI; NOH-AL10) feiyu/5.2.14"
223.104.63.41 - - [10/Jan/2023:11:06:32 +0800] "GET /v2/posts/recommended/sticky?image_width=1152&background_width=383 HTTP/2.0" 200 3844 "-" "Mozilla/5.0 (Android 12; HUAWEI; HUAWEI; NOH-AL10) feiyu/5.2.14"
223.104.63.41 - - [10/Jan/2023:11:06:32 +0800] "GET /v2/posts/recommended?size=20&image_width=1152&background_width=383 HTTP/2.0" 200 87690 "-" "Mozilla/5.0 (Android 12; HUAWEI; HUAWEI; NOH-AL10) feiyu/5.2.14"
223.104.63.41 - - [10/Jan/2023:11:06:33 +0800] "GET /v2/ads?scene=0 HTTP/2.0" 200 2 "-" "Mozilla/5.0 (Android 12; HUAWEI; HUAWEI; NOH-AL10) feiyu/5.2.14"
223.104.63.41 - - [10/Jan/2023:11:06:35 +0800] "GET /v2/users/8579a83f-3496-49af-9099-448c4bc45b13 HTTP/2.0" 200 413 "-" "Mozilla/5.0 (Android 12; HUAWEI; HUAWEI; NOH-AL10) feiyu/5.2.14"
223.104.63.41 - - [10/Jan/2023:11:06:35 +0800] "GET /v2/messages/unreadCount?timestamp=2023-01-10%2000%3A45%3A30 HTTP/2.0" 200 26 "-" "Mozilla/5.0 (Android 12; HUAWEI; HUAWEI; NOH-AL10) feiyu/5.2.14"
223.104.63.41 - - [10/Jan/2023:11:06:35 +0800] "GET /v2/clock-ins/stats HTTP/2.0" 200 385 "-" "Mozilla/5.0 (Android 12; HUAWEI; HUAWEI; NOH-AL10) feiyu/5.2.14"
223.104.63.41 - - [10/Jan/2023:11:06:35 +0800] "GET /v2/users/8579a83f-3496-49af-9099-448c4bc45b13 HTTP/2.0" 200 413 "-" "Mozilla/5.0 (Android 12; HUAWEI; HUAWEI; NOH-AL10) feiyu/5.2.14"
223.104.63.41 - - [10/Jan/2023:11:06:35 +0800] "GET /v2/users/8579a83f-3496-49af-9099-448c4bc45b13 HTTP/2.0" 200 413 "-" "Mozilla/5.0 (Android 12; HUAWEI; HUAWEI; NOH-AL10) feiyu/5.2.14"
223.104.63.41 - - [10/Jan/2023:11:06:35 +0800] "GET /v2/users/8579a83f-3496-49af-9099-448c4bc45b13/likedPostsV2?guest=false&size=20&image_width=1152&background_width=383 HTTP/2.0" 200 4533 "-" "Mozilla/5.0 (Android 12; HUAWEI; HUAWEI; NOH-AL10) feiyu/5.2.14"
223.104.63.41 - - [10/Jan/2023:11:06:35 +0800] "GET /v2/users/8579a83f-3496-49af-9099-448c4bc45b13/createdPostsV2?guest=false&size=20&image_width=1152&background_width=383 HTTP/2.0" 200 7502 "-" "Mozilla/5.0 (Android 12; HUAWEI; HUAWEI; NOH-AL10) feiyu/5.2.14"
223.104.63.41 - - [10/Jan/2023:11:06:35 +0800] "GET /v2/users/8579a83f-3496-49af-9099-448c4bc45b13/favoritedPosts?size=20&image_width=1152&background_width=383 HTTP/2.0" 200 2 "-" "Mozilla/5.0 (Android 12; HUAWEI; HUAWEI; NOH-AL10) feiyu/5.2.14"
223.104.63.41 - - [10/Jan/2023:11:06:35 +0800] "GET /v2/near/canvas-war/accounts/8579a83f-3496-49af-9099-448c4bc45b13 HTTP/2.0" 200 531 "-" "Mozilla/5.0 (Android 12; HUAWEI; HUAWEI; NOH-AL10) feiyu/5.2.14"
223.104.63.41 - - [10/Jan/2023:11:06:36 +0800] "GET /v2/users/8579a83f-3496-49af-9099-448c4bc45b13/likedPostsV2?timestamp=2022-12-17%2013%3A54%3A49&guest=false&size=20&image_width=1152&background_width=383 HTTP/2.0" 200 2 "-" "Mozilla/5.0 (Android 12; HUAWEI; HUAWEI; NOH-AL10) feiyu/5.2.14"
