180.89.27.197 - - [10/Jan/2023:10:50:18 +0800] "GET /v2/near/canvas-war/accounts/8ccf8d86-fec1-4770-b211-24ad9fe5c0eb HTTP/2.0" 200 532 "-" "Mozilla/5.0 (Android 10; HUAWEI; HUAWEI; ALP-AL00) feiyu/5.2.14"
36.1.92.177 - - [10/Jan/2023:10:50:22 +0800] "GET /v2/explore/banner?scene=2 HTTP/2.0" 200 439 "-" "Mozilla/5.0 (Android 11; vivo; vivo; V2072A) feiyu/5.2.14"
36.1.92.177 - - [10/Jan/2023:10:50:22 +0800] "GET /v2/explore/banner?scene=1 HTTP/2.0" 200 2312 "-" "Mozilla/5.0 (Android 11; vivo; vivo; V2072A) feiyu/5.2.14"
36.1.92.177 - - [10/Jan/2023:10:50:22 +0800] "GET /v2/explore/searchHint HTTP/2.0" 200 23 "-" "Mozilla/5.0 (Android 11; vivo; vivo; V2072A) feiyu/5.2.14"
36.1.92.177 - - [10/Jan/2023:10:50:22 +0800] "GET /v2/posts/recommended/sticky?image_width=1080&background_width=359 HTTP/2.0" 200 3850 "-" "Mozilla/5.0 (Android 11; vivo; vivo; V2072A) feiyu/5.2.14"
180.89.27.197 - - [10/Jan/2023:10:50:06 +0800] "POST /v2/near/canvas-war/canvas/draw HTTP/2.0" 200 - "-" "Mozilla/5.0 (Android 10; HUAWEI; HUAWEI; ALP-AL00) feiyu/5.2.14"
182.118.238.75 - - [10/Jan/2023:10:50:22 +0800] "GET /v2/messages/unreadCount?timestamp=2022-11-13%2008%3A30%3A49 HTTP/2.0" 200 26 "-" "Mozilla/5.0 (Android 8.1.0; vivo; vivo; vivo X9s) feiyu/5.2.14"
182.118.238.75 - - [10/Jan/2023:10:50:22 +0800] "GET /v2/campaigns/newest HTTP/2.0" 200 443 "-" "Mozilla/5.0 (Android 8.1.0; vivo; vivo; vivo X9s) feiyu/5.2.14"
182.118.238.75 - - [10/Jan/2023:10:50:23 +0800] "GET /v2/explore/searchHint HTTP/2.0" 200 23 "-" "Mozilla/5.0 (Android 8.1.0; vivo; vivo; vivo X9s) feiyu/5.2.14"
182.118.238.75 - - [10/Jan/2023:10:50:23 +0800] "GET /v2/users/43b64f97-2b69-4a63-bfc1-a22562d7240a/settings HTTP/2.0" 200 313 "-" "Mozilla/5.0 (Android 8.1.0; vivo; vivo; vivo X9s) feiyu/5.2.14"
36.1.92.177 - - [10/Jan/2023:10:50:22 +0800] "GET /v2/content-series/explore HTTP/2.0" 200 68444 "-" "Mozilla/5.0 (Android 11; vivo; vivo; V2072A) feiyu/5.2.14"
36.1.92.177 - - [10/Jan/2023:10:50:22 +0800] "GET /v2/posts/followees-v5?type=0&size=20&image_width=1080&background_width=359 HTTP/2.0" 200 62986 "-" "Mozilla/5.0 (Android 11; vivo; vivo; V2072A) feiyu/5.2.14"
36.1.92.177 - - [10/Jan/2023:10:50:22 +0800] "GET /v2/posts/followees-v5?type=0&size=20&image_width=1080&background_width=359 HTTP/2.0" 200 62986 "-" "Mozilla/5.0 (Android 11; vivo; vivo; V2072A) feiyu/5.2.14"
36.1.92.177 - - [10/Jan/2023:10:50:25 +0800] "GET /v2/campaigns/newest HTTP/2.0" 200 443 "-" "Mozilla/5.0 (Android 11; vivo; vivo; V2072A) feiyu/5.2.14"
36.1.92.177 - - [10/Jan/2023:10:50:23 +0800] "GET /v2/posts/recommended?size=20&image_width=1080&background_width=359 HTTP/2.0" 200 96115 "-" "Mozilla/5.0 (Android 11; vivo; vivo; V2072A) feiyu/5.2.14"
36.1.92.177 - - [10/Jan/2023:10:50:25 +0800] "GET /v2/messages/unreadCount?timestamp=2022-11-13%2010%3A30%3A02 HTTP/2.0" 200 26 "-" "Mozilla/5.0 (Android 11; vivo; vivo; V2072A) feiyu/5.2.14"
36.1.92.177 - - [10/Jan/2023:10:50:25 +0800] "GET /v2/users/afe947e3-30b0-41e5-91af-865205c4d436/settings HTTP/2.0" 200 310 "-" "Mozilla/5.0 (Android 11; vivo; vivo; V2072A) feiyu/5.2.14"
36.1.92.177 - - [10/Jan/2023:10:50:26 +0800] "GET /v2/ads?scene=0 HTTP/2.0" 200 2 "-" "Mozilla/5.0 (Android 11; vivo; vivo; V2072A) feiyu/5.2.14"
171.43.160.6 - - [10/Jan/2023:10:50:27 +0800] "GET /v2/messages/unreadCount?timestamp=1970-01-01%2000%3A00%3A01 HTTP/2.0" 200 26 "-" "Mozilla/5.0 (iOS 16.1.1; Apple; Apple; iPhone11,2) feiyu/5.2.14"
139.210.106.156 - - [10/Jan/2023:10:50:28 +0800] "POST /v2/app/upload HTTP/2.0" 200 349 "-" "Mozilla/5.0 (Android 9; OPPO; OPPO; PCHM10) feiyu/5.2.14"
139.210.106.156 - - [10/Jan/2023:10:50:28 +0800] "POST /v2/posts/uploadCompleteV2 HTTP/2.0" 200 1234 "-" "Mozilla/5.0 (Android 9; OPPO; OPPO; PCHM10) feiyu/5.2.14"
171.43.160.6 - - [10/Jan/2023:10:50:30 +0800] "GET /v2/gallery/categories/d2a3f358-1dea-43f3-a62e-27c832e8f188/imagesV3?page=1&size=30&width=250 HTTP/2.0" 200 14209 "-" "Mozilla/5.0 (iOS 16.1.1; Apple; Apple; iPhone11,2) feiyu/5.2.14"
180.89.27.197 - - [10/Jan/2023:10:50:18 +0800] "POST /v2/near/canvas-war/canvas/draw HTTP/2.0" 200 - "-" "Mozilla/5.0 (Android 10; HUAWEI; HUAWEI; ALP-AL00) feiyu/5.2.14"
14.150.19.189 - - [10/Jan/2023:10:50:33 +0800] "GET /v2/app/ab-test-status HTTP/2.0" 200 16 "-" "Mozilla/5.0 (Android 12; HUAWEI; HUAWEI; NOH-AN00) feiyu/5.2.14"
14.150.19.189 - - [10/Jan/2023:10:50:33 +0800] "GET /v2/app/tiamat-info HTTP/2.0" 200 16 "-" "Mozilla/5.0 (Android 12; HUAWEI; HUAWEI; NOH-AN00) feiyu/5.2.14"
14.150.19.189 - - [10/Jan/2023:10:50:33 +0800] "GET /v2/app/upgrade?version_code=65&platform=Android HTTP/2.0" 200 4 "-" "Mozilla/5.0 (Android 12; HUAWEI; HUAWEI; NOH-AN00) feiyu/5.2.14"
14.150.19.189 - - [10/Jan/2023:10:50:35 +0800] "GET /v2/lab-projects HTTP/2.0" 200 24917 "-" "Mozilla/5.0 (Android 12; HUAWEI; HUAWEI; NOH-AN00) feiyu/5.2.14"
180.89.27.197 - - [10/Jan/2023:10:50:35 +0800] "GET /v2/messages/unreadCount?timestamp=1970-01-01%2000%3A00%3A00 HTTP/2.0" 200 26 "-" "Mozilla/5.0 (Android 10; HUAWEI; HUAWEI; ALP-AL00) feiyu/5.2.14"
14.150.19.189 - - [10/Jan/2023:10:50:35 +0800] "GET /v2/app/upgrade?version_code=65&platform=Android HTTP/2.0" 200 4 "-" "Mozilla/5.0 (Android 12; HUAWEI; HUAWEI; NOH-AN00) feiyu/5.2.14"
180.89.27.197 - - [10/Jan/2023:10:50:35 +0800] "GET /v2/campaigns/newest HTTP/2.0" 200 445 "-" "Mozilla/5.0 (Android 10; HUAWEI; HUAWEI; ALP-AL00) feiyu/5.2.14"
180.89.27.197 - - [10/Jan/2023:10:50:35 +0800] "GET /v2/explore/searchHint HTTP/2.0" 200 23 "-" "Mozilla/5.0 (Android 10; HUAWEI; HUAWEI; ALP-AL00) feiyu/5.2.14"
180.89.27.197 - - [10/Jan/2023:10:50:35 +0800] "GET /v2/users/8ccf8d86-fec1-4770-b211-24ad9fe5c0eb HTTP/2.0" 200 414 "-" "Mozilla/5.0 (Android 10; HUAWEI; HUAWEI; ALP-AL00) feiyu/5.2.14"
180.89.27.197 - - [10/Jan/2023:10:50:35 +0800] "GET /v2/clock-ins/stats HTTP/2.0" 200 385 "-" "Mozilla/5.0 (Android 10; HUAWEI; HUAWEI; ALP-AL00) feiyu/5.2.14"
180.89.27.197 - - [10/Jan/2023:10:50:35 +0800] "GET /v2/users/8ccf8d86-fec1-4770-b211-24ad9fe5c0eb/settings HTTP/2.0" 200 313 "-" "Mozilla/5.0 (Android 10; HUAWEI; HUAWEI; ALP-AL00) feiyu/5.2.14"
14.150.19.189 - - [10/Jan/2023:10:50:35 +0800] "GET /v2/app/randomHomeBackgroundImageV2 HTTP/2.0" 200 291 "-" "Mozilla/5.0 (Android 12; HUAWEI; HUAWEI; NOH-AN00) feiyu/5.2.14"
14.150.19.189 - - [10/Jan/2023:10:50:35 +0800] "GET /v2/users/1bb32cfc-faff-4bf0-985f-c021b28389d4/settings HTTP/2.0" 401 54 "-" "Mozilla/5.0 (Android 12; HUAWEI; HUAWEI; NOH-AN00) feiyu/5.2.14"
14.150.19.189 - - [10/Jan/2023:10:50:35 +0800] "GET /v2/campaigns/newest HTTP/2.0" 200 445 "-" "Mozilla/5.0 (Android 12; HUAWEI; HUAWEI; NOH-AN00) feiyu/5.2.14"
14.150.19.189 - - [10/Jan/2023:10:50:35 +0800] "GET /v2/messages/unreadCount?timestamp=1970-01-01%2000%3A00%3A00 HTTP/2.0" 401 54 "-" "Mozilla/5.0 (Android 12; HUAWEI; HUAWEI; NOH-AN00) feiyu/5.2.14"
14.150.19.189 - - [10/Jan/2023:10:50:35 +0800] "GET /v2/campaigns/newest HTTP/2.0" 200 445 "-" "Mozilla/5.0 (Android 12; HUAWEI; HUAWEI; NOH-AN00) feiyu/5.2.14"
180.89.27.197 - - [10/Jan/2023:10:50:35 +0800] "GET /v2/near/canvas-war/accounts/8ccf8d86-fec1-4770-b211-24ad9fe5c0eb HTTP/2.0" 200 534 "-" "Mozilla/5.0 (Android 10; HUAWEI; HUAWEI; ALP-AL00) feiyu/5.2.14"
14.150.19.189 - - [10/Jan/2023:10:50:35 +0800] "POST /v2/users/1bb32cfc-faff-4bf0-985f-c021b28389d4/token HTTP/2.0" 200 642 "-" "Mozilla/5.0 (Android 12; HUAWEI; HUAWEI; NOH-AN00) feiyu/5.2.14"
14.150.19.189 - - [10/Jan/2023:10:50:35 +0800] "POST /v2/users/1bb32cfc-faff-4bf0-985f-c021b28389d4/token HTTP/2.0" 200 642 "-" "Mozilla/5.0 (Android 12; HUAWEI; HUAWEI; NOH-AN00) feiyu/5.2.14"
14.150.19.189 - - [10/Jan/2023:10:50:36 +0800] "GET /v2/users/1bb32cfc-faff-4bf0-985f-c021b28389d4/settings HTTP/2.0" 200 313 "-" "Mozilla/5.0 (Android 12; HUAWEI; HUAWEI; NOH-AN00) feiyu/5.2.14"
14.150.19.189 - - [10/Jan/2023:10:50:36 +0800] "GET /v2/messages/unreadCount?timestamp=1970-01-01%2000%3A00%3A00 HTTP/2.0" 200 26 "-" "Mozilla/5.0 (Android 12; HUAWEI; HUAWEI; NOH-AN00) feiyu/5.2.14"
180.89.27.197 - - [10/Jan/2023:10:50:36 +0800] "GET /v2/gallery/categoriesV4 HTTP/2.0" 200 13214 "-" "Mozilla/5.0 (Android 10; HUAWEI; HUAWEI; ALP-AL00) feiyu/5.2.14"
39.163.17.175 - - [10/Jan/2023:10:50:38 +0800] "GET /v2/app/tiamat-info HTTP/2.0" 200 16 "-" "Mozilla/5.0 (Android 12; Xiaomi; Redmi; M2007J22C) feiyu/5.2.14"
39.163.17.175 - - [10/Jan/2023:10:50:38 +0800] "GET /v2/app/ab-test-status HTTP/2.0" 200 16 "-" "Mozilla/5.0 (Android 12; Xiaomi; Redmi; M2007J22C) feiyu/5.2.14"
39.163.17.175 - - [10/Jan/2023:10:50:38 +0800] "GET /v2/app/upgrade?version_code=65&platform=Android HTTP/2.0" 200 4 "-" "Mozilla/5.0 (Android 12; Xiaomi; Redmi; M2007J22C) feiyu/5.2.14"
180.89.27.197 - - [10/Jan/2023:10:50:38 +0800] "GET /v2/gallery/categories/1e3bd6cc-e816-4cec-a975-7d2c39b1a292/imagesV3?page=1&size=20&width=360 HTTP/2.0" 200 2 "-" "Mozilla/5.0 (Android 10; HUAWEI; HUAWEI; ALP-AL00) feiyu/5.2.14"
171.43.160.6 - - [10/Jan/2023:10:50:38 +0800] "GET /v2/gallery/categories/d2a3f358-1dea-43f3-a62e-27c832e8f188/imagesV3?page=2&size=30&width=250 HTTP/2.0" 200 14221 "-" "Mozilla/5.0 (iOS 16.1.1; Apple; Apple; iPhone11,2) feiyu/5.2.14"
39.163.17.175 - - [10/Jan/2023:10:50:39 +0800] "GET /v2/lab-projects HTTP/2.0" 200 24887 "-" "Mozilla/5.0 (Android 12; Xiaomi; Redmi; M2007J22C) feiyu/5.2.14"
39.163.17.175 - - [10/Jan/2023:10:50:39 +0800] "GET /v2/app/upgrade?version_code=65&platform=Android HTTP/2.0" 200 4 "-" "Mozilla/5.0 (Android 12; Xiaomi; Redmi; M2007J22C) feiyu/5.2.14"
39.163.17.175 - - [10/Jan/2023:10:50:40 +0800] "GET /v2/messages/unreadCount?timestamp=1970-01-01%2000%3A00%3A00 HTTP/2.0" 200 26 "-" "Mozilla/5.0 (Android 12; Xiaomi; Redmi; M2007J22C) feiyu/5.2.14"
39.163.17.175 - - [10/Jan/2023:10:50:40 +0800] "GET /v2/users/663b2204-05b4-485c-b330-f0c19e4187fd/settings HTTP/2.0" 200 313 "-" "Mozilla/5.0 (Android 12; Xiaomi; Redmi; M2007J22C) feiyu/5.2.14"
39.163.17.175 - - [10/Jan/2023:10:50:40 +0800] "GET /v2/campaigns/newest HTTP/2.0" 200 443 "-" "Mozilla/5.0 (Android 12; Xiaomi; Redmi; M2007J22C) feiyu/5.2.14"
39.163.17.175 - - [10/Jan/2023:10:50:40 +0800] "GET /v2/explore/searchHint HTTP/2.0" 200 23 "-" "Mozilla/5.0 (Android 12; Xiaomi; Redmi; M2007J22C) feiyu/5.2.14"
39.163.17.175 - - [10/Jan/2023:10:50:40 +0800] "GET /v2/explore/banner?scene=2 HTTP/2.0" 200 439 "-" "Mozilla/5.0 (Android 12; Xiaomi; Redmi; M2007J22C) feiyu/5.2.14"
39.163.17.175 - - [10/Jan/2023:10:50:40 +0800] "GET /v2/posts/followees-v5?type=0&size=20&image_width=1080&background_width=359 HTTP/2.0" 200 88235 "-" "Mozilla/5.0 (Android 12; Xiaomi; Redmi; M2007J22C) feiyu/5.2.14"
39.163.17.175 - - [10/Jan/2023:10:50:40 +0800] "GET /v2/content-series/explore HTTP/2.0" 200 68536 "-" "Mozilla/5.0 (Android 12; Xiaomi; Redmi; M2007J22C) feiyu/5.2.14"
39.163.17.175 - - [10/Jan/2023:10:50:40 +0800] "GET /v2/posts/followees-v5?type=0&size=20&image_width=1080&background_width=359 HTTP/2.0" 200 88235 "-" "Mozilla/5.0 (Android 12; Xiaomi; Redmi; M2007J22C) feiyu/5.2.14"
39.163.17.175 - - [10/Jan/2023:10:50:41 +0800] "GET /v2/posts/featured/sticky-v2?image_width=1080&background_width=359 HTTP/2.0" 200 4269 "-" "Mozilla/5.0 (Android 12; Xiaomi; Redmi; M2007J22C) feiyu/5.2.14"
39.163.17.175 - - [10/Jan/2023:10:50:41 +0800] "GET /v2/explore/banner?scene=1 HTTP/2.0" 200 2306 "-" "Mozilla/5.0 (Android 12; Xiaomi; Redmi; M2007J22C) feiyu/5.2.14"
180.89.27.197 - - [10/Jan/2023:10:50:42 +0800] "GET /v2/gallery/categories/57ae3f3f-f384-45aa-9fcd-84b2f9728cf2/imagesV3?page=1&size=20&width=360 HTTP/2.0" 200 9502 "-" "Mozilla/5.0 (Android 10; HUAWEI; HUAWEI; ALP-AL00) feiyu/5.2.14"
180.89.27.197 - - [10/Jan/2023:10:50:44 +0800] "GET /v2/gallery/categories/57ae3f3f-f384-45aa-9fcd-84b2f9728cf2/imagesV3?page=2&size=20&width=360 HTTP/2.0" 200 9504 "-" "Mozilla/5.0 (Android 10; HUAWEI; HUAWEI; ALP-AL00) feiyu/5.2.14"
39.163.17.175 - - [10/Jan/2023:10:50:41 +0800] "GET /v2/posts/featured-v4?size=20&image_width=1080&background_width=359 HTTP/2.0" 200 71216 "-" "Mozilla/5.0 (Android 12; Xiaomi; Redmi; M2007J22C) feiyu/5.2.14"
39.163.17.175 - - [10/Jan/2023:10:50:44 +0800] "GET /v2/ads?scene=1 HTTP/2.0" 200 2 "-" "Mozilla/5.0 (Android 12; Xiaomi; Redmi; M2007J22C) feiyu/5.2.14"
171.43.160.6 - - [10/Jan/2023:10:50:46 +0800] "GET /v2/gallery/categories/d2a3f358-1dea-43f3-a62e-27c832e8f188/imagesV3?page=3&size=30&width=250 HTTP/2.0" 200 14251 "-" "Mozilla/5.0 (iOS 16.1.1; Apple; Apple; iPhone11,2) feiyu/5.2.14"
180.89.27.197 - - [10/Jan/2023:10:50:46 +0800] "GET /v2/gallery/categories/57ae3f3f-f384-45aa-9fcd-84b2f9728cf2/imagesV3?page=1&size=20&width=360 HTTP/2.0" 200 9498 "-" "Mozilla/5.0 (Android 10; HUAWEI; HUAWEI; ALP-AL00) feiyu/5.2.14"
39.163.17.175 - - [10/Jan/2023:10:50:50 +0800] "GET /v2/posts/80ad6674-2c38-460d-8491-93f27c29fb1c/likes HTTP/2.0" 200 5244 "-" "Mozilla/5.0 (Android 12; Xiaomi; Redmi; M2007J22C) feiyu/5.2.14"
39.163.17.175 - - [10/Jan/2023:10:50:50 +0800] "GET /v2/posts/80ad6674-2c38-460d-8491-93f27c29fb1c/commentsV4?size=20 HTTP/2.0" 200 20410 "-" "Mozilla/5.0 (Android 12; Xiaomi; Redmi; M2007J22C) feiyu/5.2.14"
39.163.17.175 - - [10/Jan/2023:10:50:50 +0800] "GET /v2/posts/80ad6674-2c38-460d-8491-93f27c29fb1c/detail?image_width=1080&background_width=1080 HTTP/2.0" 200 2045 "-" "Mozilla/5.0 (Android 12; Xiaomi; Redmi; M2007J22C) feiyu/5.2.14"
180.89.27.197 - - [10/Jan/2023:10:50:50 +0800] "GET /v2/gallery/images/adfba538-f9c4-44bc-99ce-ece7462a59fe?width=1080 HTTP/2.0" 200 456 "-" "Mozilla/5.0 (Android 10; HUAWEI; HUAWEI; ALP-AL00) feiyu/5.2.14"
223.95.51.140 - - [10/Jan/2023:10:50:50 +0800] "GET /v2/posts/7d0e3ca9-20f6-4ae1-a52a-ed733a814734/likes HTTP/2.0" 200 846 "-" "Mozilla/5.0 (Android 10; HUAWEI; HUAWEI; HMA-AL00) feiyu/5.2.9"
223.95.51.140 - - [10/Jan/2023:10:50:50 +0800] "GET /v2/posts/7d0e3ca9-20f6-4ae1-a52a-ed733a814734/commentsV4?size=20 HTTP/2.0" 200 666 "-" "Mozilla/5.0 (Android 10; HUAWEI; HUAWEI; HMA-AL00) feiyu/5.2.9"
223.95.51.140 - - [10/Jan/2023:10:50:50 +0800] "GET /v2/posts/7d0e3ca9-20f6-4ae1-a52a-ed733a814734/detail?image_width=1080&background_width=1080 HTTP/2.0" 200 2112 "-" "Mozilla/5.0 (Android 10; HUAWEI; HUAWEI; HMA-AL00) feiyu/5.2.9"
223.95.51.140 - - [10/Jan/2023:10:50:50 +0800] "GET /v2/posts/7d0e3ca9-20f6-4ae1-a52a-ed733a814734/commentsV4?timestamp=2023-01-09%2017%3A04%3A42&size=20 HTTP/2.0" 200 2 "-" "Mozilla/5.0 (Android 10; HUAWEI; HUAWEI; HMA-AL00) feiyu/5.2.9"
36.1.92.177 - - [10/Jan/2023:10:50:52 +0800] "GET /v2/explore/searchHint HTTP/2.0" 200 23 "-" "Mozilla/5.0 (Android 11; vivo; vivo; V2072A) feiyu/5.2.14"
36.1.92.177 - - [10/Jan/2023:10:50:52 +0800] "GET /v2/explore/banner?scene=2 HTTP/2.0" 200 439 "-" "Mozilla/5.0 (Android 11; vivo; vivo; V2072A) feiyu/5.2.14"
36.1.92.177 - - [10/Jan/2023:10:50:52 +0800] "GET /v2/content-series/explore HTTP/2.0" 200 68500 "-" "Mozilla/5.0 (Android 11; vivo; vivo; V2072A) feiyu/5.2.14"
36.1.92.177 - - [10/Jan/2023:10:50:54 +0800] "GET /v2/posts/dcc05495-d21a-4b85-b8f4-ed500c7f9397/commentsV4?size=20 HTTP/2.0" 200 3645 "-" "Mozilla/5.0 (Android 11; vivo; vivo; V2072A) feiyu/5.2.14"
36.1.92.177 - - [10/Jan/2023:10:50:54 +0800] "GET /v2/posts/dcc05495-d21a-4b85-b8f4-ed500c7f9397/likes HTTP/2.0" 200 2940 "-" "Mozilla/5.0 (Android 11; vivo; vivo; V2072A) feiyu/5.2.14"
36.1.92.177 - - [10/Jan/2023:10:50:54 +0800] "GET /v2/posts/dcc05495-d21a-4b85-b8f4-ed500c7f9397/detail?image_width=1080&background_width=1080 HTTP/2.0" 200 2315 "-" "Mozilla/5.0 (Android 11; vivo; vivo; V2072A) feiyu/5.2.14"
36.1.92.177 - - [10/Jan/2023:10:50:54 +0800] "GET /v2/posts/dcc05495-d21a-4b85-b8f4-ed500c7f9397/commentsV4?timestamp=2023-01-06%2015%3A38%3A31&size=20 HTTP/2.0" 200 2 "-" "Mozilla/5.0 (Android 11; vivo; vivo; V2072A) feiyu/5.2.14"
36.1.92.177 - - [10/Jan/2023:10:50:54 +0800] "GET /v2/messages/unreadCount?timestamp=2022-11-13%2010%3A30%3A02 HTTP/2.0" 200 26 "-" "Mozilla/5.0 (Android 11; vivo; vivo; V2072A) feiyu/5.2.14"
36.1.92.177 - - [10/Jan/2023:10:50:55 +0800] "GET /v2/explore/searchHint HTTP/2.0" 200 23 "-" "Mozilla/5.0 (Android 11; vivo; vivo; V2072A) feiyu/5.2.14"
36.1.92.177 - - [10/Jan/2023:10:50:55 +0800] "GET /v2/campaigns/newest HTTP/2.0" 200 445 "-" "Mozilla/5.0 (Android 11; vivo; vivo; V2072A) feiyu/5.2.14"
36.1.92.177 - - [10/Jan/2023:10:50:55 +0800] "GET /v2/users/afe947e3-30b0-41e5-91af-865205c4d436/settings HTTP/2.0" 200 310 "-" "Mozilla/5.0 (Android 11; vivo; vivo; V2072A) feiyu/5.2.14"
223.95.51.140 - - [10/Jan/2023:10:50:56 +0800] "GET /v2/explore/searchHint HTTP/2.0" 200 23 "-" "Mozilla/5.0 (Android 10; HUAWEI; HUAWEI; HMA-AL00) feiyu/5.2.9"
223.95.51.140 - - [10/Jan/2023:10:50:56 +0800] "GET /v2/campaigns/newest HTTP/2.0" 200 443 "-" "Mozilla/5.0 (Android 10; HUAWEI; HUAWEI; HMA-AL00) feiyu/5.2.9"
223.95.51.140 - - [10/Jan/2023:10:50:56 +0800] "GET /v2/messages/unreadCount?timestamp=1970-01-01%2000%3A00%3A00 HTTP/2.0" 200 26 "-" "Mozilla/5.0 (Android 10; HUAWEI; HUAWEI; HMA-AL00) feiyu/5.2.9"
223.95.51.140 - - [10/Jan/2023:10:50:56 +0800] "GET /v2/users/8e44d1dd-2b97-4584-8caa-945bef044fc6/settings HTTP/2.0" 200 313 "-" "Mozilla/5.0 (Android 10; HUAWEI; HUAWEI; HMA-AL00) feiyu/5.2.9"
171.43.160.6 - - [10/Jan/2023:10:51:03 +0800] "GET /v2/gallery/images/81a1ba39-1c99-40fd-b21d-f06959b0ca82?width=1125 HTTP/2.0" 200 461 "-" "Mozilla/5.0 (iOS 16.1.1; Apple; Apple; iPhone11,2) feiyu/5.2.14"
116.178.226.143 - - [10/Jan/2023:10:51:06 +0800] "GET /v2/messages/unreadCount?timestamp=1970-01-01%2000%3A00%3A01 HTTP/2.0" 200 26 "-" "Mozilla/5.0 (iOS 15.6.1; Apple; Apple; iPhone14,3) feiyu/5.2.14"
117.39.215.115 - - [10/Jan/2023:10:51:08 +0800] "GET /v2/explore/searchHint HTTP/2.0" 200 23 "-" "Mozilla/5.0 (Android 9; HUAWEI; HONOR; JAT-AL00) feiyu/5.2.14"
117.39.215.115 - - [10/Jan/2023:10:51:08 +0800] "GET /v2/campaigns/newest HTTP/2.0" 200 445 "-" "Mozilla/5.0 (Android 9; HUAWEI; HONOR; JAT-AL00) feiyu/5.2.14"
117.39.215.115 - - [10/Jan/2023:10:51:08 +0800] "GET /v2/messages/unreadCount?timestamp=2023-01-10%2000%3A21%3A01 HTTP/2.0" 200 26 "-" "Mozilla/5.0 (Android 9; HUAWEI; HONOR; JAT-AL00) feiyu/5.2.14"
117.39.215.115 - - [10/Jan/2023:10:51:08 +0800] "GET /v2/users/9429a924-d571-4041-b320-853a79c985d3/settings HTTP/2.0" 200 313 "-" "Mozilla/5.0 (Android 9; HUAWEI; HONOR; JAT-AL00) feiyu/5.2.14"
223.95.51.140 - - [10/Jan/2023:10:51:11 +0800] "GET /v2/posts/0892173f-aed4-4613-bb7f-e664d1c87f5b/likes HTTP/2.0" 200 562 "-" "Mozilla/5.0 (Android 10; HUAWEI; HUAWEI; HMA-AL00) feiyu/5.2.9"
223.95.51.140 - - [10/Jan/2023:10:51:11 +0800] "GET /v2/posts/0892173f-aed4-4613-bb7f-e664d1c87f5b/commentsV4?size=20 HTTP/2.0" 200 1505 "-" "Mozilla/5.0 (Android 10; HUAWEI; HUAWEI; HMA-AL00) feiyu/5.2.9"
223.95.51.140 - - [10/Jan/2023:10:51:11 +0800] "GET /v2/posts/0892173f-aed4-4613-bb7f-e664d1c87f5b/detail?image_width=1080&background_width=1080 HTTP/2.0" 200 6142 "-" "Mozilla/5.0 (Android 10; HUAWEI; HUAWEI; HMA-AL00) feiyu/5.2.9"
223.95.51.140 - - [10/Jan/2023:10:51:12 +0800] "GET /v2/posts/0892173f-aed4-4613-bb7f-e664d1c87f5b/commentsV4?timestamp=2023-01-09%2015%3A46%3A34&size=20 HTTP/2.0" 200 2 "-" "Mozilla/5.0 (Android 10; HUAWEI; HUAWEI; HMA-AL00) feiyu/5.2.9"
180.89.27.197 - - [10/Jan/2023:10:51:13 +0800] "GET /v2/app/tiamat-info HTTP/2.0" 200 16 "-" "Mozilla/5.0 (Android 10; HUAWEI; HUAWEI; ALP-AL00) feiyu/5.2.14"
180.89.27.197 - - [10/Jan/2023:10:51:13 +0800] "GET /v2/app/upgrade?version_code=65&platform=Android HTTP/2.0" 200 4 "-" "Mozilla/5.0 (Android 10; HUAWEI; HUAWEI; ALP-AL00) feiyu/5.2.14"
180.89.27.197 - - [10/Jan/2023:10:51:13 +0800] "GET /v2/app/upgrade?version_code=65&platform=Android HTTP/2.0" 200 4 "-" "Mozilla/5.0 (Android 10; HUAWEI; HUAWEI; ALP-AL00) feiyu/5.2.14"
180.89.27.197 - - [10/Jan/2023:10:51:13 +0800] "GET /v2/app/ab-test-status HTTP/2.0" 200 16 "-" "Mozilla/5.0 (Android 10; HUAWEI; HUAWEI; ALP-AL00) feiyu/5.2.14"
180.89.27.197 - - [10/Jan/2023:10:51:13 +0800] "GET /v2/lab-projects HTTP/2.0" 200 24913 "-" "Mozilla/5.0 (Android 10; HUAWEI; HUAWEI; ALP-AL00) feiyu/5.2.14"
180.89.27.197 - - [10/Jan/2023:10:51:13 +0800] "GET /v2/campaigns/newest HTTP/2.0" 200 447 "-" "Mozilla/5.0 (Android 10; HUAWEI; HUAWEI; ALP-AL00) feiyu/5.2.14"
180.89.27.197 - - [10/Jan/2023:10:51:13 +0800] "GET /v2/messages/unreadCount?timestamp=1970-01-01%2000%3A00%3A00 HTTP/2.0" 200 26 "-" "Mozilla/5.0 (Android 10; HUAWEI; HUAWEI; ALP-AL00) feiyu/5.2.14"
180.89.27.197 - - [10/Jan/2023:10:51:13 +0800] "GET /v2/clock-ins/stats HTTP/2.0" 200 385 "-" "Mozilla/5.0 (Android 10; HUAWEI; HUAWEI; ALP-AL00) feiyu/5.2.14"
180.89.27.197 - - [10/Jan/2023:10:51:13 +0800] "GET /v2/users/8ccf8d86-fec1-4770-b211-24ad9fe5c0eb/settings HTTP/2.0" 200 313 "-" "Mozilla/5.0 (Android 10; HUAWEI; HUAWEI; ALP-AL00) feiyu/5.2.14"
180.89.27.197 - - [10/Jan/2023:10:51:13 +0800] "GET /v2/app/randomHomeBackgroundImageV2 HTTP/2.0" 200 289 "-" "Mozilla/5.0 (Android 10; HUAWEI; HUAWEI; ALP-AL00) feiyu/5.2.14"
180.89.27.197 - - [10/Jan/2023:10:51:13 +0800] "GET /v2/campaigns/newest HTTP/2.0" 200 447 "-" "Mozilla/5.0 (Android 10; HUAWEI; HUAWEI; ALP-AL00) feiyu/5.2.14"
180.89.27.197 - - [10/Jan/2023:10:51:13 +0800] "GET /v2/campaigns/newest HTTP/2.0" 200 447 "-" "Mozilla/5.0 (Android 10; HUAWEI; HUAWEI; ALP-AL00) feiyu/5.2.14"
180.89.27.197 - - [10/Jan/2023:10:51:13 +0800] "GET /v2/messages/unreadCount?timestamp=1970-01-01%2000%3A00%3A00 HTTP/2.0" 200 26 "-" "Mozilla/5.0 (Android 10; HUAWEI; HUAWEI; ALP-AL00) feiyu/5.2.14"
180.89.27.197 - - [10/Jan/2023:10:51:13 +0800] "GET /v2/users/8ccf8d86-fec1-4770-b211-24ad9fe5c0eb/settings HTTP/2.0" 200 313 "-" "Mozilla/5.0 (Android 10; HUAWEI; HUAWEI; ALP-AL00) feiyu/5.2.14"
180.89.27.197 - - [10/Jan/2023:10:51:16 +0800] "GET /v2/gallery/categoriesV4 HTTP/2.0" 200 13188 "-" "Mozilla/5.0 (Android 10; HUAWEI; HUAWEI; ALP-AL00) feiyu/5.2.14"
180.89.27.197 - - [10/Jan/2023:10:51:16 +0800] "GET /v2/gallery/categories/1e3bd6cc-e816-4cec-a975-7d2c39b1a292/imagesV3?page=1&size=20&width=360 HTTP/2.0" 200 2 "-" "Mozilla/5.0 (Android 10; HUAWEI; HUAWEI; ALP-AL00) feiyu/5.2.14"
223.95.51.140 - - [10/Jan/2023:10:51:17 +0800] "GET /v2/explore/searchHint HTTP/2.0" 200 23 "-" "Mozilla/5.0 (Android 10; HUAWEI; HUAWEI; HMA-AL00) feiyu/5.2.9"
223.95.51.140 - - [10/Jan/2023:10:51:17 +0800] "GET /v2/campaigns/newest HTTP/2.0" 200 445 "-" "Mozilla/5.0 (Android 10; HUAWEI; HUAWEI; HMA-AL00) feiyu/5.2.9"
223.95.51.140 - - [10/Jan/2023:10:51:17 +0800] "GET /v2/messages/unreadCount?timestamp=1970-01-01%2000%3A00%3A00 HTTP/2.0" 200 26 "-" "Mozilla/5.0 (Android 10; HUAWEI; HUAWEI; HMA-AL00) feiyu/5.2.9"
223.95.51.140 - - [10/Jan/2023:10:51:17 +0800] "GET /v2/users/8e44d1dd-2b97-4584-8caa-945bef044fc6/settings HTTP/2.0" 200 313 "-" "Mozilla/5.0 (Android 10; HUAWEI; HUAWEI; HMA-AL00) feiyu/5.2.9"
39.171.223.16 - - [10/Jan/2023:10:51:19 +0800] "GET /v2/app/ab-test-status HTTP/2.0" 200 16 "-" "Mozilla/5.0 (Android 11; PTAC; Hinova; Hera-BD00) feiyu/5.2.14"
39.171.223.16 - - [10/Jan/2023:10:51:19 +0800] "GET /v2/app/tiamat-info HTTP/2.0" 200 16 "-" "Mozilla/5.0 (Android 11; PTAC; Hinova; Hera-BD00) feiyu/5.2.14"
39.171.223.16 - - [10/Jan/2023:10:51:19 +0800] "GET /v2/app/upgrade?version_code=65&platform=Android HTTP/2.0" 200 4 "-" "Mozilla/5.0 (Android 11; PTAC; Hinova; Hera-BD00) feiyu/5.2.14"
180.89.27.197 - - [10/Jan/2023:10:51:20 +0800] "GET /v2/gallery/categories/9d12f818-2191-4cf9-bae8-5e26e01b20aa/imagesV3?page=1&size=20&width=360 HTTP/2.0" 200 9565 "-" "Mozilla/5.0 (Android 10; HUAWEI; HUAWEI; ALP-AL00) feiyu/5.2.14"
180.89.27.197 - - [10/Jan/2023:10:51:21 +0800] "GET /v2/gallery/categories/9d12f818-2191-4cf9-bae8-5e26e01b20aa/imagesV3?page=2&size=20&width=360 HTTP/2.0" 200 9556 "-" "Mozilla/5.0 (Android 10; HUAWEI; HUAWEI; ALP-AL00) feiyu/5.2.14"
39.171.223.16 - - [10/Jan/2023:10:51:21 +0800] "GET /v2/lab-projects HTTP/2.0" 200 24917 "-" "Mozilla/5.0 (Android 11; PTAC; Hinova; Hera-BD00) feiyu/5.2.14"
39.171.223.16 - - [10/Jan/2023:10:51:21 +0800] "GET /v2/app/upgrade?version_code=65&platform=Android HTTP/2.0" 200 4 "-" "Mozilla/5.0 (Android 11; PTAC; Hinova; Hera-BD00) feiyu/5.2.14"
39.171.223.16 - - [10/Jan/2023:10:51:21 +0800] "GET /v2/app/randomHomeBackgroundImageV2 HTTP/2.0" 200 287 "-" "Mozilla/5.0 (Android 11; PTAC; Hinova; Hera-BD00) feiyu/5.2.14"
39.171.223.16 - - [10/Jan/2023:10:51:21 +0800] "GET /v2/campaigns/newest HTTP/2.0" 200 443 "-" "Mozilla/5.0 (Android 11; PTAC; Hinova; Hera-BD00) feiyu/5.2.14"
39.171.223.16 - - [10/Jan/2023:10:51:21 +0800] "GET /v2/messages/unreadCount?timestamp=1970-01-01%2000%3A00%3A00 HTTP/2.0" 200 26 "-" "Mozilla/5.0 (Android 11; PTAC; Hinova; Hera-BD00) feiyu/5.2.14"
39.171.223.16 - - [10/Jan/2023:10:51:21 +0800] "GET /v2/users/1719b33f-4627-4e1e-8e7e-6da45efef366/settings HTTP/2.0" 200 313 "-" "Mozilla/5.0 (Android 11; PTAC; Hinova; Hera-BD00) feiyu/5.2.14"
39.171.223.16 - - [10/Jan/2023:10:51:21 +0800] "GET /v2/campaigns/newest HTTP/2.0" 200 443 "-" "Mozilla/5.0 (Android 11; PTAC; Hinova; Hera-BD00) feiyu/5.2.14"
223.95.51.140 - - [10/Jan/2023:10:51:22 +0800] "GET /v2/posts/560bab39-09cc-4f18-82ff-9f9659b560d9/commentsV4?size=20 HTTP/2.0" 200 623 "-" "Mozilla/5.0 (Android 10; HUAWEI; HUAWEI; HMA-AL00) feiyu/5.2.9"
223.95.51.140 - - [10/Jan/2023:10:51:22 +0800] "GET /v2/posts/560bab39-09cc-4f18-82ff-9f9659b560d9/likes HTTP/2.0" 200 1555 "-" "Mozilla/5.0 (Android 10; HUAWEI; HUAWEI; HMA-AL00) feiyu/5.2.9"
223.95.51.140 - - [10/Jan/2023:10:51:22 +0800] "GET /v2/posts/560bab39-09cc-4f18-82ff-9f9659b560d9/detail?image_width=1080&background_width=1080 HTTP/2.0" 200 1747 "-" "Mozilla/5.0 (Android 10; HUAWEI; HUAWEI; HMA-AL00) feiyu/5.2.9"
223.95.51.140 - - [10/Jan/2023:10:51:22 +0800] "GET /v2/posts/560bab39-09cc-4f18-82ff-9f9659b560d9/commentsV4?timestamp=2023-01-09%2016%3A22%3A45&size=20 HTTP/2.0" 200 2 "-" "Mozilla/5.0 (Android 10; HUAWEI; HUAWEI; HMA-AL00) feiyu/5.2.9"
117.39.215.115 - - [10/Jan/2023:10:51:22 +0800] "GET /v2/posts/c951a369-1120-48f3-8ecf-d5eb38e5d681/likes HTTP/2.0" 200 323 "-" "Mozilla/5.0 (Android 9; HUAWEI; HONOR; JAT-AL00) feiyu/5.2.14"
117.39.215.115 - - [10/Jan/2023:10:51:22 +0800] "GET /v2/posts/c951a369-1120-48f3-8ecf-d5eb38e5d681/commentsV4?size=20 HTTP/2.0" 200 657 "-" "Mozilla/5.0 (Android 9; HUAWEI; HONOR; JAT-AL00) feiyu/5.2.14"
117.39.215.115 - - [10/Jan/2023:10:51:22 +0800] "GET /v2/posts/c951a369-1120-48f3-8ecf-d5eb38e5d681/detail?image_width=720&background_width=720 HTTP/2.0" 200 2093 "-" "Mozilla/5.0 (Android 9; HUAWEI; HONOR; JAT-AL00) feiyu/5.2.14"
117.39.215.115 - - [10/Jan/2023:10:51:22 +0800] "GET /v2/posts/c951a369-1120-48f3-8ecf-d5eb38e5d681/commentsV4?timestamp=2023-01-09%2016%3A59%3A27&size=20 HTTP/2.0" 200 2 "-" "Mozilla/5.0 (Android 9; HUAWEI; HONOR; JAT-AL00) feiyu/5.2.14"
116.237.130.18 - - [10/Jan/2023:10:51:23 +0800] "GET /v2/app/ab-test-status HTTP/2.0" 200 16 "-" "Mozilla/5.0 (Android 12; Xiaomi; Redmi; 22081212C) feiyu/5.2.14"
116.237.130.18 - - [10/Jan/2023:10:51:23 +0800] "GET /v2/app/upgrade?version_code=65&platform=Android HTTP/2.0" 200 4 "-" "Mozilla/5.0 (Android 12; Xiaomi; Redmi; 22081212C) feiyu/5.2.14"
116.237.130.18 - - [10/Jan/2023:10:51:23 +0800] "GET /v2/app/tiamat-info HTTP/2.0" 200 16 "-" "Mozilla/5.0 (Android 12; Xiaomi; Redmi; 22081212C) feiyu/5.2.14"
182.118.238.75 - - [10/Jan/2023:10:51:23 +0800] "GET /v2/messages/unreadCount?timestamp=2022-11-13%2008%3A30%3A49 HTTP/2.0" 200 26 "-" "Mozilla/5.0 (Android 8.1.0; vivo; vivo; vivo X9s) feiyu/5.2.14"
182.118.238.75 - - [10/Jan/2023:10:51:23 +0800] "GET /v2/campaigns/newest HTTP/2.0" 200 443 "-" "Mozilla/5.0 (Android 8.1.0; vivo; vivo; vivo X9s) feiyu/5.2.14"
182.118.238.75 - - [10/Jan/2023:10:51:23 +0800] "GET /v2/users/43b64f97-2b69-4a63-bfc1-a22562d7240a/settings HTTP/2.0" 200 313 "-" "Mozilla/5.0 (Android 8.1.0; vivo; vivo; vivo X9s) feiyu/5.2.14"
182.118.238.75 - - [10/Jan/2023:10:51:23 +0800] "GET /v2/explore/searchHint HTTP/2.0" 200 23 "-" "Mozilla/5.0 (Android 8.1.0; vivo; vivo; vivo X9s) feiyu/5.2.14"
223.95.51.140 - - [10/Jan/2023:10:51:23 +0800] "GET /v2/messages/unreadCount?timestamp=1970-01-01%2000%3A00%3A00 HTTP/2.0" 200 26 "-" "Mozilla/5.0 (Android 10; HUAWEI; HUAWEI; HMA-AL00) feiyu/5.2.9"
223.95.51.140 - - [10/Jan/2023:10:51:23 +0800] "GET /v2/users/8e44d1dd-2b97-4584-8caa-945bef044fc6/settings HTTP/2.0" 200 313 "-" "Mozilla/5.0 (Android 10; HUAWEI; HUAWEI; HMA-AL00) feiyu/5.2.9"
223.95.51.140 - - [10/Jan/2023:10:51:24 +0800] "GET /v2/explore/searchHint HTTP/2.0" 200 23 "-" "Mozilla/5.0 (Android 10; HUAWEI; HUAWEI; HMA-AL00) feiyu/5.2.9"
223.95.51.140 - - [10/Jan/2023:10:51:24 +0800] "GET /v2/campaigns/newest HTTP/2.0" 200 443 "-" "Mozilla/5.0 (Android 10; HUAWEI; HUAWEI; HMA-AL00) feiyu/5.2.9"
117.39.215.115 - - [10/Jan/2023:10:51:24 +0800] "GET /v2/messages/unreadCount?timestamp=2023-01-10%2000%3A21%3A01 HTTP/2.0" 200 26 "-" "Mozilla/5.0 (Android 9; HUAWEI; HONOR; JAT-AL00) feiyu/5.2.14"
117.39.215.115 - - [10/Jan/2023:10:51:24 +0800] "GET /v2/users/9429a924-d571-4041-b320-853a79c985d3/settings HTTP/2.0" 200 313 "-" "Mozilla/5.0 (Android 9; HUAWEI; HONOR; JAT-AL00) feiyu/5.2.14"
117.39.215.115 - - [10/Jan/2023:10:51:24 +0800] "GET /v2/explore/searchHint HTTP/2.0" 200 23 "-" "Mozilla/5.0 (Android 9; HUAWEI; HONOR; JAT-AL00) feiyu/5.2.14"
117.39.215.115 - - [10/Jan/2023:10:51:24 +0800] "GET /v2/campaigns/newest HTTP/2.0" 200 443 "-" "Mozilla/5.0 (Android 9; HUAWEI; HONOR; JAT-AL00) feiyu/5.2.14"
116.237.130.18 - - [10/Jan/2023:10:51:24 +0800] "POST /v2/users/oauth HTTP/2.0" 200 933 "-" "Mozilla/5.0 (Android 12; Xiaomi; Redmi; 22081212C) feiyu/5.2.14"
116.237.130.18 - - [10/Jan/2023:10:51:26 +0800] "GET /v2/users/a88d12a3-c0a0-4ddb-8db4-88fc1a91ba47/settings HTTP/2.0" 200 313 "-" "Mozilla/5.0 (Android 12; Xiaomi; Redmi; 22081212C) feiyu/5.2.14"
116.237.130.18 - - [10/Jan/2023:10:51:26 +0800] "GET /v2/lab-projects HTTP/2.0" 200 24877 "-" "Mozilla/5.0 (Android 12; Xiaomi; Redmi; 22081212C) feiyu/5.2.14"
116.237.130.18 - - [10/Jan/2023:10:51:26 +0800] "GET /v2/app/upgrade?version_code=65&platform=Android HTTP/2.0" 200 4 "-" "Mozilla/5.0 (Android 12; Xiaomi; Redmi; 22081212C) feiyu/5.2.14"
116.237.130.18 - - [10/Jan/2023:10:51:27 +0800] "GET /v2/app/randomHomeBackgroundImageV2 HTTP/2.0" 200 289 "-" "Mozilla/5.0 (Android 12; Xiaomi; Redmi; 22081212C) feiyu/5.2.14"
116.237.130.18 - - [10/Jan/2023:10:51:27 +0800] "GET /v2/campaigns/newest HTTP/2.0" 200 443 "-" "Mozilla/5.0 (Android 12; Xiaomi; Redmi; 22081212C) feiyu/5.2.14"
116.237.130.18 - - [10/Jan/2023:10:51:27 +0800] "GET /v2/messages/unreadCount?timestamp=1970-01-01%2000%3A00%3A00 HTTP/2.0" 200 26 "-" "Mozilla/5.0 (Android 12; Xiaomi; Redmi; 22081212C) feiyu/5.2.14"
116.237.130.18 - - [10/Jan/2023:10:51:27 +0800] "GET /v2/campaigns/newest HTTP/2.0" 200 443 "-" "Mozilla/5.0 (Android 12; Xiaomi; Redmi; 22081212C) feiyu/5.2.14"
116.237.130.18 - - [10/Jan/2023:10:51:27 +0800] "GET /v2/users/a88d12a3-c0a0-4ddb-8db4-88fc1a91ba47/settings HTTP/2.0" 200 313 "-" "Mozilla/5.0 (Android 12; Xiaomi; Redmi; 22081212C) feiyu/5.2.14"
116.237.130.18 - - [10/Jan/2023:10:51:29 +0800] "GET /v2/gallery/categoriesV4 HTTP/2.0" 200 13184 "-" "Mozilla/5.0 (Android 12; Xiaomi; Redmi; 22081212C) feiyu/5.2.14"
116.237.130.18 - - [10/Jan/2023:10:51:29 +0800] "GET /v2/gallery/categories/1e3bd6cc-e816-4cec-a975-7d2c39b1a292/imagesV3?page=1&size=20&width=406 HTTP/2.0" 200 2 "-" "Mozilla/5.0 (Android 12; Xiaomi; Redmi; 22081212C) feiyu/5.2.14"
116.237.130.18 - - [10/Jan/2023:10:51:31 +0800] "GET /v2/gallery/categories/d2a3f358-1dea-43f3-a62e-27c832e8f188/imagesV3?page=1&size=20&width=406 HTTP/2.0" 200 9471 "-" "Mozilla/5.0 (Android 12; Xiaomi; Redmi; 22081212C) feiyu/5.2.14"
116.237.130.18 - - [10/Jan/2023:10:51:32 +0800] "GET /v2/gallery/categories/d2a3f358-1dea-43f3-a62e-27c832e8f188/imagesV3?page=2&size=20&width=406 HTTP/2.0" 200 9463 "-" "Mozilla/5.0 (Android 12; Xiaomi; Redmi; 22081212C) feiyu/5.2.14"
180.89.27.197 - - [10/Jan/2023:10:51:32 +0800] "GET /v2/gallery/categories/9d12f818-2191-4cf9-bae8-5e26e01b20aa/imagesV3?page=3&size=20&width=360 HTTP/2.0" 200 9665 "-" "Mozilla/5.0 (Android 10; HUAWEI; HUAWEI; ALP-AL00) feiyu/5.2.14"
116.237.130.18 - - [10/Jan/2023:10:51:35 +0800] "GET /v2/gallery/categories/d2a3f358-1dea-43f3-a62e-27c832e8f188/imagesV3?page=3&size=20&width=406 HTTP/2.0" 200 9487 "-" "Mozilla/5.0 (Android 12; Xiaomi; Redmi; 22081212C) feiyu/5.2.14"
180.89.27.197 - - [10/Jan/2023:10:51:37 +0800] "GET /v2/gallery/images/fdcf7f21-ede3-4e92-8803-911491322ba5?width=1080 HTTP/2.0" 200 452 "-" "Mozilla/5.0 (Android 10; HUAWEI; HUAWEI; ALP-AL00) feiyu/5.2.14"
116.237.130.18 - - [10/Jan/2023:10:51:37 +0800] "GET /v2/gallery/images/7bfcdc39-732d-4c8d-87e3-4e15eaa381e3?width=1220 HTTP/2.0" 200 455 "-" "Mozilla/5.0 (Android 12; Xiaomi; Redmi; 22081212C) feiyu/5.2.14"
182.118.238.75 - - [10/Jan/2023:10:51:42 +0800] "GET /v2/messages/unreadCount?timestamp=2022-11-13%2008%3A30%3A49 HTTP/2.0" 200 26 "-" "Mozilla/5.0 (Android 8.1.0; vivo; vivo; vivo X9s) feiyu/5.2.14"
182.118.238.75 - - [10/Jan/2023:10:51:42 +0800] "GET /v2/users/43b64f97-2b69-4a63-bfc1-a22562d7240a/settings HTTP/2.0" 200 313 "-" "Mozilla/5.0 (Android 8.1.0; vivo; vivo; vivo X9s) feiyu/5.2.14"
182.118.238.75 - - [10/Jan/2023:10:51:42 +0800] "GET /v2/explore/searchHint HTTP/2.0" 200 23 "-" "Mozilla/5.0 (Android 8.1.0; vivo; vivo; vivo X9s) feiyu/5.2.14"
182.118.238.75 - - [10/Jan/2023:10:51:42 +0800] "GET /v2/campaigns/newest HTTP/2.0" 200 447 "-" "Mozilla/5.0 (Android 8.1.0; vivo; vivo; vivo X9s) feiyu/5.2.14"
117.174.28.250 - - [10/Jan/2023:10:51:43 +0800] "GET /v2/app/ab-test-status HTTP/2.0" 200 16 "-" "Mozilla/5.0 (Android 12; HONOR; HONOR; RNA-AN00) feiyu/5.2.14"
117.174.28.250 - - [10/Jan/2023:10:51:43 +0800] "GET /v2/app/tiamat-info HTTP/2.0" 200 16 "-" "Mozilla/5.0 (Android 12; HONOR; HONOR; RNA-AN00) feiyu/5.2.14"
117.174.28.250 - - [10/Jan/2023:10:51:43 +0800] "GET /v2/app/upgrade?version_code=65&platform=Android HTTP/2.0" 200 4 "-" "Mozilla/5.0 (Android 12; HONOR; HONOR; RNA-AN00) feiyu/5.2.14"
117.174.28.250 - - [10/Jan/2023:10:51:44 +0800] "GET /v2/lab-projects HTTP/2.0" 200 24923 "-" "Mozilla/5.0 (Android 12; HONOR; HONOR; RNA-AN00) feiyu/5.2.14"
117.174.28.250 - - [10/Jan/2023:10:51:44 +0800] "GET /v2/app/upgrade?version_code=65&platform=Android HTTP/2.0" 200 4 "-" "Mozilla/5.0 (Android 12; HONOR; HONOR; RNA-AN00) feiyu/5.2.14"
171.43.160.6 - - [10/Jan/2023:10:51:44 +0800] "POST /v2/app/upload HTTP/2.0" 200 351 "-" "Mozilla/5.0 (iOS 16.1.1; Apple; Apple; iPhone11,2) feiyu/5.2.14"
117.174.28.250 - - [10/Jan/2023:10:51:45 +0800] "GET /v2/app/randomHomeBackgroundImageV2 HTTP/2.0" 200 289 "-" "Mozilla/5.0 (Android 12; HONOR; HONOR; RNA-AN00) feiyu/5.2.14"
117.174.28.250 - - [10/Jan/2023:10:51:45 +0800] "GET /v2/campaigns/newest HTTP/2.0" 200 443 "-" "Mozilla/5.0 (Android 12; HONOR; HONOR; RNA-AN00) feiyu/5.2.14"
117.174.28.250 - - [10/Jan/2023:10:51:45 +0800] "GET /v2/messages/unreadCount?timestamp=1970-01-01%2000%3A00%3A00 HTTP/2.0" 200 26 "-" "Mozilla/5.0 (Android 12; HONOR; HONOR; RNA-AN00) feiyu/5.2.14"
117.174.28.250 - - [10/Jan/2023:10:51:45 +0800] "GET /v2/campaigns/newest HTTP/2.0" 200 443 "-" "Mozilla/5.0 (Android 12; HONOR; HONOR; RNA-AN00) feiyu/5.2.14"
117.174.28.250 - - [10/Jan/2023:10:51:45 +0800] "GET /v2/users/1cf69109-35f9-484c-907f-8c4ba6d3fec8/settings HTTP/2.0" 200 314 "-" "Mozilla/5.0 (Android 12; HONOR; HONOR; RNA-AN00) feiyu/5.2.14"
171.43.160.6 - - [10/Jan/2023:10:51:45 +0800] "POST /v2/posts/uploadCompleteV2 HTTP/2.0" 200 1139 "-" "Mozilla/5.0 (iOS 16.1.1; Apple; Apple; iPhone11,2) feiyu/5.2.14"
180.89.27.197 - - [10/Jan/2023:10:51:46 +0800] "GET /v2/campaigns/newest HTTP/2.0" 200 447 "-" "Mozilla/5.0 (Android 10; HUAWEI; HUAWEI; ALP-AL00) feiyu/5.2.14"
180.89.27.197 - - [10/Jan/2023:10:51:46 +0800] "GET /v2/users/8ccf8d86-fec1-4770-b211-24ad9fe5c0eb/settings HTTP/2.0" 200 313 "-" "Mozilla/5.0 (Android 10; HUAWEI; HUAWEI; ALP-AL00) feiyu/5.2.14"
180.89.27.197 - - [10/Jan/2023:10:51:46 +0800] "GET /v2/messages/unreadCount?timestamp=1970-01-01%2000%3A00%3A00 HTTP/2.0" 200 26 "-" "Mozilla/5.0 (Android 10; HUAWEI; HUAWEI; ALP-AL00) feiyu/5.2.14"
117.174.28.250 - - [10/Jan/2023:10:51:48 +0800] "GET /v2/gallery/categoriesV4 HTTP/2.0" 200 13204 "-" "Mozilla/5.0 (Android 12; HONOR; HONOR; RNA-AN00) feiyu/5.2.14"
117.174.28.250 - - [10/Jan/2023:10:51:49 +0800] "GET /v2/gallery/categories/1e3bd6cc-e816-4cec-a975-7d2c39b1a292/imagesV3?page=1&size=20&width=412 HTTP/2.0" 200 9795 "-" "Mozilla/5.0 (Android 12; HONOR; HONOR; RNA-AN00) feiyu/5.2.14"
117.174.28.250 - - [10/Jan/2023:10:51:49 +0800] "GET /v2/gallery/categories/1e3bd6cc-e816-4cec-a975-7d2c39b1a292/imagesV3?page=2&size=20&width=412 HTTP/2.0" 200 7141 "-" "Mozilla/5.0 (Android 12; HONOR; HONOR; RNA-AN00) feiyu/5.2.14"
117.39.215.115 - - [10/Jan/2023:10:51:51 +0800] "GET /v2/users/9429a924-d571-4041-b320-853a79c985d3 HTTP/2.0" 200 418 "-" "Mozilla/5.0 (Android 9; HUAWEI; HONOR; JAT-AL00) feiyu/5.2.14"
117.39.215.115 - - [10/Jan/2023:10:51:51 +0800] "GET /v2/users/9429a924-d571-4041-b320-853a79c985d3 HTTP/2.0" 200 418 "-" "Mozilla/5.0 (Android 9; HUAWEI; HONOR; JAT-AL00) feiyu/5.2.14"
117.39.215.115 - - [10/Jan/2023:10:51:51 +0800] "GET /v2/users/9429a924-d571-4041-b320-853a79c985d3 HTTP/2.0" 200 418 "-" "Mozilla/5.0 (Android 9; HUAWEI; HONOR; JAT-AL00) feiyu/5.2.14"
117.39.215.115 - - [10/Jan/2023:10:51:51 +0800] "GET /v2/messages/unreadCount?timestamp=2023-01-10%2000%3A21%3A01 HTTP/2.0" 200 26 "-" "Mozilla/5.0 (Android 9; HUAWEI; HONOR; JAT-AL00) feiyu/5.2.14"
117.39.215.115 - - [10/Jan/2023:10:51:51 +0800] "GET /v2/users/9429a924-d571-4041-b320-853a79c985d3/createdPostsV2?guest=false&size=20&image_width=720&background_width=239 HTTP/2.0" 200 5887 "-" "Mozilla/5.0 (Android 9; HUAWEI; HONOR; JAT-AL00) feiyu/5.2.14"
117.39.215.115 - - [10/Jan/2023:10:51:51 +0800] "GET /v2/clock-ins/stats HTTP/2.0" 200 385 "-" "Mozilla/5.0 (Android 9; HUAWEI; HONOR; JAT-AL00) feiyu/5.2.14"
117.39.215.115 - - [10/Jan/2023:10:51:51 +0800] "GET /v2/users/9429a924-d571-4041-b320-853a79c985d3/likedPostsV2?guest=false&size=20&image_width=720&background_width=239 HTTP/2.0" 200 60875 "-" "Mozilla/5.0 (Android 9; HUAWEI; HONOR; JAT-AL00) feiyu/5.2.14"
117.39.215.115 - - [10/Jan/2023:10:51:51 +0800] "GET /v2/users/9429a924-d571-4041-b320-853a79c985d3/favoritedPosts?size=20&image_width=720&background_width=239 HTTP/2.0" 200 2 "-" "Mozilla/5.0 (Android 9; HUAWEI; HONOR; JAT-AL00) feiyu/5.2.14"
117.39.215.115 - - [10/Jan/2023:10:51:51 +0800] "GET /v2/near/canvas-war/accounts/9429a924-d571-4041-b320-853a79c985d3 HTTP/2.0" 200 538 "-" "Mozilla/5.0 (Android 9; HUAWEI; HONOR; JAT-AL00) feiyu/5.2.14"
117.39.215.115 - - [10/Jan/2023:10:51:51 +0800] "GET /v2/users/9429a924-d571-4041-b320-853a79c985d3/createdPostsV2?timestamp=2022-10-30%2003%3A15%3A38&guest=false&size=20&image_width=720&background_width=239 HTTP/2.0" 200 2 "-" "Mozilla/5.0 (Android 9; HUAWEI; HONOR; JAT-AL00) feiyu/5.2.14"
117.174.28.250 - - [10/Jan/2023:10:51:52 +0800] "GET /v2/users/1cf69109-35f9-484c-907f-8c4ba6d3fec8 HTTP/2.0" 200 410 "-" "Mozilla/5.0 (Android 12; HONOR; HONOR; RNA-AN00) feiyu/5.2.14"
117.174.28.250 - - [10/Jan/2023:10:51:52 +0800] "GET /v2/messages/unreadCount?timestamp=1970-01-01%2000%3A00%3A00 HTTP/2.0" 200 26 "-" "Mozilla/5.0 (Android 12; HONOR; HONOR; RNA-AN00) feiyu/5.2.14"
117.174.28.250 - - [10/Jan/2023:10:51:52 +0800] "GET /v2/clock-ins/stats HTTP/2.0" 200 385 "-" "Mozilla/5.0 (Android 12; HONOR; HONOR; RNA-AN00) feiyu/5.2.14"
117.174.28.250 - - [10/Jan/2023:10:51:52 +0800] "GET /v2/users/1cf69109-35f9-484c-907f-8c4ba6d3fec8 HTTP/2.0" 200 410 "-" "Mozilla/5.0 (Android 12; HONOR; HONOR; RNA-AN00) feiyu/5.2.14"
117.174.28.250 - - [10/Jan/2023:10:51:52 +0800] "GET /v2/users/1cf69109-35f9-484c-907f-8c4ba6d3fec8 HTTP/2.0" 200 410 "-" "Mozilla/5.0 (Android 12; HONOR; HONOR; RNA-AN00) feiyu/5.2.14"
117.174.28.250 - - [10/Jan/2023:10:51:52 +0800] "GET /v2/users/1cf69109-35f9-484c-907f-8c4ba6d3fec8/createdPostsV2?guest=false&size=20&image_width=1236&background_width=411 HTTP/2.0" 200 23331 "-" "Mozilla/5.0 (Android 12; HONOR; HONOR; RNA-AN00) feiyu/5.2.14"
180.89.27.197 - - [10/Jan/2023:10:51:52 +0800] "GET /v2/gallery/categories/d2a3f358-1dea-43f3-a62e-27c832e8f188/imagesV3?page=1&size=20&width=360 HTTP/2.0" 200 9471 "-" "Mozilla/5.0 (Android 10; HUAWEI; HUAWEI; ALP-AL00) feiyu/5.2.14"
117.174.28.250 - - [10/Jan/2023:10:51:52 +0800] "GET /v2/users/1cf69109-35f9-484c-907f-8c4ba6d3fec8/likedPostsV2?guest=false&size=20&image_width=1236&background_width=411 HTTP/2.0" 200 2 "-" "Mozilla/5.0 (Android 12; HONOR; HONOR; RNA-AN00) feiyu/5.2.14"
117.174.28.250 - - [10/Jan/2023:10:51:52 +0800] "GET /v2/users/1cf69109-35f9-484c-907f-8c4ba6d3fec8/favoritedPosts?size=20&image_width=1236&background_width=411 HTTP/2.0" 200 2 "-" "Mozilla/5.0 (Android 12; HONOR; HONOR; RNA-AN00) feiyu/5.2.14"
117.174.28.250 - - [10/Jan/2023:10:51:52 +0800] "GET /v2/near/canvas-war/accounts/1cf69109-35f9-484c-907f-8c4ba6d3fec8 HTTP/2.0" 200 512 "-" "Mozilla/5.0 (Android 12; HONOR; HONOR; RNA-AN00) feiyu/5.2.14"
223.104.76.231 - - [10/Jan/2023:10:51:53 +0800] "GET /v2/app/ab-test-status HTTP/2.0" 200 16 "-" "Mozilla/5.0 (Android 10; HUAWEI; HONOR; EBG-AN00) feiyu/5.2.14"
223.104.76.231 - - [10/Jan/2023:10:51:53 +0800] "GET /v2/app/upgrade?version_code=65&platform=Android HTTP/2.0" 200 4 "-" "Mozilla/5.0 (Android 10; HUAWEI; HONOR; EBG-AN00) feiyu/5.2.14"
223.104.76.231 - - [10/Jan/2023:10:51:53 +0800] "GET /v2/app/tiamat-info HTTP/2.0" 200 16 "-" "Mozilla/5.0 (Android 10; HUAWEI; HONOR; EBG-AN00) feiyu/5.2.14"
180.89.27.197 - - [10/Jan/2023:10:51:54 +0800] "GET /v2/gallery/categories/d2a3f358-1dea-43f3-a62e-27c832e8f188/imagesV3?page=2&size=20&width=360 HTTP/2.0" 200 9475 "-" "Mozilla/5.0 (Android 10; HUAWEI; HUAWEI; ALP-AL00) feiyu/5.2.14"
117.174.28.250 - - [10/Jan/2023:10:51:56 +0800] "GET /v2/gallery/categories/1ab7a131-0b87-4435-a849-7b1aeaee0167/imagesV3?page=1&size=20&width=412 HTTP/2.0" 200 9470 "-" "Mozilla/5.0 (Android 12; HONOR; HONOR; RNA-AN00) feiyu/5.2.14"
117.174.28.250 - - [10/Jan/2023:10:51:58 +0800] "GET /v2/gallery/categories/1e3bd6cc-e816-4cec-a975-7d2c39b1a292/imagesV3?page=1&size=20&width=412 HTTP/2.0" 200 9789 "-" "Mozilla/5.0 (Android 12; HONOR; HONOR; RNA-AN00) feiyu/5.2.14"
116.237.130.18 - - [10/Jan/2023:10:52:00 +0800] "GET /v2/messages/unreadCount?timestamp=1970-01-01%2000%3A00%3A00 HTTP/2.0" 200 26 "-" "Mozilla/5.0 (Android 12; Xiaomi; Redmi; 22081212C) feiyu/5.2.14"
116.237.130.18 - - [10/Jan/2023:10:52:00 +0800] "GET /v2/campaigns/newest HTTP/2.0" 200 443 "-" "Mozilla/5.0 (Android 12; Xiaomi; Redmi; 22081212C) feiyu/5.2.14"
116.237.130.18 - - [10/Jan/2023:10:52:00 +0800] "GET /v2/users/a88d12a3-c0a0-4ddb-8db4-88fc1a91ba47/settings HTTP/2.0" 200 313 "-" "Mozilla/5.0 (Android 12; Xiaomi; Redmi; 22081212C) feiyu/5.2.14"
117.174.28.250 - - [10/Jan/2023:10:52:00 +0800] "GET /v2/gallery/categories/1e3bd6cc-e816-4cec-a975-7d2c39b1a292/imagesV3?page=2&size=20&width=412 HTTP/2.0" 200 7143 "-" "Mozilla/5.0 (Android 12; HONOR; HONOR; RNA-AN00) feiyu/5.2.14"
180.89.27.197 - - [10/Jan/2023:10:52:01 +0800] "GET /v2/gallery/categories/d2a3f358-1dea-43f3-a62e-27c832e8f188/imagesV3?page=3&size=20&width=360 HTTP/2.0" 200 9493 "-" "Mozilla/5.0 (Android 10; HUAWEI; HUAWEI; ALP-AL00) feiyu/5.2.14"
117.174.28.250 - - [10/Jan/2023:10:52:01 +0800] "GET /v2/gallery/categories/1e3bd6cc-e816-4cec-a975-7d2c39b1a292/imagesV3?page=3&size=20&width=412 HTTP/2.0" 200 2 "-" "Mozilla/5.0 (Android 12; HONOR; HONOR; RNA-AN00) feiyu/5.2.14"
116.237.130.18 - - [10/Jan/2023:10:52:03 +0800] "GET /v2/app/randomHomeBackgroundImageV2 HTTP/2.0" 200 287 "-" "Mozilla/5.0 (Android 12; Xiaomi; Redmi; 22081212C) feiyu/5.2.14"
116.237.130.18 - - [10/Jan/2023:10:52:03 +0800] "GET /v2/campaigns/newest HTTP/2.0" 200 449 "-" "Mozilla/5.0 (Android 12; Xiaomi; Redmi; 22081212C) feiyu/5.2.14"
117.174.28.250 - - [10/Jan/2023:10:52:03 +0800] "GET /v2/users/1cf69109-35f9-484c-907f-8c4ba6d3fec8 HTTP/2.0" 200 410 "-" "Mozilla/5.0 (Android 12; HONOR; HONOR; RNA-AN00) feiyu/5.2.14"
117.174.28.250 - - [10/Jan/2023:10:52:03 +0800] "GET /v2/messages/unreadCount?timestamp=1970-01-01%2000%3A00%3A00 HTTP/2.0" 200 26 "-" "Mozilla/5.0 (Android 12; HONOR; HONOR; RNA-AN00) feiyu/5.2.14"
171.43.160.6 - - [10/Jan/2023:10:52:05 +0800] "GET /v2/messages/unreadCount?timestamp=1970-01-01%2000%3A00%3A01 HTTP/2.0" 200 26 "-" "Mozilla/5.0 (iOS 16.1.1; Apple; Apple; iPhone11,2) feiyu/5.2.14"
221.206.141.116 - - [10/Jan/2023:10:52:06 +0800] "GET /v2/app/ab-test-status HTTP/2.0" 200 16 "-" "Mozilla/5.0 (Android 10; HUAWEI; HUAWEI; ART-AL00x) feiyu/5.2.14"
221.206.141.116 - - [10/Jan/2023:10:52:06 +0800] "GET /v2/app/tiamat-info HTTP/2.0" 200 16 "-" "Mozilla/5.0 (Android 10; HUAWEI; HUAWEI; ART-AL00x) feiyu/5.2.14"
221.206.141.116 - - [10/Jan/2023:10:52:06 +0800] "GET /v2/app/upgrade?version_code=65&platform=Android HTTP/2.0" 200 4 "-" "Mozilla/5.0 (Android 10; HUAWEI; HUAWEI; ART-AL00x) feiyu/5.2.14"
116.237.130.18 - - [10/Jan/2023:10:52:06 +0800] "GET /v2/gallery/images/7bfcdc39-732d-4c8d-87e3-4e15eaa381e3?width=1220 HTTP/2.0" 200 455 "-" "Mozilla/5.0 (Android 12; Xiaomi; Redmi; 22081212C) feiyu/5.2.14"
117.174.28.250 - - [10/Jan/2023:10:52:09 +0800] "GET /v2/posts/012e4490-20fc-4836-bdf3-8f67e340ea27/commentsV4?size=20 HTTP/2.0" 200 2 "-" "Mozilla/5.0 (Android 12; HONOR; HONOR; RNA-AN00) feiyu/5.2.14"
117.174.28.250 - - [10/Jan/2023:10:52:09 +0800] "GET /v2/posts/012e4490-20fc-4836-bdf3-8f67e340ea27/detail?image_width=1236&background_width=1236 HTTP/2.0" 200 1380 "-" "Mozilla/5.0 (Android 12; HONOR; HONOR; RNA-AN00) feiyu/5.2.14"
117.174.28.250 - - [10/Jan/2023:10:52:09 +0800] "GET /v2/posts/012e4490-20fc-4836-bdf3-8f67e340ea27/likes HTTP/2.0" 200 2 "-" "Mozilla/5.0 (Android 12; HONOR; HONOR; RNA-AN00) feiyu/5.2.14"
180.89.27.197 - - [10/Jan/2023:10:52:10 +0800] "GET /v2/gallery/categories/d2a3f358-1dea-43f3-a62e-27c832e8f188/imagesV3?page=4&size=20&width=360 HTTP/2.0" 200 9495 "-" "Mozilla/5.0 (Android 10; HUAWEI; HUAWEI; ALP-AL00) feiyu/5.2.14"
117.39.215.115 - - [10/Jan/2023:10:52:11 +0800] "GET /v2/posts/3def47f6-79dd-4d6e-b36f-354565189544/likes HTTP/2.0" 200 1296 "-" "Mozilla/5.0 (Android 9; HUAWEI; HONOR; JAT-AL00) feiyu/5.2.14"
117.39.215.115 - - [10/Jan/2023:10:52:11 +0800] "GET /v2/posts/3def47f6-79dd-4d6e-b36f-354565189544/commentsV4?size=20 HTTP/2.0" 200 683 "-" "Mozilla/5.0 (Android 9; HUAWEI; HONOR; JAT-AL00) feiyu/5.2.14"
117.39.215.115 - - [10/Jan/2023:10:52:11 +0800] "GET /v2/posts/3def47f6-79dd-4d6e-b36f-354565189544/detail?image_width=720&background_width=720 HTTP/2.0" 200 1690 "-" "Mozilla/5.0 (Android 9; HUAWEI; HONOR; JAT-AL00) feiyu/5.2.14"
117.39.215.115 - - [10/Jan/2023:10:52:11 +0800] "GET /v2/posts/3def47f6-79dd-4d6e-b36f-354565189544/commentsV4?timestamp=2023-01-09%2016%3A28%3A21&size=20 HTTP/2.0" 200 2 "-" "Mozilla/5.0 (Android 9; HUAWEI; HONOR; JAT-AL00) feiyu/5.2.14"
117.39.215.115 - - [10/Jan/2023:10:52:14 +0800] "GET /v2/messages/unreadCount?timestamp=2023-01-10%2000%3A21%3A01 HTTP/2.0" 200 26 "-" "Mozilla/5.0 (Android 9; HUAWEI; HONOR; JAT-AL00) feiyu/5.2.14"
117.39.215.115 - - [10/Jan/2023:10:52:14 +0800] "GET /v2/users/9429a924-d571-4041-b320-853a79c985d3/settings HTTP/2.0" 200 313 "-" "Mozilla/5.0 (Android 9; HUAWEI; HONOR; JAT-AL00) feiyu/5.2.14"
117.39.215.115 - - [10/Jan/2023:10:52:14 +0800] "GET /v2/explore/searchHint HTTP/2.0" 200 23 "-" "Mozilla/5.0 (Android 9; HUAWEI; HONOR; JAT-AL00) feiyu/5.2.14"
117.39.215.115 - - [10/Jan/2023:10:52:14 +0800] "GET /v2/users/9429a924-d571-4041-b320-853a79c985d3 HTTP/2.0" 200 418 "-" "Mozilla/5.0 (Android 9; HUAWEI; HONOR; JAT-AL00) feiyu/5.2.14"
117.39.215.115 - - [10/Jan/2023:10:52:14 +0800] "GET /v2/clock-ins/stats HTTP/2.0" 200 385 "-" "Mozilla/5.0 (Android 9; HUAWEI; HONOR; JAT-AL00) feiyu/5.2.14"
117.39.215.115 - - [10/Jan/2023:10:52:14 +0800] "GET /v2/campaigns/newest HTTP/2.0" 200 445 "-" "Mozilla/5.0 (Android 9; HUAWEI; HONOR; JAT-AL00) feiyu/5.2.14"
117.39.215.115 - - [10/Jan/2023:10:52:14 +0800] "GET /v2/near/canvas-war/accounts/9429a924-d571-4041-b320-853a79c985d3 HTTP/2.0" 200 538 "-" "Mozilla/5.0 (Android 9; HUAWEI; HONOR; JAT-AL00) feiyu/5.2.14"
220.205.252.206 - - [10/Jan/2023:10:52:16 +0800] "GET /v2/app/upgrade?version_code=65&platform=Android HTTP/2.0" 200 4 "-" "Mozilla/5.0 (Android 12; vivo; vivo; V2171A) feiyu/5.2.14"
220.205.252.206 - - [10/Jan/2023:10:52:16 +0800] "GET /v2/app/tiamat-info HTTP/2.0" 200 16 "-" "Mozilla/5.0 (Android 12; vivo; vivo; V2171A) feiyu/5.2.14"
220.205.252.206 - - [10/Jan/2023:10:52:16 +0800] "GET /v2/app/ab-test-status HTTP/2.0" 200 16 "-" "Mozilla/5.0 (Android 12; vivo; vivo; V2171A) feiyu/5.2.14"
220.205.252.206 - - [10/Jan/2023:10:52:16 +0800] "GET /v2/users/eb8923df-ebc7-4cc3-b4f3-d6499fb59cc0/settings HTTP/2.0" 200 313 "-" "Mozilla/5.0 (Android 12; vivo; vivo; V2171A) feiyu/5.2.14"
220.205.252.206 - - [10/Jan/2023:10:52:16 +0800] "GET /v2/campaigns/newest HTTP/2.0" 200 443 "-" "Mozilla/5.0 (Android 12; vivo; vivo; V2171A) feiyu/5.2.14"
220.205.252.206 - - [10/Jan/2023:10:52:16 +0800] "GET /v2/lab-projects HTTP/2.0" 200 24927 "-" "Mozilla/5.0 (Android 12; vivo; vivo; V2171A) feiyu/5.2.14"
220.205.252.206 - - [10/Jan/2023:10:52:16 +0800] "GET /v2/campaigns/newest HTTP/2.0" 200 443 "-" "Mozilla/5.0 (Android 12; vivo; vivo; V2171A) feiyu/5.2.14"
220.205.252.206 - - [10/Jan/2023:10:52:16 +0800] "GET /v2/app/upgrade?version_code=65&platform=Android HTTP/2.0" 200 4 "-" "Mozilla/5.0 (Android 12; vivo; vivo; V2171A) feiyu/5.2.14"
220.205.252.206 - - [10/Jan/2023:10:52:16 +0800] "GET /v2/app/randomHomeBackgroundImageV2 HTTP/2.0" 200 288 "-" "Mozilla/5.0 (Android 12; vivo; vivo; V2171A) feiyu/5.2.14"
220.205.252.206 - - [10/Jan/2023:10:52:16 +0800] "GET /v2/messages/unreadCount?timestamp=1970-01-01%2000%3A00%3A00 HTTP/2.0" 200 26 "-" "Mozilla/5.0 (Android 12; vivo; vivo; V2171A) feiyu/5.2.14"
220.205.252.206 - - [10/Jan/2023:10:52:17 +0800] "GET /v2/gallery/randomImagesV2?size=50&width=540&content=%E8%BA%BA%E5%B9%B3 HTTP/2.0" 200 24096 "-" "Mozilla/5.0 (Android 12; vivo; vivo; V2171A) feiyu/5.2.14"
